--
-- Host: dbc6147.int.intention.nl    Database: d6147_acou
-- ------------------------------------------------------


--
-- Table structure for table `akoe_access`
--

CREATE TABLE `akoe_access` (
  `id_profile` int(10) unsigned NOT NULL,
  `id_authorization_role` int(10) unsigned NOT NULL,
  PRIMARY KEY (`id_profile`,`id_authorization_role`)
) ENGINE=InnoDB DEFAULT CHARSET=utf8;

--
-- Dumping data for table `akoe_access`
--

INSERT INTO `akoe_access` VALUES (1,1),(1,2),(1,3),(1,4),(1,5),(1,6),(1,7),(1,8),(1,9),(1,10),(1,11),(1,12),(1,13),(1,14),(1,15),(1,16),(1,17),(1,18),(1,19),(1,20),(1,21),(1,22),(1,23),(1,24),(1,25),(1,26),(1,27),(1,28),(1,29),(1,30),(1,31),(1,32),(1,33),(1,34),(1,35),(1,36),(1,37),(1,38),(1,39),(1,40),(1,41),(1,42),(1,43),(1,44),(1,45),(1,46),(1,47),(1,48),(1,49),(1,50),(1,51),(1,52),(1,53),(1,54),(1,55),(1,56),(1,57),(1,58),(1,59),(1,60),(1,61),(1,62),(1,63),(1,64),(1,65),(1,66),(1,67),(1,68),(1,69),(1,70),(1,71),(1,72),(1,73),(1,74),(1,75),(1,76),(1,77),(1,78),(1,79),(1,80),(1,81),(1,82),(1,83),(1,84),(1,85),(1,86),(1,87),(1,88),(1,89),(1,90),(1,91),(1,92),(1,93),(1,94),(1,95),(1,96),(1,97),(1,98),(1,99),(1,100),(1,101),(1,102),(1,103),(1,104),(1,105),(1,106),(1,107),(1,108),(1,109),(1,110),(1,111),(1,112),(1,113),(1,114),(1,115),(1,116),(1,117),(1,118),(1,119),(1,120),(1,121),(1,122),(1,123),(1,124),(1,125),(1,126),(1,127),(1,128),(1,129),(1,130),(1,131),(1,132),(1,133),(1,134),(1,135),(1,136),(1,137),(1,138),(1,139),(1,140),(1,141),(1,142),(1,143),(1,144),(1,145),(1,146),(1,147),(1,148),(1,149),(1,150),(1,151),(1,152),(1,153),(1,154),(1,155),(1,156),(1,157),(1,158),(1,159),(1,160),(1,161),(1,162),(1,163),(1,164),(1,165),(1,166),(1,167),(1,168),(1,169),(1,170),(1,171),(1,172),(1,173),(1,174),(1,175),(1,176),(1,177),(1,178),(1,179),(1,180),(1,181),(1,182),(1,183),(1,184),(1,185),(1,186),(1,187),(1,188),(1,189),(1,190),(1,191),(1,192),(1,193),(1,194),(1,195),(1,196),(1,197),(1,198),(1,199),(1,200),(1,201),(1,202),(1,203),(1,204),(1,205),(1,206),(1,207),(1,208),(1,209),(1,210),(1,211),(1,212),(1,213),(1,214),(1,215),(1,216),(1,217),(1,218),(1,219),(1,220),(1,221),(1,222),(1,223),(1,224),(1,225),(1,226),(1,227),(1,228),(1,229),(1,230),(1,231),(1,232),(1,233),(1,234),(1,235),(1,236),(1,237),(1,238),(1,239),(1,240),(1,241),(1,242),(1,243),(1,244),(1,245),(1,246),(1,247),(1,248),(1,249),(1,250),(1,251),(1,252),(1,253),(1,254),(1,255),(1,256),(1,257),(1,258),(1,259),(1,260),(1,261),(1,262),(1,263),(1,264),(1,265),(1,266),(1,267),(1,268),(1,269),(1,270),(1,271),(1,272),(1,273),(1,274),(1,275),(1,276),(1,277),(1,278),(1,279),(1,280),(1,281),(1,282),(1,283),(1,284),(1,285),(1,286),(1,287),(1,288),(1,289),(1,290),(1,291),(1,292),(1,293),(1,294),(1,295),(1,296),(1,297),(1,298),(1,299),(1,300),(1,301),(1,302),(1,303),(1,304),(1,305),(1,306),(1,307),(1,308),(1,309),(1,310),(1,311),(1,312),(1,313),(1,314),(1,315),(1,316),(1,317),(1,318),(1,319),(1,320),(1,321),(1,322),(1,323),(1,324),(1,325),(1,326),(1,327),(1,328),(1,329),(1,330),(1,331),(1,332),(1,333),(1,334),(1,335),(1,336),(1,337),(1,338),(1,339),(1,340),(1,341),(1,342),(1,343),(1,344),(1,345),(1,346),(1,347),(1,348),(1,349),(1,350),(1,351),(1,352),(1,353),(1,354),(1,355),(1,356),(1,357),(1,358),(1,359),(1,360),(1,361),(1,362),(1,363),(1,364),(1,365),(1,366),(1,367),(1,368),(1,369),(1,370),(1,371),(1,372),(1,373),(1,374),(1,375),(1,376),(1,377),(1,378),(1,379),(1,380),(1,381),(1,382),(1,383),(1,384),(1,385),(1,386),(1,387),(1,388),(1,389),(1,390),(1,391),(1,392),(1,393),(1,394),(1,395),(1,396),(1,397),(1,398),(1,399),(1,400),(1,401),(1,402),(1,403),(1,404),(1,405),(1,406),(1,407),(1,408),(1,409),(1,410),(1,411),(1,412),(1,413),(1,414),(1,415),(1,416),(1,417),(1,418),(1,419),(1,420),(1,421),(1,422),(1,423),(1,424),(1,425),(1,426),(1,427),(1,428),(1,429),(1,430),(1,431),(1,432),(1,433),(1,434),(1,435),(1,436),(1,437),(1,438),(1,439),(1,440),(1,441),(1,442),(1,443),(1,444),(1,445),(1,446),(1,447),(1,448),(1,449),(1,450),(1,451),(1,452),(1,465),(1,466),(1,467),(1,468),(1,569),(1,570),(1,571),(1,572),(1,573),(1,574),(1,575),(1,576),(1,577),(1,578),(1,579),(1,580),(1,681),(1,682),(1,683),(1,684),(1,685),(1,686),(1,687),(1,688),(1,697),(1,698),(1,699),(1,700),(1,725),(1,726),(1,727),(1,728),(1,733),(1,734),(1,735),(1,736),(1,737),(1,738),(1,739),(1,740),(1,741),(1,742),(1,743),(1,744),(1,745),(1,746),(1,747),(1,748),(2,9),(2,10),(2,11),(2,12),(2,33),(2,34),(2,35),(2,36),(2,45),(2,46),(2,47),(2,48),(2,49),(2,50),(2,51),(2,52),(2,85),(2,86),(2,87),(2,88),(2,129),(2,130),(2,131),(2,132),(2,181),(2,182),(2,183),(2,184),(2,201),(2,202),(2,203),(2,204),(2,209),(2,210),(2,211),(2,212),(2,221),(2,222),(2,223),(2,224),(2,234),(2,235),(2,241),(2,242),(2,243),(2,244),(2,261),(2,262),(2,263),(2,264),(2,265),(2,266),(2,267),(2,268),(2,301),(2,302),(2,303),(2,304),(2,317),(2,318),(2,319),(2,320),(2,329),(2,330),(2,331),(2,332),(2,341),(2,342),(2,343),(2,344),(2,365),(2,366),(2,367),(2,368),(2,381),(2,382),(2,383),(2,384),(2,389),(2,390),(2,391),(2,392),(2,393),(2,394),(2,395),(2,396),(2,417),(2,418),(2,419),(2,420),(2,425),(2,426),(2,427),(2,428),(2,441),(2,442),(2,443),(2,444),(2,445),(2,446),(2,447),(2,448),(3,45),(3,46),(3,47),(3,48),(3,49),(3,50),(3,51),(3,52),(3,125),(3,126),(3,127),(3,128),(3,141),(3,142),(3,143),(3,144),(3,217),(3,218),(3,219),(3,220),(3,257),(3,258),(3,259),(3,260),(3,301),(3,302),(3,303),(3,304),(3,321),(3,322),(3,323),(3,324),(3,421),(3,422),(3,423),(3,424),(3,437),(3,438),(3,439),(3,440),(3,441),(3,442),(3,443),(3,444),(3,445),(3,446),(3,447),(3,448),(3,449),(3,450),(3,451),(3,452),(4,0),(4,9),(4,10),(4,11),(4,12),(4,17),(4,18),(4,19),(4,20),(4,41),(4,42),(4,43),(4,44),(4,45),(4,46),(4,47),(4,48),(4,49),(4,50),(4,51),(4,52),(4,129),(4,130),(4,131),(4,132),(4,154),(4,173),(4,174),(4,175),(4,176),(4,181),(4,182),(4,183),(4,184),(4,201),(4,202),(4,203),(4,204),(4,209),(4,210),(4,211),(4,212),(4,221),(4,222),(4,223),(4,224),(4,229),(4,230),(4,231),(4,232),(4,234),(4,235),(4,241),(4,242),(4,243),(4,244),(4,258),(4,301),(4,302),(4,303),(4,304),(4,309),(4,310),(4,311),(4,312),(4,322),(4,341),(4,342),(4,343),(4,344),(4,393),(4,394),(4,395),(4,396),(4,429),(4,430),(4,431),(4,432),(4,437),(4,438),(4,439),(4,440),(4,445),(4,446),(4,447),(4,448),(4,449),(4,450),(4,451),(4,452);

--
-- Table structure for table `akoe_accessory`
--

CREATE TABLE `akoe_accessory` (
  `id_product_1` int(10) unsigned NOT NULL,
  `id_product_2` int(10) unsigned NOT NULL,
  KEY `accessory_product` (`id_product_1`,`id_product_2`)
) ENGINE=InnoDB DEFAULT CHARSET=utf8;

--
-- Dumping data for table `akoe_accessory`
--


--
-- Table structure for table `akoe_address`
--

CREATE TABLE `akoe_address` (
  `id_address` int(10) unsigned NOT NULL AUTO_INCREMENT,
  `id_country` int(10) unsigned NOT NULL,
  `id_state` int(10) unsigned DEFAULT NULL,
  `id_customer` int(10) unsigned NOT NULL DEFAULT 0,
  `id_manufacturer` int(10) unsigned NOT NULL DEFAULT 0,
  `id_supplier` int(10) unsigned NOT NULL DEFAULT 0,
  `id_warehouse` int(10) unsigned NOT NULL DEFAULT 0,
  `alias` varchar(32) NOT NULL,
  `company` varchar(255) DEFAULT NULL,
  `lastname` varchar(255) NOT NULL,
  `firstname` varchar(255) NOT NULL,
  `address1` varchar(128) NOT NULL,
  `address2` varchar(128) DEFAULT NULL,
  `postcode` varchar(12) DEFAULT NULL,
  `city` varchar(64) NOT NULL,
  `other` text DEFAULT NULL,
  `phone` varchar(32) DEFAULT NULL,
  `phone_mobile` varchar(32) DEFAULT NULL,
  `vat_number` varchar(32) DEFAULT NULL,
  `dni` varchar(16) DEFAULT NULL,
  `date_add` datetime NOT NULL,
  `date_upd` datetime NOT NULL,
  `active` tinyint(1) unsigned NOT NULL DEFAULT 1,
  `deleted` tinyint(1) unsigned NOT NULL DEFAULT 0,
  PRIMARY KEY (`id_address`),
  KEY `address_customer` (`id_customer`),
  KEY `id_country` (`id_country`),
  KEY `id_state` (`id_state`),
  KEY `id_manufacturer` (`id_manufacturer`),
  KEY `id_supplier` (`id_supplier`),
  KEY `id_warehouse` (`id_warehouse`)
) ENGINE=InnoDB AUTO_INCREMENT=22 DEFAULT CHARSET=utf8;

--
-- Dumping data for table `akoe_address`
--

INSERT INTO `akoe_address` VALUES (1,8,0,1,0,0,0,'Mon adresse','My Company','DOE','John','16, Main street','2nd floor','75002','Paris ','','0102030405','','','','2018-08-14 19:04:04','2018-08-14 19:04:04',1,0),(2,21,35,0,0,0,0,'supplier','Fashion','supplier','supplier','767 Fifth Ave.','','10153','New York','','(212) 336-1440','','','','2018-08-14 19:04:04','2018-08-14 19:04:04',1,0),(3,21,35,0,1,0,0,'manufacturer','Fashion','manufacturer','manufacturer','767 Fifth Ave.','','10154','New York','','(212) 336-1666','','','','2018-08-14 19:04:04','2018-08-14 19:04:04',1,0),(4,21,12,1,0,0,0,'My address','My Company','DOE','John','16, Main street','2nd floor','33133','Miami','','0102030405','','','','2018-08-14 19:04:04','2018-08-14 19:04:04',1,0),(5,13,0,2,0,0,0,'Mijn adres','','Monsma','Bart','6','','3336LL','Zwijndrecht','','','','','','2018-08-19 15:19:34','2018-08-19 15:19:34',1,0),(6,13,0,3,0,0,0,'Mijn adres','','Monasm','Barrt','sp 4','','3344BP','Hendrik-Ido-Ambacht','','','','','','2018-08-25 21:48:20','2018-08-25 21:48:20',1,0),(7,13,0,5,0,0,0,'Mijn adres','Koi Kichi World','Balen','Tjaard','Staalstraat 4','','2984AJ','Ridderkerk','','0621562115','','','','2020-06-22 16:31:03','2020-06-22 16:31:03',1,0),(8,13,0,6,0,0,0,'Mijn adres','','Volkers','Wouter','Rode Kruislaan 53','','5628GB','Eindhoven','','0650929360','','','','2020-11-02 14:48:49','2020-11-02 14:48:49',1,0),(9,13,0,7,0,0,0,'Mijn adres','','Visser','jim','Liedeweg 14','','2065AH','Haarlemmerliede','','0654757427','','','','2020-11-02 19:55:06','2020-11-02 19:55:06',1,0),(10,13,0,8,0,0,0,'Mijn adres','','Glim','Frank','J.O. Vaillantlaan 63','63','1086XZ','Amsterdam','','0611786759','','','','2021-04-02 23:06:21','2021-04-02 23:06:21',1,0),(11,13,0,9,0,0,0,'Mijn adres','','van Ittersum','Dirkjan','De Bonte Ruiter 1','','1521 JV','Wormerveer','','','','','','2021-05-23 10:40:41','2021-05-23 10:40:41',1,0),(12,3,0,10,0,0,0,'Mijn adres','','Van den Broeck','Peter','Ravenlaan','9','2290','Vorselaar','','+3214514886','','','','2021-05-27 19:22:02','2021-05-27 19:22:02',1,0),(13,13,0,12,0,0,0,'Mijn adres','JRecordings','van Zandbergen','J.','Merwedestraat 2B','','6826AB','Arnhem','','0633606961','','','','2021-11-15 13:24:37','2021-11-15 13:24:37',1,0),(14,13,0,13,0,0,0,'Mijn adres','','Amersfoort','RAE','Penninghoeksingel 45','','4331PT','Middelburg','','','','','','2022-01-15 16:39:47','2022-01-15 16:39:47',1,0),(15,13,0,14,0,0,0,'Mijn adres','','nmnmn','bart','Scheepmakersstraat 6','','3344BP','Zwijndrecht','','0645038414','','','','2022-01-21 23:40:39','2022-01-21 23:40:39',1,0),(16,13,0,15,0,0,0,'Mijn adres','we are MOSO','Fraser','Suus','Ambachtweg 12','','2841 LZ','MOORDRECHT','','+31651778557','','','','2022-05-13 22:48:43','2022-05-13 22:48:43',1,0),(17,13,0,16,0,0,0,'Mijn adres','Everysign','Beisser','D.J.','Brink 37',' ','9401HV','Assen','','0630717868','','','','2022-07-04 21:43:01','2022-07-05 10:04:48',1,0),(18,13,0,16,0,0,0,'Mijn adres','Everysign','Beisser','D.J.','Helper Kerkstraat 9-14','','9722 ES','Groningen','','0630717868','','','','2022-07-05 10:05:13','2022-07-05 10:05:13',1,0),(19,13,0,17,0,0,0,'Mijn adres','','Bleijenberg','Cristiaan','Oeverzegge 16','','3405 DE','Benschop','','0611644236','','','','2023-03-22 18:52:03','2023-03-22 18:52:03',1,0),(20,3,0,18,0,0,0,'Mijn adres','CAD-O CommV','Voet','Willem','Molenstraat, 177','','9150','Kruibeke','','+32486837911','','BE0838798590','','2023-05-02 21:40:05','2023-05-02 21:40:05',1,0),(21,13,0,19,0,0,0,'Mijn adres','','Schildkamp','Kristel','Heuvelsteijn 111','','3162 SE','Rhoon','','0644301140','','','','2023-07-28 14:09:38','2023-07-28 14:09:38',1,0);

--
-- Table structure for table `akoe_address_format`
--

CREATE TABLE `akoe_address_format` (
  `id_country` int(10) unsigned NOT NULL,
  `format` varchar(255) NOT NULL DEFAULT '',
  PRIMARY KEY (`id_country`)
) ENGINE=InnoDB DEFAULT CHARSET=utf8;

--
-- Dumping data for table `akoe_address_format`
--

INSERT INTO `akoe_address_format` VALUES (1,'firstname lastname\ncompany\nvat_number\naddress1\naddress2\npostcode city\nCountry:name\nphone'),(2,'firstname lastname\ncompany\nvat_number\naddress1\naddress2\npostcode city\nCountry:name\nphone'),(3,'firstname lastname\r\ncompany\r\nvat_number\r\naddress1\r\naddress2\r\npostcode city\r\nCountry:name\r\nphone'),(4,'firstname lastname\ncompany\naddress1\naddress2\ncity State:name postcode\nCountry:name\nphone'),(5,'firstname lastname\ncompany\nvat_number\naddress1\naddress2\npostcode city\nCountry:name\nphone'),(6,'firstname lastname\ncompany\nvat_number\naddress1\naddress2\npostcode city\nCountry:name\nphone'),(7,'firstname lastname\ncompany\nvat_number\naddress1\naddress2\npostcode city\nCountry:name\nphone'),(8,'firstname lastname\ncompany\nvat_number\naddress1\naddress2\npostcode city\nCountry:name\nphone'),(9,'firstname lastname\ncompany\nvat_number\naddress1\naddress2\npostcode city\nCountry:name\nphone'),(10,'firstname lastname\ncompany\nvat_number\naddress1\naddress2\npostcode city\nState:name\nCountry:name\nphone'),(11,'firstname lastname\ncompany\nvat_number\naddress1\naddress2\npostcode city\nState:name\nCountry:name\nphone'),(12,'firstname lastname\ncompany\nvat_number\naddress1\naddress2\npostcode city\nCountry:name\nphone'),(13,'firstname lastname\ncompany\nvat_number\naddress1\naddress2\npostcode city\nCountry:name\nphone'),(14,'firstname lastname\ncompany\nvat_number\naddress1\naddress2\npostcode city\nCountry:name\nphone'),(15,'firstname lastname\ncompany\nvat_number\naddress1\naddress2\npostcode city\nCountry:name\nphone'),(16,'firstname lastname\ncompany\nvat_number\naddress1\naddress2\npostcode city\nCountry:name\nphone'),(17,'firstname lastname\ncompany\nvat_number\naddress1\naddress2\ncity\npostcode\nCountry:name\nphone'),(18,'firstname lastname\ncompany\nvat_number\naddress1\naddress2\npostcode city\nCountry:name\nphone'),(19,'firstname lastname\ncompany\nvat_number\naddress1\naddress2\npostcode city\nCountry:name\nphone'),(20,'firstname lastname\ncompany\nvat_number\naddress1\naddress2\npostcode city\nCountry:name\nphone'),(21,'firstname lastname\ncompany\naddress1 address2\ncity, State:name postcode\nCountry:name\nphone'),(22,'firstname lastname\ncompany\nvat_number\naddress1\naddress2\npostcode city\nCountry:name\nphone'),(23,'firstname lastname\ncompany\nvat_number\naddress1\naddress2\npostcode city\nCountry:name\nphone'),(24,'firstname lastname\ncompany\nvat_number\naddress1\naddress2\ncity State:iso_code postcode\nCountry:name\nphone'),(25,'firstname lastname\ncompany\nvat_number\naddress1\naddress2\npostcode city\nCountry:name\nphone'),(26,'firstname lastname\ncompany\nvat_number\naddress1\naddress2\npostcode city\nCountry:name\nphone'),(27,'firstname lastname\ncompany\nvat_number\naddress1\naddress2\npostcode city\nCountry:name\nphone'),(28,'firstname lastname\ncompany\nvat_number\naddress1\naddress2\npostcode city\nCountry:name\nphone'),(29,'firstname lastname\ncompany\nvat_number\naddress1\naddress2\npostcode city\nCountry:name\nphone'),(30,'firstname lastname\ncompany\nvat_number\naddress1\naddress2\npostcode city\nCountry:name\nphone'),(31,'firstname lastname\ncompany\nvat_number\naddress1\naddress2\npostcode city\nCountry:name\nphone'),(32,'firstname lastname\ncompany\nvat_number\naddress1\naddress2\npostcode city\nCountry:name\nphone'),(33,'firstname lastname\ncompany\nvat_number\naddress1\naddress2\npostcode city\nCountry:name\nphone'),(34,'firstname lastname\ncompany\nvat_number\naddress1\naddress2\npostcode city\nCountry:name\nphone'),(35,'firstname lastname\ncompany\nvat_number\naddress1\naddress2\npostcode city\nCountry:name\nphone'),(36,'firstname lastname\ncompany\nvat_number\naddress1\naddress2\npostcode city\nCountry:name\nphone'),(37,'firstname lastname\ncompany\nvat_number\naddress1\naddress2\npostcode city\nCountry:name\nphone'),(38,'firstname lastname\ncompany\nvat_number\naddress1\naddress2\npostcode city\nCountry:name\nphone'),(39,'firstname lastname\ncompany\nvat_number\naddress1\naddress2\npostcode city\nCountry:name\nphone'),(40,'firstname lastname\ncompany\nvat_number\naddress1\naddress2\npostcode city\nCountry:name\nphone'),(41,'firstname lastname\ncompany\nvat_number\naddress1\naddress2\npostcode city\nCountry:name\nphone'),(42,'firstname lastname\ncompany\nvat_number\naddress1\naddress2\npostcode city\nCountry:name\nphone'),(43,'firstname lastname\ncompany\nvat_number\naddress1\naddress2\npostcode city\nCountry:name\nphone'),(44,'firstname lastname\ncompany\nvat_number\naddress1\naddress2\npostcode city\nState:name\nCountry:name\nphone'),(45,'firstname lastname\ncompany\nvat_number\naddress1\naddress2\npostcode city\nCountry:name\nphone'),(46,'firstname lastname\ncompany\nvat_number\naddress1\naddress2\npostcode city\nCountry:name\nphone'),(47,'firstname lastname\ncompany\nvat_number\naddress1\naddress2\npostcode city\nCountry:name\nphone'),(48,'firstname lastname\ncompany\nvat_number\naddress1\naddress2\npostcode city\nCountry:name\nphone'),(49,'firstname lastname\ncompany\nvat_number\naddress1\naddress2\npostcode city\nCountry:name\nphone'),(50,'firstname lastname\ncompany\nvat_number\naddress1\naddress2\npostcode city\nCountry:name\nphone'),(51,'firstname lastname\ncompany\nvat_number\naddress1\naddress2\npostcode city\nCountry:name\nphone'),(52,'firstname lastname\ncompany\nvat_number\naddress1\naddress2\npostcode city\nCountry:name\nphone'),(53,'firstname lastname\ncompany\nvat_number\naddress1\naddress2\npostcode city\nCountry:name\nphone'),(54,'firstname lastname\ncompany\nvat_number\naddress1\naddress2\npostcode city\nCountry:name\nphone'),(55,'firstname lastname\ncompany\nvat_number\naddress1\naddress2\npostcode city\nCountry:name\nphone'),(56,'firstname lastname\ncompany\nvat_number\naddress1\naddress2\npostcode city\nCountry:name\nphone'),(57,'firstname lastname\ncompany\nvat_number\naddress1\naddress2\npostcode city\nCountry:name\nphone'),(58,'firstname lastname\ncompany\nvat_number\naddress1\naddress2\npostcode city\nCountry:name\nphone'),(59,'firstname lastname\ncompany\nvat_number\naddress1\naddress2\npostcode city\nCountry:name\nphone'),(60,'firstname lastname\ncompany\nvat_number\naddress1\naddress2\npostcode city\nCountry:name\nphone'),(61,'firstname lastname\ncompany\nvat_number\naddress1\naddress2\npostcode city\nCountry:name\nphone'),(62,'firstname lastname\ncompany\nvat_number\naddress1\naddress2\npostcode city\nCountry:name\nphone'),(63,'firstname lastname\ncompany\nvat_number\naddress1\naddress2\npostcode city\nCountry:name\nphone'),(64,'firstname lastname\ncompany\nvat_number\naddress1\naddress2\npostcode city\nCountry:name\nphone'),(65,'firstname lastname\ncompany\nvat_number\naddress1\naddress2\npostcode city\nCountry:name\nphone'),(66,'firstname lastname\ncompany\nvat_number\naddress1\naddress2\npostcode city\nCountry:name\nphone'),(67,'firstname lastname\ncompany\nvat_number\naddress1\naddress2\npostcode city\nCountry:name\nphone'),(68,'firstname lastname\ncompany\nvat_number\naddress1\naddress2\npostcode city\nCountry:name\nphone'),(69,'firstname lastname\ncompany\nvat_number\naddress1\naddress2\npostcode city\nCountry:name\nphone'),(70,'firstname lastname\ncompany\nvat_number\naddress1\naddress2\npostcode city\nCountry:name\nphone'),(71,'firstname lastname\ncompany\nvat_number\naddress1\naddress2\npostcode city\nCountry:name\nphone'),(72,'firstname lastname\ncompany\nvat_number\naddress1\naddress2\npostcode city\nCountry:name\nphone'),(73,'firstname lastname\ncompany\nvat_number\naddress1\naddress2\npostcode city\nCountry:name\nphone'),(74,'firstname lastname\ncompany\nvat_number\naddress1\naddress2\npostcode city\nCountry:name\nphone'),(75,'firstname lastname\ncompany\nvat_number\naddress1\naddress2\npostcode city\nCountry:name\nphone'),(76,'firstname lastname\ncompany\nvat_number\naddress1\naddress2\npostcode city\nCountry:name\nphone'),(77,'firstname lastname\ncompany\nvat_number\naddress1\naddress2\npostcode city\nCountry:name\nphone'),(78,'firstname lastname\ncompany\nvat_number\naddress1\naddress2\npostcode city\nCountry:name\nphone'),(79,'firstname lastname\ncompany\nvat_number\naddress1\naddress2\npostcode city\nCountry:name\nphone'),(80,'firstname lastname\ncompany\nvat_number\naddress1\naddress2\npostcode city\nCountry:name\nphone'),(81,'firstname lastname\ncompany\nvat_number\naddress1\naddress2\npostcode city\nCountry:name\nphone'),(82,'firstname lastname\ncompany\nvat_number\naddress1\naddress2\npostcode city\nCountry:name\nphone'),(83,'firstname lastname\ncompany\nvat_number\naddress1\naddress2\npostcode city\nCountry:name\nphone'),(84,'firstname lastname\ncompany\nvat_number\naddress1\naddress2\npostcode city\nCountry:name\nphone'),(85,'firstname lastname\ncompany\nvat_number\naddress1\naddress2\npostcode city\nCountry:name\nphone'),(86,'firstname lastname\ncompany\nvat_number\naddress1\naddress2\npostcode city\nCountry:name\nphone'),(87,'firstname lastname\ncompany\nvat_number\naddress1\naddress2\npostcode city\nCountry:name\nphone'),(88,'firstname lastname\ncompany\nvat_number\naddress1\naddress2\npostcode city\nCountry:name\nphone'),(89,'firstname lastname\ncompany\nvat_number\naddress1\naddress2\npostcode city\nCountry:name\nphone'),(90,'firstname lastname\ncompany\nvat_number\naddress1\naddress2\npostcode city\nCountry:name\nphone'),(91,'firstname lastname\ncompany\nvat_number\naddress1\naddress2\npostcode city\nCountry:name\nphone'),(92,'firstname lastname\ncompany\nvat_number\naddress1\naddress2\npostcode city\nCountry:name\nphone'),(93,'firstname lastname\ncompany\nvat_number\naddress1\naddress2\npostcode city\nCountry:name\nphone'),(94,'firstname lastname\ncompany\nvat_number\naddress1\naddress2\npostcode city\nCountry:name\nphone'),(95,'firstname lastname\ncompany\nvat_number\naddress1\naddress2\npostcode city\nCountry:name\nphone'),(96,'firstname lastname\ncompany\nvat_number\naddress1\naddress2\npostcode city\nCountry:name\nphone'),(97,'firstname lastname\ncompany\nvat_number\naddress1\naddress2\npostcode city\nCountry:name\nphone'),(98,'firstname lastname\ncompany\nvat_number\naddress1\naddress2\npostcode city\nCountry:name\nphone'),(99,'firstname lastname\ncompany\nvat_number\naddress1\naddress2\npostcode city\nCountry:name\nphone'),(100,'firstname lastname\ncompany\nvat_number\naddress1\naddress2\npostcode city\nCountry:name\nphone'),(101,'firstname lastname\ncompany\nvat_number\naddress1\naddress2\npostcode city\nCountry:name\nphone'),(102,'firstname lastname\ncompany\nvat_number\naddress1\naddress2\npostcode city\nCountry:name\nphone'),(103,'firstname lastname\ncompany\nvat_number\naddress1\naddress2\npostcode city\nCountry:name\nphone'),(104,'firstname lastname\ncompany\nvat_number\naddress1\naddress2\npostcode city\nCountry:name\nphone'),(105,'firstname lastname\ncompany\nvat_number\naddress1\naddress2\npostcode city\nCountry:name\nphone'),(106,'firstname lastname\ncompany\nvat_number\naddress1\naddress2\npostcode city\nCountry:name\nphone'),(107,'firstname lastname\ncompany\nvat_number\naddress1\naddress2\npostcode city\nCountry:name\nphone'),(108,'firstname lastname\ncompany\nvat_number\naddress1\naddress2\npostcode city\nCountry:name\nphone'),(109,'firstname lastname\ncompany\nvat_number\naddress1\naddress2\npostcode city\nCountry:name\nphone'),(110,'firstname lastname\ncompany\nvat_number\naddress1\naddress2\ncity\npostcode\nState:name\nCountry:name\nphone'),(111,'firstname lastname\ncompany\nvat_number\naddress1\naddress2\npostcode city\nState:name\nCountry:name\nphone'),(112,'firstname lastname\ncompany\nvat_number\naddress1\naddress2\npostcode city\nCountry:name\nphone'),(113,'firstname lastname\ncompany\nvat_number\naddress1\naddress2\npostcode city\nCountry:name\nphone'),(114,'firstname lastname\ncompany\nvat_number\naddress1\naddress2\npostcode city\nCountry:name\nphone'),(115,'firstname lastname\ncompany\nvat_number\naddress1\naddress2\npostcode city\nCountry:name\nphone'),(116,'firstname lastname\ncompany\nvat_number\naddress1\naddress2\npostcode city\nCountry:name\nphone'),(117,'firstname lastname\ncompany\nvat_number\naddress1\naddress2\npostcode city\nCountry:name\nphone'),(118,'firstname lastname\ncompany\nvat_number\naddress1\naddress2\npostcode city\nCountry:name\nphone'),(119,'firstname lastname\ncompany\nvat_number\naddress1\naddress2\npostcode city\nCountry:name\nphone'),(120,'firstname lastname\ncompany\nvat_number\naddress1\naddress2\npostcode city\nCountry:name\nphone'),(121,'firstname lastname\ncompany\nvat_number\naddress1\naddress2\npostcode city\nCountry:name\nphone'),(122,'firstname lastname\ncompany\nvat_number\naddress1\naddress2\npostcode city\nCountry:name\nphone'),(123,'firstname lastname\ncompany\nvat_number\naddress1\naddress2\npostcode city\nCountry:name\nphone'),(124,'firstname lastname\ncompany\nvat_number\naddress1\naddress2\npostcode city\nCountry:name\nphone'),(125,'firstname lastname\ncompany\nvat_number\naddress1\naddress2\npostcode city\nCountry:name\nphone'),(126,'firstname lastname\ncompany\nvat_number\naddress1\naddress2\npostcode city\nCountry:name\nphone'),(127,'firstname lastname\ncompany\nvat_number\naddress1\naddress2\npostcode city\nCountry:name\nphone'),(128,'firstname lastname\ncompany\nvat_number\naddress1\naddress2\npostcode city\nCountry:name\nphone'),(129,'firstname lastname\ncompany\nvat_number\naddress1\naddress2\npostcode city\nCountry:name\nphone'),(130,'firstname lastname\ncompany\nvat_number\naddress1\naddress2\npostcode city\nCountry:name\nphone'),(131,'firstname lastname\ncompany\nvat_number\naddress1\naddress2\npostcode city\nCountry:name\nphone'),(132,'firstname lastname\ncompany\nvat_number\naddress1\naddress2\npostcode city\nCountry:name\nphone'),(133,'firstname lastname\ncompany\nvat_number\naddress1\naddress2\npostcode city\nCountry:name\nphone'),(134,'firstname lastname\ncompany\nvat_number\naddress1\naddress2\npostcode city\nCountry:name\nphone'),(135,'firstname lastname\ncompany\nvat_number\naddress1\naddress2\npostcode city\nCountry:name\nphone'),(136,'firstname lastname\ncompany\nvat_number\naddress1\naddress2\npostcode city\nCountry:name\nphone'),(137,'firstname lastname\ncompany\nvat_number\naddress1\naddress2\npostcode city\nCountry:name\nphone'),(138,'firstname lastname\ncompany\nvat_number\naddress1\naddress2\npostcode city\nCountry:name\nphone'),(139,'firstname lastname\ncompany\nvat_number\naddress1\naddress2\npostcode city\nCountry:name\nphone'),(140,'firstname lastname\ncompany\nvat_number\naddress1\naddress2\npostcode city\nCountry:name\nphone'),(141,'firstname lastname\ncompany\nvat_number\naddress1\naddress2\npostcode city\nCountry:name\nphone'),(142,'firstname lastname\ncompany\nvat_number\naddress1\naddress2\npostcode city\nCountry:name\nphone'),(143,'firstname lastname\ncompany\nvat_number\naddress1\naddress2\npostcode city\nCountry:name\nphone'),(144,'firstname lastname\ncompany\nvat_number\naddress1\naddress2\npostcode city\nCountry:name\nphone'),(145,'firstname lastname\ncompany\nvat_number\naddress1\naddress2\npostcode city\nState:name\nCountry:name\nphone'),(146,'firstname lastname\ncompany\nvat_number\naddress1\naddress2\npostcode city\nCountry:name\nphone'),(147,'firstname lastname\ncompany\nvat_number\naddress1\naddress2\npostcode city\nCountry:name\nphone'),(148,'firstname lastname\ncompany\nvat_number\naddress1\naddress2\npostcode city\nCountry:name\nphone'),(149,'firstname lastname\ncompany\nvat_number\naddress1\naddress2\npostcode city\nCountry:name\nphone'),(150,'firstname lastname\ncompany\nvat_number\naddress1\naddress2\npostcode city\nCountry:name\nphone'),(151,'firstname lastname\ncompany\nvat_number\naddress1\naddress2\npostcode city\nCountry:name\nphone'),(152,'firstname lastname\ncompany\nvat_number\naddress1\naddress2\npostcode city\nCountry:name\nphone'),(153,'firstname lastname\ncompany\nvat_number\naddress1\naddress2\npostcode city\nCountry:name\nphone'),(154,'firstname lastname\ncompany\nvat_number\naddress1\naddress2\npostcode city\nCountry:name\nphone'),(155,'firstname lastname\ncompany\nvat_number\naddress1\naddress2\npostcode city\nCountry:name\nphone'),(156,'firstname lastname\ncompany\nvat_number\naddress1\naddress2\npostcode city\nCountry:name\nphone'),(157,'firstname lastname\ncompany\nvat_number\naddress1\naddress2\npostcode city\nCountry:name\nphone'),(158,'firstname lastname\ncompany\nvat_number\naddress1\naddress2\npostcode city\nCountry:name\nphone'),(159,'firstname lastname\ncompany\nvat_number\naddress1\naddress2\npostcode city\nCountry:name\nphone'),(160,'firstname lastname\ncompany\nvat_number\naddress1\naddress2\npostcode city\nCountry:name\nphone'),(161,'firstname lastname\ncompany\nvat_number\naddress1\naddress2\npostcode city\nCountry:name\nphone'),(162,'firstname lastname\ncompany\nvat_number\naddress1\naddress2\npostcode city\nCountry:name\nphone'),(163,'firstname lastname\ncompany\nvat_number\naddress1\naddress2\npostcode city\nCountry:name\nphone'),(164,'firstname lastname\ncompany\nvat_number\naddress1\naddress2\npostcode city\nCountry:name\nphone'),(165,'firstname lastname\ncompany\nvat_number\naddress1\naddress2\npostcode city\nCountry:name\nphone'),(166,'firstname lastname\ncompany\nvat_number\naddress1\naddress2\npostcode city\nCountry:name\nphone'),(167,'firstname lastname\ncompany\nvat_number\naddress1\naddress2\npostcode city\nCountry:name\nphone'),(168,'firstname lastname\ncompany\nvat_number\naddress1\naddress2\npostcode city\nCountry:name\nphone'),(169,'firstname lastname\ncompany\nvat_number\naddress1\naddress2\npostcode city\nCountry:name\nphone'),(170,'firstname lastname\ncompany\nvat_number\naddress1\naddress2\npostcode city\nCountry:name\nphone'),(171,'firstname lastname\ncompany\nvat_number\naddress1\naddress2\npostcode city\nCountry:name\nphone'),(172,'firstname lastname\ncompany\nvat_number\naddress1\naddress2\npostcode city\nCountry:name\nphone'),(173,'firstname lastname\ncompany\nvat_number\naddress1\naddress2\npostcode city\nCountry:name\nphone'),(174,'firstname lastname\ncompany\nvat_number\naddress1\naddress2\npostcode city\nCountry:name\nphone'),(175,'firstname lastname\ncompany\nvat_number\naddress1\naddress2\npostcode city\nCountry:name\nphone'),(176,'firstname lastname\ncompany\nvat_number\naddress1\naddress2\npostcode city\nCountry:name\nphone'),(177,'firstname lastname\ncompany\nvat_number\naddress1\naddress2\npostcode city\nCountry:name\nphone'),(178,'firstname lastname\ncompany\nvat_number\naddress1\naddress2\npostcode city\nCountry:name\nphone'),(179,'firstname lastname\ncompany\nvat_number\naddress1\naddress2\npostcode city\nCountry:name\nphone'),(180,'firstname lastname\ncompany\nvat_number\naddress1\naddress2\npostcode city\nCountry:name\nphone'),(181,'firstname lastname\ncompany\nvat_number\naddress1\naddress2\npostcode city\nCountry:name\nphone'),(182,'firstname lastname\ncompany\nvat_number\naddress1\naddress2\npostcode city\nCountry:name\nphone'),(183,'firstname lastname\ncompany\nvat_number\naddress1\naddress2\npostcode city\nCountry:name\nphone'),(184,'firstname lastname\ncompany\nvat_number\naddress1\naddress2\npostcode city\nCountry:name\nphone'),(185,'firstname lastname\ncompany\nvat_number\naddress1\naddress2\npostcode city\nCountry:name\nphone'),(186,'firstname lastname\ncompany\nvat_number\naddress1\naddress2\npostcode city\nCountry:name\nphone'),(187,'firstname lastname\ncompany\nvat_number\naddress1\naddress2\npostcode city\nCountry:name\nphone'),(188,'firstname lastname\ncompany\nvat_number\naddress1\naddress2\npostcode city\nCountry:name\nphone'),(189,'firstname lastname\ncompany\nvat_number\naddress1\naddress2\npostcode city\nCountry:name\nphone'),(190,'firstname lastname\ncompany\nvat_number\naddress1\naddress2\npostcode city\nCountry:name\nphone'),(191,'firstname lastname\ncompany\nvat_number\naddress1\naddress2\npostcode city\nCountry:name\nphone'),(192,'firstname lastname\ncompany\nvat_number\naddress1\naddress2\npostcode city\nCountry:name\nphone'),(193,'firstname lastname\ncompany\nvat_number\naddress1\naddress2\npostcode city\nCountry:name\nphone'),(194,'firstname lastname\ncompany\nvat_number\naddress1\naddress2\npostcode city\nCountry:name\nphone'),(195,'firstname lastname\ncompany\nvat_number\naddress1\naddress2\npostcode city\nCountry:name\nphone'),(196,'firstname lastname\ncompany\nvat_number\naddress1\naddress2\npostcode city\nCountry:name\nphone'),(197,'firstname lastname\ncompany\nvat_number\naddress1\naddress2\npostcode city\nCountry:name\nphone'),(198,'firstname lastname\ncompany\nvat_number\naddress1\naddress2\npostcode city\nCountry:name\nphone'),(199,'firstname lastname\ncompany\nvat_number\naddress1\naddress2\npostcode city\nCountry:name\nphone'),(200,'firstname lastname\ncompany\nvat_number\naddress1\naddress2\npostcode city\nCountry:name\nphone'),(201,'firstname lastname\ncompany\nvat_number\naddress1\naddress2\npostcode city\nCountry:name\nphone'),(202,'firstname lastname\ncompany\nvat_number\naddress1\naddress2\npostcode city\nCountry:name\nphone'),(203,'firstname lastname\ncompany\nvat_number\naddress1\naddress2\npostcode city\nCountry:name\nphone'),(204,'firstname lastname\ncompany\nvat_number\naddress1\naddress2\npostcode city\nCountry:name\nphone'),(205,'firstname lastname\ncompany\nvat_number\naddress1\naddress2\npostcode city\nCountry:name\nphone'),(206,'firstname lastname\ncompany\nvat_number\naddress1\naddress2\npostcode city\nCountry:name\nphone'),(207,'firstname lastname\ncompany\nvat_number\naddress1\naddress2\npostcode city\nCountry:name\nphone'),(208,'firstname lastname\ncompany\nvat_number\naddress1\naddress2\npostcode city\nCountry:name\nphone'),(209,'firstname lastname\ncompany\nvat_number\naddress1\naddress2\npostcode city\nCountry:name\nphone'),(210,'firstname lastname\ncompany\nvat_number\naddress1\naddress2\npostcode city\nCountry:name\nphone'),(211,'firstname lastname\ncompany\nvat_number\naddress1\naddress2\npostcode city\nCountry:name\nphone'),(212,'firstname lastname\ncompany\nvat_number\naddress1\naddress2\npostcode city\nCountry:name\nphone'),(213,'firstname lastname\ncompany\nvat_number\naddress1\naddress2\npostcode city\nCountry:name\nphone'),(214,'firstname lastname\ncompany\nvat_number\naddress1\naddress2\npostcode city\nCountry:name\nphone'),(215,'firstname lastname\ncompany\nvat_number\naddress1\naddress2\npostcode city\nCountry:name\nphone'),(216,'firstname lastname\ncompany\nvat_number\naddress1\naddress2\npostcode city\nCountry:name\nphone'),(217,'firstname lastname\ncompany\nvat_number\naddress1\naddress2\npostcode city\nCountry:name\nphone'),(218,'firstname lastname\ncompany\nvat_number\naddress1\naddress2\npostcode city\nCountry:name\nphone'),(219,'firstname lastname\ncompany\nvat_number\naddress1\naddress2\npostcode city\nCountry:name\nphone'),(220,'firstname lastname\ncompany\nvat_number\naddress1\naddress2\npostcode city\nCountry:name\nphone'),(221,'firstname lastname\ncompany\nvat_number\naddress1\naddress2\npostcode city\nCountry:name\nphone'),(222,'firstname lastname\ncompany\nvat_number\naddress1\naddress2\npostcode city\nCountry:name\nphone'),(223,'firstname lastname\ncompany\nvat_number\naddress1\naddress2\npostcode city\nCountry:name\nphone'),(224,'firstname lastname\ncompany\nvat_number\naddress1\naddress2\npostcode city\nCountry:name\nphone'),(225,'firstname lastname\ncompany\nvat_number\naddress1\naddress2\npostcode city\nCountry:name\nphone'),(226,'firstname lastname\ncompany\nvat_number\naddress1\naddress2\npostcode city\nCountry:name\nphone'),(227,'firstname lastname\ncompany\nvat_number\naddress1\naddress2\npostcode city\nCountry:name\nphone'),(228,'firstname lastname\ncompany\nvat_number\naddress1\naddress2\npostcode city\nCountry:name\nphone'),(229,'firstname lastname\ncompany\nvat_number\naddress1\naddress2\npostcode city\nCountry:name\nphone'),(230,'firstname lastname\ncompany\nvat_number\naddress1\naddress2\npostcode city\nCountry:name\nphone'),(231,'firstname lastname\ncompany\nvat_number\naddress1\naddress2\npostcode city\nCountry:name\nphone'),(232,'firstname lastname\ncompany\nvat_number\naddress1\naddress2\npostcode city\nCountry:name\nphone'),(233,'firstname lastname\ncompany\nvat_number\naddress1\naddress2\npostcode city\nCountry:name\nphone'),(234,'firstname lastname\ncompany\nvat_number\naddress1\naddress2\npostcode city\nCountry:name\nphone'),(235,'firstname lastname\ncompany\nvat_number\naddress1\naddress2\npostcode city\nCountry:name\nphone'),(236,'firstname lastname\ncompany\nvat_number\naddress1\naddress2\npostcode city\nCountry:name\nphone'),(237,'firstname lastname\ncompany\nvat_number\naddress1\naddress2\npostcode city\nCountry:name\nphone'),(238,'firstname lastname\ncompany\nvat_number\naddress1\naddress2\npostcode city\nCountry:name\nphone'),(239,'firstname lastname\ncompany\nvat_number\naddress1\naddress2\npostcode city\nCountry:name\nphone'),(240,'firstname lastname\ncompany\nvat_number\naddress1\naddress2\npostcode city\nCountry:name\nphone'),(241,'firstname lastname\ncompany\nvat_number\naddress1\naddress2\npostcode city\nCountry:name\nphone'),(242,'firstname lastname\ncompany\nvat_number\naddress1\naddress2\npostcode city\nCountry:name\nphone'),(243,'firstname lastname\ncompany\nvat_number\naddress1\naddress2\npostcode city\nCountry:name\nphone'),(244,'firstname lastname\ncompany\nvat_number\naddress1\naddress2\npostcode city\nCountry:name\nphone');

--
-- Table structure for table `akoe_admin_filter`
--

CREATE TABLE `akoe_admin_filter` (
  `id` int(11) NOT NULL AUTO_INCREMENT,
  `employee` int(11) NOT NULL,
  `shop` int(11) NOT NULL,
  `controller` varchar(60) COLLATE utf8_unicode_ci NOT NULL,
  `action` varchar(100) COLLATE utf8_unicode_ci NOT NULL,
  `filter` longtext COLLATE utf8_unicode_ci NOT NULL,
  PRIMARY KEY (`id`),
  UNIQUE KEY `admin_filter_search_idx` (`employee`,`shop`,`controller`,`action`)
) ENGINE=InnoDB AUTO_INCREMENT=2 DEFAULT CHARSET=utf8 COLLATE=utf8_unicode_ci;

--
-- Dumping data for table `akoe_admin_filter`
--

INSERT INTO `akoe_admin_filter` VALUES (1,1,1,'ProductController','catalogAction','{\"filter_category\":\"\",\"filter_column_id_product\":\"\",\"filter_column_name\":\"\",\"filter_column_reference\":\"\",\"filter_column_name_category\":\"\",\"filter_column_price\":\"\",\"filter_column_sav_quantity\":\"\",\"filter_column_active\":\"\",\"last_offset\":\"0\",\"last_limit\":\"20\",\"last_orderBy\":\"id_product\",\"last_sortOrder\":\"desc\"}');

--
-- Table structure for table `akoe_advice`
--

CREATE TABLE `akoe_advice` (
  `id_advice` int(11) NOT NULL AUTO_INCREMENT,
  `id_ps_advice` int(11) NOT NULL,
  `id_tab` int(11) NOT NULL,
  `ids_tab` text DEFAULT NULL,
  `validated` tinyint(1) unsigned NOT NULL DEFAULT 0,
  `hide` tinyint(1) NOT NULL DEFAULT 0,
  `location` enum('after','before') NOT NULL,
  `selector` varchar(255) DEFAULT NULL,
  `start_day` int(11) NOT NULL DEFAULT 0,
  `stop_day` int(11) NOT NULL DEFAULT 0,
  `weight` int(11) DEFAULT 1,
  PRIMARY KEY (`id_advice`)
) ENGINE=InnoDB AUTO_INCREMENT=473 DEFAULT CHARSET=utf8;

--
-- Dumping data for table `akoe_advice`
--

INSERT INTO `akoe_advice` VALUES (8,2147483647,1,NULL,1,0,'after','#dashtrends',0,0,1),(11,2147483647,1,NULL,1,0,'after','#dashtrends',0,0,1),(34,2147483647,1,NULL,1,0,'after','#dashtrends',0,0,1),(37,2147483647,1,NULL,1,0,'after','#dashtrends',0,0,1),(60,2147483647,1,NULL,1,0,'after','#dashtrends',0,0,1),(63,2147483647,1,NULL,1,0,'after','#dashtrends',0,0,1),(86,2147483647,1,NULL,1,0,'after','#dashtrends',0,0,1),(89,2147483647,1,NULL,1,0,'after','#dashtrends',0,0,1),(112,2147483647,1,NULL,1,0,'after','#dashtrends',0,0,1),(115,2147483647,1,NULL,1,0,'after','#dashtrends',0,0,1),(138,2147483647,1,NULL,1,0,'after','#dashtrends',0,0,1),(141,2147483647,1,NULL,1,0,'after','#dashtrends',0,0,1),(164,2147483647,1,NULL,1,0,'after','#dashtrends',0,0,1),(167,2147483647,1,NULL,1,0,'after','#dashtrends',0,0,1),(190,2147483647,1,NULL,1,0,'after','#dashtrends',0,0,1),(193,2147483647,1,NULL,1,0,'after','#dashtrends',0,0,1),(216,2147483647,1,NULL,1,0,'after','#dashtrends',0,0,1),(219,2147483647,1,NULL,1,0,'after','#dashtrends',0,0,1),(242,2147483647,1,NULL,1,0,'after','#dashtrends',0,0,1),(245,2147483647,1,NULL,1,0,'after','#dashtrends',0,0,1),(268,2147483647,1,NULL,1,0,'after','#dashtrends',0,0,1),(271,2147483647,1,NULL,1,0,'after','#dashtrends',0,0,1),(294,2147483647,1,NULL,1,0,'after','#dashtrends',0,0,1),(297,2147483647,1,NULL,1,0,'after','#dashtrends',0,0,1),(320,2147483647,1,NULL,1,0,'after','#dashtrends',0,0,1),(323,2147483647,1,NULL,1,0,'after','#dashtrends',0,0,1),(346,2147483647,1,NULL,1,0,'after','#dashtrends',0,0,1),(349,2147483647,1,NULL,1,0,'after','#dashtrends',0,0,1),(372,2147483647,1,NULL,1,0,'after','#dashtrends',0,0,1),(373,2147483647,1,NULL,1,0,'after','#dashtrends',0,0,1),(376,2147483647,1,NULL,1,0,'after','#dashtrends',0,0,1),(399,2147483647,1,NULL,1,0,'after','#dashtrends',0,0,1),(400,2147483647,1,NULL,1,0,'after','#dashtrends',0,0,1),(403,2147483647,1,NULL,1,0,'after','#dashtrends',0,0,1),(426,2147483647,1,NULL,1,0,'after','#dashtrends',0,0,1),(427,2147483647,1,NULL,1,0,'after','#dashtrends',0,0,1),(430,2147483647,1,NULL,1,0,'after','#dashtrends',0,0,1),(446,353,75,NULL,1,0,'before','#typeTranslationForm',0,0,1),(447,354,1,NULL,1,0,'before','addons',0,0,1),(448,376,69,NULL,0,0,'before','.leadin:first',0,0,1),(449,378,60,NULL,1,0,'before','div.leadin',0,0,1),(450,379,82,NULL,0,0,'before','form.form-horizontal:first, form.toolbar-placeholder',0,0,1),(451,389,0,NULL,1,0,'before','#upgradeButtonBlock',0,0,1),(452,532,29,NULL,1,0,'before','.leadin:first',0,0,1),(453,2147483647,1,NULL,1,0,'after','#dashtrends',0,0,1),(454,2147483647,1,NULL,1,0,'after','#dashtrends',0,0,1),(455,559,1,NULL,1,0,'after','#dashtrends',0,0,1),(456,650,1,NULL,1,0,'after','#dashtrends',0,0,1),(457,2147483647,1,NULL,1,0,'after','#dashtrends',0,0,1),(458,765,1,NULL,1,0,'after','#dashtrends',0,0,1),(459,824,1,NULL,1,0,'after','.dash_news',0,0,1),(460,537,1,NULL,1,0,'after','.dash_news',0,0,1),(461,569,1,NULL,1,0,'after','.dash_news',0,0,1),(462,515,1,NULL,1,0,'after','.dash_news',0,0,1),(463,518,1,NULL,1,0,'after','.dash_news',0,0,1),(464,2147483647,1,NULL,1,0,'after','.dash_news',0,0,1),(465,520,1,NULL,1,0,'after','.dash_news',0,0,1),(466,730,1,NULL,1,0,'after','.dash_news',0,0,1),(467,731,1,NULL,1,0,'after','.dash_news',0,0,1),(468,732,1,NULL,1,0,'after','.dash_news',0,0,1),(469,734,1,NULL,1,0,'after','.dash_news',0,0,1),(470,708,1,NULL,1,0,'after','.dash_news',0,0,1),(471,735,1,NULL,1,0,'after','.dash_news',0,0,1),(472,844,1,NULL,1,0,'after','.dash_news',0,0,1);

--
-- Table structure for table `akoe_advice_lang`
--

CREATE TABLE `akoe_advice_lang` (
  `id_advice` int(11) NOT NULL,
  `id_lang` int(11) NOT NULL,
  `html` text DEFAULT NULL,
  PRIMARY KEY (`id_advice`,`id_lang`)
) ENGINE=InnoDB DEFAULT CHARSET=utf8;

--
-- Dumping data for table `akoe_advice_lang`
--

INSERT INTO `akoe_advice_lang` VALUES (8,1,'<div id=\"wrap_id_advice_1521652225589\">\n            <div class=\"col-lg-6\">\n              <section id=\"\" class=\"panel panel-advice\" style=\"position: relative; padding: 10px; min-height: 75px;\">\n                <a href=\"#\" id=\"1521652225589\" class=\"close_link gamification_premium_close\" style=\"display: none; position: absolute; top: 10px; right: 10px;\">\n                  <i class=\"icon-remove\"></i>\n                </a>\n                <span class=\"gamification-close-confirmation hide\">\n                  Are you sure?\n                  <button class=\"btn btn-default btn-sm\" data-advice=\"delete\">\n                    <i class=\"icon-trash\"></i>Delete\n                  </button>\n                  <button class=\"btn btn-default btn-sm\" data-advice=\"cancel\">Cancel</button>\n                </span>\n                <a class=\"preactivationLink row\" rel=\"divvit\" href=\"{link}AdminModules{/link}&install=divvit&module_name=divvit&redirectconfig\" style=\"display: table; margin: 0; text-decoration: none;\">\n                  <img src=\"https://storage.googleapis.com/production-gamification-assets/premium/divvit.png\" class=\"advice-img img-thumbnail\">\n                  <img src=\"https://gamification.prestashop.com/api/getAdviceImg/1521652225589.png\" class=\"hide\">\n                  <p class=\"advice-description\" style=\"padding: 0 20px; display: table-cell; vertical-align: middle;\">Actiegerichte inzichten om uw winkel nu te optimaliseren</p>\n                </a>\n              </section>\n            </div>\n          </div>'),(11,1,'<div id=\"wrap_id_advice_1522166723675\">\n            <div class=\"col-lg-6\">\n              <section id=\"\" class=\"panel panel-advice\" style=\"position: relative; padding: 10px; min-height: 75px;\">\n                <a href=\"#\" id=\"1522166723675\" class=\"close_link gamification_premium_close\" style=\"display: none; position: absolute; top: 10px; right: 10px;\">\n                  <i class=\"icon-remove\"></i>\n                </a>\n                <span class=\"gamification-close-confirmation hide\">\n                  Are you sure?\n                  <button class=\"btn btn-default btn-sm\" data-advice=\"delete\">\n                    <i class=\"icon-trash\"></i>Delete\n                  </button>\n                  <button class=\"btn btn-default btn-sm\" data-advice=\"cancel\">Cancel</button>\n                </span>\n                <a class=\"preactivationLink row\" rel=\"sendcloud\" href=\"{link}AdminModules{/link}&install=sendcloud&module_name=sendcloud&redirectconfig\" style=\"display: table; margin: 0; text-decoration: none;\">\n                  <img src=\"https://storage.googleapis.com/production-gamification-assets/premium/sendcloud.png\" class=\"advice-img img-thumbnail\">\n                  <img src=\"https://gamification.prestashop.com/api/getAdviceImg/1522166723675.png\" class=\"hide\">\n                  <p class=\"advice-description\" style=\"padding: 0 20px; display: table-cell; vertical-align: middle;\">Bespaar tijd & geld met de nummer 1 verzendtool voor webshops</p>\n                </a>\n              </section>\n            </div>\n          </div>'),(34,1,'<div id=\"wrap_id_advice_1521652225589\">\n            <div class=\"col-lg-6\">\n              <section id=\"\" class=\"panel panel-advice\" style=\"position: relative; padding: 10px; min-height: 75px;\">\n                <a href=\"#\" id=\"1521652225589\" class=\"close_link gamification_premium_close\" style=\"display: none; position: absolute; top: 10px; right: 10px;\">\n                  <i class=\"icon-remove\"></i>\n                </a>\n                <span class=\"gamification-close-confirmation hide\">\n                  Are you sure?\n                  <button class=\"btn btn-default btn-sm\" data-advice=\"delete\">\n                    <i class=\"icon-trash\"></i>Delete\n                  </button>\n                  <button class=\"btn btn-default btn-sm\" data-advice=\"cancel\">Cancel</button>\n                </span>\n                <a class=\"preactivationLink row\" rel=\"divvit\" href=\"{link}AdminModules{/link}&install=divvit&module_name=divvit&redirectconfig\" style=\"display: table; margin: 0; text-decoration: none;\">\n                  <img src=\"https://storage.googleapis.com/production-gamification-assets/premium/divvit.png\" class=\"advice-img img-thumbnail\">\n                  <img src=\"https://gamification.prestashop.com/api/getAdviceImg/1521652225589.png\" class=\"hide\">\n                  <p class=\"advice-description\" style=\"padding: 0 20px; display: table-cell; vertical-align: middle;\">Actiegerichte inzichten om uw winkel nu te optimaliseren</p>\n                </a>\n              </section>\n            </div>\n          </div>'),(37,1,'<div id=\"wrap_id_advice_1522166723675\">\n            <div class=\"col-lg-6\">\n              <section id=\"\" class=\"panel panel-advice\" style=\"position: relative; padding: 10px; min-height: 75px;\">\n                <a href=\"#\" id=\"1522166723675\" class=\"close_link gamification_premium_close\" style=\"display: none; position: absolute; top: 10px; right: 10px;\">\n                  <i class=\"icon-remove\"></i>\n                </a>\n                <span class=\"gamification-close-confirmation hide\">\n                  Are you sure?\n                  <button class=\"btn btn-default btn-sm\" data-advice=\"delete\">\n                    <i class=\"icon-trash\"></i>Delete\n                  </button>\n                  <button class=\"btn btn-default btn-sm\" data-advice=\"cancel\">Cancel</button>\n                </span>\n                <a class=\"preactivationLink row\" rel=\"sendcloud\" href=\"{link}AdminModules{/link}&install=sendcloud&module_name=sendcloud&redirectconfig\" style=\"display: table; margin: 0; text-decoration: none;\">\n                  <img src=\"https://storage.googleapis.com/production-gamification-assets/premium/sendcloud.png\" class=\"advice-img img-thumbnail\">\n                  <img src=\"https://gamification.prestashop.com/api/getAdviceImg/1522166723675.png\" class=\"hide\">\n                  <p class=\"advice-description\" style=\"padding: 0 20px; display: table-cell; vertical-align: middle;\">Bespaar tijd & geld met de nummer 1 verzendtool voor webshops</p>\n                </a>\n              </section>\n            </div>\n          </div>'),(60,1,'<div id=\"wrap_id_advice_1521652225589\">\n            <div class=\"col-lg-6\">\n              <section id=\"\" class=\"panel panel-advice\" style=\"position: relative; padding: 10px; min-height: 75px;\">\n                <a href=\"#\" id=\"1521652225589\" class=\"close_link gamification_premium_close\" style=\"display: none; position: absolute; top: 10px; right: 10px;\">\n                  <i class=\"icon-remove\"></i>\n                </a>\n                <span class=\"gamification-close-confirmation hide\">\n                  Are you sure?\n                  <button class=\"btn btn-default btn-sm\" data-advice=\"delete\">\n                    <i class=\"icon-trash\"></i>Delete\n                  </button>\n                  <button class=\"btn btn-default btn-sm\" data-advice=\"cancel\">Cancel</button>\n                </span>\n                <a class=\"preactivationLink row\" rel=\"divvit\" href=\"{link}AdminModules{/link}&install=divvit&module_name=divvit&redirectconfig\" style=\"display: table; margin: 0; text-decoration: none;\">\n                  <img src=\"https://storage.googleapis.com/production-gamification-assets/premium/divvit.png\" class=\"advice-img img-thumbnail\">\n                  <img src=\"https://gamification.prestashop.com/api/getAdviceImg/1521652225589.png\" class=\"hide\">\n                  <p class=\"advice-description\" style=\"padding: 0 20px; display: table-cell; vertical-align: middle;\">Actiegerichte inzichten om uw winkel nu te optimaliseren</p>\n                </a>\n              </section>\n            </div>\n          </div>'),(63,1,'<div id=\"wrap_id_advice_1522166723675\">\n            <div class=\"col-lg-6\">\n              <section id=\"\" class=\"panel panel-advice\" style=\"position: relative; padding: 10px; min-height: 75px;\">\n                <a href=\"#\" id=\"1522166723675\" class=\"close_link gamification_premium_close\" style=\"display: none; position: absolute; top: 10px; right: 10px;\">\n                  <i class=\"icon-remove\"></i>\n                </a>\n                <span class=\"gamification-close-confirmation hide\">\n                  Are you sure?\n                  <button class=\"btn btn-default btn-sm\" data-advice=\"delete\">\n                    <i class=\"icon-trash\"></i>Delete\n                  </button>\n                  <button class=\"btn btn-default btn-sm\" data-advice=\"cancel\">Cancel</button>\n                </span>\n                <a class=\"preactivationLink row\" rel=\"sendcloud\" href=\"{link}AdminModules{/link}&install=sendcloud&module_name=sendcloud&redirectconfig\" style=\"display: table; margin: 0; text-decoration: none;\">\n                  <img src=\"https://storage.googleapis.com/production-gamification-assets/premium/sendcloud.png\" class=\"advice-img img-thumbnail\">\n                  <img src=\"https://gamification.prestashop.com/api/getAdviceImg/1522166723675.png\" class=\"hide\">\n                  <p class=\"advice-description\" style=\"padding: 0 20px; display: table-cell; vertical-align: middle;\">Bespaar tijd & geld met de nummer 1 verzendtool voor webshops</p>\n                </a>\n              </section>\n            </div>\n          </div>'),(86,1,'<div id=\"wrap_id_advice_1521652225589\">\n            <div class=\"col-lg-6\">\n              <section id=\"\" class=\"panel panel-advice\" style=\"position: relative; padding: 10px; min-height: 75px;\">\n                <a href=\"#\" id=\"1521652225589\" class=\"close_link gamification_premium_close\" style=\"display: none; position: absolute; top: 10px; right: 10px;\">\n                  <i class=\"icon-remove\"></i>\n                </a>\n                <span class=\"gamification-close-confirmation hide\">\n                  Are you sure?\n                  <button class=\"btn btn-default btn-sm\" data-advice=\"delete\">\n                    <i class=\"icon-trash\"></i>Delete\n                  </button>\n                  <button class=\"btn btn-default btn-sm\" data-advice=\"cancel\">Cancel</button>\n                </span>\n                <a class=\"preactivationLink row\" rel=\"divvit\" href=\"{link}AdminModules{/link}&install=divvit&module_name=divvit&redirectconfig\" style=\"display: table; margin: 0; text-decoration: none;\">\n                  <img src=\"https://storage.googleapis.com/production-gamification-assets/premium/divvit.png\" class=\"advice-img img-thumbnail\">\n                  <img src=\"https://gamification.prestashop.com/api/getAdviceImg/1521652225589.png\" class=\"hide\">\n                  <p class=\"advice-description\" style=\"padding: 0 20px; display: table-cell; vertical-align: middle;\">Actiegerichte inzichten om uw winkel nu te optimaliseren</p>\n                </a>\n              </section>\n            </div>\n          </div>'),(89,1,'<div id=\"wrap_id_advice_1522166723675\">\n            <div class=\"col-lg-6\">\n              <section id=\"\" class=\"panel panel-advice\" style=\"position: relative; padding: 10px; min-height: 75px;\">\n                <a href=\"#\" id=\"1522166723675\" class=\"close_link gamification_premium_close\" style=\"display: none; position: absolute; top: 10px; right: 10px;\">\n                  <i class=\"icon-remove\"></i>\n                </a>\n                <span class=\"gamification-close-confirmation hide\">\n                  Are you sure?\n                  <button class=\"btn btn-default btn-sm\" data-advice=\"delete\">\n                    <i class=\"icon-trash\"></i>Delete\n                  </button>\n                  <button class=\"btn btn-default btn-sm\" data-advice=\"cancel\">Cancel</button>\n                </span>\n                <a class=\"preactivationLink row\" rel=\"sendcloud\" href=\"{link}AdminModules{/link}&install=sendcloud&module_name=sendcloud&redirectconfig\" style=\"display: table; margin: 0; text-decoration: none;\">\n                  <img src=\"https://storage.googleapis.com/production-gamification-assets/premium/sendcloud.png\" class=\"advice-img img-thumbnail\">\n                  <img src=\"https://gamification.prestashop.com/api/getAdviceImg/1522166723675.png\" class=\"hide\">\n                  <p class=\"advice-description\" style=\"padding: 0 20px; display: table-cell; vertical-align: middle;\">Bespaar tijd & geld met de nummer 1 verzendtool voor webshops</p>\n                </a>\n              </section>\n            </div>\n          </div>'),(112,1,'<div id=\"wrap_id_advice_1521652225589\">\n            <div class=\"col-lg-6\">\n              <section id=\"\" class=\"panel panel-advice\" style=\"position: relative; padding: 10px; min-height: 75px;\">\n                <a href=\"#\" id=\"1521652225589\" class=\"close_link gamification_premium_close\" style=\"display: none; position: absolute; top: 10px; right: 10px;\">\n                  <i class=\"icon-remove\"></i>\n                </a>\n                <span class=\"gamification-close-confirmation hide\">\n                  Are you sure?\n                  <button class=\"btn btn-default btn-sm\" data-advice=\"delete\">\n                    <i class=\"icon-trash\"></i>Delete\n                  </button>\n                  <button class=\"btn btn-default btn-sm\" data-advice=\"cancel\">Cancel</button>\n                </span>\n                <a class=\"preactivationLink row\" rel=\"divvit\" href=\"{link}AdminModules{/link}&install=divvit&module_name=divvit&redirectconfig\" style=\"display: table; margin: 0; text-decoration: none;\">\n                  <img src=\"https://storage.googleapis.com/production-gamification-assets/premium/divvit.png\" class=\"advice-img img-thumbnail\">\n                  <img src=\"https://gamification.prestashop.com/api/getAdviceImg/1521652225589.png\" class=\"hide\">\n                  <p class=\"advice-description\" style=\"padding: 0 20px; display: table-cell; vertical-align: middle;\">Actiegerichte inzichten om uw winkel nu te optimaliseren</p>\n                </a>\n              </section>\n            </div>\n          </div>'),(115,1,'<div id=\"wrap_id_advice_1522166723675\">\n            <div class=\"col-lg-6\">\n              <section id=\"\" class=\"panel panel-advice\" style=\"position: relative; padding: 10px; min-height: 75px;\">\n                <a href=\"#\" id=\"1522166723675\" class=\"close_link gamification_premium_close\" style=\"display: none; position: absolute; top: 10px; right: 10px;\">\n                  <i class=\"icon-remove\"></i>\n                </a>\n                <span class=\"gamification-close-confirmation hide\">\n                  Are you sure?\n                  <button class=\"btn btn-default btn-sm\" data-advice=\"delete\">\n                    <i class=\"icon-trash\"></i>Delete\n                  </button>\n                  <button class=\"btn btn-default btn-sm\" data-advice=\"cancel\">Cancel</button>\n                </span>\n                <a class=\"preactivationLink row\" rel=\"sendcloud\" href=\"{link}AdminModules{/link}&install=sendcloud&module_name=sendcloud&redirectconfig\" style=\"display: table; margin: 0; text-decoration: none;\">\n                  <img src=\"https://storage.googleapis.com/production-gamification-assets/premium/sendcloud.png\" class=\"advice-img img-thumbnail\">\n                  <img src=\"https://gamification.prestashop.com/api/getAdviceImg/1522166723675.png\" class=\"hide\">\n                  <p class=\"advice-description\" style=\"padding: 0 20px; display: table-cell; vertical-align: middle;\">Bespaar tijd & geld met de nummer 1 verzendtool voor webshops</p>\n                </a>\n              </section>\n            </div>\n          </div>'),(138,1,'<div id=\"wrap_id_advice_1521652225589\">\n            <div class=\"col-lg-6\">\n              <section id=\"\" class=\"panel panel-advice\" style=\"position: relative; padding: 10px; min-height: 75px;\">\n                <a href=\"#\" id=\"1521652225589\" class=\"close_link gamification_premium_close\" style=\"display: none; position: absolute; top: 10px; right: 10px;\">\n                  <i class=\"icon-remove\"></i>\n                </a>\n                <span class=\"gamification-close-confirmation hide\">\n                  Are you sure?\n                  <button class=\"btn btn-default btn-sm\" data-advice=\"delete\">\n                    <i class=\"icon-trash\"></i>Delete\n                  </button>\n                  <button class=\"btn btn-default btn-sm\" data-advice=\"cancel\">Cancel</button>\n                </span>\n                <a class=\"preactivationLink row\" rel=\"divvit\" href=\"{link}AdminModules{/link}&install=divvit&module_name=divvit&redirectconfig\" style=\"display: table; margin: 0; text-decoration: none;\">\n                  <img src=\"https://storage.googleapis.com/production-gamification-assets/premium/divvit.png\" class=\"advice-img img-thumbnail\">\n                  <img src=\"https://gamification.prestashop.com/api/getAdviceImg/1521652225589.png\" class=\"hide\">\n                  <p class=\"advice-description\" style=\"padding: 0 20px; display: table-cell; vertical-align: middle;\">Actiegerichte inzichten om uw winkel nu te optimaliseren</p>\n                </a>\n              </section>\n            </div>\n          </div>'),(141,1,'<div id=\"wrap_id_advice_1522166723675\">\n            <div class=\"col-lg-6\">\n              <section id=\"\" class=\"panel panel-advice\" style=\"position: relative; padding: 10px; min-height: 75px;\">\n                <a href=\"#\" id=\"1522166723675\" class=\"close_link gamification_premium_close\" style=\"display: none; position: absolute; top: 10px; right: 10px;\">\n                  <i class=\"icon-remove\"></i>\n                </a>\n                <span class=\"gamification-close-confirmation hide\">\n                  Are you sure?\n                  <button class=\"btn btn-default btn-sm\" data-advice=\"delete\">\n                    <i class=\"icon-trash\"></i>Delete\n                  </button>\n                  <button class=\"btn btn-default btn-sm\" data-advice=\"cancel\">Cancel</button>\n                </span>\n                <a class=\"preactivationLink row\" rel=\"sendcloud\" href=\"{link}AdminModules{/link}&install=sendcloud&module_name=sendcloud&redirectconfig\" style=\"display: table; margin: 0; text-decoration: none;\">\n                  <img src=\"https://storage.googleapis.com/production-gamification-assets/premium/sendcloud.png\" class=\"advice-img img-thumbnail\">\n                  <img src=\"https://gamification.prestashop.com/api/getAdviceImg/1522166723675.png\" class=\"hide\">\n                  <p class=\"advice-description\" style=\"padding: 0 20px; display: table-cell; vertical-align: middle;\">Bespaar tijd & geld met de nummer 1 verzendtool voor webshops</p>\n                </a>\n              </section>\n            </div>\n          </div>'),(164,1,'<div id=\"wrap_id_advice_1521652225589\">\n            <div class=\"col-lg-6\">\n              <section id=\"\" class=\"panel panel-advice\" style=\"position: relative; padding: 10px; min-height: 75px;\">\n                <a href=\"#\" id=\"1521652225589\" class=\"close_link gamification_premium_close\" style=\"display: none; position: absolute; top: 10px; right: 10px;\">\n                  <i class=\"icon-remove\"></i>\n                </a>\n                <span class=\"gamification-close-confirmation hide\">\n                  Are you sure?\n                  <button class=\"btn btn-default btn-sm\" data-advice=\"delete\">\n                    <i class=\"icon-trash\"></i>Delete\n                  </button>\n                  <button class=\"btn btn-default btn-sm\" data-advice=\"cancel\">Cancel</button>\n                </span>\n                <a class=\"preactivationLink row\" rel=\"divvit\" href=\"{link}AdminModules{/link}&install=divvit&module_name=divvit&redirectconfig\" style=\"display: table; margin: 0; text-decoration: none;\">\n                  <img src=\"https://storage.googleapis.com/production-gamification-assets/premium/divvit.png\" class=\"advice-img img-thumbnail\">\n                  <img src=\"https://gamification.prestashop.com/api/getAdviceImg/1521652225589.png\" class=\"hide\">\n                  <p class=\"advice-description\" style=\"padding: 0 20px; display: table-cell; vertical-align: middle;\">Actiegerichte inzichten om uw winkel nu te optimaliseren</p>\n                </a>\n              </section>\n            </div>\n          </div>'),(167,1,'<div id=\"wrap_id_advice_1522166723675\">\n            <div class=\"col-lg-6\">\n              <section id=\"\" class=\"panel panel-advice\" style=\"position: relative; padding: 10px; min-height: 75px;\">\n                <a href=\"#\" id=\"1522166723675\" class=\"close_link gamification_premium_close\" style=\"display: none; position: absolute; top: 10px; right: 10px;\">\n                  <i class=\"icon-remove\"></i>\n                </a>\n                <span class=\"gamification-close-confirmation hide\">\n                  Are you sure?\n                  <button class=\"btn btn-default btn-sm\" data-advice=\"delete\">\n                    <i class=\"icon-trash\"></i>Delete\n                  </button>\n                  <button class=\"btn btn-default btn-sm\" data-advice=\"cancel\">Cancel</button>\n                </span>\n                <a class=\"preactivationLink row\" rel=\"sendcloud\" href=\"{link}AdminModules{/link}&install=sendcloud&module_name=sendcloud&redirectconfig\" style=\"display: table; margin: 0; text-decoration: none;\">\n                  <img src=\"https://storage.googleapis.com/production-gamification-assets/premium/sendcloud.png\" class=\"advice-img img-thumbnail\">\n                  <img src=\"https://gamification.prestashop.com/api/getAdviceImg/1522166723675.png\" class=\"hide\">\n                  <p class=\"advice-description\" style=\"padding: 0 20px; display: table-cell; vertical-align: middle;\">Bespaar tijd & geld met de nummer 1 verzendtool voor webshops</p>\n                </a>\n              </section>\n            </div>\n          </div>'),(190,1,'<div id=\"wrap_id_advice_1521652225589\">\n            <div class=\"col-lg-6\">\n              <section id=\"\" class=\"panel panel-advice\" style=\"position: relative; padding: 10px; min-height: 75px;\">\n                <a href=\"#\" id=\"1521652225589\" class=\"close_link gamification_premium_close\" style=\"display: none; position: absolute; top: 10px; right: 10px;\">\n                  <i class=\"icon-remove\"></i>\n                </a>\n                <span class=\"gamification-close-confirmation hide\">\n                  Are you sure?\n                  <button class=\"btn btn-default btn-sm\" data-advice=\"delete\">\n                    <i class=\"icon-trash\"></i>Delete\n                  </button>\n                  <button class=\"btn btn-default btn-sm\" data-advice=\"cancel\">Cancel</button>\n                </span>\n                <a class=\"preactivationLink row\" rel=\"divvit\" href=\"{link}AdminModules{/link}&install=divvit&module_name=divvit&redirectconfig\" style=\"display: table; margin: 0; text-decoration: none;\">\n                  <img src=\"https://storage.googleapis.com/production-gamification-assets/premium/divvit.png\" class=\"advice-img img-thumbnail\">\n                  <img src=\"https://gamification.prestashop.com/api/getAdviceImg/1521652225589.png\" class=\"hide\">\n                  <p class=\"advice-description\" style=\"padding: 0 20px; display: table-cell; vertical-align: middle;\">Actiegerichte inzichten om uw winkel nu te optimaliseren</p>\n                </a>\n              </section>\n            </div>\n          </div>'),(193,1,'<div id=\"wrap_id_advice_1522166723675\">\n            <div class=\"col-lg-6\">\n              <section id=\"\" class=\"panel panel-advice\" style=\"position: relative; padding: 10px; min-height: 75px;\">\n                <a href=\"#\" id=\"1522166723675\" class=\"close_link gamification_premium_close\" style=\"display: none; position: absolute; top: 10px; right: 10px;\">\n                  <i class=\"icon-remove\"></i>\n                </a>\n                <span class=\"gamification-close-confirmation hide\">\n                  Are you sure?\n                  <button class=\"btn btn-default btn-sm\" data-advice=\"delete\">\n                    <i class=\"icon-trash\"></i>Delete\n                  </button>\n                  <button class=\"btn btn-default btn-sm\" data-advice=\"cancel\">Cancel</button>\n                </span>\n                <a class=\"preactivationLink row\" rel=\"sendcloud\" href=\"{link}AdminModules{/link}&install=sendcloud&module_name=sendcloud&redirectconfig\" style=\"display: table; margin: 0; text-decoration: none;\">\n                  <img src=\"https://storage.googleapis.com/production-gamification-assets/premium/sendcloud.png\" class=\"advice-img img-thumbnail\">\n                  <img src=\"https://gamification.prestashop.com/api/getAdviceImg/1522166723675.png\" class=\"hide\">\n                  <p class=\"advice-description\" style=\"padding: 0 20px; display: table-cell; vertical-align: middle;\">Bespaar tijd & geld met de nummer 1 verzendtool voor webshops</p>\n                </a>\n              </section>\n            </div>\n          </div>'),(216,1,'<div id=\"wrap_id_advice_1521652225589\">\n            <div class=\"col-lg-6\">\n              <section id=\"\" class=\"panel panel-advice\" style=\"position: relative; padding: 10px; min-height: 75px;\">\n                <a href=\"#\" id=\"1521652225589\" class=\"close_link gamification_premium_close\" style=\"display: none; position: absolute; top: 10px; right: 10px;\">\n                  <i class=\"icon-remove\"></i>\n                </a>\n                <span class=\"gamification-close-confirmation hide\">\n                  Are you sure?\n                  <button class=\"btn btn-default btn-sm\" data-advice=\"delete\">\n                    <i class=\"icon-trash\"></i>Delete\n                  </button>\n                  <button class=\"btn btn-default btn-sm\" data-advice=\"cancel\">Cancel</button>\n                </span>\n                <a class=\"preactivationLink row\" rel=\"divvit\" href=\"{link}AdminModules{/link}&install=divvit&module_name=divvit&redirectconfig\" style=\"display: table; margin: 0; text-decoration: none;\">\n                  <img src=\"https://storage.googleapis.com/production-gamification-assets/premium/divvit.png\" class=\"advice-img img-thumbnail\">\n                  <img src=\"https://gamification.prestashop.com/api/getAdviceImg/1521652225589.png\" class=\"hide\">\n                  <p class=\"advice-description\" style=\"padding: 0 20px; display: table-cell; vertical-align: middle;\">Actiegerichte inzichten om uw winkel nu te optimaliseren</p>\n                </a>\n              </section>\n            </div>\n          </div>'),(219,1,'<div id=\"wrap_id_advice_1522166723675\">\n            <div class=\"col-lg-6\">\n              <section id=\"\" class=\"panel panel-advice\" style=\"position: relative; padding: 10px; min-height: 75px;\">\n                <a href=\"#\" id=\"1522166723675\" class=\"close_link gamification_premium_close\" style=\"display: none; position: absolute; top: 10px; right: 10px;\">\n                  <i class=\"icon-remove\"></i>\n                </a>\n                <span class=\"gamification-close-confirmation hide\">\n                  Are you sure?\n                  <button class=\"btn btn-default btn-sm\" data-advice=\"delete\">\n                    <i class=\"icon-trash\"></i>Delete\n                  </button>\n                  <button class=\"btn btn-default btn-sm\" data-advice=\"cancel\">Cancel</button>\n                </span>\n                <a class=\"preactivationLink row\" rel=\"sendcloud\" href=\"{link}AdminModules{/link}&install=sendcloud&module_name=sendcloud&redirectconfig\" style=\"display: table; margin: 0; text-decoration: none;\">\n                  <img src=\"https://storage.googleapis.com/production-gamification-assets/premium/sendcloud.png\" class=\"advice-img img-thumbnail\">\n                  <img src=\"https://gamification.prestashop.com/api/getAdviceImg/1522166723675.png\" class=\"hide\">\n                  <p class=\"advice-description\" style=\"padding: 0 20px; display: table-cell; vertical-align: middle;\">Bespaar tijd & geld met de nummer 1 verzendtool voor webshops</p>\n                </a>\n              </section>\n            </div>\n          </div>'),(242,1,'<div id=\"wrap_id_advice_1521652225589\">\n            <div class=\"col-lg-6\">\n              <section id=\"\" class=\"panel panel-advice\" style=\"position: relative; padding: 10px; min-height: 75px;\">\n                <a href=\"#\" id=\"1521652225589\" class=\"close_link gamification_premium_close\" style=\"display: none; position: absolute; top: 10px; right: 10px;\">\n                  <i class=\"icon-remove\"></i>\n                </a>\n                <span class=\"gamification-close-confirmation hide\">\n                  Are you sure?\n                  <button class=\"btn btn-default btn-sm\" data-advice=\"delete\">\n                    <i class=\"icon-trash\"></i>Delete\n                  </button>\n                  <button class=\"btn btn-default btn-sm\" data-advice=\"cancel\">Cancel</button>\n                </span>\n                <a class=\"preactivationLink row\" rel=\"divvit\" href=\"{link}AdminModules{/link}&install=divvit&module_name=divvit&redirectconfig\" style=\"display: table; margin: 0; text-decoration: none;\">\n                  <img src=\"https://storage.googleapis.com/production-gamification-assets/premium/divvit.png\" class=\"advice-img img-thumbnail\">\n                  <img src=\"https://gamification.prestashop.com/api/getAdviceImg/1521652225589.png\" class=\"hide\">\n                  <p class=\"advice-description\" style=\"padding: 0 20px; display: table-cell; vertical-align: middle;\">Actiegerichte inzichten om uw winkel nu te optimaliseren</p>\n                </a>\n              </section>\n            </div>\n          </div>'),(245,1,'<div id=\"wrap_id_advice_1522166723675\">\n            <div class=\"col-lg-6\">\n              <section id=\"\" class=\"panel panel-advice\" style=\"position: relative; padding: 10px; min-height: 75px;\">\n                <a href=\"#\" id=\"1522166723675\" class=\"close_link gamification_premium_close\" style=\"display: none; position: absolute; top: 10px; right: 10px;\">\n                  <i class=\"icon-remove\"></i>\n                </a>\n                <span class=\"gamification-close-confirmation hide\">\n                  Are you sure?\n                  <button class=\"btn btn-default btn-sm\" data-advice=\"delete\">\n                    <i class=\"icon-trash\"></i>Delete\n                  </button>\n                  <button class=\"btn btn-default btn-sm\" data-advice=\"cancel\">Cancel</button>\n                </span>\n                <a class=\"preactivationLink row\" rel=\"sendcloud\" href=\"{link}AdminModules{/link}&install=sendcloud&module_name=sendcloud&redirectconfig\" style=\"display: table; margin: 0; text-decoration: none;\">\n                  <img src=\"https://storage.googleapis.com/production-gamification-assets/premium/sendcloud.png\" class=\"advice-img img-thumbnail\">\n                  <img src=\"https://gamification.prestashop.com/api/getAdviceImg/1522166723675.png\" class=\"hide\">\n                  <p class=\"advice-description\" style=\"padding: 0 20px; display: table-cell; vertical-align: middle;\">Bespaar tijd & geld met de nummer 1 verzendtool voor webshops</p>\n                </a>\n              </section>\n            </div>\n          </div>'),(268,1,'<div id=\"wrap_id_advice_1521652225589\">\n            <div class=\"col-lg-6\">\n              <section id=\"\" class=\"panel panel-advice\" style=\"position: relative; padding: 10px; min-height: 75px;\">\n                <a href=\"#\" id=\"1521652225589\" class=\"close_link gamification_premium_close\" style=\"display: none; position: absolute; top: 10px; right: 10px;\">\n                  <i class=\"icon-remove\"></i>\n                </a>\n                <span class=\"gamification-close-confirmation hide\">\n                  Are you sure?\n                  <button class=\"btn btn-default btn-sm\" data-advice=\"delete\">\n                    <i class=\"icon-trash\"></i>Delete\n                  </button>\n                  <button class=\"btn btn-default btn-sm\" data-advice=\"cancel\">Cancel</button>\n                </span>\n                <a class=\"preactivationLink row\" rel=\"divvit\" href=\"{link}AdminModules{/link}&install=divvit&module_name=divvit&redirectconfig\" style=\"display: table; margin: 0; text-decoration: none;\">\n                  <img src=\"https://storage.googleapis.com/production-gamification-assets/premium/divvit.png\" class=\"advice-img img-thumbnail\">\n                  <img src=\"https://gamification.prestashop.com/api/getAdviceImg/1521652225589.png\" class=\"hide\">\n                  <p class=\"advice-description\" style=\"padding: 0 20px; display: table-cell; vertical-align: middle;\">Actiegerichte inzichten om uw winkel nu te optimaliseren</p>\n                </a>\n              </section>\n            </div>\n          </div>'),(271,1,'<div id=\"wrap_id_advice_1522166723675\">\n            <div class=\"col-lg-6\">\n              <section id=\"\" class=\"panel panel-advice\" style=\"position: relative; padding: 10px; min-height: 75px;\">\n                <a href=\"#\" id=\"1522166723675\" class=\"close_link gamification_premium_close\" style=\"display: none; position: absolute; top: 10px; right: 10px;\">\n                  <i class=\"icon-remove\"></i>\n                </a>\n                <span class=\"gamification-close-confirmation hide\">\n                  Are you sure?\n                  <button class=\"btn btn-default btn-sm\" data-advice=\"delete\">\n                    <i class=\"icon-trash\"></i>Delete\n                  </button>\n                  <button class=\"btn btn-default btn-sm\" data-advice=\"cancel\">Cancel</button>\n                </span>\n                <a class=\"preactivationLink row\" rel=\"sendcloud\" href=\"{link}AdminModules{/link}&install=sendcloud&module_name=sendcloud&redirectconfig\" style=\"display: table; margin: 0; text-decoration: none;\">\n                  <img src=\"https://storage.googleapis.com/production-gamification-assets/premium/sendcloud.png\" class=\"advice-img img-thumbnail\">\n                  <img src=\"https://gamification.prestashop.com/api/getAdviceImg/1522166723675.png\" class=\"hide\">\n                  <p class=\"advice-description\" style=\"padding: 0 20px; display: table-cell; vertical-align: middle;\">Bespaar tijd & geld met de nummer 1 verzendtool voor webshops</p>\n                </a>\n              </section>\n            </div>\n          </div>'),(294,1,'<div id=\"wrap_id_advice_1521652225589\">\n            <div class=\"col-lg-6\">\n              <section id=\"\" class=\"panel panel-advice\" style=\"position: relative; padding: 10px; min-height: 75px;\">\n                <a href=\"#\" id=\"1521652225589\" class=\"close_link gamification_premium_close\" style=\"display: none; position: absolute; top: 10px; right: 10px;\">\n                  <i class=\"icon-remove\"></i>\n                </a>\n                <span class=\"gamification-close-confirmation hide\">\n                  Are you sure?\n                  <button class=\"btn btn-default btn-sm\" data-advice=\"delete\">\n                    <i class=\"icon-trash\"></i>Delete\n                  </button>\n                  <button class=\"btn btn-default btn-sm\" data-advice=\"cancel\">Cancel</button>\n                </span>\n                <a class=\"preactivationLink row\" rel=\"divvit\" href=\"{link}AdminModules{/link}&install=divvit&module_name=divvit&redirectconfig\" style=\"display: table; margin: 0; text-decoration: none;\">\n                  <img src=\"https://storage.googleapis.com/production-gamification-assets/premium/divvit.png\" class=\"advice-img img-thumbnail\">\n                  <img src=\"https://gamification.prestashop.com/api/getAdviceImg/1521652225589.png\" class=\"hide\">\n                  <p class=\"advice-description\" style=\"padding: 0 20px; display: table-cell; vertical-align: middle;\">Actiegerichte inzichten om uw winkel nu te optimaliseren</p>\n                </a>\n              </section>\n            </div>\n          </div>'),(297,1,'<div id=\"wrap_id_advice_1522166723675\">\n            <div class=\"col-lg-6\">\n              <section id=\"\" class=\"panel panel-advice\" style=\"position: relative; padding: 10px; min-height: 75px;\">\n                <a href=\"#\" id=\"1522166723675\" class=\"close_link gamification_premium_close\" style=\"display: none; position: absolute; top: 10px; right: 10px;\">\n                  <i class=\"icon-remove\"></i>\n                </a>\n                <span class=\"gamification-close-confirmation hide\">\n                  Are you sure?\n                  <button class=\"btn btn-default btn-sm\" data-advice=\"delete\">\n                    <i class=\"icon-trash\"></i>Delete\n                  </button>\n                  <button class=\"btn btn-default btn-sm\" data-advice=\"cancel\">Cancel</button>\n                </span>\n                <a class=\"preactivationLink row\" rel=\"sendcloud\" href=\"{link}AdminModules{/link}&install=sendcloud&module_name=sendcloud&redirectconfig\" style=\"display: table; margin: 0; text-decoration: none;\">\n                  <img src=\"https://storage.googleapis.com/production-gamification-assets/premium/sendcloud.png\" class=\"advice-img img-thumbnail\">\n                  <img src=\"https://gamification.prestashop.com/api/getAdviceImg/1522166723675.png\" class=\"hide\">\n                  <p class=\"advice-description\" style=\"padding: 0 20px; display: table-cell; vertical-align: middle;\">Bespaar tijd & geld met de nummer 1 verzendtool voor webshops</p>\n                </a>\n              </section>\n            </div>\n          </div>'),(320,1,'<div id=\"wrap_id_advice_1521652225589\">\n            <div class=\"col-lg-6\">\n              <section id=\"\" class=\"panel panel-advice\" style=\"position: relative; padding: 10px; min-height: 75px;\">\n                <a href=\"#\" id=\"1521652225589\" class=\"close_link gamification_premium_close\" style=\"display: none; position: absolute; top: 10px; right: 10px;\">\n                  <i class=\"icon-remove\"></i>\n                </a>\n                <span class=\"gamification-close-confirmation hide\">\n                  Are you sure?\n                  <button class=\"btn btn-default btn-sm\" data-advice=\"delete\">\n                    <i class=\"icon-trash\"></i>Delete\n                  </button>\n                  <button class=\"btn btn-default btn-sm\" data-advice=\"cancel\">Cancel</button>\n                </span>\n                <a class=\"preactivationLink row\" rel=\"divvit\" href=\"{link}AdminModules{/link}&install=divvit&module_name=divvit&redirectconfig\" style=\"display: table; margin: 0; text-decoration: none;\">\n                  <img src=\"https://storage.googleapis.com/production-gamification-assets/premium/divvit.png\" class=\"advice-img img-thumbnail\">\n                  <img src=\"https://gamification.prestashop.com/api/getAdviceImg/1521652225589.png\" class=\"hide\">\n                  <p class=\"advice-description\" style=\"padding: 0 20px; display: table-cell; vertical-align: middle;\">Actiegerichte inzichten om uw winkel nu te optimaliseren</p>\n                </a>\n              </section>\n            </div>\n          </div>'),(323,1,'<div id=\"wrap_id_advice_1522166723675\">\n            <div class=\"col-lg-6\">\n              <section id=\"\" class=\"panel panel-advice\" style=\"position: relative; padding: 10px; min-height: 75px;\">\n                <a href=\"#\" id=\"1522166723675\" class=\"close_link gamification_premium_close\" style=\"display: none; position: absolute; top: 10px; right: 10px;\">\n                  <i class=\"icon-remove\"></i>\n                </a>\n                <span class=\"gamification-close-confirmation hide\">\n                  Are you sure?\n                  <button class=\"btn btn-default btn-sm\" data-advice=\"delete\">\n                    <i class=\"icon-trash\"></i>Delete\n                  </button>\n                  <button class=\"btn btn-default btn-sm\" data-advice=\"cancel\">Cancel</button>\n                </span>\n                <a class=\"preactivationLink row\" rel=\"sendcloud\" href=\"{link}AdminModules{/link}&install=sendcloud&module_name=sendcloud&redirectconfig\" style=\"display: table; margin: 0; text-decoration: none;\">\n                  <img src=\"https://storage.googleapis.com/production-gamification-assets/premium/sendcloud.png\" class=\"advice-img img-thumbnail\">\n                  <img src=\"https://gamification.prestashop.com/api/getAdviceImg/1522166723675.png\" class=\"hide\">\n                  <p class=\"advice-description\" style=\"padding: 0 20px; display: table-cell; vertical-align: middle;\">Bespaar tijd & geld met de nummer 1 verzendtool voor webshops</p>\n                </a>\n              </section>\n            </div>\n          </div>'),(346,1,'<div id=\"wrap_id_advice_1521652225589\">\n            <div class=\"col-lg-6\">\n              <section id=\"\" class=\"panel panel-advice\" style=\"position: relative; padding: 10px; min-height: 75px;\">\n                <a href=\"#\" id=\"1521652225589\" class=\"close_link gamification_premium_close\" style=\"display: none; position: absolute; top: 10px; right: 10px;\">\n                  <i class=\"icon-remove\"></i>\n                </a>\n                <span class=\"gamification-close-confirmation hide\">\n                  Are you sure?\n                  <button class=\"btn btn-default btn-sm\" data-advice=\"delete\">\n                    <i class=\"icon-trash\"></i>Delete\n                  </button>\n                  <button class=\"btn btn-default btn-sm\" data-advice=\"cancel\">Cancel</button>\n                </span>\n                <a class=\"preactivationLink row\" rel=\"divvit\" href=\"{link}AdminModules{/link}&install=divvit&module_name=divvit&redirectconfig\" style=\"display: table; margin: 0; text-decoration: none;\">\n                  <img src=\"https://storage.googleapis.com/production-gamification-assets/premium/divvit.png\" class=\"advice-img img-thumbnail\">\n                  <img src=\"https://gamification.prestashop.com/api/getAdviceImg/1521652225589.png\" class=\"hide\">\n                  <p class=\"advice-description\" style=\"padding: 0 20px; display: table-cell; vertical-align: middle;\">Actiegerichte inzichten om uw winkel nu te optimaliseren</p>\n                </a>\n              </section>\n            </div>\n          </div>'),(349,1,'<div id=\"wrap_id_advice_1522166723675\">\n            <div class=\"col-lg-6\">\n              <section id=\"\" class=\"panel panel-advice\" style=\"position: relative; padding: 10px; min-height: 75px;\">\n                <a href=\"#\" id=\"1522166723675\" class=\"close_link gamification_premium_close\" style=\"display: none; position: absolute; top: 10px; right: 10px;\">\n                  <i class=\"icon-remove\"></i>\n                </a>\n                <span class=\"gamification-close-confirmation hide\">\n                  Are you sure?\n                  <button class=\"btn btn-default btn-sm\" data-advice=\"delete\">\n                    <i class=\"icon-trash\"></i>Delete\n                  </button>\n                  <button class=\"btn btn-default btn-sm\" data-advice=\"cancel\">Cancel</button>\n                </span>\n                <a class=\"preactivationLink row\" rel=\"sendcloud\" href=\"{link}AdminModules{/link}&install=sendcloud&module_name=sendcloud&redirectconfig\" style=\"display: table; margin: 0; text-decoration: none;\">\n                  <img src=\"https://storage.googleapis.com/production-gamification-assets/premium/sendcloud.png\" class=\"advice-img img-thumbnail\">\n                  <img src=\"https://gamification.prestashop.com/api/getAdviceImg/1522166723675.png\" class=\"hide\">\n                  <p class=\"advice-description\" style=\"padding: 0 20px; display: table-cell; vertical-align: middle;\">Bespaar tijd & geld met de nummer 1 verzendtool voor webshops</p>\n                </a>\n              </section>\n            </div>\n          </div>'),(372,1,'<div id=\"wrap_id_advice_1537867849748\">\n            <div class=\"col-lg-6\">\n              <section id=\"\" class=\"panel panel-advice\" style=\"position: relative; padding: 10px; min-height: 75px;\">\n                <a href=\"#\" id=\"1537867849748\" class=\"close_link gamification_premium_close\" style=\"display: none; position: absolute; top: 10px; right: 10px;\">\n                  <i class=\"icon-remove\"></i>\n                </a>\n                <span class=\"gamification-close-confirmation hide\">\n                  Are you sure?\n                  <button class=\"btn btn-default btn-sm\" data-advice=\"delete\">\n                    <i class=\"icon-trash\"></i>Delete\n                  </button>\n                  <button class=\"btn btn-default btn-sm\" data-advice=\"cancel\">Cancel</button>\n                </span>\n                <a class=\"preactivationLink row\" rel=\"jmango360_api\" href=\"{link}AdminModules{/link}&install=jmango360_api&module_name=jmango360_api&redirectconfig\" style=\"display: table; margin: 0; text-decoration: none;\">\n                  <img src=\"https://storage.googleapis.com/production-gamification-assets/premium/jmango360_api.png\" class=\"advice-img img-thumbnail\">\n                  <img src=\"https://gamification.prestashop.com/api/getAdviceImg/1537867849748.png\" class=\"hide\">\n                  <p class=\"advice-description\" style=\"padding: 0 20px; display: table-cell; vertical-align: middle;\">Lever de beste shopervaring en converteer 3x meer met je eigen Shopping App</p>\n                </a>\n              </section>\n            </div>\n          </div>'),(373,1,'<div id=\"wrap_id_advice_1521652225589\">\n            <div class=\"col-lg-6\">\n              <section id=\"\" class=\"panel panel-advice\" style=\"position: relative; padding: 10px; min-height: 75px;\">\n                <a href=\"#\" id=\"1521652225589\" class=\"close_link gamification_premium_close\" style=\"display: none; position: absolute; top: 10px; right: 10px;\">\n                  <i class=\"icon-remove\"></i>\n                </a>\n                <span class=\"gamification-close-confirmation hide\">\n                  Are you sure?\n                  <button class=\"btn btn-default btn-sm\" data-advice=\"delete\">\n                    <i class=\"icon-trash\"></i>Delete\n                  </button>\n                  <button class=\"btn btn-default btn-sm\" data-advice=\"cancel\">Cancel</button>\n                </span>\n                <a class=\"preactivationLink row\" rel=\"divvit\" href=\"{link}AdminModules{/link}&install=divvit&module_name=divvit&redirectconfig\" style=\"display: table; margin: 0; text-decoration: none;\">\n                  <img src=\"https://storage.googleapis.com/production-gamification-assets/premium/divvit.png\" class=\"advice-img img-thumbnail\">\n                  <img src=\"https://gamification.prestashop.com/api/getAdviceImg/1521652225589.png\" class=\"hide\">\n                  <p class=\"advice-description\" style=\"padding: 0 20px; display: table-cell; vertical-align: middle;\">Actiegerichte inzichten om uw winkel nu te optimaliseren</p>\n                </a>\n              </section>\n            </div>\n          </div>'),(376,1,'<div id=\"wrap_id_advice_1522166723675\">\n            <div class=\"col-lg-6\">\n              <section id=\"\" class=\"panel panel-advice\" style=\"position: relative; padding: 10px; min-height: 75px;\">\n                <a href=\"#\" id=\"1522166723675\" class=\"close_link gamification_premium_close\" style=\"display: none; position: absolute; top: 10px; right: 10px;\">\n                  <i class=\"icon-remove\"></i>\n                </a>\n                <span class=\"gamification-close-confirmation hide\">\n                  Are you sure?\n                  <button class=\"btn btn-default btn-sm\" data-advice=\"delete\">\n                    <i class=\"icon-trash\"></i>Delete\n                  </button>\n                  <button class=\"btn btn-default btn-sm\" data-advice=\"cancel\">Cancel</button>\n                </span>\n                <a class=\"preactivationLink row\" rel=\"sendcloud\" href=\"{link}AdminModules{/link}&install=sendcloud&module_name=sendcloud&redirectconfig\" style=\"display: table; margin: 0; text-decoration: none;\">\n                  <img src=\"https://storage.googleapis.com/production-gamification-assets/premium/sendcloud.png\" class=\"advice-img img-thumbnail\">\n                  <img src=\"https://gamification.prestashop.com/api/getAdviceImg/1522166723675.png\" class=\"hide\">\n                  <p class=\"advice-description\" style=\"padding: 0 20px; display: table-cell; vertical-align: middle;\">Bespaar tijd & geld met de nummer 1 verzendtool voor webshops</p>\n                </a>\n              </section>\n            </div>\n          </div>'),(399,1,'<div id=\"wrap_id_advice_1537867849748\">\n            <div class=\"col-lg-6\">\n              <section id=\"\" class=\"panel panel-advice\" style=\"position: relative; padding: 10px; min-height: 75px;\">\n                <a href=\"#\" id=\"1537867849748\" class=\"close_link gamification_premium_close\" style=\"display: none; position: absolute; top: 10px; right: 10px;\">\n                  <i class=\"icon-remove\"></i>\n                </a>\n                <span class=\"gamification-close-confirmation hide\">\n                  Are you sure?\n                  <button class=\"btn btn-default btn-sm\" data-advice=\"delete\">\n                    <i class=\"icon-trash\"></i>Delete\n                  </button>\n                  <button class=\"btn btn-default btn-sm\" data-advice=\"cancel\">Cancel</button>\n                </span>\n                <a class=\"preactivationLink row\" rel=\"jmango360_api\" href=\"{link}AdminModules{/link}&install=jmango360_api&module_name=jmango360_api&redirectconfig\" style=\"display: table; margin: 0; text-decoration: none;\">\n                  <img src=\"https://storage.googleapis.com/production-gamification-assets/premium/jmango360_api.png\" class=\"advice-img img-thumbnail\">\n                  <img src=\"https://gamification.prestashop.com/api/getAdviceImg/1537867849748.png\" class=\"hide\">\n                  <p class=\"advice-description\" style=\"padding: 0 20px; display: table-cell; vertical-align: middle;\">Lever de beste shopervaring en converteer 3x meer met je eigen Shopping App</p>\n                </a>\n              </section>\n            </div>\n          </div>'),(400,1,'<div id=\"wrap_id_advice_1521652225589\">\n            <div class=\"col-lg-6\">\n              <section id=\"\" class=\"panel panel-advice\" style=\"position: relative; padding: 10px; min-height: 75px;\">\n                <a href=\"#\" id=\"1521652225589\" class=\"close_link gamification_premium_close\" style=\"display: none; position: absolute; top: 10px; right: 10px;\">\n                  <i class=\"icon-remove\"></i>\n                </a>\n                <span class=\"gamification-close-confirmation hide\">\n                  Are you sure?\n                  <button class=\"btn btn-default btn-sm\" data-advice=\"delete\">\n                    <i class=\"icon-trash\"></i>Delete\n                  </button>\n                  <button class=\"btn btn-default btn-sm\" data-advice=\"cancel\">Cancel</button>\n                </span>\n                <a class=\"preactivationLink row\" rel=\"divvit\" href=\"{link}AdminModules{/link}&install=divvit&module_name=divvit&redirectconfig\" style=\"display: table; margin: 0; text-decoration: none;\">\n                  <img src=\"https://storage.googleapis.com/production-gamification-assets/premium/divvit.png\" class=\"advice-img img-thumbnail\">\n                  <img src=\"https://gamification.prestashop.com/api/getAdviceImg/1521652225589.png\" class=\"hide\">\n                  <p class=\"advice-description\" style=\"padding: 0 20px; display: table-cell; vertical-align: middle;\">Actiegerichte inzichten om uw winkel nu te optimaliseren</p>\n                </a>\n              </section>\n            </div>\n          </div>'),(403,1,'<div id=\"wrap_id_advice_1522166723675\">\n            <div class=\"col-lg-6\">\n              <section id=\"\" class=\"panel panel-advice\" style=\"position: relative; padding: 10px; min-height: 75px;\">\n                <a href=\"#\" id=\"1522166723675\" class=\"close_link gamification_premium_close\" style=\"display: none; position: absolute; top: 10px; right: 10px;\">\n                  <i class=\"icon-remove\"></i>\n                </a>\n                <span class=\"gamification-close-confirmation hide\">\n                  Are you sure?\n                  <button class=\"btn btn-default btn-sm\" data-advice=\"delete\">\n                    <i class=\"icon-trash\"></i>Delete\n                  </button>\n                  <button class=\"btn btn-default btn-sm\" data-advice=\"cancel\">Cancel</button>\n                </span>\n                <a class=\"preactivationLink row\" rel=\"sendcloud\" href=\"{link}AdminModules{/link}&install=sendcloud&module_name=sendcloud&redirectconfig\" style=\"display: table; margin: 0; text-decoration: none;\">\n                  <img src=\"https://storage.googleapis.com/production-gamification-assets/premium/sendcloud.png\" class=\"advice-img img-thumbnail\">\n                  <img src=\"https://gamification.prestashop.com/api/getAdviceImg/1522166723675.png\" class=\"hide\">\n                  <p class=\"advice-description\" style=\"padding: 0 20px; display: table-cell; vertical-align: middle;\">Bespaar tijd & geld met de nummer 1 verzendtool voor webshops</p>\n                </a>\n              </section>\n            </div>\n          </div>'),(426,1,'<div id=\"wrap_id_advice_1537867849748\">\n            <div class=\"col-lg-6\">\n              <section id=\"\" class=\"panel panel-advice\" style=\"position: relative; padding: 10px; min-height: 75px;\">\n                <a href=\"#\" id=\"1537867849748\" class=\"close_link gamification_premium_close\" style=\"display: none; position: absolute; top: 10px; right: 10px;\">\n                  <i class=\"icon-remove\"></i>\n                </a>\n                <span class=\"gamification-close-confirmation hide\">\n                  Are you sure?\n                  <button class=\"btn btn-default btn-sm\" data-advice=\"delete\">\n                    <i class=\"icon-trash\"></i>Delete\n                  </button>\n                  <button class=\"btn btn-default btn-sm\" data-advice=\"cancel\">Cancel</button>\n                </span>\n                <a class=\"preactivationLink row\" rel=\"jmango360_api\" href=\"{link}AdminModules{/link}&install=jmango360_api&module_name=jmango360_api&redirectconfig\" style=\"display: table; margin: 0; text-decoration: none;\">\n                  <img src=\"https://storage.googleapis.com/production-gamification-assets/premium/jmango360_api.png\" class=\"advice-img img-thumbnail\">\n                  <img src=\"https://gamification.prestashop.com/api/getAdviceImg/1537867849748.png\" class=\"hide\">\n                  <p class=\"advice-description\" style=\"padding: 0 20px; display: table-cell; vertical-align: middle;\">Lever de beste shopervaring en converteer 3x meer met je eigen Shopping App</p>\n                </a>\n              </section>\n            </div>\n          </div>'),(427,1,'<div id=\"wrap_id_advice_1521652225589\">\n            <div class=\"col-lg-6\">\n              <section id=\"\" class=\"panel panel-advice\" style=\"position: relative; padding: 10px; min-height: 75px;\">\n                <a href=\"#\" id=\"1521652225589\" class=\"close_link gamification_premium_close\" style=\"display: none; position: absolute; top: 10px; right: 10px;\">\n                  <i class=\"icon-remove\"></i>\n                </a>\n                <span class=\"gamification-close-confirmation hide\">\n                  Are you sure?\n                  <button class=\"btn btn-default btn-sm\" data-advice=\"delete\">\n                    <i class=\"icon-trash\"></i>Delete\n                  </button>\n                  <button class=\"btn btn-default btn-sm\" data-advice=\"cancel\">Cancel</button>\n                </span>\n                <a class=\"preactivationLink row\" rel=\"divvit\" href=\"{link}AdminModules{/link}&install=divvit&module_name=divvit&redirectconfig\" style=\"display: table; margin: 0; text-decoration: none;\">\n                  <img src=\"https://storage.googleapis.com/production-gamification-assets/premium/divvit.png\" class=\"advice-img img-thumbnail\">\n                  <img src=\"https://gamification.prestashop.com/api/getAdviceImg/1521652225589.png\" class=\"hide\">\n                  <p class=\"advice-description\" style=\"padding: 0 20px; display: table-cell; vertical-align: middle;\">Actiegerichte inzichten om uw winkel nu te optimaliseren</p>\n                </a>\n              </section>\n            </div>\n          </div>'),(430,1,'<div id=\"wrap_id_advice_1522166723675\">\n            <div class=\"col-lg-6\">\n              <section id=\"\" class=\"panel panel-advice\" style=\"position: relative; padding: 10px; min-height: 75px;\">\n                <a href=\"#\" id=\"1522166723675\" class=\"close_link gamification_premium_close\" style=\"display: none; position: absolute; top: 10px; right: 10px;\">\n                  <i class=\"icon-remove\"></i>\n                </a>\n                <span class=\"gamification-close-confirmation hide\">\n                  Are you sure?\n                  <button class=\"btn btn-default btn-sm\" data-advice=\"delete\">\n                    <i class=\"icon-trash\"></i>Delete\n                  </button>\n                  <button class=\"btn btn-default btn-sm\" data-advice=\"cancel\">Cancel</button>\n                </span>\n                <a class=\"preactivationLink row\" rel=\"sendcloud\" href=\"{link}AdminModules{/link}&install=sendcloud&module_name=sendcloud&redirectconfig\" style=\"display: table; margin: 0; text-decoration: none;\">\n                  <img src=\"https://storage.googleapis.com/production-gamification-assets/premium/sendcloud.png\" class=\"advice-img img-thumbnail\">\n                  <img src=\"https://gamification.prestashop.com/api/getAdviceImg/1522166723675.png\" class=\"hide\">\n                  <p class=\"advice-description\" style=\"padding: 0 20px; display: table-cell; vertical-align: middle;\">Bespaar tijd & geld met de nummer 1 verzendtool voor webshops</p>\n                </a>\n              </section>\n            </div>\n          </div>'),(446,1,'<div id=\"wrap_id_advice_353\" ><style>\r\n.hide{display:none}.text-right{text-align:right}.text-left{text-align:left}.text-center{text-align:center}hr.clear{visibility:hidden;margin-bottom:20px}.gamification-tip{width:100%;height:40px;margin:0 0 20px 0;position:relative;line-height:43px;background-color:#f8f8f8;border-bottom:solid 5px #d2d2d2}.gamification-tip div.gamification-tip-title{position:absolute;top:0;left:0;height:40px;width:90px;padding:0 0 0 40px;background:url(\"https://gamification.prestashop.com/images/interface/gamification-lightbulb.png\") 10px 5px no-repeat;color:#556e26;font-size:14px;font-weight:bold}.gamification-tip div.gamification-tip-description-container{height:40px;padding:0 130px 0 130px;display:table-cell;vertical-align:middle;font-size:13px;color:#666666;background:url(\"https://gamification.prestashop.com/images/interface/gamification-tip-bg.png\") 100px top no-repeat}.gamification-tip div.gamification-tip-description-container span.gamification-tip-description{display:inline-block;line-height:15px;max-height:30px;overflow:hidden}.gamification-tip span.gamification-tip-cta{position:absolute;line-height:43px;height:40px;width:70px;top:0;right:0;padding:0 10px 0 30px;border-bottom:solid 5px #739334;background:url(\"https://gamification.prestashop.com/images/interface/gamification-cta-bg.png\") left top no-repeat #a6c964}.gamification-tip span.gamification-tip-cta a{display:inline-block;width:100%;font-size:14px;text-transform:uppercase;font-weight:bold;text-shadow:rgba(255, 255, 255, 0.5) 0 1px 0;color:#556e26;background:url(\"https://gamification.prestashop.com/images/interface/gamification-popin.png\") right 10px no-repeat}.gamification-tip-infobox{padding:0 20px 20px 20px;position:relative}.gamification-tip-infobox .gamification-tip-infobox-title{display:inline-block;margin:0 0 20px -20px;width:100%;padding:10px 20px 5px;border-bottom:solid 3px #739334;font:800 18px/20px arial;text-transform:uppercase;color:#556e26;background-color:#e7f0d6}.gamification-tip-infobox .gamification-tip-infobox-title span.gamification-tip-infobox-title-prefix{display:inline-block;height:40px;padding-left:30px;line-height:40px;text-transform:none;font-size:16px;font-weight:500;margin-right:10px;background:url(\"https://gamification.prestashop.com/images/interface/gamification-lightbulb.png\") left top no-repeat}.gamification-tip-infobox .gamification-tip-infobox-content{display:block;width:100%}.gamification-tip-infobox .gamification-tip-infobox-content .gamification-tip-infobox-content-image{float:left;width:170px;height:200px;background:url(\"https://gamification.prestashop.com/images/interface/gamification-infobox-separator.png\") no-repeat right center}.gamification-tip-infobox .gamification-tip-infobox-content .gamification-tip-infobox-content-description{float:left;width:370px;padding:0 0 25px 25px}.gamification-tip-infobox .gamification-tip-infobox-content .gamification-tip-infobox-content-description p{line-height:20px}.gamification-tip-infobox .gamification-tip-infobox-content .gamification-tip-infobox-content-description ul li{padding:0 0 0 20px;line-height:25px;background:url(\"https://gamification.prestashop.com/images/interface/gamification-bullet-check.png\") left top no-repeat}.gamification-tip-infobox .gamification-tip-infobox-content .gamification-tip-infobox-content-controls{padding:20px 0 0 0}.gamification-tip-infobox .gamification-tip-infobox-content .gamification-tip-infobox-content-controls a.button{display:inline-block;height:30px;padding:0 20px;margin-right:10px;border:none;border-bottom:solid 3px #ababab;line-height:33px;text-transform:uppercase;font-weight:bold;color:#929292;text-shadow:rgba(255, 255, 255, 0.5) 0 1px 0;border-radius:3px;background:#d2d2d2}.gamification-tip-infobox .gamification-tip-infobox-content .gamification-tip-infobox-content-controls a.button.success{color:#384819;background:#a6c964;border-color:#739334;text-shadow:rgba(255, 255, 255, 0.5) 0 1px 0}.gamification-tip-infobox .gamification-tip-infobox-content .gamification-tip-infobox-content-controls a.button:hover{color:#f8f8f8;background:#5f5f5f;border-color:#2c2c2c;text-shadow:rgba(0, 0, 0, 0.5) 0 1px 0}.gamification-tip-infobox .gamification-tip-infobox-content .gamification-tip-infobox-content-controls a.button:active{color:white;background:#2c2c2c;border-color:black;text-shadow:rgba(0, 0, 0, 0.5) 0 1px 0}.gamification-tip-infobox a.infobox-close{display:inline-block;width:14px;height:14px;position:absolute;top:20px;right:20px;text-indent:-9999px;background:url(\"https://gamification.prestashop.com/images/interface/gamification-infobox-close.png\") no-repeat}\r\n</style>\r\n<hr class=\"clear\"/>\r\n<div id=\"advice-16\">\r\n<div class=\"gamification-tip\">\r\n	<div class=\"gamification-tip-title\">Advice</div>\r\n	<span class=\"gamification-tip-cta\"><a class=\"\" href=\"https://gamification.prestashop.com/get_advice_link.php?id_advice=353&url=http%3A%2F%2Fcrowdin.net%2Fproject%2Fprestashop-official%2F\">Join</a><a class=\"gamification_close\" style=\"display:none\"  id=\"353\" href=\"#advice_content_353\">close</a></span>\r\n	<div class=\"gamification-tip-description-container\">\r\n		<span class=\"gamification-tip-description\">\r\n			Help us translate PrestaShop 1.6 into your language by <a href=\"https://gamification.prestashop.com/get_advice_link.php?id_advice=353&url=http%3A%2F%2Fcrowdin.net%2Fproject%2Fprestashop-official%2F\">joining us on Crowdin</a>!\r\n		</span>\r\n<div style=\"display:none\"><img src=\"https://gamification.prestashop.com/api/getAdviceImg/353.png\" /></div>\r\n	</div>\r\n</div>\r\n</div>\r\n</div>'),(447,1,'<div id=\"wrap_id_advice_354\" ><style>\r\n#wrap_id_advice_354 .panel.panel-advice { position: relative; padding: 10px !important; min-height: 75px; }\r\n#wrap_id_advice_354 .panel.panel-advice a.preactivationLink { display: table; margin: 0; text-decoration: none; }\r\n#wrap_id_advice_354 .panel.panel-advice a.preactivationLink p, .panel.panel-advice a.preactivationLink img { display: table-cell; vertical-align: middle; }\r\n#wrap_id_advice_354 .panel.panel-advice a.preactivationLink p { padding: 0 20px; }\r\n#wrap_id_advice_354 .panel.panel-advice .gamification-close-confirmation { position: absolute; top: 4px; right: 5px; background: #FFF; padding: 5px 3px;}\r\n#wrap_id_advice_354 .panel.panel-advice .gamification_premium_close i { color: #00aff0; }\r\n#wrap_id_advice_354 .panel.panel-advice:hover .gamification_premium_close { display: block; }\r\n</style>\r\n<div class=\"col-lg-6\">\r\n	<section id=\"\" class=\"panel panel-advice\">\r\n		<a class=\"preactivationLink row\" rel=\"ebay\" href=\"https://gamification.prestashop.com/get_advice_link.php?id_advice=321&url=http%3A%2F%2Faddons.prestashop.com\">\r\n			<img src=\"https://gamification.prestashop.com/api/getAdviceImg/354.png\" class=\"advice-img img-thumbnail\">\r\n			<p class=\"advice-description\">+3500 PrestaShop modules en thema\'s om uw webwinkel te bouwen</p>\r\n		</a>\r\n	</section>\r\n</div>\r\n</div>'),(448,1,'<div id=\"wrap_id_advice_376\" ><style>\n.hide{display:none}.text-right{text-align:right}.text-left{text-align:left}.text-center{text-align:center}hr.clear{visibility:hidden;margin-bottom:20px}.gamification-tip{width:100%;height:40px;margin:0 0 20px 0;position:relative;line-height:43px;background-color:#f8f8f8;border-bottom:solid 5px #d2d2d2}.gamification-tip div.gamification-tip-title{position:absolute;top:0;left:0;height:40px;width:90px;padding:0 0 0 40px;background:url(\"https://gamification.prestashop.com/images/interface/gamification-lightbulb.png\") 10px 5px no-repeat;color:#556e26;font-size:14px;font-weight:bold}.gamification-tip div.gamification-tip-description-container{height:40px;padding:0 130px 0 130px;display:table-cell;vertical-align:middle;font-size:13px;color:#666666;background:url(\"https://gamification.prestashop.com/images/interface/gamification-tip-bg.png\") 100px top no-repeat}.gamification-tip div.gamification-tip-description-container span.gamification-tip-description{display:inline-block;line-height:15px;max-height:30px;overflow:hidden}.gamification-tip span.gamification-tip-cta{position:absolute;line-height:43px;height:40px;width:70px;top:0;right:0;padding:0 10px 0 30px;border-bottom:solid 5px #739334;background:url(\"https://gamification.prestashop.com/images/interface/gamification-cta-bg.png\") left top no-repeat #a6c964}.gamification-tip span.gamification-tip-cta a{display:inline-block;width:100%;font-size:14px;text-transform:uppercase;font-weight:bold;text-shadow:rgba(255, 255, 255, 0.5) 0 1px 0;color:#556e26;background:url(\"https://gamification.prestashop.com/images/interface/gamification-popin.png\") right 10px no-repeat}.gamification-tip-infobox{padding:0 20px 20px 20px;position:relative}.gamification-tip-infobox .gamification-tip-infobox-title{display:inline-block;margin:0 0 20px -20px;width:100%;padding:10px 20px 5px;border-bottom:solid 3px #739334;font:800 18px/20px arial;text-transform:uppercase;color:#556e26;background-color:#e7f0d6}.gamification-tip-infobox .gamification-tip-infobox-title span.gamification-tip-infobox-title-prefix{display:inline-block;height:40px;padding-left:30px;line-height:40px;text-transform:none;font-size:16px;font-weight:500;margin-right:10px;background:url(\"https://gamification.prestashop.com/images/interface/gamification-lightbulb.png\") left top no-repeat}.gamification-tip-infobox .gamification-tip-infobox-content{display:block;width:100%}.gamification-tip-infobox .gamification-tip-infobox-content .gamification-tip-infobox-content-image{float:left;width:120px;height:200px;background:url(\"https://gamification.prestashop.com/images/interface/gamification-infobox-separator.png\") no-repeat right center}.gamification-tip-infobox .gamification-tip-infobox-content .gamification-tip-infobox-content-description{float:left;width:430px;padding:0 0 25px 25px}.gamification-tip-infobox .gamification-tip-infobox-content .gamification-tip-infobox-content-description p{line-height:20px}.gamification-tip-infobox .gamification-tip-infobox-content .gamification-tip-infobox-content-description ul li{padding:0 0 0 20px;line-height:25px;background:url(\"https://gamification.prestashop.com/images/interface/gamification-bullet-check.png\") left center no-repeat}.gamification-tip-infobox .gamification-tip-infobox-content .gamification-tip-infobox-content-controls{padding:20px 0 0 0}.gamification-tip-infobox .gamification-tip-infobox-content .gamification-tip-infobox-content-controls a.button{display:inline-block;height:30px;padding:0 20px;margin-right:10px;border:none;border-bottom:solid 3px #ababab;line-height:33px;text-transform:uppercase;font-weight:bold;color:#929292;text-shadow:rgba(255, 255, 255, 0.5) 0 1px 0;border-radius:3px;background:#d2d2d2}.gamification-tip-infobox .gamification-tip-infobox-content .gamification-tip-infobox-content-controls a.button.success{color:#384819;background:#a6c964;border-color:#739334;text-shadow:rgba(255, 255, 255, 0.5) 0 1px 0}.gamification-tip-infobox .gamification-tip-infobox-content .gamification-tip-infobox-content-controls a.button:hover{color:#f8f8f8;background:#5f5f5f;border-color:#2c2c2c;text-shadow:rgba(0, 0, 0, 0.5) 0 1px 0}.gamification-tip-infobox .gamification-tip-infobox-content .gamification-tip-infobox-content-controls a.button:active{color:white;background:#2c2c2c;border-color:black;text-shadow:rgba(0, 0, 0, 0.5) 0 1px 0}.gamification-tip-infobox a.infobox-close{display:inline-block;width:14px;height:14px;position:absolute;top:20px;right:20px;text-indent:-9999px;background:url(\"https://gamification.prestashop.com/images/interface/gamification-infobox-close.png\") no-repeat}\n</style>\n<hr class=\"clear\"/>\n<div id=\"advice-16\">\n<div class=\"gamification-tip\">\n	<div class=\"gamification-tip-title\">Advice</div>\n	<span class=\"gamification-tip-cta\"><a class=\"gamification_fancybox\"  id=\"376\" href=\"#advice_content_376\">Read</a><a class=\"gamification_close\" style=\"display:none\"  id=\"376\" href=\"#advice_content_376\">Close</a></span>\n\n	<div class=\"gamification-tip-description-container\">\n		<span class=\"gamification-tip-description\">\n			Een derde van alle Europese online shoppers heeft ooit een online aankoop in een ander land gedaan*. Start daarom nu met internationaal verkopen.		</span>\n	</div>\n	<div class=\"hide\">\n		<div id=\"advice_content_376\" class=\"gamification-tip-infobox\">\n			<div class=\"gamification-tip-infobox-title\">\n				<span class=\"gamification-tip-infobox-title-prefix\">Advice</span>\n				Paypal			</div>\n			<div class=\"gamification-tip-infobox-content\">\n				<div class=\"gamification-tip-infobox-content-image\">\n					<img src=\"https://gamification.prestashop.com/api/getAdviceImg/376.png\" alt=\"logo\" style=\"max-width: 85%\">\n				</div>\n				<div class=\"gamification-tip-infobox-content-description\">\n					<p><span style=\"font-family: arial, sans, sans-serif; font-size: 12px; white-space: pre-wrap;\">Wist u dat 31% van de Nederlandse kopers met een PayPal-rekening heeft aangegeven alleen iets op een buitenlandse website te kopen als PayPal als betaalmethode werd aangeboden.*</span><br style=\"font-family: arial, sans, sans-serif; font-size: 12px; white-space: pre-wrap;\" /><br style=\"font-family: arial, sans, sans-serif; font-size: 12px; white-space: pre-wrap;\" /><span style=\"font-family: arial, sans, sans-serif; font-size: 12px; white-space: pre-wrap;\">Waarom is dat?</span><br style=\"font-family: arial, sans, sans-serif; font-size: 12px; white-space: pre-wrap;\" /><span style=\"font-family: arial, sans, sans-serif; font-size: 12px; white-space: pre-wrap;\">Omdat PayPal wereldwijd bekend is en gebruikt wordt, geeft de mogelijkheid om met PayPal op uw website te betalen een veilig signaal aan klanten uit andere landen. Dankzij PayPal heeft u toegang tot miljoenen potentiële klanten in totaal 193 landen, waar met 26 verschillende valuta&#039;s kan worden betaald. Hierdoor kan PayPal uw internationale e-commercestrategie ondersteunen: u kunt moeiteloos betalingen ontvangen van over de hele wereld!</span><br style=\"font-family: arial, sans, sans-serif; font-size: 12px; white-space: pre-wrap;\" /><br style=\"font-family: arial, sans, sans-serif; font-size: 12px; white-space: pre-wrap;\" /><span style=\"font-family: arial, sans, sans-serif; font-size: 12px; white-space: pre-wrap;\">Naast het gemak van veilig online betalen bieden wij uw klanten een extra laag zekerheid: PayPal Aankoopbescherming. Zowel online als mobiel kunnen de aankopen van uw klanten wereldwijd beschermd zijn.** Met deze wetenschap zullen bezoekers en klanten eerder een aankoop doen. Geef uw klanten deze zekerheid en start vandaag nog met PayPal!</span><br style=\"font-family: arial, sans, sans-serif; font-size: 12px; white-space: pre-wrap;\" /><br style=\"font-family: arial, sans, sans-serif; font-size: 12px; white-space: pre-wrap;\" /><span style=\"font-family: arial, sans, sans-serif; font-size: 12px; white-space: pre-wrap;\">* Onderzoek over Europese Omzetstijging, Q4 2013, Nederland</span><br style=\"font-family: arial, sans, sans-serif; font-size: 12px; white-space: pre-wrap;\" /><span style=\"font-family: arial, sans, sans-serif; font-size: 12px; white-space: pre-wrap;\">**https://www.paypal.com/nl/webapps/mpp/paypal-safety-and-security</span></p>					<div class=\"gamification-tip-infobox-content-controls right\">\n						<a href=\"javascript:$.fancybox.close();\" class=\"button\">Annuleren</a>\n						<a href=\"{link}AdminModules{/link}&install=paypal&module_name=paypal\" class=\"button success\">Ontdek de module</a>\n					</div>\n				</div>\n			</div>\n		</div>\n	</div>\n</div>\n</div>\n<script>\n	$(document).ready( function () {\n		$(\'.gamification_fancybox\').bind(\'click\', function () {\n			id_advice = 376;\n			popin_url = \'https://gamification.prestashop.com/get_advice_link.php?id_advice=\'+id_advice+\'&url=\';\n			url = window.location.origin+window.location.pathname.replace(\'index.php\', \'\')+$(\'.gamification-tip-infobox-content-controls a.success\').attr(\'href\');\n			$(\'.gamification-tip-infobox-content-controls a.success\').attr(\'href\', popin_url+encodeURIComponent(url));\n			\n			$(\'.gamification-tip-infobox\').after(\'<img style=\"display:none\" src=\"https://gamification.prestashop.com/api/getAdvicePopinImg/\'+id_advice+\'.png\" />\');\n			\n		});\n	});\n</script></div>'),(449,1,'<div id=\"wrap_id_advice_378\" ><style>\n.hide{display:none}.text-right{text-align:right}.text-left{text-align:left}.text-center{text-align:center}hr.clear{visibility:hidden;margin-bottom:20px}.gamification-tip{width:100%;height:40px;margin:0 0 20px 0;position:relative;line-height:43px;background-color:#f8f8f8;border-bottom:solid 5px #d2d2d2}.gamification-tip div.gamification-tip-title{position:absolute;top:0;left:0;height:40px;width:90px;padding:0 0 0 40px;background:url(\"https://gamification.prestashop.com/images/interface/gamification-lightbulb.png\") 10px 5px no-repeat;color:#556e26;font-size:14px;font-weight:bold}.gamification-tip div.gamification-tip-description-container{height:40px;padding:0 130px 0 130px;display:table-cell;vertical-align:middle;font-size:13px;color:#666666;background:url(\"https://gamification.prestashop.com/images/interface/gamification-tip-bg.png\") 100px top no-repeat}.gamification-tip div.gamification-tip-description-container span.gamification-tip-description{display:inline-block;line-height:15px;max-height:30px;overflow:hidden}.gamification-tip span.gamification-tip-cta{position:absolute;line-height:43px;height:40px;width:70px;top:0;right:0;padding:0 10px 0 30px;border-bottom:solid 5px #739334;background:url(\"https://gamification.prestashop.com/images/interface/gamification-cta-bg.png\") left top no-repeat #a6c964}.gamification-tip span.gamification-tip-cta a{display:inline-block;width:100%;font-size:14px;text-transform:uppercase;font-weight:bold;text-shadow:rgba(255, 255, 255, 0.5) 0 1px 0;color:#556e26;background:url(\"https://gamification.prestashop.com/images/interface/gamification-popin.png\") right 10px no-repeat}.gamification-tip-infobox{padding:0 20px 20px 20px;position:relative}.gamification-tip-infobox .gamification-tip-infobox-title{display:inline-block;margin:0 0 20px -20px;width:100%;padding:10px 20px 5px;border-bottom:solid 3px #739334;font:800 18px/20px arial;text-transform:uppercase;color:#556e26;background-color:#e7f0d6}.gamification-tip-infobox .gamification-tip-infobox-title span.gamification-tip-infobox-title-prefix{display:inline-block;height:40px;padding-left:30px;line-height:40px;text-transform:none;font-size:16px;font-weight:500;margin-right:10px;background:url(\"https://gamification.prestashop.com/images/interface/gamification-lightbulb.png\") left top no-repeat}.gamification-tip-infobox .gamification-tip-infobox-content{display:block;width:100%}.gamification-tip-infobox .gamification-tip-infobox-content .gamification-tip-infobox-content-image{float:left;width:120px;height:200px;background:url(\"https://gamification.prestashop.com/images/interface/gamification-infobox-separator.png\") no-repeat right center}.gamification-tip-infobox .gamification-tip-infobox-content .gamification-tip-infobox-content-description{float:left;width:430px;padding:0 0 25px 25px}.gamification-tip-infobox .gamification-tip-infobox-content .gamification-tip-infobox-content-description p{line-height:20px}.gamification-tip-infobox .gamification-tip-infobox-content .gamification-tip-infobox-content-description ul li{padding:0 0 0 20px;line-height:25px;background:url(\"https://gamification.prestashop.com/images/interface/gamification-bullet-check.png\") left center no-repeat}.gamification-tip-infobox .gamification-tip-infobox-content .gamification-tip-infobox-content-controls{padding:20px 0 0 0}.gamification-tip-infobox .gamification-tip-infobox-content .gamification-tip-infobox-content-controls a.button{display:inline-block;height:30px;padding:0 20px;margin-right:10px;border:none;border-bottom:solid 3px #ababab;line-height:33px;text-transform:uppercase;font-weight:bold;color:#929292;text-shadow:rgba(255, 255, 255, 0.5) 0 1px 0;border-radius:3px;background:#d2d2d2}.gamification-tip-infobox .gamification-tip-infobox-content .gamification-tip-infobox-content-controls a.button.success{color:#384819;background:#a6c964;border-color:#739334;text-shadow:rgba(255, 255, 255, 0.5) 0 1px 0}.gamification-tip-infobox .gamification-tip-infobox-content .gamification-tip-infobox-content-controls a.button:hover{color:#f8f8f8;background:#5f5f5f;border-color:#2c2c2c;text-shadow:rgba(0, 0, 0, 0.5) 0 1px 0}.gamification-tip-infobox .gamification-tip-infobox-content .gamification-tip-infobox-content-controls a.button:active{color:white;background:#2c2c2c;border-color:black;text-shadow:rgba(0, 0, 0, 0.5) 0 1px 0}.gamification-tip-infobox a.infobox-close{display:inline-block;width:14px;height:14px;position:absolute;top:20px;right:20px;text-indent:-9999px;background:url(\"https://gamification.prestashop.com/images/interface/gamification-infobox-close.png\") no-repeat}\n</style>\n<hr class=\"clear\"/>\n<div id=\"advice-16\">\n<div class=\"gamification-tip\">\n	<div class=\"gamification-tip-title\">Advice</div>\n	<span class=\"gamification-tip-cta\"><a class=\"gamification_fancybox\"  id=\"378\" href=\"#advice_content_378\">Read</a><a class=\"gamification_close\" style=\"display:none\"  id=\"378\" href=\"#advice_content_378\">Close</a></span>\n\n	<div class=\"gamification-tip-description-container\">\n		<span class=\"gamification-tip-description\">\n			Een ruime keuze in betaalmethoden is een essentiële graadmeter voor het succes van een online shop: hoe meer keus, hoe groter de kans dat de kijkers in uw webshop kopers worden.		</span>\n	</div>\n	<div class=\"hide\">\n		<div id=\"advice_content_378\" class=\"gamification-tip-infobox\">\n			<div class=\"gamification-tip-infobox-title\">\n				<span class=\"gamification-tip-infobox-title-prefix\">Advice</span>\n							</div>\n			<div class=\"gamification-tip-infobox-content\">\n				<div class=\"gamification-tip-infobox-content-image\">\n					<img src=\"https://gamification.prestashop.com/api/getAdviceImg/378.png\" alt=\"logo\" style=\"max-width: 85%\">\n				</div>\n				<div class=\"gamification-tip-infobox-content-description\">\n					<p><span style=\"font-family: arial, sans, sans-serif; font-size: 12px; white-space: pre-wrap;\">Met PayPal ontvangt u in een handomdraai online en mobiele betalingen.</span><br style=\"font-family: arial, sans, sans-serif; font-size: 12px; white-space: pre-wrap;\" /><br style=\"font-family: arial, sans, sans-serif; font-size: 12px; white-space: pre-wrap;\" /><span style=\"font-family: arial, sans, sans-serif; font-size: 12px; white-space: pre-wrap;\">Maakt het uw klanten makkelijk! Met PayPal hoeven klanten niet keer op keer hun betaal- of adresgegevens in te vullen en ze kunnen betalen hoe ze willen: via hun bankrekening, creditcard of via het PayPal-saldo. </span><br style=\"font-family: arial, sans, sans-serif; font-size: 12px; white-space: pre-wrap;\" /><span style=\"font-family: arial, sans, sans-serif; font-size: 12px; white-space: pre-wrap;\">Ook klanten uit het buitenland kunnen eenvoudig bij u kopen, u kunt betalingen in 26 verschillende valuta ontvangen. </span><br style=\"font-family: arial, sans, sans-serif; font-size: 12px; white-space: pre-wrap;\" /><br style=\"font-family: arial, sans, sans-serif; font-size: 12px; white-space: pre-wrap;\" /><span style=\"font-family: arial, sans, sans-serif; font-size: 12px; white-space: pre-wrap;\">PayPal is zo eenvoudig en vertrouwd dat 143 miljoen klanten* wereldwijd voor PayPal kiezen.</span><br style=\"font-family: arial, sans, sans-serif; font-size: 12px; white-space: pre-wrap;\" /><br style=\"font-family: arial, sans, sans-serif; font-size: 12px; white-space: pre-wrap;\" /><span style=\"font-family: arial, sans, sans-serif; font-size: 12px; white-space: pre-wrap;\">*Bron: eBay-statistieken 2013</span></p>					<div class=\"gamification-tip-infobox-content-controls right\">\n						<a href=\"javascript:$.fancybox.close();\" class=\"button\">Annuleren</a>\n						<a href=\"{link}AdminModules{/link}&install=paypal&module_name=paypal\" class=\"button success\">Ontdek de module</a>\n					</div>\n				</div>\n			</div>\n		</div>\n	</div>\n</div>\n</div>\n<script>\n	$(document).ready( function () {\n		$(\'.gamification_fancybox\').bind(\'click\', function () {\n			id_advice = 378;\n			popin_url = \'https://gamification.prestashop.com/get_advice_link.php?id_advice=\'+id_advice+\'&url=\';\n			url = window.location.origin+window.location.pathname.replace(\'index.php\', \'\')+$(\'.gamification-tip-infobox-content-controls a.success\').attr(\'href\');\n			$(\'.gamification-tip-infobox-content-controls a.success\').attr(\'href\', popin_url+encodeURIComponent(url));\n			\n			$(\'.gamification-tip-infobox\').after(\'<img style=\"display:none\" src=\"https://gamification.prestashop.com/api/getAdvicePopinImg/\'+id_advice+\'.png\" />\');\n			\n		});\n	});\n</script></div>'),(450,1,'<div id=\"wrap_id_advice_379\" ><style>\n.hide{display:none}.text-right{text-align:right}.text-left{text-align:left}.text-center{text-align:center}hr.clear{visibility:hidden;margin-bottom:20px}.gamification-tip{width:100%;height:40px;margin:0 0 20px 0;position:relative;line-height:43px;background-color:#f8f8f8;border-bottom:solid 5px #d2d2d2}.gamification-tip div.gamification-tip-title{position:absolute;top:0;left:0;height:40px;width:90px;padding:0 0 0 40px;background:url(\"https://gamification.prestashop.com/images/interface/gamification-lightbulb.png\") 10px 5px no-repeat;color:#556e26;font-size:14px;font-weight:bold}.gamification-tip div.gamification-tip-description-container{height:40px;padding:0 130px 0 130px;display:table-cell;vertical-align:middle;font-size:13px;color:#666666;background:url(\"https://gamification.prestashop.com/images/interface/gamification-tip-bg.png\") 100px top no-repeat}.gamification-tip div.gamification-tip-description-container span.gamification-tip-description{display:inline-block;line-height:15px;max-height:30px;overflow:hidden}.gamification-tip span.gamification-tip-cta{position:absolute;line-height:43px;height:40px;width:70px;top:0;right:0;padding:0 10px 0 30px;border-bottom:solid 5px #739334;background:url(\"https://gamification.prestashop.com/images/interface/gamification-cta-bg.png\") left top no-repeat #a6c964}.gamification-tip span.gamification-tip-cta a{display:inline-block;width:100%;font-size:14px;text-transform:uppercase;font-weight:bold;text-shadow:rgba(255, 255, 255, 0.5) 0 1px 0;color:#556e26;background:url(\"https://gamification.prestashop.com/images/interface/gamification-popin.png\") right 10px no-repeat}.gamification-tip-infobox{padding:0 20px 20px 20px;position:relative}.gamification-tip-infobox .gamification-tip-infobox-title{display:inline-block;margin:0 0 20px -20px;width:100%;padding:10px 20px 5px;border-bottom:solid 3px #739334;font:800 18px/20px arial;text-transform:uppercase;color:#556e26;background-color:#e7f0d6}.gamification-tip-infobox .gamification-tip-infobox-title span.gamification-tip-infobox-title-prefix{display:inline-block;height:40px;padding-left:30px;line-height:40px;text-transform:none;font-size:16px;font-weight:500;margin-right:10px;background:url(\"https://gamification.prestashop.com/images/interface/gamification-lightbulb.png\") left top no-repeat}.gamification-tip-infobox .gamification-tip-infobox-content{display:block;width:100%}.gamification-tip-infobox .gamification-tip-infobox-content .gamification-tip-infobox-content-image{float:left;width:120px;height:200px;background:url(\"https://gamification.prestashop.com/images/interface/gamification-infobox-separator.png\") no-repeat right center}.gamification-tip-infobox .gamification-tip-infobox-content .gamification-tip-infobox-content-description{float:left;width:430px;padding:0 0 25px 25px}.gamification-tip-infobox .gamification-tip-infobox-content .gamification-tip-infobox-content-description p{line-height:20px}.gamification-tip-infobox .gamification-tip-infobox-content .gamification-tip-infobox-content-description ul li{padding:0 0 0 20px;line-height:25px;background:url(\"https://gamification.prestashop.com/images/interface/gamification-bullet-check.png\") left center no-repeat}.gamification-tip-infobox .gamification-tip-infobox-content .gamification-tip-infobox-content-controls{padding:20px 0 0 0}.gamification-tip-infobox .gamification-tip-infobox-content .gamification-tip-infobox-content-controls a.button{display:inline-block;height:30px;padding:0 20px;margin-right:10px;border:none;border-bottom:solid 3px #ababab;line-height:33px;text-transform:uppercase;font-weight:bold;color:#929292;text-shadow:rgba(255, 255, 255, 0.5) 0 1px 0;border-radius:3px;background:#d2d2d2}.gamification-tip-infobox .gamification-tip-infobox-content .gamification-tip-infobox-content-controls a.button.success{color:#384819;background:#a6c964;border-color:#739334;text-shadow:rgba(255, 255, 255, 0.5) 0 1px 0}.gamification-tip-infobox .gamification-tip-infobox-content .gamification-tip-infobox-content-controls a.button:hover{color:#f8f8f8;background:#5f5f5f;border-color:#2c2c2c;text-shadow:rgba(0, 0, 0, 0.5) 0 1px 0}.gamification-tip-infobox .gamification-tip-infobox-content .gamification-tip-infobox-content-controls a.button:active{color:white;background:#2c2c2c;border-color:black;text-shadow:rgba(0, 0, 0, 0.5) 0 1px 0}.gamification-tip-infobox a.infobox-close{display:inline-block;width:14px;height:14px;position:absolute;top:20px;right:20px;text-indent:-9999px;background:url(\"https://gamification.prestashop.com/images/interface/gamification-infobox-close.png\") no-repeat}\n</style>\n<hr class=\"clear\"/>\n<div id=\"advice-16\">\n<div class=\"gamification-tip\">\n	<div class=\"gamification-tip-title\">Advice</div>\n	<span class=\"gamification-tip-cta\"><a class=\"gamification_fancybox\"  id=\"379\" href=\"#advice_content_379\">Read</a><a class=\"gamification_close\" style=\"display:none\"  id=\"379\" href=\"#advice_content_379\">Close</a></span>\n\n	<div class=\"gamification-tip-description-container\">\n		<span class=\"gamification-tip-description\">\n			72% van online transacties worden vroegtijdig afgebroken. Ontdek hoe u de winkelervaring van uw klanten kunt verbeteren en zo het aantal afgebroken transacties kunt verminderen.		</span>\n	</div>\n	<div class=\"hide\">\n		<div id=\"advice_content_379\" class=\"gamification-tip-infobox\">\n			<div class=\"gamification-tip-infobox-title\">\n				<span class=\"gamification-tip-infobox-title-prefix\">Advice</span>\n							</div>\n			<div class=\"gamification-tip-infobox-content\">\n				<div class=\"gamification-tip-infobox-content-image\">\n					<img src=\"https://gamification.prestashop.com/api/getAdviceImg/379.png\" alt=\"logo\" style=\"max-width: 85%\">\n				</div>\n				<div class=\"gamification-tip-infobox-content-description\">\n					<p><span style=\"font-family: arial, sans, sans-serif; font-size: 12px; white-space: pre-wrap;\">26% van de Nederlandse* online kopers met een PayPal-rekening, hun online aankoop niet zou voltooien als PayPal niet als betaalmethode werd aangeboden.</span><br style=\"font-family: arial, sans, sans-serif; font-size: 12px; white-space: pre-wrap;\" /><br style=\"font-family: arial, sans, sans-serif; font-size: 12px; white-space: pre-wrap;\" /><span style=\"font-family: arial, sans, sans-serif; font-size: 12px; white-space: pre-wrap;\">Waarom is dit?</span><br style=\"font-family: arial, sans, sans-serif; font-size: 12px; white-space: pre-wrap;\" /><br style=\"font-family: arial, sans, sans-serif; font-size: 12px; white-space: pre-wrap;\" /><span style=\"font-family: arial, sans, sans-serif; font-size: 12px; white-space: pre-wrap;\">65% van de Nederlandse* ondervraagde klanten gaf aan dat ze de aankoop om veiligheidsredenen af zouden breken als PayPal niet als betaalmethode beschikbaar was. 25% van dezelfde groep gebruikers gaf aan voor PayPal te kiezen vanwege het betaalgemak. Klanten die vaker met PayPal shoppen, weten al dat het veiliger en eenvoudiger is dan andere betaalmethoden. Het gebruik van PayPal geeft ze een veilig, prettig en zorgeloos gevoel, bij zowel online betalingen als op mobiele apparaten.</span><br style=\"font-family: arial, sans, sans-serif; font-size: 12px; white-space: pre-wrap;\" /><br style=\"font-family: arial, sans, sans-serif; font-size: 12px; white-space: pre-wrap;\" /><span style=\"font-family: arial, sans, sans-serif; font-size: 12px; white-space: pre-wrap;\">* RAPPORT OVER EUROPESE OMZETSTIJGING, K4 2013, Nederland</span></p>					<div class=\"gamification-tip-infobox-content-controls right\">\n						<a href=\"javascript:$.fancybox.close();\" class=\"button\">Annuleren</a>\n						<a href=\"{link}AdminModules{/link}&install=paypal&module_name=paypal\" class=\"button success\">Ontdek de module</a>\n					</div>\n				</div>\n			</div>\n		</div>\n	</div>\n</div>\n</div>\n<script>\n	$(document).ready( function () {\n		$(\'.gamification_fancybox\').bind(\'click\', function () {\n			id_advice = 379;\n			popin_url = \'https://gamification.prestashop.com/get_advice_link.php?id_advice=\'+id_advice+\'&url=\';\n			url = window.location.origin+window.location.pathname.replace(\'index.php\', \'\')+$(\'.gamification-tip-infobox-content-controls a.success\').attr(\'href\');\n			$(\'.gamification-tip-infobox-content-controls a.success\').attr(\'href\', popin_url+encodeURIComponent(url));\n			\n			$(\'.gamification-tip-infobox\').after(\'<img style=\"display:none\" src=\"https://gamification.prestashop.com/api/getAdvicePopinImg/\'+id_advice+\'.png\" />\');\n			\n		});\n	});\n</script></div>'),(451,1,'<div id=\"wrap_id_advice_389\" ><style>\n.hide{display:none}.text-right{text-align:right}.text-left{text-align:left}.text-center{text-align:center}hr.clear{visibility:hidden;margin-bottom:20px}.gamification-tip{width:100%;height:40px;margin:0 0 20px 0;position:relative;line-height:43px;background-color:#f8f8f8;border-bottom:solid 5px #d2d2d2}.gamification-tip div.gamification-tip-title{position:absolute;top:0;left:0;height:40px;width:90px;padding:0 0 0 40px;background:url(\"https://gamification.prestashop.com/images/interface/gamification-lightbulb.png\") 10px 5px no-repeat;color:#556e26;font-size:14px;font-weight:bold}.gamification-tip div.gamification-tip-description-container{height:40px;padding:0 130px 0 130px;display:table-cell;vertical-align:middle;font-size:13px;color:#666666;background:url(\"https://gamification.prestashop.com/images/interface/gamification-tip-bg.png\") 100px top no-repeat}.gamification-tip div.gamification-tip-description-container span.gamification-tip-description{display:inline-block;line-height:15px;max-height:30px;overflow:hidden}.gamification-tip span.gamification-tip-cta{position:absolute;line-height:43px;height:40px;width:70px;top:0;right:0;padding:0 10px 0 30px;border-bottom:solid 5px #739334;background:url(\"https://gamification.prestashop.com/images/interface/gamification-cta-bg.png\") left top no-repeat #a6c964}.gamification-tip span.gamification-tip-cta a{display:inline-block;width:100%;font-size:14px;text-transform:uppercase;font-weight:bold;text-shadow:rgba(255, 255, 255, 0.5) 0 1px 0;color:#556e26;background:url(\"https://gamification.prestashop.com/images/interface/gamification-popin.png\") right 10px no-repeat}.gamification-tip-infobox{padding:0 20px 20px 20px;position:relative}.gamification-tip-infobox .gamification-tip-infobox-title{display:inline-block;margin:0 0 20px -20px;width:100%;padding:10px 20px 5px;border-bottom:solid 3px #739334;font:800 18px/20px arial;text-transform:uppercase;color:#556e26;background-color:#e7f0d6}.gamification-tip-infobox .gamification-tip-infobox-title span.gamification-tip-infobox-title-prefix{display:inline-block;height:40px;padding-left:30px;line-height:40px;text-transform:none;font-size:16px;font-weight:500;margin-right:10px;background:url(\"https://gamification.prestashop.com/images/interface/gamification-lightbulb.png\") left top no-repeat}.gamification-tip-infobox .gamification-tip-infobox-content{display:block;width:100%}.gamification-tip-infobox .gamification-tip-infobox-content .gamification-tip-infobox-content-image{float:left;width:120px;height:200px;background:url(\"https://gamification.prestashop.com/images/interface/gamification-infobox-separator.png\") no-repeat right center}.gamification-tip-infobox .gamification-tip-infobox-content .gamification-tip-infobox-content-description{float:left;width:430px;padding:0 0 25px 25px}.gamification-tip-infobox .gamification-tip-infobox-content .gamification-tip-infobox-content-description p{line-height:20px}.gamification-tip-infobox .gamification-tip-infobox-content .gamification-tip-infobox-content-description ul li{padding:0 0 0 20px;line-height:25px;background:url(\"https://gamification.prestashop.com/images/interface/gamification-bullet-check.png\") left center no-repeat}.gamification-tip-infobox .gamification-tip-infobox-content .gamification-tip-infobox-content-controls{padding:20px 0 0 0}.gamification-tip-infobox .gamification-tip-infobox-content .gamification-tip-infobox-content-controls a.button{display:inline-block;height:30px;padding:0 20px;margin-right:10px;border:none;border-bottom:solid 3px #ababab;line-height:33px;text-transform:uppercase;font-weight:bold;color:#929292;text-shadow:rgba(255, 255, 255, 0.5) 0 1px 0;border-radius:3px;background:#d2d2d2}.gamification-tip-infobox .gamification-tip-infobox-content .gamification-tip-infobox-content-controls a.button.success{color:#384819;background:#a6c964;border-color:#739334;text-shadow:rgba(255, 255, 255, 0.5) 0 1px 0}.gamification-tip-infobox .gamification-tip-infobox-content .gamification-tip-infobox-content-controls a.button:hover{color:#f8f8f8;background:#5f5f5f;border-color:#2c2c2c;text-shadow:rgba(0, 0, 0, 0.5) 0 1px 0}.gamification-tip-infobox .gamification-tip-infobox-content .gamification-tip-infobox-content-controls a.button:active{color:white;background:#2c2c2c;border-color:black;text-shadow:rgba(0, 0, 0, 0.5) 0 1px 0}.gamification-tip-infobox a.infobox-close{display:inline-block;width:14px;height:14px;position:absolute;top:20px;right:20px;text-indent:-9999px;background:url(\"https://gamification.prestashop.com/images/interface/gamification-infobox-close.png\") no-repeat}\n</style>\n<hr class=\"clear\"/>\n<div id=\"advice-16\">\n<div class=\"gamification-tip\">\n	<img style=\"display:none\" src=\"https://gamification.prestashop.com/api/getAdviceImg/389.png\" />\n	<div class=\"gamification-tip-title\">Advice</div>\n	<span class=\"gamification-tip-cta\"><a class=\"gamification_fancybox\"  id=\"389\" href=\"http://www.prestashop.com/club/?utm_source=back-office&utm_medium=gamification\" target=\"_blank\">Learn more</a><a class=\"gamification_close\" style=\"display:none\"  id=\"389\" href=\"#advice_content_389\">Close</a></span>\n	<div class=\"gamification-tip-description-container\">\n		<span class=\"gamification-tip-description\">\n			About to upgrade? How about giving your opinion on future releases before anyone else?		</span>\n	</div>\n</div>\n</div></div>'),(452,1,'<div id=\"wrap_id_advice_532\" ><style>\n.hide{display:none}.text-right{text-align:right}.text-left{text-align:left}.text-center{text-align:center}hr.clear{visibility:hidden;margin-bottom:20px}.gamification-tip{width:100%;height:40px;margin:0 0 20px 0;position:relative;line-height:43px;background-color:#f8f8f8;border-bottom:solid 5px #d2d2d2}.gamification-tip div.gamification-tip-title{position:absolute;top:0;left:0;height:40px;width:90px;padding:0 0 0 40px;background:url(\"https://gamification.prestashop.com/images/interface/gamification-lightbulb.png\") 10px 5px no-repeat;color:#556e26;font-size:14px;font-weight:bold}.gamification-tip div.gamification-tip-description-container{height:40px;padding:0 130px 0 130px;display:table-cell;vertical-align:middle;font-size:13px;color:#666666;background:url(\"https://gamification.prestashop.com/images/interface/gamification-tip-bg.png\") 100px top no-repeat}.gamification-tip div.gamification-tip-description-container span.gamification-tip-description{display:inline-block;line-height:15px;max-height:30px;overflow:hidden}.gamification-tip span.gamification-tip-cta{position:absolute;line-height:43px;height:40px;width:70px;top:0;right:0;padding:0 10px 0 30px;border-bottom:solid 5px #739334;background:url(\"https://gamification.prestashop.com/images/interface/gamification-cta-bg.png\") left top no-repeat #a6c964}.gamification-tip span.gamification-tip-cta a{display:inline-block;width:100%;font-size:14px;text-transform:uppercase;font-weight:bold;text-shadow:rgba(255, 255, 255, 0.5) 0 1px 0;color:#556e26;background:url(\"https://gamification.prestashop.com/images/interface/gamification-popin.png\") right 10px no-repeat}.gamification-tip-infobox{padding:0 20px 20px 20px;position:relative}.gamification-tip-infobox .gamification-tip-infobox-title{display:inline-block;margin:0 0 20px -20px;width:100%;padding:10px 20px 5px;border-bottom:solid 3px #739334;font:800 18px/20px arial;text-transform:uppercase;color:#556e26;background-color:#e7f0d6}.gamification-tip-infobox .gamification-tip-infobox-title span.gamification-tip-infobox-title-prefix{display:inline-block;height:40px;padding-left:30px;line-height:40px;text-transform:none;font-size:16px;font-weight:500;margin-right:10px;background:url(\"https://gamification.prestashop.com/images/interface/gamification-lightbulb.png\") left top no-repeat}.gamification-tip-infobox .gamification-tip-infobox-content{display:block;width:100%}.gamification-tip-infobox .gamification-tip-infobox-content .gamification-tip-infobox-content-image{float:left;width:120px;height:200px;background:url(\"https://gamification.prestashop.com/images/interface/gamification-infobox-separator.png\") no-repeat right center}.gamification-tip-infobox .gamification-tip-infobox-content .gamification-tip-infobox-content-description{float:left;width:430px;padding:0 0 25px 25px}.gamification-tip-infobox .gamification-tip-infobox-content .gamification-tip-infobox-content-description p{line-height:20px}.gamification-tip-infobox .gamification-tip-infobox-content .gamification-tip-infobox-content-description ul li{padding:0 0 0 20px;line-height:25px;background:url(\"https://gamification.prestashop.com/images/interface/gamification-bullet-check.png\") left center no-repeat}.gamification-tip-infobox .gamification-tip-infobox-content .gamification-tip-infobox-content-controls{padding:20px 0 0 0}.gamification-tip-infobox .gamification-tip-infobox-content .gamification-tip-infobox-content-controls a.button{display:inline-block;height:30px;padding:0 20px;margin-right:10px;border:none;border-bottom:solid 3px #ababab;line-height:33px;text-transform:uppercase;font-weight:bold;color:#929292;text-shadow:rgba(255, 255, 255, 0.5) 0 1px 0;border-radius:3px;background:#d2d2d2}.gamification-tip-infobox .gamification-tip-infobox-content .gamification-tip-infobox-content-controls a.button.success{color:#384819;background:#a6c964;border-color:#739334;text-shadow:rgba(255, 255, 255, 0.5) 0 1px 0}.gamification-tip-infobox .gamification-tip-infobox-content .gamification-tip-infobox-content-controls a.button:hover{color:#f8f8f8;background:#5f5f5f;border-color:#2c2c2c;text-shadow:rgba(0, 0, 0, 0.5) 0 1px 0}.gamification-tip-infobox .gamification-tip-infobox-content .gamification-tip-infobox-content-controls a.button:active{color:white;background:#2c2c2c;border-color:black;text-shadow:rgba(0, 0, 0, 0.5) 0 1px 0}.gamification-tip-infobox a.infobox-close{display:inline-block;width:14px;height:14px;position:absolute;top:20px;right:20px;text-indent:-9999px;background:url(\"https://gamification.prestashop.com/images/interface/gamification-infobox-close.png\") no-repeat}\n</style>\n<hr class=\"clear\"/>\n<div id=\"advice-16\">\n<div class=\"gamification-tip\">\n	<div class=\"gamification-tip-title\">Advice</div>\n	<span class=\"gamification-tip-cta\"><a class=\"gamification_fancybox\"  id=\"532\" href=\"#advice_content_532\">Read</a><a class=\"gamification_close\" style=\"display:none\"  id=\"532\" href=\"#advice_content_532\">Close</a></span>\n\n	<div class=\"gamification-tip-description-container\">\n		<span class=\"gamification-tip-description\">\n			Een stijging van de klantentrouw met 5% kan leiden tot een winststijging van 25 tot 55%: bind uw klanten met doeltreffende e-mail campagnes.		</span>\n	</div>\n	<div class=\"hide\">\n		<div id=\"advice_content_532\" class=\"gamification-tip-infobox\">\n			<div class=\"gamification-tip-infobox-title\">\n				<span class=\"gamification-tip-infobox-title-prefix\">Advice</span>\n				SendinBlue			</div>\n			<div class=\"gamification-tip-infobox-content\">\n				<div class=\"gamification-tip-infobox-content-image\">\n					<img src=\"https://gamification.prestashop.com/api/getAdviceImg/532.png\" alt=\"logo\" style=\"max-width: 85%\">\n				</div>\n				<div class=\"gamification-tip-infobox-content-description\">\n					<p>SendinBlue is een innovatieve oplossing voor het versturen van e-mails en sms, waarmee u:</p>\r\n<p>- automatisch uw contacten (ingeschreven en uitgeschreven) kunt synchroniseren tussen uw site enSendinBlue;</p>\r\n<p>- stijlvolle e-mails kunt maken zonder kennis van HTML;</p>\r\n<p>- uw geadresseerden kunt kiezen met 1 krachtige segmenteringstool;</p>\r\n<p>- uw transactionele e-mails efficiënt kunt beheren (bevestiging van de bestelling, verzending per post, enz.);</p>\r\n<p>- de bezorgbaarheid van uw e-mails kunt optimaliseren;</p>\r\n<p>- uw resultaten kunt volgen.</p>					<div class=\"gamification-tip-infobox-content-controls right\">\n						<a href=\"javascript:$.fancybox.close();\" class=\"button\">Annuleren</a>\n						<a href=\"{link}AdminModules{/link}&install=sendinblue&module_name=sendinblue\" class=\"button success\">Ontdek de module</a>\n					</div>\n				</div>\n			</div>\n		</div>\n	</div>\n</div>\n</div>\n<script>\n	$(document).ready( function () {\n		$(\'.gamification_fancybox\').bind(\'click\', function () {\n			id_advice = 532;\n			popin_url = \'https://gamification.prestashop.com/get_advice_link.php?id_advice=\'+id_advice+\'&url=\';\n			url = window.location.origin+window.location.pathname.replace(\'index.php\', \'\')+$(\'.gamification-tip-infobox-content-controls a.success\').attr(\'href\');\n			$(\'.gamification-tip-infobox-content-controls a.success\').attr(\'href\', popin_url+encodeURIComponent(url));\n			\n			$(\'.gamification-tip-infobox\').after(\'<img style=\"display:none\" src=\"https://gamification.prestashop.com/api/getAdvicePopinImg/\'+id_advice+\'.png\" />\');\n			\n		});\n	});\n</script></div>'),(453,1,'<div id=\"wrap_id_advice_1537867849748\">\n            <div class=\"col-lg-6\">\n              <section id=\"\" class=\"panel panel-advice\" style=\"position: relative; padding: 10px; min-height: 75px;\">\n                <a href=\"#\" id=\"1537867849748\" class=\"close_link gamification_premium_close\" style=\"display: none; position: absolute; top: 10px; right: 10px;\">\n                  <i class=\"icon-remove\"></i>\n                </a>\n                <span class=\"gamification-close-confirmation hide\">\n                  Are you sure?\n                  <button class=\"btn btn-default btn-sm\" data-advice=\"delete\">\n                    <i class=\"icon-trash\"></i>Delete\n                  </button>\n                  <button class=\"btn btn-default btn-sm\" data-advice=\"cancel\">Cancel</button>\n                </span>\n                <a class=\"preactivationLink row\" rel=\"jmango360_api\" href=\"{link}AdminModules{/link}&install=jmango360_api&module_name=jmango360_api&redirectconfig\" style=\"display: table; margin: 0; text-decoration: none;\">\n                  <img src=\"https://storage.googleapis.com/production-gamification-assets/premium/jmango360_api.png\" class=\"advice-img img-thumbnail\">\n                  <img src=\"https://gamification.prestashop.com/api/getAdviceImg/1537867849748.png\" class=\"hide\">\n                  <p class=\"advice-description\" style=\"padding: 0 20px; display: table-cell; vertical-align: middle;\">Lever de beste shopervaring en converteer 3x meer met je eigen Shopping App</p>\n                </a>\n              </section>\n            </div>\n          </div>'),(454,1,'<div id=\"wrap_id_advice_1521652225589\">\n            <div class=\"col-lg-6\">\n              <section id=\"\" class=\"panel panel-advice\" style=\"position: relative; padding: 10px; min-height: 75px;\">\n                <a href=\"#\" id=\"1521652225589\" class=\"close_link gamification_premium_close\" style=\"display: none; position: absolute; top: 10px; right: 10px;\">\n                  <i class=\"icon-remove\"></i>\n                </a>\n                <span class=\"gamification-close-confirmation hide\">\n                  Are you sure?\n                  <button class=\"btn btn-default btn-sm\" data-advice=\"delete\">\n                    <i class=\"icon-trash\"></i>Delete\n                  </button>\n                  <button class=\"btn btn-default btn-sm\" data-advice=\"cancel\">Cancel</button>\n                </span>\n                <a class=\"preactivationLink row\" rel=\"divvit\" href=\"{link}AdminModules{/link}&install=divvit&module_name=divvit&redirectconfig\" style=\"display: table; margin: 0; text-decoration: none;\">\n                  <img src=\"https://storage.googleapis.com/production-gamification-assets/premium/divvit.png\" class=\"advice-img img-thumbnail\">\n                  <img src=\"https://gamification.prestashop.com/api/getAdviceImg/1521652225589.png\" class=\"hide\">\n                  <p class=\"advice-description\" style=\"padding: 0 20px; display: table-cell; vertical-align: middle;\">Actiegerichte inzichten om uw winkel nu te optimaliseren</p>\n                </a>\n              </section>\n            </div>\n          </div>'),(455,1,'<div id=\"wrap_id_advice_559\">\n            <div class=\"col-lg-6\">\n              <section id=\"\" class=\"panel panel-advice\" style=\"position: relative; padding: 10px; min-height: 75px;\">\n                <a href=\"#\" id=\"559\" class=\"close_link gamification_premium_close\" style=\"display: none; position: absolute; top: 10px; right: 10px;\">\n                  <i class=\"icon-remove\"></i>\n                </a>\n                <span class=\"gamification-close-confirmation hide\">\n                  Are you sure?\n                  <button class=\"btn btn-default btn-sm\" data-advice=\"delete\">\n                    <i class=\"icon-trash\"></i>Delete\n                  </button>\n                  <button class=\"btn btn-default btn-sm\" data-advice=\"cancel\">Cancel</button>\n                </span>\n                <a class=\"preactivationLink row\" rel=\"gadwords\" href=\"{link}AdminModules{/link}&install=gadwords&module_name=gadwords&redirectconfig\" style=\"display: table; margin: 0; text-decoration: none;\">\n                  <img src=\"https://storage.googleapis.com/production-gamification-assets/premium/gadwords.png\" class=\"advice-img img-thumbnail\">\n                  <img src=\"https://gamification.prestashop.com/api/getAdviceImg/559.png\" class=\"hide\">\n                  <p class=\"advice-description\" style=\"padding: 0 20px; display: table-cell; vertical-align: middle;\">Zorg dat u gezien wordt op Google: begin met een budget van 75 €!<br/></p>\n                </a>\n              </section>\n            </div>\n          </div>'),(456,1,'<div id=\"wrap_id_advice_650\">\n            <div class=\"col-lg-6\">\n              <section id=\"\" class=\"panel panel-advice\" style=\"position: relative; padding: 10px; min-height: 75px;\">\n                <a href=\"#\" id=\"650\" class=\"close_link gamification_premium_close\" style=\"display: none; position: absolute; top: 10px; right: 10px;\">\n                  <i class=\"icon-remove\"></i>\n                </a>\n                <span class=\"gamification-close-confirmation hide\">\n                  Are you sure?\n                  <button class=\"btn btn-default btn-sm\" data-advice=\"delete\">\n                    <i class=\"icon-trash\"></i>Delete\n                  </button>\n                  <button class=\"btn btn-default btn-sm\" data-advice=\"cancel\">Cancel</button>\n                </span>\n                <a class=\"preactivationLink row\" rel=\"hipay_professional\" href=\"{link}AdminModules{/link}&install=hipay_professional&module_name=hipay_professional&redirectconfig\" style=\"display: table; margin: 0; text-decoration: none;\">\n                  <img src=\"https://storage.googleapis.com/production-gamification-assets/premium/hipay2.png\" class=\"advice-img img-thumbnail\">\n                  <img src=\"https://gamification.prestashop.com/api/getAdviceImg/650.png\" class=\"hide\">\n                  <p class=\"advice-description\" style=\"padding: 0 20px; display: table-cell; vertical-align: middle;\">Accepteer voortaan gemakkelijk lokale en internationale betalingen<br/></p>\n                </a>\n              </section>\n            </div>\n          </div>'),(457,1,'<div id=\"wrap_id_advice_1522166723675\">\n            <div class=\"col-lg-6\">\n              <section id=\"\" class=\"panel panel-advice\" style=\"position: relative; padding: 10px; min-height: 75px;\">\n                <a href=\"#\" id=\"1522166723675\" class=\"close_link gamification_premium_close\" style=\"display: none; position: absolute; top: 10px; right: 10px;\">\n                  <i class=\"icon-remove\"></i>\n                </a>\n                <span class=\"gamification-close-confirmation hide\">\n                  Are you sure?\n                  <button class=\"btn btn-default btn-sm\" data-advice=\"delete\">\n                    <i class=\"icon-trash\"></i>Delete\n                  </button>\n                  <button class=\"btn btn-default btn-sm\" data-advice=\"cancel\">Cancel</button>\n                </span>\n                <a class=\"preactivationLink row\" rel=\"sendcloud\" href=\"{link}AdminModules{/link}&install=sendcloud&module_name=sendcloud&redirectconfig\" style=\"display: table; margin: 0; text-decoration: none;\">\n                  <img src=\"https://storage.googleapis.com/production-gamification-assets/premium/sendcloud.png\" class=\"advice-img img-thumbnail\">\n                  <img src=\"https://gamification.prestashop.com/api/getAdviceImg/1522166723675.png\" class=\"hide\">\n                  <p class=\"advice-description\" style=\"padding: 0 20px; display: table-cell; vertical-align: middle;\">Bespaar tijd & geld met de nummer 1 verzendtool voor webshops</p>\n                </a>\n              </section>\n            </div>\n          </div>'),(458,1,'<div id=\"wrap_id_advice_765\">\n            <div class=\"col-lg-6\">\n              <section id=\"\" class=\"panel panel-advice\" style=\"position: relative; padding: 10px; min-height: 75px;\">\n                <a href=\"#\" id=\"765\" class=\"close_link gamification_premium_close\" style=\"display: none; position: absolute; top: 10px; right: 10px;\">\n                  <i class=\"icon-remove\"></i>\n                </a>\n                <span class=\"gamification-close-confirmation hide\">\n                  Are you sure?\n                  <button class=\"btn btn-default btn-sm\" data-advice=\"delete\">\n                    <i class=\"icon-trash\"></i>Delete\n                  </button>\n                  <button class=\"btn btn-default btn-sm\" data-advice=\"cancel\">Cancel</button>\n                </span>\n                <a class=\"preactivationLink row\" rel=\"skrill\" href=\"{link}AdminModules{/link}&install=skrill&module_name=skrill&redirectconfig\" style=\"display: table; margin: 0; text-decoration: none;\">\n                  <img src=\"https://storage.googleapis.com/production-gamification-assets/premium/skrill2.png\" class=\"advice-img img-thumbnail\">\n                  <img src=\"https://gamification.prestashop.com/api/getAdviceImg/765.png\" class=\"hide\">\n                  <p class=\"advice-description\" style=\"padding: 0 20px; display: table-cell; vertical-align: middle;\">Skrill Checkout - internationaal verkopen en groeien<br/></p>\n                </a>\n              </section>\n            </div>\n          </div>'),(459,1,' <div id=\"wrap_id_advice_824\"> <section id=\"0_ecommercecalendar\" class=\"panel\" style=\"display:none\"> <header class=\"panel-heading\"> <span class=\"icon-lightbulb\"></span> Tips of the day </header> <div class=\"panel-body\" style=\"padding:0\"> <img class=\"img-responsive\" src=\"https://storage.googleapis.com/production-gamification-assets/tips/ecommercecalendar.png\" style=\"float:right; margin-left: 5px;\"> <img src=\"https://gamification.prestashop.com/api/getAdviceImg/824.png\"/> <p> <b>Back to School, Black Friday, Kerstmis: Wees er klaar voor!</b> </p> <p> Profiteer van uw 19-pagina\'s tellende gids boordevol tips en een kalender die aan alles denkt. </p> <span class=\"text-right\" style=\"float:right\"> <a class=\"btn btn-default\" target=\"_blank\" href=\"https://gamification.prestashop.com/get_advice_link.php?id_advice=824&url=https://addons.prestashop.com/nl/kalender/27662-e-commerce-kalender-van-het-laatste-halfjaar-van-2017.html?utm_source=back-office&utm_medium=tipoftheday&utm_campaign=calendar-NL&utm_content=NL%3Futm_source%3Dback-office%26utm_medium%3Dtipoftheday%26utm_campaign%3Dpartenariats%26utm_content%3Decommercecalendar\"> Gids downloaden </a> </span> </div> </section><script> $(document).ready( function () { $(\'#\'+rand(0)+\'_ecommercecalendar\').show(); }); function rand(nbr){ return Math.floor(Math.random()*(nbr+1)); } </script> </div>'),(460,1,' <div id=\"wrap_id_advice_537\"> <section id=\"0_googleadwords\" class=\"panel\" style=\"display:none\"> <header class=\"panel-heading\"> <span class=\"icon-lightbulb\"></span> Tips of the day </header> <div class=\"panel-body\" style=\"padding:0\"> <img class=\"img-responsive\" src=\"https://storage.googleapis.com/production-gamification-assets/tips/googleadwords.png\" style=\"float:right; margin-left: 5px;\"> <img src=\"https://gamification.prestashop.com/api/getAdviceImg/537.png\"/> <p> <b>Verbeter eenvoudig uw zoekmachineranking met een klein budget.</b> </p> <p> Wanneer u het voor het advertentiemodel \'kosten per klik\' (CPC) kiest, bepaalt u vooraf uw budget en betaalt u alleen wanneer iemand uw website bezoekt! Start een campagne en u krijgt 75€ gratis bij besteding van 25€! </p> <span class=\"text-right\" style=\"float:right\"> <a class=\"btn btn-default\" target=\"_blank\" href=\"https://gamification.prestashop.com/get_advice_link.php?id_advice=537&url=http://www.google.com/intl/nl/ads/get/prestashop75/index.html%3Futm_source%3Dback-office%26utm_medium%3Dtipoftheday%26utm_campaign%3Dpartenariats%26utm_content%3Dgoogleadwords\"> Nu een campagne beginnen! </a> </span> </div> </section><section id=\"1_googleadwords\" class=\"panel\" style=\"display:none\"> <header class=\"panel-heading\"> <span class=\"icon-lightbulb\"></span> Tips of the day </header> <div class=\"panel-body\" style=\"padding:0\"> <img class=\"img-responsive\" src=\"https://storage.googleapis.com/production-gamification-assets/tips/googleadwords.png\" style=\"float:right; margin-left: 5px;\"> <img src=\"https://gamification.prestashop.com/api/getAdviceImg/537.png\"/> <p> <b>Wat typt men in het zoekvak van Google om u te vinden?</b> </p> <p> Beantwoord deze vraag door zeer specifieke zoekwoorden te kiezen voor uw advertenties en hooggekwalificeerde bezoekers te trekken! Profiteer van een gratis tegoed van 75€ met deze promotiecode </p> <span class=\"text-right\" style=\"float:right\"> <a class=\"btn btn-default\" target=\"_blank\" href=\"https://gamification.prestashop.com/get_advice_link.php?id_advice=537&url=http://www.google.com/intl/nl/ads/get/prestashop75/index.html%3Futm_source%3Dback-office%26utm_medium%3Dtipoftheday%26utm_campaign%3Dpartenariats%26utm_content%3Dgoogleadwords\"> Nu een campagne beginnen! </a> </span> </div> </section><section id=\"2_googleadwords\" class=\"panel\" style=\"display:none\"> <header class=\"panel-heading\"> <span class=\"icon-lightbulb\"></span> Tips of the day </header> <div class=\"panel-body\" style=\"padding:0\"> <img class=\"img-responsive\" src=\"https://storage.googleapis.com/production-gamification-assets/tips/googleadwords.png\" style=\"float:right; margin-left: 5px;\"> <img src=\"https://gamification.prestashop.com/api/getAdviceImg/537.png\"/> <p> <b>Maak kennis met zoekmachinemarketing.</b> </p> <p> Verhoog uw zichtbaarheid in Google met een AdWords-campagne en lok meer gekwalificeerde potentiële klanten naar uw winkel. Profiteer van een gratis tegoed ter waarde van 75€ bij besteding van 25€! </p> <span class=\"text-right\" style=\"float:right\"> <a class=\"btn btn-default\" target=\"_blank\" href=\"https://gamification.prestashop.com/get_advice_link.php?id_advice=537&url=http://www.google.com/intl/nl/ads/get/prestashop75/index.html%3Futm_source%3Dback-office%26utm_medium%3Dtipoftheday%26utm_campaign%3Dpartenariats%26utm_content%3Dgoogleadwords\"> Nu een campagne beginnen! </a> </span> </div> </section><script> $(document).ready( function () { $(\'#\'+rand(2)+\'_googleadwords\').show(); }); function rand(nbr){ return Math.floor(Math.random()*(nbr+1)); } </script> </div>'),(461,1,' <div id=\"wrap_id_advice_569\"> <section id=\"0_hipay2\" class=\"panel\" style=\"display:none\"> <header class=\"panel-heading\"> <span class=\"icon-lightbulb\"></span> Tips of the day </header> <div class=\"panel-body\" style=\"padding:0\"> <img class=\"img-responsive\" src=\"https://storage.googleapis.com/production-gamification-assets/tips/hipay2.png?1534951694300\" style=\"float:right; margin-left: 5px;\"> <img src=\"https://gamification.prestashop.com/api/getAdviceImg/569.png\"/> <p> <b>Bied verschillende betalingsoplossingen aan om klanten te trekken.</b> </p> <p> Loop geen verkoop mis omdat u niet de juiste betalingsoplossing hebt: bied verschillende betaalwijzen aan om tegemoet te komen aan de behoeften van al uw klanten. </p> <span class=\"text-right\" style=\"float:right\"> <a class=\"btn btn-default\" target=\"_blank\" href=\"https://gamification.prestashop.com/get_advice_link.php?id_advice=569&url=http://addons.prestashop.com/nl/payment-modules-prestashop/1746-hipay.html%3Futm_source%3Dback-office%26utm_medium%3Dtipoftheday%26utm_campaign%3Dpartenariats%26utm_content%3Dhipay2\"> Meer informatie ? </a> </span> </div> </section><section id=\"1_hipay2\" class=\"panel\" style=\"display:none\"> <header class=\"panel-heading\"> <span class=\"icon-lightbulb\"></span> Tips of the day </header> <div class=\"panel-body\" style=\"padding:0\"> <img class=\"img-responsive\" src=\"https://storage.googleapis.com/production-gamification-assets/tips/hipay2.png?1534951694300\" style=\"float:right; margin-left: 5px;\"> <img src=\"https://gamification.prestashop.com/api/getAdviceImg/569.png\"/> <p> <b>Wist u dat uw betalingskosten kunnen dalen naarmate u meer verkoopt ?</b> </p> <p> Kies een betalingsoplossing waarvan de provisie daalt wanneer uw verkoopvolume groeit ! </p> <span class=\"text-right\" style=\"float:right\"> <a class=\"btn btn-default\" target=\"_blank\" href=\"https://gamification.prestashop.com/get_advice_link.php?id_advice=569&url=http://addons.prestashop.com/nl/payment-modules-prestashop/1746-hipay.html%3Futm_source%3Dback-office%26utm_medium%3Dtipoftheday%26utm_campaign%3Dpartenariats%26utm_content%3Dhipay2\"> Meer informatie ? </a> </span> </div> </section><script> $(document).ready( function () { $(\'#\'+rand(1)+\'_hipay2\').show(); }); function rand(nbr){ return Math.floor(Math.random()*(nbr+1)); } </script> </div>'),(462,1,' <div id=\"wrap_id_advice_515\"> <section id=\"0_ogone\" class=\"panel\" style=\"display:none\"> <header class=\"panel-heading\"> <span class=\"icon-lightbulb\"></span> Tips of the day </header> <div class=\"panel-body\" style=\"padding:0\"> <img class=\"img-responsive\" src=\"https://storage.googleapis.com/production-gamification-assets/tips/ogone.png\" style=\"float:right; margin-left: 5px;\"> <img src=\"https://gamification.prestashop.com/api/getAdviceImg/515.png\"/> <p> <b>Geef je Sales in het buitenland een Boost!</b> </p> <p> 30 tot 70% van de consumenten in Europa heeft de voorkeur om met zijn eigen lokale betaalmethode te betalen. Met meer dan 150 betaalmethoden, ondersteunen wij uw groei in uw eigenland en daar buiten. En zelfs beter: u kun de belangrijke betaalmethoden activeren met een enkel contract.* </p> <span class=\"text-right\" style=\"float:right\"> <a class=\"btn btn-default\" target=\"_blank\" href=\"https://gamification.prestashop.com/get_advice_link.php?id_advice=515&url=http://addons.prestashop.com/nl/payment-modules-prestashop/1798-ogone.html%3Futm_source%3Dback-office%26utm_medium%3Dtipoftheday%26utm_campaign%3Dpartenariats%26utm_content%3Dogone\"> Meer informatie? </a> </span> </div> </section><script> $(document).ready( function () { $(\'#\'+rand(0)+\'_ogone\').show(); }); function rand(nbr){ return Math.floor(Math.random()*(nbr+1)); } </script> </div>'),(463,1,' <div id=\"wrap_id_advice_518\"> <section id=\"0_paypal\" class=\"panel\" style=\"display:none\"> <header class=\"panel-heading\"> <span class=\"icon-lightbulb\"></span> Tips of the day </header> <div class=\"panel-body\" style=\"padding:0\"> <img class=\"img-responsive\" src=\"https://storage.googleapis.com/production-gamification-assets/tips/paypal.png\" style=\"float:right; margin-left: 5px;\"> <img src=\"https://gamification.prestashop.com/api/getAdviceImg/518.png\"/> <p> <b>Highlight your payment means</b> </p> <p> Your customers need to know they can use the payment method that suits them right from the home page of your site. </p> <span class=\"text-right\" style=\"float:right\"> <a class=\"btn btn-default\" target=\"_blank\" href=\"https://gamification.prestashop.com/get_advice_link.php?id_advice=518&url=http://addons.prestashop.com/en/payments-gateways-prestashop-modules/1748-paypal.html%3Futm_source%3Dback-office%26utm_medium%3Dtipoftheday%26utm_campaign%3Dpartenariats%26utm_content%3Dpaypal\"> More information? </a> </span> </div> </section><section id=\"1_paypal\" class=\"panel\" style=\"display:none\"> <header class=\"panel-heading\"> <span class=\"icon-lightbulb\"></span> Tips of the day </header> <div class=\"panel-body\" style=\"padding:0\"> <img class=\"img-responsive\" src=\"https://storage.googleapis.com/production-gamification-assets/tips/paypal.png\" style=\"float:right; margin-left: 5px;\"> <img src=\"https://gamification.prestashop.com/api/getAdviceImg/518.png\"/> <p> <b>Offer many payment means</b> </p> <p> The more payment means you accept on your site the more sales you will make. With PayPal, you offer 7 payment methods by installing a single module. </p> <span class=\"text-right\" style=\"float:right\"> <a class=\"btn btn-default\" target=\"_blank\" href=\"https://gamification.prestashop.com/get_advice_link.php?id_advice=518&url=http://addons.prestashop.com/en/payments-gateways-prestashop-modules/1748-paypal.html%3Futm_source%3Dback-office%26utm_medium%3Dtipoftheday%26utm_campaign%3Dpartenariats%26utm_content%3Dpaypal\"> More information? </a> </span> </div> </section><section id=\"2_paypal\" class=\"panel\" style=\"display:none\"> <header class=\"panel-heading\"> <span class=\"icon-lightbulb\"></span> Tips of the day </header> <div class=\"panel-body\" style=\"padding:0\"> <img class=\"img-responsive\" src=\"https://storage.googleapis.com/production-gamification-assets/tips/paypal.png\" style=\"float:right; margin-left: 5px;\"> <img src=\"https://gamification.prestashop.com/api/getAdviceImg/518.png\"/> <p> <b>Keep track of your online activity</b> </p> <p> PayPal sends you an email notification for every transaction on your site. </p> <span class=\"text-right\" style=\"float:right\"> <a class=\"btn btn-default\" target=\"_blank\" href=\"https://gamification.prestashop.com/get_advice_link.php?id_advice=518&url=http://addons.prestashop.com/en/payments-gateways-prestashop-modules/1748-paypal.html%3Futm_source%3Dback-office%26utm_medium%3Dtipoftheday%26utm_campaign%3Dpartenariats%26utm_content%3Dpaypal\"> More information? </a> </span> </div> </section><section id=\"3_paypal\" class=\"panel\" style=\"display:none\"> <header class=\"panel-heading\"> <span class=\"icon-lightbulb\"></span> Tips of the day </header> <div class=\"panel-body\" style=\"padding:0\"> <img class=\"img-responsive\" src=\"https://storage.googleapis.com/production-gamification-assets/tips/paypal.png\" style=\"float:right; margin-left: 5px;\"> <img src=\"https://gamification.prestashop.com/api/getAdviceImg/518.png\"/> <p> <b>Propose *Free payment methods to your customers</b> </p> <p> Do not impose additional costs to your buyers. With PayPal module they benefit from all the necessary safety guarantees at no extra cost *. * In Euros in the European Economic Area. </p> <span class=\"text-right\" style=\"float:right\"> <a class=\"btn btn-default\" target=\"_blank\" href=\"https://gamification.prestashop.com/get_advice_link.php?id_advice=518&url=http://addons.prestashop.com/en/payments-gateways-prestashop-modules/1748-paypal.html%3Futm_source%3Dback-office%26utm_medium%3Dtipoftheday%26utm_campaign%3Dpartenariats%26utm_content%3Dpaypal\"> More information? </a> </span> </div> </section><section id=\"4_paypal\" class=\"panel\" style=\"display:none\"> <header class=\"panel-heading\"> <span class=\"icon-lightbulb\"></span> Tips of the day </header> <div class=\"panel-body\" style=\"padding:0\"> <img class=\"img-responsive\" src=\"https://storage.googleapis.com/production-gamification-assets/tips/paypal.png\" style=\"float:right; margin-left: 5px;\"> <img src=\"https://gamification.prestashop.com/api/getAdviceImg/518.png\"/> <p> <b>Give your customers the Delivered or Refunded guarantee</b> </p> <p> With PayPal, your buyers are delivered or refunded. Do not hesitate to highlight this benefit on your website. </p> <span class=\"text-right\" style=\"float:right\"> <a class=\"btn btn-default\" target=\"_blank\" href=\"https://gamification.prestashop.com/get_advice_link.php?id_advice=518&url=http://addons.prestashop.com/en/payments-gateways-prestashop-modules/1748-paypal.html%3Futm_source%3Dback-office%26utm_medium%3Dtipoftheday%26utm_campaign%3Dpartenariats%26utm_content%3Dpaypal\"> More information? </a> </span> </div> </section><section id=\"5_paypal\" class=\"panel\" style=\"display:none\"> <header class=\"panel-heading\"> <span class=\"icon-lightbulb\"></span> Tips of the day </header> <div class=\"panel-body\" style=\"padding:0\"> <img class=\"img-responsive\" src=\"https://storage.googleapis.com/production-gamification-assets/tips/paypal.png\" style=\"float:right; margin-left: 5px;\"> <img src=\"https://gamification.prestashop.com/api/getAdviceImg/518.png\"/> <p> <b>Don\'t forget classic Credit Card</b> </p> <p> 79% of Internet users pay with a credit card. With PayPal, you can accept payments by Visa or Mastercard. </p> <span class=\"text-right\" style=\"float:right\"> <a class=\"btn btn-default\" target=\"_blank\" href=\"https://gamification.prestashop.com/get_advice_link.php?id_advice=518&url=http://addons.prestashop.com/en/payments-gateways-prestashop-modules/1748-paypal.html%3Futm_source%3Dback-office%26utm_medium%3Dtipoftheday%26utm_campaign%3Dpartenariats%26utm_content%3Dpaypal\"> More information? </a> </span> </div> </section><section id=\"6_paypal\" class=\"panel\" style=\"display:none\"> <header class=\"panel-heading\"> <span class=\"icon-lightbulb\"></span> Tips of the day </header> <div class=\"panel-body\" style=\"padding:0\"> <img class=\"img-responsive\" src=\"https://storage.googleapis.com/production-gamification-assets/tips/paypal.png\" style=\"float:right; margin-left: 5px;\"> <img src=\"https://gamification.prestashop.com/api/getAdviceImg/518.png\"/> <p> <b>Expand your business internationally</b> </p> <p> With PayPal you are already present in 190 countries and you can accept payments in 24 currencies! </p> <span class=\"text-right\" style=\"float:right\"> <a class=\"btn btn-default\" target=\"_blank\" href=\"https://gamification.prestashop.com/get_advice_link.php?id_advice=518&url=http://addons.prestashop.com/en/payments-gateways-prestashop-modules/1748-paypal.html%3Futm_source%3Dback-office%26utm_medium%3Dtipoftheday%26utm_campaign%3Dpartenariats%26utm_content%3Dpaypal\"> More information? </a> </span> </div> </section><script> $(document).ready( function () { $(\'#\'+rand(6)+\'_paypal\').show(); }); function rand(nbr){ return Math.floor(Math.random()*(nbr+1)); } </script> </div>'),(464,1,' <div id=\"wrap_id_advice_1527067671278\"> <section id=\"0_rgpd\" class=\"panel\" style=\"display:none\"> <header class=\"panel-heading\"> <span class=\"icon-lightbulb\"></span> Tips of the day </header> <div class=\"panel-body\" style=\"padding:0\"> <img class=\"img-responsive\" src=\"https://storage.googleapis.com/production-gamification-assets/tips/rgpd.png\" style=\"float:right; margin-left: 5px;\"> <img src=\"https://gamification.prestashop.com/api/getAdviceImg/1527067671278.png\"/> <p> <b>Nieuw - Officiële module AVG-conformiteit</b> </p> <p> De complete module om ervoor te zorgen dat u voldoet aan de AVG (algemene verordening gegevensbescherming) </br>\n>Ontwikkeld door PrestaShop </p> <span class=\"text-right\" style=\"float:right\"> <a class=\"btn btn-default\" target=\"_blank\" href=\"https://gamification.prestashop.com/get_advice_link.php?id_advice=1527067671278&url=https://addons.prestashop.com/nl/juridisch/32323-official-gdpr-compliance-by-prestashop-16.html%3Futm_source%3Dback-office%26utm_medium%3Dtipoftheday%26utm_campaign%3Dpartenariats%26utm_content%3Drgpd\"> Ontdekken </a> </span> </div> </section><script> $(document).ready( function () { $(\'#\'+rand(0)+\'_rgpd\').show(); }); function rand(nbr){ return Math.floor(Math.random()*(nbr+1)); } </script> </div>'),(465,1,' <div id=\"wrap_id_advice_520\"> <section id=\"0_sendinblue\" class=\"panel\" style=\"display:none\"> <header class=\"panel-heading\"> <span class=\"icon-lightbulb\"></span> Tips of the day </header> <div class=\"panel-body\" style=\"padding:0\"> <img class=\"img-responsive\" src=\"https://storage.googleapis.com/production-gamification-assets/tips/sendinblue.png\" style=\"float:right; margin-left: 5px;\"> <img src=\"https://gamification.prestashop.com/api/getAdviceImg/520.png\"/> <p> <b>Wist u dat het 5 x goedkoper is om uw klanten te binden dan om nieuwe klanten te winnen?</b> </p> <p> E-mail en sms zijn een efficiënt en betaalbaar middel om uw klanten op de hoogte te houden van nieuwtjes en speciale aanbiedingen. SendinBlue is een complete tool voor het verzenden van e-mail en sms. Probeer het nu gratis! Probeer het nu gratis! </p> <span class=\"text-right\" style=\"float:right\"> <a class=\"btn btn-default\" target=\"_blank\" href=\"https://gamification.prestashop.com/get_advice_link.php?id_advice=520&url=http://addons.prestashop.com/nl/advertising-marketing-modules/8300-sendinblue.html%3Futm_source%3Dback-office%26utm_medium%3Dtipoftheday%26utm_campaign%3Dpartenariats%26utm_content%3Dsendinblue\"> Meer informatie? </a> </span> </div> </section><script> $(document).ready( function () { $(\'#\'+rand(0)+\'_sendinblue\').show(); }); function rand(nbr){ return Math.floor(Math.random()*(nbr+1)); } </script> </div>'),(466,1,' <div id=\"wrap_id_advice_730\"> <section id=\"0_videotraining_businesstech\" class=\"panel\" style=\"display:none\"> <header class=\"panel-heading\"> <span class=\"icon-lightbulb\"></span> Tips of the day </header> <div class=\"panel-body\" style=\"padding:0\"> <img class=\"img-responsive\" src=\"https://storage.googleapis.com/production-gamification-assets/tips/videotraining_businesstech.png\" style=\"float:right; margin-left: 5px;\"> <img src=\"https://gamification.prestashop.com/api/getAdviceImg/730.png\"/> <p> <b>In 4 eenvoudige stappen naar geoptimaliseerde prestaties van uw webwinkel</b> </p> <p> In 4 eenvoudige stappen starten met het analyseren en optimaliseren van uw webwinkel? Bekijk deze korte video van Business Tech, een PrestaShop-expert. </p> <span class=\"text-right\" style=\"float:right\"> <a class=\"btn btn-default\" target=\"_blank\" href=\"https://gamification.prestashop.com/get_advice_link.php?id_advice=730&url=https://www.youtube.com/watch?v=0acJfI8fn-0?utm_source=back+office&utm_medium=tipoftheday&utm_campaign=Youtube-launch&utm_content=kpi%3Futm_source%3Dback-office%26utm_medium%3Dtipoftheday%26utm_campaign%3Dpartenariats%26utm_content%3Dvideotraining_businesstech\"> Bekijk de video </a> </span> </div> </section><script> $(document).ready( function () { $(\'#\'+rand(0)+\'_videotraining_businesstech\').show(); }); function rand(nbr){ return Math.floor(Math.random()*(nbr+1)); } </script> </div>'),(467,1,' <div id=\"wrap_id_advice_731\"> <section id=\"0_videotraining_enverguredigital\" class=\"panel\" style=\"display:none\"> <header class=\"panel-heading\"> <span class=\"icon-lightbulb\"></span> Tips of the day </header> <div class=\"panel-body\" style=\"padding:0\"> <img class=\"img-responsive\" src=\"https://storage.googleapis.com/production-gamification-assets/tips/videotraining_enverguredigital.png\" style=\"float:right; margin-left: 5px;\"> <img src=\"https://gamification.prestashop.com/api/getAdviceImg/731.png\"/> <p> <b>12 toptips voor het maken van een efficiënte productpagina</b> </p> <p> Een efficiënte productpagina maken die uw verkopen een boost geeft? U leert er alles over in deze korte video van Envergure Digitale, een PrestaShop-expert. </p> <span class=\"text-right\" style=\"float:right\"> <a class=\"btn btn-default\" target=\"_blank\" href=\"https://gamification.prestashop.com/get_advice_link.php?id_advice=731&url=https://www.youtube.com/watch?v=5k3ZdPo00KY?utm_source=back+office&utm_medium=tipoftheday&utm_campaign=Youtube-launch&utm_content=product%3Futm_source%3Dback-office%26utm_medium%3Dtipoftheday%26utm_campaign%3Dpartenariats%26utm_content%3Dvideotraining_enverguredigital\"> Bekijk de video </a> </span> </div> </section><script> $(document).ready( function () { $(\'#\'+rand(0)+\'_videotraining_enverguredigital\').show(); }); function rand(nbr){ return Math.floor(Math.random()*(nbr+1)); } </script> </div>'),(468,1,' <div id=\"wrap_id_advice_732\"> <section id=\"0_videotraining_envoimoinscher\" class=\"panel\" style=\"display:none\"> <header class=\"panel-heading\"> <span class=\"icon-lightbulb\"></span> Tips of the day </header> <div class=\"panel-body\" style=\"padding:0\"> <img class=\"img-responsive\" src=\"https://storage.googleapis.com/production-gamification-assets/tips/videotraining_envoimoinscher.png\" style=\"float:right; margin-left: 5px;\"> <img src=\"https://gamification.prestashop.com/api/getAdviceImg/732.png\"/> <p> <b>6 tips voor een leveringsbeleid dat klanten wint en bindt</b> </p> <p> Bekijk waardevolle tips voor een efficiënt leveringsbeleid in deze korte video van Envoismoinscher.com. Helpt u klanten te vinden en te binden. </p> <span class=\"text-right\" style=\"float:right\"> <a class=\"btn btn-default\" target=\"_blank\" href=\"https://gamification.prestashop.com/get_advice_link.php?id_advice=732&url=https://www.youtube.com/watch?v=QhTU_eSrm7o?utm_source=back+office&utm_medium=tipoftheday&utm_campaign=Youtube-launch&utm_content=shipping%3Futm_source%3Dback-office%26utm_medium%3Dtipoftheday%26utm_campaign%3Dpartenariats%26utm_content%3Dvideotraining_envoimoinscher\"> Bekijk de video </a> </span> </div> </section><script> $(document).ready( function () { $(\'#\'+rand(0)+\'_videotraining_envoimoinscher\').show(); }); function rand(nbr){ return Math.floor(Math.random()*(nbr+1)); } </script> </div>'),(469,1,' <div id=\"wrap_id_advice_734\"> <section id=\"0_videotraining_prestashop\" class=\"panel\" style=\"display:none\"> <header class=\"panel-heading\"> <span class=\"icon-lightbulb\"></span> Tips of the day </header> <div class=\"panel-body\" style=\"padding:0\"> <img class=\"img-responsive\" src=\"https://storage.googleapis.com/production-gamification-assets/tips/videotraining_prestashop.png\" style=\"float:right; margin-left: 5px;\"> <img src=\"https://gamification.prestashop.com/api/getAdviceImg/734.png\"/> <p> <b>4 valkuilen om te vermijden als u een e-commerceproject opzet</b> </p> <p> Voorkom 4 veelgemaakte fouten bij het opzetten van uw e-commerceproject: bekijk deze korte video, die tot stand is gekomen dankzij onze ervaringen in het samenwerken met PrestaShop-retailers. </p> <span class=\"text-right\" style=\"float:right\"> <a class=\"btn btn-default\" target=\"_blank\" href=\"https://gamification.prestashop.com/get_advice_link.php?id_advice=734&url=https://www.youtube.com/watch?v=7u56FJfAGSQ?utm_source=back+office&utm_medium=tipoftheday&utm_campaign=Youtube-launch&utm_content=entrepreneur%3Futm_source%3Dback-office%26utm_medium%3Dtipoftheday%26utm_campaign%3Dpartenariats%26utm_content%3Dvideotraining_prestashop\"> Bekijk de video </a> </span> </div> </section><script> $(document).ready( function () { $(\'#\'+rand(0)+\'_videotraining_prestashop\').show(); }); function rand(nbr){ return Math.floor(Math.random()*(nbr+1)); } </script> </div>'),(470,1,' <div id=\"wrap_id_advice_708\"> <section id=\"0_videotraining_productpage\" class=\"panel\" style=\"display:none\"> <header class=\"panel-heading\"> <span class=\"icon-lightbulb\"></span> Tips of the day </header> <div class=\"panel-body\" style=\"padding:0\"> <img class=\"img-responsive\" src=\"https://storage.googleapis.com/production-gamification-assets/tips/videotraining_productpage.png\" style=\"float:right; margin-left: 5px;\"> <img src=\"https://gamification.prestashop.com/api/getAdviceImg/708.png\"/> <p> <b>Hoe zien uw productpagina’s eruit?</b> </p> <p> Bekijk deze kleine video om zeker te zijn dat ze opvallen! </p> <span class=\"text-right\" style=\"float:right\"> <a class=\"btn btn-default\" target=\"_blank\" href=\"https://gamification.prestashop.com/get_advice_link.php?id_advice=708&url=http://bit.ly/1OQlZUM%3Futm_source%3Dback-office%26utm_medium%3Dtipoftheday%26utm_campaign%3Dpartenariats%26utm_content%3Dvideotraining_productpage\"> Bekijk de video </a> </span> </div> </section><script> $(document).ready( function () { $(\'#\'+rand(0)+\'_videotraining_productpage\').show(); }); function rand(nbr){ return Math.floor(Math.random()*(nbr+1)); } </script> </div>'),(471,1,' <div id=\"wrap_id_advice_735\"> <section id=\"0_videotraining_suscribe\" class=\"panel\" style=\"display:none\"> <header class=\"panel-heading\"> <span class=\"icon-lightbulb\"></span> Tips of the day </header> <div class=\"panel-body\" style=\"padding:0\"> <img class=\"img-responsive\" src=\"https://storage.googleapis.com/production-gamification-assets/tips/videotraining_suscribe.png\" style=\"float:right; margin-left: 5px;\"> <img src=\"https://gamification.prestashop.com/api/getAdviceImg/735.png\"/> <p> <b>Ontdek al onze e-commercevideo\'s op ons YouTubekanaal!</b> </p> <p> Adviezen over e-commerce van experts, ervaringsverhalen van retailers, PrestaShop-instructievideo\'s: mis dit niet, abonneer u op het YouTubekanaal van PrestaShop! </p> <span class=\"text-right\" style=\"float:right\"> <a class=\"btn btn-default\" target=\"_blank\" href=\"https://gamification.prestashop.com/get_advice_link.php?id_advice=735&url=https://www.youtube.com/user/prestashop?utm_source=back+office&utm_medium=tipoftheday&utm_campaign=Youtube-launch&utm_content=launch%3Futm_source%3Dback-office%26utm_medium%3Dtipoftheday%26utm_campaign%3Dpartenariats%26utm_content%3Dvideotraining_suscribe\"> Abonneer u nu! </a> </span> </div> </section><script> $(document).ready( function () { $(\'#\'+rand(0)+\'_videotraining_suscribe\').show(); }); function rand(nbr){ return Math.floor(Math.random()*(nbr+1)); } </script> </div>'),(472,1,' <div id=\"wrap_id_advice_844\"> <section id=\"0_wirecard\" class=\"panel\" style=\"display:none\"> <header class=\"panel-heading\"> <span class=\"icon-lightbulb\"></span> Tips of the day </header> <div class=\"panel-body\" style=\"padding:0\"> <img class=\"img-responsive\" src=\"https://storage.googleapis.com/production-gamification-assets/tips/wirecard.png\" style=\"float:right; margin-left: 5px;\"> <img src=\"https://gamification.prestashop.com/api/getAdviceImg/844.png\"/> <p> <b>Wist u dat uw betalingsoplossing van invloed is op het succes van uw shop?</b> </p> <p> Uw klanten zijn divers en willen tot het einde toe met vertrouwen en ontspannen winkelen. Wirecard biedt voor elke klant altijd de passende betaalmethode. Eenvoudig, snel, veilig. </p> <span class=\"text-right\" style=\"float:right\"> <a class=\"btn btn-default\" target=\"_blank\" href=\"https://gamification.prestashop.com/get_advice_link.php?id_advice=844&url=https://addons.prestashop.com/nl/creditcardbetaling-walletbetaling/24188-checkoutportal-by-wirecard.html%3Futm_source%3Dback-office%26utm_medium%3Dtipoftheday%26utm_campaign%3Dpartenariats%26utm_content%3Dwirecard\"> Nu beginnen! </a> </span> </div> </section><script> $(document).ready( function () { $(\'#\'+rand(0)+\'_wirecard\').show(); }); function rand(nbr){ return Math.floor(Math.random()*(nbr+1)); } </script> </div>');

--
-- Table structure for table `akoe_alias`
--

CREATE TABLE `akoe_alias` (
  `id_alias` int(10) unsigned NOT NULL AUTO_INCREMENT,
  `alias` varchar(255) NOT NULL,
  `search` varchar(255) NOT NULL,
  `active` tinyint(1) NOT NULL DEFAULT 1,
  PRIMARY KEY (`id_alias`),
  UNIQUE KEY `alias` (`alias`)
) ENGINE=InnoDB DEFAULT CHARSET=utf8;

--
-- Dumping data for table `akoe_alias`
--


--
-- Table structure for table `akoe_attachment`
--

CREATE TABLE `akoe_attachment` (
  `id_attachment` int(10) unsigned NOT NULL AUTO_INCREMENT,
  `file` varchar(40) NOT NULL,
  `file_name` varchar(128) NOT NULL,
  `file_size` bigint(10) unsigned NOT NULL DEFAULT 0,
  `mime` varchar(128) NOT NULL,
  PRIMARY KEY (`id_attachment`)
) ENGINE=InnoDB DEFAULT CHARSET=utf8;

--
-- Dumping data for table `akoe_attachment`
--


--
-- Table structure for table `akoe_attachment_lang`
--

CREATE TABLE `akoe_attachment_lang` (
  `id_attachment` int(10) unsigned NOT NULL AUTO_INCREMENT,
  `id_lang` int(10) unsigned NOT NULL,
  `name` varchar(32) DEFAULT NULL,
  `description` text DEFAULT NULL,
  PRIMARY KEY (`id_attachment`,`id_lang`)
) ENGINE=InnoDB DEFAULT CHARSET=utf8;

--
-- Dumping data for table `akoe_attachment_lang`
--


--
-- Table structure for table `akoe_attribute`
--

CREATE TABLE `akoe_attribute` (
  `id_attribute` int(11) NOT NULL AUTO_INCREMENT,
  `id_attribute_group` int(11) NOT NULL,
  `color` varchar(32) COLLATE utf8_unicode_ci NOT NULL,
  `position` int(11) NOT NULL,
  PRIMARY KEY (`id_attribute`),
  KEY `attribute_group` (`id_attribute_group`)
) ENGINE=InnoDB AUTO_INCREMENT=26 DEFAULT CHARSET=utf8 COLLATE=utf8_unicode_ci;

--
-- Dumping data for table `akoe_attribute`
--

INSERT INTO `akoe_attribute` VALUES (1,1,'',0),(2,1,'',1),(3,1,'',2),(4,1,'',3),(5,2,'#AAB2BD',0),(6,2,'#CFC4A6',1),(7,2,'#f5f5dc',2),(8,2,'#ffffff',3),(9,2,'#faebd7',4),(10,2,'#E84C3D',5),(11,2,'#434A54',6),(12,2,'#C19A6B',7),(13,2,'#F39C11',8),(14,2,'#5D9CEC',9),(15,2,'#A0D468',10),(16,2,'#F1C40F',11),(17,2,'#964B00',12),(18,2,'#FCCACD',13),(19,3,'',0),(20,3,'',1),(21,3,'',2),(22,4,'',0),(23,4,'',1),(24,4,'',2),(25,4,'',3);

--
-- Table structure for table `akoe_attribute_group`
--

CREATE TABLE `akoe_attribute_group` (
  `id_attribute_group` int(11) NOT NULL AUTO_INCREMENT,
  `is_color_group` tinyint(1) NOT NULL,
  `group_type` varchar(255) COLLATE utf8_unicode_ci NOT NULL,
  `position` int(11) NOT NULL,
  PRIMARY KEY (`id_attribute_group`)
) ENGINE=InnoDB AUTO_INCREMENT=5 DEFAULT CHARSET=utf8 COLLATE=utf8_unicode_ci;

--
-- Dumping data for table `akoe_attribute_group`
--

INSERT INTO `akoe_attribute_group` VALUES (1,0,'select',0),(2,1,'color',1),(3,0,'select',2),(4,0,'select',3);

--
-- Table structure for table `akoe_attribute_group_lang`
--

CREATE TABLE `akoe_attribute_group_lang` (
  `id_attribute_group` int(11) NOT NULL,
  `id_lang` int(11) NOT NULL,
  `name` varchar(128) COLLATE utf8_unicode_ci NOT NULL,
  `public_name` varchar(64) COLLATE utf8_unicode_ci NOT NULL,
  PRIMARY KEY (`id_attribute_group`,`id_lang`),
  KEY `IDX_8DD9C1D067A664FB` (`id_attribute_group`)
) ENGINE=InnoDB DEFAULT CHARSET=utf8 COLLATE=utf8_unicode_ci;

--
-- Dumping data for table `akoe_attribute_group_lang`
--

INSERT INTO `akoe_attribute_group_lang` VALUES (1,1,'Grootte','Grootte'),(2,1,'Kleur','Kleur'),(3,1,'Dimension','Dimension'),(4,1,'Paper Type','Paper Type');

--
-- Table structure for table `akoe_attribute_group_shop`
--

CREATE TABLE `akoe_attribute_group_shop` (
  `id_attribute_group` int(11) NOT NULL,
  `id_shop` int(11) NOT NULL,
  PRIMARY KEY (`id_attribute_group`,`id_shop`),
  KEY `IDX_10BA091067A664FB` (`id_attribute_group`),
  KEY `IDX_10BA0910274A50A0` (`id_shop`)
) ENGINE=InnoDB DEFAULT CHARSET=utf8 COLLATE=utf8_unicode_ci;

--
-- Dumping data for table `akoe_attribute_group_shop`
--

INSERT INTO `akoe_attribute_group_shop` VALUES (1,1),(2,1),(3,1),(4,1);

--
-- Table structure for table `akoe_attribute_impact`
--

CREATE TABLE `akoe_attribute_impact` (
  `id_attribute_impact` int(10) unsigned NOT NULL AUTO_INCREMENT,
  `id_product` int(11) unsigned NOT NULL,
  `id_attribute` int(11) unsigned NOT NULL,
  `weight` decimal(20,6) NOT NULL,
  `price` decimal(17,2) NOT NULL,
  PRIMARY KEY (`id_attribute_impact`),
  UNIQUE KEY `id_product` (`id_product`,`id_attribute`)
) ENGINE=InnoDB DEFAULT CHARSET=utf8;

--
-- Dumping data for table `akoe_attribute_impact`
--


--
-- Table structure for table `akoe_attribute_lang`
--

CREATE TABLE `akoe_attribute_lang` (
  `id_attribute` int(11) NOT NULL,
  `id_lang` int(11) NOT NULL,
  `name` varchar(128) COLLATE utf8_unicode_ci NOT NULL,
  PRIMARY KEY (`id_attribute`,`id_lang`),
  KEY `IDX_EB4E22FD7A4F53DC` (`id_attribute`)
) ENGINE=InnoDB DEFAULT CHARSET=utf8 COLLATE=utf8_unicode_ci;

--
-- Dumping data for table `akoe_attribute_lang`
--

INSERT INTO `akoe_attribute_lang` VALUES (1,1,'S'),(2,1,'M'),(3,1,'L'),(4,1,'XL'),(5,1,'Grijs'),(6,1,'Taupe'),(7,1,'Beige'),(8,1,'Wit'),(9,1,'Gebroken wit'),(10,1,'Rood'),(11,1,'Zwart'),(12,1,'Camel'),(13,1,'Oranje'),(14,1,'Blauw'),(15,1,'Groen'),(16,1,'Geel'),(17,1,'Bruin'),(18,1,'Roze'),(19,1,'40x60cm'),(20,1,'60x90cm'),(21,1,'80x120cm'),(22,1,'Ruled'),(23,1,'Plain'),(24,1,'Squarred'),(25,1,'Doted');

--
-- Table structure for table `akoe_attribute_shop`
--

CREATE TABLE `akoe_attribute_shop` (
  `id_attribute` int(11) NOT NULL,
  `id_shop` int(11) NOT NULL,
  PRIMARY KEY (`id_attribute`,`id_shop`),
  KEY `IDX_762DEA3D7A4F53DC` (`id_attribute`),
  KEY `IDX_762DEA3D274A50A0` (`id_shop`)
) ENGINE=InnoDB DEFAULT CHARSET=utf8 COLLATE=utf8_unicode_ci;

--
-- Dumping data for table `akoe_attribute_shop`
--

INSERT INTO `akoe_attribute_shop` VALUES (1,1),(2,1),(3,1),(4,1),(5,1),(6,1),(7,1),(8,1),(9,1),(10,1),(11,1),(12,1),(13,1),(14,1),(15,1),(16,1),(17,1),(18,1),(19,1),(20,1),(21,1),(22,1),(23,1),(24,1),(25,1);

--
-- Table structure for table `akoe_authorization_role`
--

CREATE TABLE `akoe_authorization_role` (
  `id_authorization_role` int(10) unsigned NOT NULL AUTO_INCREMENT,
  `slug` varchar(255) NOT NULL,
  PRIMARY KEY (`id_authorization_role`),
  UNIQUE KEY `slug` (`slug`)
) ENGINE=InnoDB AUTO_INCREMENT=749 DEFAULT CHARSET=utf8;

--
-- Dumping data for table `akoe_authorization_role`
--

INSERT INTO `akoe_authorization_role` VALUES (729,'ROLE_MOD_MODULE_AUTOUPGRADE_CREATE'),(732,'ROLE_MOD_MODULE_AUTOUPGRADE_DELETE'),(730,'ROLE_MOD_MODULE_AUTOUPGRADE_READ'),(731,'ROLE_MOD_MODULE_AUTOUPGRADE_UPDATE'),(705,'ROLE_MOD_MODULE_BLOCKREASSURANCE_CREATE'),(708,'ROLE_MOD_MODULE_BLOCKREASSURANCE_DELETE'),(706,'ROLE_MOD_MODULE_BLOCKREASSURANCE_READ'),(707,'ROLE_MOD_MODULE_BLOCKREASSURANCE_UPDATE'),(453,'ROLE_MOD_MODULE_CONTACTFORM_CREATE'),(456,'ROLE_MOD_MODULE_CONTACTFORM_DELETE'),(454,'ROLE_MOD_MODULE_CONTACTFORM_READ'),(455,'ROLE_MOD_MODULE_CONTACTFORM_UPDATE'),(693,'ROLE_MOD_MODULE_CRONJOBS_CREATE'),(696,'ROLE_MOD_MODULE_CRONJOBS_DELETE'),(694,'ROLE_MOD_MODULE_CRONJOBS_READ'),(695,'ROLE_MOD_MODULE_CRONJOBS_UPDATE'),(457,'ROLE_MOD_MODULE_DASHACTIVITY_CREATE'),(460,'ROLE_MOD_MODULE_DASHACTIVITY_DELETE'),(458,'ROLE_MOD_MODULE_DASHACTIVITY_READ'),(459,'ROLE_MOD_MODULE_DASHACTIVITY_UPDATE'),(469,'ROLE_MOD_MODULE_DASHGOALS_CREATE'),(472,'ROLE_MOD_MODULE_DASHGOALS_DELETE'),(470,'ROLE_MOD_MODULE_DASHGOALS_READ'),(471,'ROLE_MOD_MODULE_DASHGOALS_UPDATE'),(473,'ROLE_MOD_MODULE_DASHPRODUCTS_CREATE'),(476,'ROLE_MOD_MODULE_DASHPRODUCTS_DELETE'),(474,'ROLE_MOD_MODULE_DASHPRODUCTS_READ'),(475,'ROLE_MOD_MODULE_DASHPRODUCTS_UPDATE'),(461,'ROLE_MOD_MODULE_DASHTRENDS_CREATE'),(464,'ROLE_MOD_MODULE_DASHTRENDS_DELETE'),(462,'ROLE_MOD_MODULE_DASHTRENDS_READ'),(463,'ROLE_MOD_MODULE_DASHTRENDS_UPDATE'),(689,'ROLE_MOD_MODULE_GAMIFICATION_CREATE'),(692,'ROLE_MOD_MODULE_GAMIFICATION_DELETE'),(690,'ROLE_MOD_MODULE_GAMIFICATION_READ'),(691,'ROLE_MOD_MODULE_GAMIFICATION_UPDATE'),(477,'ROLE_MOD_MODULE_GRAPHNVD3_CREATE'),(480,'ROLE_MOD_MODULE_GRAPHNVD3_DELETE'),(478,'ROLE_MOD_MODULE_GRAPHNVD3_READ'),(479,'ROLE_MOD_MODULE_GRAPHNVD3_UPDATE'),(481,'ROLE_MOD_MODULE_GRIDHTML_CREATE'),(484,'ROLE_MOD_MODULE_GRIDHTML_DELETE'),(482,'ROLE_MOD_MODULE_GRIDHTML_READ'),(483,'ROLE_MOD_MODULE_GRIDHTML_UPDATE'),(721,'ROLE_MOD_MODULE_MOLLIE_CREATE'),(724,'ROLE_MOD_MODULE_MOLLIE_DELETE'),(722,'ROLE_MOD_MODULE_MOLLIE_READ'),(723,'ROLE_MOD_MODULE_MOLLIE_UPDATE'),(585,'ROLE_MOD_MODULE_PAGESNOTFOUND_CREATE'),(588,'ROLE_MOD_MODULE_PAGESNOTFOUND_DELETE'),(586,'ROLE_MOD_MODULE_PAGESNOTFOUND_READ'),(587,'ROLE_MOD_MODULE_PAGESNOTFOUND_UPDATE'),(701,'ROLE_MOD_MODULE_PSADDONSCONNECT_CREATE'),(704,'ROLE_MOD_MODULE_PSADDONSCONNECT_DELETE'),(702,'ROLE_MOD_MODULE_PSADDONSCONNECT_READ'),(703,'ROLE_MOD_MODULE_PSADDONSCONNECT_UPDATE'),(485,'ROLE_MOD_MODULE_PS_BANNER_CREATE'),(488,'ROLE_MOD_MODULE_PS_BANNER_DELETE'),(486,'ROLE_MOD_MODULE_PS_BANNER_READ'),(487,'ROLE_MOD_MODULE_PS_BANNER_UPDATE'),(717,'ROLE_MOD_MODULE_PS_BESTSELLERS_CREATE'),(720,'ROLE_MOD_MODULE_PS_BESTSELLERS_DELETE'),(718,'ROLE_MOD_MODULE_PS_BESTSELLERS_READ'),(719,'ROLE_MOD_MODULE_PS_BESTSELLERS_UPDATE'),(489,'ROLE_MOD_MODULE_PS_CATEGORYTREE_CREATE'),(492,'ROLE_MOD_MODULE_PS_CATEGORYTREE_DELETE'),(490,'ROLE_MOD_MODULE_PS_CATEGORYTREE_READ'),(491,'ROLE_MOD_MODULE_PS_CATEGORYTREE_UPDATE'),(497,'ROLE_MOD_MODULE_PS_CONTACTINFO_CREATE'),(500,'ROLE_MOD_MODULE_PS_CONTACTINFO_DELETE'),(498,'ROLE_MOD_MODULE_PS_CONTACTINFO_READ'),(499,'ROLE_MOD_MODULE_PS_CONTACTINFO_UPDATE'),(501,'ROLE_MOD_MODULE_PS_CURRENCYSELECTOR_CREATE'),(504,'ROLE_MOD_MODULE_PS_CURRENCYSELECTOR_DELETE'),(502,'ROLE_MOD_MODULE_PS_CURRENCYSELECTOR_READ'),(503,'ROLE_MOD_MODULE_PS_CURRENCYSELECTOR_UPDATE'),(505,'ROLE_MOD_MODULE_PS_CUSTOMERACCOUNTLINKS_CREATE'),(508,'ROLE_MOD_MODULE_PS_CUSTOMERACCOUNTLINKS_DELETE'),(506,'ROLE_MOD_MODULE_PS_CUSTOMERACCOUNTLINKS_READ'),(507,'ROLE_MOD_MODULE_PS_CUSTOMERACCOUNTLINKS_UPDATE'),(509,'ROLE_MOD_MODULE_PS_CUSTOMERSIGNIN_CREATE'),(512,'ROLE_MOD_MODULE_PS_CUSTOMERSIGNIN_DELETE'),(510,'ROLE_MOD_MODULE_PS_CUSTOMERSIGNIN_READ'),(511,'ROLE_MOD_MODULE_PS_CUSTOMERSIGNIN_UPDATE'),(513,'ROLE_MOD_MODULE_PS_CUSTOMTEXT_CREATE'),(516,'ROLE_MOD_MODULE_PS_CUSTOMTEXT_DELETE'),(514,'ROLE_MOD_MODULE_PS_CUSTOMTEXT_READ'),(515,'ROLE_MOD_MODULE_PS_CUSTOMTEXT_UPDATE'),(517,'ROLE_MOD_MODULE_PS_EMAILSUBSCRIPTION_CREATE'),(520,'ROLE_MOD_MODULE_PS_EMAILSUBSCRIPTION_DELETE'),(518,'ROLE_MOD_MODULE_PS_EMAILSUBSCRIPTION_READ'),(519,'ROLE_MOD_MODULE_PS_EMAILSUBSCRIPTION_UPDATE'),(521,'ROLE_MOD_MODULE_PS_FACETEDSEARCH_CREATE'),(524,'ROLE_MOD_MODULE_PS_FACETEDSEARCH_DELETE'),(522,'ROLE_MOD_MODULE_PS_FACETEDSEARCH_READ'),(523,'ROLE_MOD_MODULE_PS_FACETEDSEARCH_UPDATE'),(525,'ROLE_MOD_MODULE_PS_FEATUREDPRODUCTS_CREATE'),(528,'ROLE_MOD_MODULE_PS_FEATUREDPRODUCTS_DELETE'),(526,'ROLE_MOD_MODULE_PS_FEATUREDPRODUCTS_READ'),(527,'ROLE_MOD_MODULE_PS_FEATUREDPRODUCTS_UPDATE'),(529,'ROLE_MOD_MODULE_PS_IMAGESLIDER_CREATE'),(532,'ROLE_MOD_MODULE_PS_IMAGESLIDER_DELETE'),(530,'ROLE_MOD_MODULE_PS_IMAGESLIDER_READ'),(531,'ROLE_MOD_MODULE_PS_IMAGESLIDER_UPDATE'),(533,'ROLE_MOD_MODULE_PS_LANGUAGESELECTOR_CREATE'),(536,'ROLE_MOD_MODULE_PS_LANGUAGESELECTOR_DELETE'),(534,'ROLE_MOD_MODULE_PS_LANGUAGESELECTOR_READ'),(535,'ROLE_MOD_MODULE_PS_LANGUAGESELECTOR_UPDATE'),(537,'ROLE_MOD_MODULE_PS_LINKLIST_CREATE'),(540,'ROLE_MOD_MODULE_PS_LINKLIST_DELETE'),(538,'ROLE_MOD_MODULE_PS_LINKLIST_READ'),(539,'ROLE_MOD_MODULE_PS_LINKLIST_UPDATE'),(545,'ROLE_MOD_MODULE_PS_MAINMENU_CREATE'),(548,'ROLE_MOD_MODULE_PS_MAINMENU_DELETE'),(546,'ROLE_MOD_MODULE_PS_MAINMENU_READ'),(547,'ROLE_MOD_MODULE_PS_MAINMENU_UPDATE'),(709,'ROLE_MOD_MODULE_PS_NEWPRODUCTS_CREATE'),(712,'ROLE_MOD_MODULE_PS_NEWPRODUCTS_DELETE'),(710,'ROLE_MOD_MODULE_PS_NEWPRODUCTS_READ'),(711,'ROLE_MOD_MODULE_PS_NEWPRODUCTS_UPDATE'),(549,'ROLE_MOD_MODULE_PS_SEARCHBAR_CREATE'),(552,'ROLE_MOD_MODULE_PS_SEARCHBAR_DELETE'),(550,'ROLE_MOD_MODULE_PS_SEARCHBAR_READ'),(551,'ROLE_MOD_MODULE_PS_SEARCHBAR_UPDATE'),(553,'ROLE_MOD_MODULE_PS_SHAREBUTTONS_CREATE'),(556,'ROLE_MOD_MODULE_PS_SHAREBUTTONS_DELETE'),(554,'ROLE_MOD_MODULE_PS_SHAREBUTTONS_READ'),(555,'ROLE_MOD_MODULE_PS_SHAREBUTTONS_UPDATE'),(557,'ROLE_MOD_MODULE_PS_SHOPPINGCART_CREATE'),(560,'ROLE_MOD_MODULE_PS_SHOPPINGCART_DELETE'),(558,'ROLE_MOD_MODULE_PS_SHOPPINGCART_READ'),(559,'ROLE_MOD_MODULE_PS_SHOPPINGCART_UPDATE'),(561,'ROLE_MOD_MODULE_PS_SOCIALFOLLOW_CREATE'),(564,'ROLE_MOD_MODULE_PS_SOCIALFOLLOW_DELETE'),(562,'ROLE_MOD_MODULE_PS_SOCIALFOLLOW_READ'),(563,'ROLE_MOD_MODULE_PS_SOCIALFOLLOW_UPDATE'),(713,'ROLE_MOD_MODULE_PS_SPECIALS_CREATE'),(716,'ROLE_MOD_MODULE_PS_SPECIALS_DELETE'),(714,'ROLE_MOD_MODULE_PS_SPECIALS_READ'),(715,'ROLE_MOD_MODULE_PS_SPECIALS_UPDATE'),(565,'ROLE_MOD_MODULE_PS_THEMECUSTO_CREATE'),(568,'ROLE_MOD_MODULE_PS_THEMECUSTO_DELETE'),(566,'ROLE_MOD_MODULE_PS_THEMECUSTO_READ'),(567,'ROLE_MOD_MODULE_PS_THEMECUSTO_UPDATE'),(581,'ROLE_MOD_MODULE_PS_WIREPAYMENT_CREATE'),(584,'ROLE_MOD_MODULE_PS_WIREPAYMENT_DELETE'),(582,'ROLE_MOD_MODULE_PS_WIREPAYMENT_READ'),(583,'ROLE_MOD_MODULE_PS_WIREPAYMENT_UPDATE'),(589,'ROLE_MOD_MODULE_SEKEYWORDS_CREATE'),(592,'ROLE_MOD_MODULE_SEKEYWORDS_DELETE'),(590,'ROLE_MOD_MODULE_SEKEYWORDS_READ'),(591,'ROLE_MOD_MODULE_SEKEYWORDS_UPDATE'),(593,'ROLE_MOD_MODULE_STATSBESTCATEGORIES_CREATE'),(596,'ROLE_MOD_MODULE_STATSBESTCATEGORIES_DELETE'),(594,'ROLE_MOD_MODULE_STATSBESTCATEGORIES_READ'),(595,'ROLE_MOD_MODULE_STATSBESTCATEGORIES_UPDATE'),(597,'ROLE_MOD_MODULE_STATSBESTCUSTOMERS_CREATE'),(600,'ROLE_MOD_MODULE_STATSBESTCUSTOMERS_DELETE'),(598,'ROLE_MOD_MODULE_STATSBESTCUSTOMERS_READ'),(599,'ROLE_MOD_MODULE_STATSBESTCUSTOMERS_UPDATE'),(601,'ROLE_MOD_MODULE_STATSBESTPRODUCTS_CREATE'),(604,'ROLE_MOD_MODULE_STATSBESTPRODUCTS_DELETE'),(602,'ROLE_MOD_MODULE_STATSBESTPRODUCTS_READ'),(603,'ROLE_MOD_MODULE_STATSBESTPRODUCTS_UPDATE'),(605,'ROLE_MOD_MODULE_STATSBESTSUPPLIERS_CREATE'),(608,'ROLE_MOD_MODULE_STATSBESTSUPPLIERS_DELETE'),(606,'ROLE_MOD_MODULE_STATSBESTSUPPLIERS_READ'),(607,'ROLE_MOD_MODULE_STATSBESTSUPPLIERS_UPDATE'),(609,'ROLE_MOD_MODULE_STATSBESTVOUCHERS_CREATE'),(612,'ROLE_MOD_MODULE_STATSBESTVOUCHERS_DELETE'),(610,'ROLE_MOD_MODULE_STATSBESTVOUCHERS_READ'),(611,'ROLE_MOD_MODULE_STATSBESTVOUCHERS_UPDATE'),(613,'ROLE_MOD_MODULE_STATSCARRIER_CREATE'),(616,'ROLE_MOD_MODULE_STATSCARRIER_DELETE'),(614,'ROLE_MOD_MODULE_STATSCARRIER_READ'),(615,'ROLE_MOD_MODULE_STATSCARRIER_UPDATE'),(617,'ROLE_MOD_MODULE_STATSCATALOG_CREATE'),(620,'ROLE_MOD_MODULE_STATSCATALOG_DELETE'),(618,'ROLE_MOD_MODULE_STATSCATALOG_READ'),(619,'ROLE_MOD_MODULE_STATSCATALOG_UPDATE'),(621,'ROLE_MOD_MODULE_STATSCHECKUP_CREATE'),(624,'ROLE_MOD_MODULE_STATSCHECKUP_DELETE'),(622,'ROLE_MOD_MODULE_STATSCHECKUP_READ'),(623,'ROLE_MOD_MODULE_STATSCHECKUP_UPDATE'),(625,'ROLE_MOD_MODULE_STATSDATA_CREATE'),(628,'ROLE_MOD_MODULE_STATSDATA_DELETE'),(626,'ROLE_MOD_MODULE_STATSDATA_READ'),(627,'ROLE_MOD_MODULE_STATSDATA_UPDATE'),(629,'ROLE_MOD_MODULE_STATSEQUIPMENT_CREATE'),(632,'ROLE_MOD_MODULE_STATSEQUIPMENT_DELETE'),(630,'ROLE_MOD_MODULE_STATSEQUIPMENT_READ'),(631,'ROLE_MOD_MODULE_STATSEQUIPMENT_UPDATE'),(633,'ROLE_MOD_MODULE_STATSFORECAST_CREATE'),(636,'ROLE_MOD_MODULE_STATSFORECAST_DELETE'),(634,'ROLE_MOD_MODULE_STATSFORECAST_READ'),(635,'ROLE_MOD_MODULE_STATSFORECAST_UPDATE'),(637,'ROLE_MOD_MODULE_STATSLIVE_CREATE'),(640,'ROLE_MOD_MODULE_STATSLIVE_DELETE'),(638,'ROLE_MOD_MODULE_STATSLIVE_READ'),(639,'ROLE_MOD_MODULE_STATSLIVE_UPDATE'),(641,'ROLE_MOD_MODULE_STATSNEWSLETTER_CREATE'),(644,'ROLE_MOD_MODULE_STATSNEWSLETTER_DELETE'),(642,'ROLE_MOD_MODULE_STATSNEWSLETTER_READ'),(643,'ROLE_MOD_MODULE_STATSNEWSLETTER_UPDATE'),(645,'ROLE_MOD_MODULE_STATSORIGIN_CREATE'),(648,'ROLE_MOD_MODULE_STATSORIGIN_DELETE'),(646,'ROLE_MOD_MODULE_STATSORIGIN_READ'),(647,'ROLE_MOD_MODULE_STATSORIGIN_UPDATE'),(649,'ROLE_MOD_MODULE_STATSPERSONALINFOS_CREATE'),(652,'ROLE_MOD_MODULE_STATSPERSONALINFOS_DELETE'),(650,'ROLE_MOD_MODULE_STATSPERSONALINFOS_READ'),(651,'ROLE_MOD_MODULE_STATSPERSONALINFOS_UPDATE'),(653,'ROLE_MOD_MODULE_STATSPRODUCT_CREATE'),(656,'ROLE_MOD_MODULE_STATSPRODUCT_DELETE'),(654,'ROLE_MOD_MODULE_STATSPRODUCT_READ'),(655,'ROLE_MOD_MODULE_STATSPRODUCT_UPDATE'),(657,'ROLE_MOD_MODULE_STATSREGISTRATIONS_CREATE'),(660,'ROLE_MOD_MODULE_STATSREGISTRATIONS_DELETE'),(658,'ROLE_MOD_MODULE_STATSREGISTRATIONS_READ'),(659,'ROLE_MOD_MODULE_STATSREGISTRATIONS_UPDATE'),(661,'ROLE_MOD_MODULE_STATSSALES_CREATE'),(664,'ROLE_MOD_MODULE_STATSSALES_DELETE'),(662,'ROLE_MOD_MODULE_STATSSALES_READ'),(663,'ROLE_MOD_MODULE_STATSSALES_UPDATE'),(665,'ROLE_MOD_MODULE_STATSSEARCH_CREATE'),(668,'ROLE_MOD_MODULE_STATSSEARCH_DELETE'),(666,'ROLE_MOD_MODULE_STATSSEARCH_READ'),(667,'ROLE_MOD_MODULE_STATSSEARCH_UPDATE'),(669,'ROLE_MOD_MODULE_STATSSTOCK_CREATE'),(672,'ROLE_MOD_MODULE_STATSSTOCK_DELETE'),(670,'ROLE_MOD_MODULE_STATSSTOCK_READ'),(671,'ROLE_MOD_MODULE_STATSSTOCK_UPDATE'),(673,'ROLE_MOD_MODULE_STATSVISITS_CREATE'),(676,'ROLE_MOD_MODULE_STATSVISITS_DELETE'),(674,'ROLE_MOD_MODULE_STATSVISITS_READ'),(675,'ROLE_MOD_MODULE_STATSVISITS_UPDATE'),(677,'ROLE_MOD_MODULE_WELCOME_CREATE'),(680,'ROLE_MOD_MODULE_WELCOME_DELETE'),(678,'ROLE_MOD_MODULE_WELCOME_READ'),(679,'ROLE_MOD_MODULE_WELCOME_UPDATE'),(1,'ROLE_MOD_TAB_ADMINACCESS_CREATE'),(4,'ROLE_MOD_TAB_ADMINACCESS_DELETE'),(2,'ROLE_MOD_TAB_ADMINACCESS_READ'),(3,'ROLE_MOD_TAB_ADMINACCESS_UPDATE'),(5,'ROLE_MOD_TAB_ADMINADDONSCATALOG_CREATE'),(8,'ROLE_MOD_TAB_ADMINADDONSCATALOG_DELETE'),(6,'ROLE_MOD_TAB_ADMINADDONSCATALOG_READ'),(7,'ROLE_MOD_TAB_ADMINADDONSCATALOG_UPDATE'),(9,'ROLE_MOD_TAB_ADMINADDRESSES_CREATE'),(12,'ROLE_MOD_TAB_ADMINADDRESSES_DELETE'),(10,'ROLE_MOD_TAB_ADMINADDRESSES_READ'),(11,'ROLE_MOD_TAB_ADMINADDRESSES_UPDATE'),(13,'ROLE_MOD_TAB_ADMINADMINPREFERENCES_CREATE'),(16,'ROLE_MOD_TAB_ADMINADMINPREFERENCES_DELETE'),(14,'ROLE_MOD_TAB_ADMINADMINPREFERENCES_READ'),(15,'ROLE_MOD_TAB_ADMINADMINPREFERENCES_UPDATE'),(17,'ROLE_MOD_TAB_ADMINADVANCEDPARAMETERS_CREATE'),(20,'ROLE_MOD_TAB_ADMINADVANCEDPARAMETERS_DELETE'),(18,'ROLE_MOD_TAB_ADMINADVANCEDPARAMETERS_READ'),(19,'ROLE_MOD_TAB_ADMINADVANCEDPARAMETERS_UPDATE'),(21,'ROLE_MOD_TAB_ADMINATTACHMENTS_CREATE'),(24,'ROLE_MOD_TAB_ADMINATTACHMENTS_DELETE'),(22,'ROLE_MOD_TAB_ADMINATTACHMENTS_READ'),(23,'ROLE_MOD_TAB_ADMINATTACHMENTS_UPDATE'),(25,'ROLE_MOD_TAB_ADMINATTRIBUTESGROUPS_CREATE'),(28,'ROLE_MOD_TAB_ADMINATTRIBUTESGROUPS_DELETE'),(26,'ROLE_MOD_TAB_ADMINATTRIBUTESGROUPS_READ'),(27,'ROLE_MOD_TAB_ADMINATTRIBUTESGROUPS_UPDATE'),(29,'ROLE_MOD_TAB_ADMINBACKUP_CREATE'),(32,'ROLE_MOD_TAB_ADMINBACKUP_DELETE'),(30,'ROLE_MOD_TAB_ADMINBACKUP_READ'),(31,'ROLE_MOD_TAB_ADMINBACKUP_UPDATE'),(733,'ROLE_MOD_TAB_ADMINBLOCKLISTING_CREATE'),(736,'ROLE_MOD_TAB_ADMINBLOCKLISTING_DELETE'),(734,'ROLE_MOD_TAB_ADMINBLOCKLISTING_READ'),(735,'ROLE_MOD_TAB_ADMINBLOCKLISTING_UPDATE'),(33,'ROLE_MOD_TAB_ADMINCARRIERS_CREATE'),(36,'ROLE_MOD_TAB_ADMINCARRIERS_DELETE'),(34,'ROLE_MOD_TAB_ADMINCARRIERS_READ'),(35,'ROLE_MOD_TAB_ADMINCARRIERS_UPDATE'),(37,'ROLE_MOD_TAB_ADMINCARTRULES_CREATE'),(40,'ROLE_MOD_TAB_ADMINCARTRULES_DELETE'),(38,'ROLE_MOD_TAB_ADMINCARTRULES_READ'),(39,'ROLE_MOD_TAB_ADMINCARTRULES_UPDATE'),(41,'ROLE_MOD_TAB_ADMINCARTS_CREATE'),(44,'ROLE_MOD_TAB_ADMINCARTS_DELETE'),(42,'ROLE_MOD_TAB_ADMINCARTS_READ'),(43,'ROLE_MOD_TAB_ADMINCARTS_UPDATE'),(45,'ROLE_MOD_TAB_ADMINCATALOG_CREATE'),(48,'ROLE_MOD_TAB_ADMINCATALOG_DELETE'),(46,'ROLE_MOD_TAB_ADMINCATALOG_READ'),(47,'ROLE_MOD_TAB_ADMINCATALOG_UPDATE'),(49,'ROLE_MOD_TAB_ADMINCATEGORIES_CREATE'),(52,'ROLE_MOD_TAB_ADMINCATEGORIES_DELETE'),(50,'ROLE_MOD_TAB_ADMINCATEGORIES_READ'),(51,'ROLE_MOD_TAB_ADMINCATEGORIES_UPDATE'),(53,'ROLE_MOD_TAB_ADMINCMSCONTENT_CREATE'),(56,'ROLE_MOD_TAB_ADMINCMSCONTENT_DELETE'),(54,'ROLE_MOD_TAB_ADMINCMSCONTENT_READ'),(55,'ROLE_MOD_TAB_ADMINCMSCONTENT_UPDATE'),(57,'ROLE_MOD_TAB_ADMINCONTACTS_CREATE'),(60,'ROLE_MOD_TAB_ADMINCONTACTS_DELETE'),(58,'ROLE_MOD_TAB_ADMINCONTACTS_READ'),(59,'ROLE_MOD_TAB_ADMINCONTACTS_UPDATE'),(61,'ROLE_MOD_TAB_ADMINCOUNTRIES_CREATE'),(64,'ROLE_MOD_TAB_ADMINCOUNTRIES_DELETE'),(62,'ROLE_MOD_TAB_ADMINCOUNTRIES_READ'),(63,'ROLE_MOD_TAB_ADMINCOUNTRIES_UPDATE'),(697,'ROLE_MOD_TAB_ADMINCRONJOBS_CREATE'),(700,'ROLE_MOD_TAB_ADMINCRONJOBS_DELETE'),(698,'ROLE_MOD_TAB_ADMINCRONJOBS_READ'),(699,'ROLE_MOD_TAB_ADMINCRONJOBS_UPDATE'),(65,'ROLE_MOD_TAB_ADMINCURRENCIES_CREATE'),(68,'ROLE_MOD_TAB_ADMINCURRENCIES_DELETE'),(66,'ROLE_MOD_TAB_ADMINCURRENCIES_READ'),(67,'ROLE_MOD_TAB_ADMINCURRENCIES_UPDATE'),(69,'ROLE_MOD_TAB_ADMINCUSTOMERPREFERENCES_CREATE'),(72,'ROLE_MOD_TAB_ADMINCUSTOMERPREFERENCES_DELETE'),(70,'ROLE_MOD_TAB_ADMINCUSTOMERPREFERENCES_READ'),(71,'ROLE_MOD_TAB_ADMINCUSTOMERPREFERENCES_UPDATE'),(73,'ROLE_MOD_TAB_ADMINCUSTOMERS_CREATE'),(76,'ROLE_MOD_TAB_ADMINCUSTOMERS_DELETE'),(74,'ROLE_MOD_TAB_ADMINCUSTOMERS_READ'),(75,'ROLE_MOD_TAB_ADMINCUSTOMERS_UPDATE'),(77,'ROLE_MOD_TAB_ADMINCUSTOMERTHREADS_CREATE'),(80,'ROLE_MOD_TAB_ADMINCUSTOMERTHREADS_DELETE'),(78,'ROLE_MOD_TAB_ADMINCUSTOMERTHREADS_READ'),(79,'ROLE_MOD_TAB_ADMINCUSTOMERTHREADS_UPDATE'),(81,'ROLE_MOD_TAB_ADMINDASHBOARD_CREATE'),(84,'ROLE_MOD_TAB_ADMINDASHBOARD_DELETE'),(82,'ROLE_MOD_TAB_ADMINDASHBOARD_READ'),(83,'ROLE_MOD_TAB_ADMINDASHBOARD_UPDATE'),(465,'ROLE_MOD_TAB_ADMINDASHGOALS_CREATE'),(468,'ROLE_MOD_TAB_ADMINDASHGOALS_DELETE'),(466,'ROLE_MOD_TAB_ADMINDASHGOALS_READ'),(467,'ROLE_MOD_TAB_ADMINDASHGOALS_UPDATE'),(85,'ROLE_MOD_TAB_ADMINDELIVERYSLIP_CREATE'),(88,'ROLE_MOD_TAB_ADMINDELIVERYSLIP_DELETE'),(86,'ROLE_MOD_TAB_ADMINDELIVERYSLIP_READ'),(87,'ROLE_MOD_TAB_ADMINDELIVERYSLIP_UPDATE'),(89,'ROLE_MOD_TAB_ADMINEMAILS_CREATE'),(92,'ROLE_MOD_TAB_ADMINEMAILS_DELETE'),(90,'ROLE_MOD_TAB_ADMINEMAILS_READ'),(91,'ROLE_MOD_TAB_ADMINEMAILS_UPDATE'),(93,'ROLE_MOD_TAB_ADMINEMPLOYEES_CREATE'),(96,'ROLE_MOD_TAB_ADMINEMPLOYEES_DELETE'),(94,'ROLE_MOD_TAB_ADMINEMPLOYEES_READ'),(95,'ROLE_MOD_TAB_ADMINEMPLOYEES_UPDATE'),(97,'ROLE_MOD_TAB_ADMINFEATURES_CREATE'),(100,'ROLE_MOD_TAB_ADMINFEATURES_DELETE'),(98,'ROLE_MOD_TAB_ADMINFEATURES_READ'),(99,'ROLE_MOD_TAB_ADMINFEATURES_UPDATE'),(685,'ROLE_MOD_TAB_ADMINGAMIFICATION_CREATE'),(688,'ROLE_MOD_TAB_ADMINGAMIFICATION_DELETE'),(686,'ROLE_MOD_TAB_ADMINGAMIFICATION_READ'),(687,'ROLE_MOD_TAB_ADMINGAMIFICATION_UPDATE'),(101,'ROLE_MOD_TAB_ADMINGENDERS_CREATE'),(104,'ROLE_MOD_TAB_ADMINGENDERS_DELETE'),(102,'ROLE_MOD_TAB_ADMINGENDERS_READ'),(103,'ROLE_MOD_TAB_ADMINGENDERS_UPDATE'),(105,'ROLE_MOD_TAB_ADMINGEOLOCATION_CREATE'),(108,'ROLE_MOD_TAB_ADMINGEOLOCATION_DELETE'),(106,'ROLE_MOD_TAB_ADMINGEOLOCATION_READ'),(107,'ROLE_MOD_TAB_ADMINGEOLOCATION_UPDATE'),(109,'ROLE_MOD_TAB_ADMINGROUPS_CREATE'),(112,'ROLE_MOD_TAB_ADMINGROUPS_DELETE'),(110,'ROLE_MOD_TAB_ADMINGROUPS_READ'),(111,'ROLE_MOD_TAB_ADMINGROUPS_UPDATE'),(113,'ROLE_MOD_TAB_ADMINIMAGES_CREATE'),(116,'ROLE_MOD_TAB_ADMINIMAGES_DELETE'),(114,'ROLE_MOD_TAB_ADMINIMAGES_READ'),(115,'ROLE_MOD_TAB_ADMINIMAGES_UPDATE'),(117,'ROLE_MOD_TAB_ADMINIMPORT_CREATE'),(120,'ROLE_MOD_TAB_ADMINIMPORT_DELETE'),(118,'ROLE_MOD_TAB_ADMINIMPORT_READ'),(119,'ROLE_MOD_TAB_ADMINIMPORT_UPDATE'),(121,'ROLE_MOD_TAB_ADMININFORMATION_CREATE'),(124,'ROLE_MOD_TAB_ADMININFORMATION_DELETE'),(122,'ROLE_MOD_TAB_ADMININFORMATION_READ'),(123,'ROLE_MOD_TAB_ADMININFORMATION_UPDATE'),(125,'ROLE_MOD_TAB_ADMININTERNATIONAL_CREATE'),(128,'ROLE_MOD_TAB_ADMININTERNATIONAL_DELETE'),(126,'ROLE_MOD_TAB_ADMININTERNATIONAL_READ'),(127,'ROLE_MOD_TAB_ADMININTERNATIONAL_UPDATE'),(129,'ROLE_MOD_TAB_ADMININVOICES_CREATE'),(132,'ROLE_MOD_TAB_ADMININVOICES_DELETE'),(130,'ROLE_MOD_TAB_ADMININVOICES_READ'),(131,'ROLE_MOD_TAB_ADMININVOICES_UPDATE'),(133,'ROLE_MOD_TAB_ADMINLANGUAGES_CREATE'),(136,'ROLE_MOD_TAB_ADMINLANGUAGES_DELETE'),(134,'ROLE_MOD_TAB_ADMINLANGUAGES_READ'),(135,'ROLE_MOD_TAB_ADMINLANGUAGES_UPDATE'),(137,'ROLE_MOD_TAB_ADMINLINKWIDGET_CREATE'),(140,'ROLE_MOD_TAB_ADMINLINKWIDGET_DELETE'),(138,'ROLE_MOD_TAB_ADMINLINKWIDGET_READ'),(139,'ROLE_MOD_TAB_ADMINLINKWIDGET_UPDATE'),(141,'ROLE_MOD_TAB_ADMINLOCALIZATION_CREATE'),(144,'ROLE_MOD_TAB_ADMINLOCALIZATION_DELETE'),(142,'ROLE_MOD_TAB_ADMINLOCALIZATION_READ'),(143,'ROLE_MOD_TAB_ADMINLOCALIZATION_UPDATE'),(145,'ROLE_MOD_TAB_ADMINLOGS_CREATE'),(148,'ROLE_MOD_TAB_ADMINLOGS_DELETE'),(146,'ROLE_MOD_TAB_ADMINLOGS_READ'),(147,'ROLE_MOD_TAB_ADMINLOGS_UPDATE'),(149,'ROLE_MOD_TAB_ADMINMAINTENANCE_CREATE'),(152,'ROLE_MOD_TAB_ADMINMAINTENANCE_DELETE'),(150,'ROLE_MOD_TAB_ADMINMAINTENANCE_READ'),(151,'ROLE_MOD_TAB_ADMINMAINTENANCE_UPDATE'),(153,'ROLE_MOD_TAB_ADMINMANUFACTURERS_CREATE'),(156,'ROLE_MOD_TAB_ADMINMANUFACTURERS_DELETE'),(154,'ROLE_MOD_TAB_ADMINMANUFACTURERS_READ'),(155,'ROLE_MOD_TAB_ADMINMANUFACTURERS_UPDATE'),(157,'ROLE_MOD_TAB_ADMINMETA_CREATE'),(160,'ROLE_MOD_TAB_ADMINMETA_DELETE'),(158,'ROLE_MOD_TAB_ADMINMETA_READ'),(159,'ROLE_MOD_TAB_ADMINMETA_UPDATE'),(165,'ROLE_MOD_TAB_ADMINMODULESPOSITIONS_CREATE'),(168,'ROLE_MOD_TAB_ADMINMODULESPOSITIONS_DELETE'),(166,'ROLE_MOD_TAB_ADMINMODULESPOSITIONS_READ'),(167,'ROLE_MOD_TAB_ADMINMODULESPOSITIONS_UPDATE'),(169,'ROLE_MOD_TAB_ADMINMODULESSF_CREATE'),(172,'ROLE_MOD_TAB_ADMINMODULESSF_DELETE'),(170,'ROLE_MOD_TAB_ADMINMODULESSF_READ'),(171,'ROLE_MOD_TAB_ADMINMODULESSF_UPDATE'),(161,'ROLE_MOD_TAB_ADMINMODULES_CREATE'),(164,'ROLE_MOD_TAB_ADMINMODULES_DELETE'),(162,'ROLE_MOD_TAB_ADMINMODULES_READ'),(163,'ROLE_MOD_TAB_ADMINMODULES_UPDATE'),(173,'ROLE_MOD_TAB_ADMINORDERMESSAGE_CREATE'),(176,'ROLE_MOD_TAB_ADMINORDERMESSAGE_DELETE'),(174,'ROLE_MOD_TAB_ADMINORDERMESSAGE_READ'),(175,'ROLE_MOD_TAB_ADMINORDERMESSAGE_UPDATE'),(177,'ROLE_MOD_TAB_ADMINORDERPREFERENCES_CREATE'),(180,'ROLE_MOD_TAB_ADMINORDERPREFERENCES_DELETE'),(178,'ROLE_MOD_TAB_ADMINORDERPREFERENCES_READ'),(179,'ROLE_MOD_TAB_ADMINORDERPREFERENCES_UPDATE'),(181,'ROLE_MOD_TAB_ADMINORDERS_CREATE'),(184,'ROLE_MOD_TAB_ADMINORDERS_DELETE'),(182,'ROLE_MOD_TAB_ADMINORDERS_READ'),(183,'ROLE_MOD_TAB_ADMINORDERS_UPDATE'),(185,'ROLE_MOD_TAB_ADMINOUTSTANDING_CREATE'),(188,'ROLE_MOD_TAB_ADMINOUTSTANDING_DELETE'),(186,'ROLE_MOD_TAB_ADMINOUTSTANDING_READ'),(187,'ROLE_MOD_TAB_ADMINOUTSTANDING_UPDATE'),(189,'ROLE_MOD_TAB_ADMINPARENTATTRIBUTESGROUPS_CREATE'),(192,'ROLE_MOD_TAB_ADMINPARENTATTRIBUTESGROUPS_DELETE'),(190,'ROLE_MOD_TAB_ADMINPARENTATTRIBUTESGROUPS_READ'),(191,'ROLE_MOD_TAB_ADMINPARENTATTRIBUTESGROUPS_UPDATE'),(193,'ROLE_MOD_TAB_ADMINPARENTCARTRULES_CREATE'),(196,'ROLE_MOD_TAB_ADMINPARENTCARTRULES_DELETE'),(194,'ROLE_MOD_TAB_ADMINPARENTCARTRULES_READ'),(195,'ROLE_MOD_TAB_ADMINPARENTCARTRULES_UPDATE'),(197,'ROLE_MOD_TAB_ADMINPARENTCOUNTRIES_CREATE'),(200,'ROLE_MOD_TAB_ADMINPARENTCOUNTRIES_DELETE'),(198,'ROLE_MOD_TAB_ADMINPARENTCOUNTRIES_READ'),(199,'ROLE_MOD_TAB_ADMINPARENTCOUNTRIES_UPDATE'),(205,'ROLE_MOD_TAB_ADMINPARENTCUSTOMERPREFERENCES_CREATE'),(208,'ROLE_MOD_TAB_ADMINPARENTCUSTOMERPREFERENCES_DELETE'),(206,'ROLE_MOD_TAB_ADMINPARENTCUSTOMERPREFERENCES_READ'),(207,'ROLE_MOD_TAB_ADMINPARENTCUSTOMERPREFERENCES_UPDATE'),(209,'ROLE_MOD_TAB_ADMINPARENTCUSTOMERTHREADS_CREATE'),(212,'ROLE_MOD_TAB_ADMINPARENTCUSTOMERTHREADS_DELETE'),(210,'ROLE_MOD_TAB_ADMINPARENTCUSTOMERTHREADS_READ'),(211,'ROLE_MOD_TAB_ADMINPARENTCUSTOMERTHREADS_UPDATE'),(201,'ROLE_MOD_TAB_ADMINPARENTCUSTOMER_CREATE'),(204,'ROLE_MOD_TAB_ADMINPARENTCUSTOMER_DELETE'),(202,'ROLE_MOD_TAB_ADMINPARENTCUSTOMER_READ'),(203,'ROLE_MOD_TAB_ADMINPARENTCUSTOMER_UPDATE'),(213,'ROLE_MOD_TAB_ADMINPARENTEMPLOYEES_CREATE'),(216,'ROLE_MOD_TAB_ADMINPARENTEMPLOYEES_DELETE'),(214,'ROLE_MOD_TAB_ADMINPARENTEMPLOYEES_READ'),(215,'ROLE_MOD_TAB_ADMINPARENTEMPLOYEES_UPDATE'),(217,'ROLE_MOD_TAB_ADMINPARENTLOCALIZATION_CREATE'),(220,'ROLE_MOD_TAB_ADMINPARENTLOCALIZATION_DELETE'),(218,'ROLE_MOD_TAB_ADMINPARENTLOCALIZATION_READ'),(219,'ROLE_MOD_TAB_ADMINPARENTLOCALIZATION_UPDATE'),(221,'ROLE_MOD_TAB_ADMINPARENTMANUFACTURERS_CREATE'),(224,'ROLE_MOD_TAB_ADMINPARENTMANUFACTURERS_DELETE'),(222,'ROLE_MOD_TAB_ADMINPARENTMANUFACTURERS_READ'),(223,'ROLE_MOD_TAB_ADMINPARENTMANUFACTURERS_UPDATE'),(229,'ROLE_MOD_TAB_ADMINPARENTMETA_CREATE'),(232,'ROLE_MOD_TAB_ADMINPARENTMETA_DELETE'),(230,'ROLE_MOD_TAB_ADMINPARENTMETA_READ'),(231,'ROLE_MOD_TAB_ADMINPARENTMETA_UPDATE'),(225,'ROLE_MOD_TAB_ADMINPARENTMODULESSF_CREATE'),(228,'ROLE_MOD_TAB_ADMINPARENTMODULESSF_DELETE'),(226,'ROLE_MOD_TAB_ADMINPARENTMODULESSF_READ'),(227,'ROLE_MOD_TAB_ADMINPARENTMODULESSF_UPDATE'),(233,'ROLE_MOD_TAB_ADMINPARENTMODULES_CREATE'),(236,'ROLE_MOD_TAB_ADMINPARENTMODULES_DELETE'),(234,'ROLE_MOD_TAB_ADMINPARENTMODULES_READ'),(235,'ROLE_MOD_TAB_ADMINPARENTMODULES_UPDATE'),(237,'ROLE_MOD_TAB_ADMINPARENTORDERPREFERENCES_CREATE'),(240,'ROLE_MOD_TAB_ADMINPARENTORDERPREFERENCES_DELETE'),(238,'ROLE_MOD_TAB_ADMINPARENTORDERPREFERENCES_READ'),(239,'ROLE_MOD_TAB_ADMINPARENTORDERPREFERENCES_UPDATE'),(241,'ROLE_MOD_TAB_ADMINPARENTORDERS_CREATE'),(244,'ROLE_MOD_TAB_ADMINPARENTORDERS_DELETE'),(242,'ROLE_MOD_TAB_ADMINPARENTORDERS_READ'),(243,'ROLE_MOD_TAB_ADMINPARENTORDERS_UPDATE'),(245,'ROLE_MOD_TAB_ADMINPARENTPAYMENT_CREATE'),(248,'ROLE_MOD_TAB_ADMINPARENTPAYMENT_DELETE'),(246,'ROLE_MOD_TAB_ADMINPARENTPAYMENT_READ'),(247,'ROLE_MOD_TAB_ADMINPARENTPAYMENT_UPDATE'),(249,'ROLE_MOD_TAB_ADMINPARENTPREFERENCES_CREATE'),(252,'ROLE_MOD_TAB_ADMINPARENTPREFERENCES_DELETE'),(250,'ROLE_MOD_TAB_ADMINPARENTPREFERENCES_READ'),(251,'ROLE_MOD_TAB_ADMINPARENTPREFERENCES_UPDATE'),(253,'ROLE_MOD_TAB_ADMINPARENTREQUESTSQL_CREATE'),(256,'ROLE_MOD_TAB_ADMINPARENTREQUESTSQL_DELETE'),(254,'ROLE_MOD_TAB_ADMINPARENTREQUESTSQL_READ'),(255,'ROLE_MOD_TAB_ADMINPARENTREQUESTSQL_UPDATE'),(257,'ROLE_MOD_TAB_ADMINPARENTSEARCHCONF_CREATE'),(260,'ROLE_MOD_TAB_ADMINPARENTSEARCHCONF_DELETE'),(258,'ROLE_MOD_TAB_ADMINPARENTSEARCHCONF_READ'),(259,'ROLE_MOD_TAB_ADMINPARENTSEARCHCONF_UPDATE'),(261,'ROLE_MOD_TAB_ADMINPARENTSHIPPING_CREATE'),(264,'ROLE_MOD_TAB_ADMINPARENTSHIPPING_DELETE'),(262,'ROLE_MOD_TAB_ADMINPARENTSHIPPING_READ'),(263,'ROLE_MOD_TAB_ADMINPARENTSHIPPING_UPDATE'),(265,'ROLE_MOD_TAB_ADMINPARENTSTOCKMANAGEMENT_CREATE'),(268,'ROLE_MOD_TAB_ADMINPARENTSTOCKMANAGEMENT_DELETE'),(266,'ROLE_MOD_TAB_ADMINPARENTSTOCKMANAGEMENT_READ'),(267,'ROLE_MOD_TAB_ADMINPARENTSTOCKMANAGEMENT_UPDATE'),(269,'ROLE_MOD_TAB_ADMINPARENTSTORES_CREATE'),(272,'ROLE_MOD_TAB_ADMINPARENTSTORES_DELETE'),(270,'ROLE_MOD_TAB_ADMINPARENTSTORES_READ'),(271,'ROLE_MOD_TAB_ADMINPARENTSTORES_UPDATE'),(273,'ROLE_MOD_TAB_ADMINPARENTTAXES_CREATE'),(276,'ROLE_MOD_TAB_ADMINPARENTTAXES_DELETE'),(274,'ROLE_MOD_TAB_ADMINPARENTTAXES_READ'),(275,'ROLE_MOD_TAB_ADMINPARENTTAXES_UPDATE'),(277,'ROLE_MOD_TAB_ADMINPARENTTHEMES_CREATE'),(280,'ROLE_MOD_TAB_ADMINPARENTTHEMES_DELETE'),(278,'ROLE_MOD_TAB_ADMINPARENTTHEMES_READ'),(279,'ROLE_MOD_TAB_ADMINPARENTTHEMES_UPDATE'),(285,'ROLE_MOD_TAB_ADMINPAYMENTPREFERENCES_CREATE'),(288,'ROLE_MOD_TAB_ADMINPAYMENTPREFERENCES_DELETE'),(286,'ROLE_MOD_TAB_ADMINPAYMENTPREFERENCES_READ'),(287,'ROLE_MOD_TAB_ADMINPAYMENTPREFERENCES_UPDATE'),(281,'ROLE_MOD_TAB_ADMINPAYMENT_CREATE'),(284,'ROLE_MOD_TAB_ADMINPAYMENT_DELETE'),(282,'ROLE_MOD_TAB_ADMINPAYMENT_READ'),(283,'ROLE_MOD_TAB_ADMINPAYMENT_UPDATE'),(289,'ROLE_MOD_TAB_ADMINPERFORMANCE_CREATE'),(292,'ROLE_MOD_TAB_ADMINPERFORMANCE_DELETE'),(290,'ROLE_MOD_TAB_ADMINPERFORMANCE_READ'),(291,'ROLE_MOD_TAB_ADMINPERFORMANCE_UPDATE'),(293,'ROLE_MOD_TAB_ADMINPPREFERENCES_CREATE'),(296,'ROLE_MOD_TAB_ADMINPPREFERENCES_DELETE'),(294,'ROLE_MOD_TAB_ADMINPPREFERENCES_READ'),(295,'ROLE_MOD_TAB_ADMINPPREFERENCES_UPDATE'),(297,'ROLE_MOD_TAB_ADMINPREFERENCES_CREATE'),(300,'ROLE_MOD_TAB_ADMINPREFERENCES_DELETE'),(298,'ROLE_MOD_TAB_ADMINPREFERENCES_READ'),(299,'ROLE_MOD_TAB_ADMINPREFERENCES_UPDATE'),(301,'ROLE_MOD_TAB_ADMINPRODUCTS_CREATE'),(304,'ROLE_MOD_TAB_ADMINPRODUCTS_DELETE'),(302,'ROLE_MOD_TAB_ADMINPRODUCTS_READ'),(303,'ROLE_MOD_TAB_ADMINPRODUCTS_UPDATE'),(305,'ROLE_MOD_TAB_ADMINPROFILES_CREATE'),(308,'ROLE_MOD_TAB_ADMINPROFILES_DELETE'),(306,'ROLE_MOD_TAB_ADMINPROFILES_READ'),(307,'ROLE_MOD_TAB_ADMINPROFILES_UPDATE'),(745,'ROLE_MOD_TAB_ADMINPSTHEMECUSTOADVANCED_CREATE'),(748,'ROLE_MOD_TAB_ADMINPSTHEMECUSTOADVANCED_DELETE'),(746,'ROLE_MOD_TAB_ADMINPSTHEMECUSTOADVANCED_READ'),(747,'ROLE_MOD_TAB_ADMINPSTHEMECUSTOADVANCED_UPDATE'),(741,'ROLE_MOD_TAB_ADMINPSTHEMECUSTOCONFIGURATION_CREATE'),(744,'ROLE_MOD_TAB_ADMINPSTHEMECUSTOCONFIGURATION_DELETE'),(742,'ROLE_MOD_TAB_ADMINPSTHEMECUSTOCONFIGURATION_READ'),(743,'ROLE_MOD_TAB_ADMINPSTHEMECUSTOCONFIGURATION_UPDATE'),(309,'ROLE_MOD_TAB_ADMINREFERRERS_CREATE'),(312,'ROLE_MOD_TAB_ADMINREFERRERS_DELETE'),(310,'ROLE_MOD_TAB_ADMINREFERRERS_READ'),(311,'ROLE_MOD_TAB_ADMINREFERRERS_UPDATE'),(313,'ROLE_MOD_TAB_ADMINREQUESTSQL_CREATE'),(316,'ROLE_MOD_TAB_ADMINREQUESTSQL_DELETE'),(314,'ROLE_MOD_TAB_ADMINREQUESTSQL_READ'),(315,'ROLE_MOD_TAB_ADMINREQUESTSQL_UPDATE'),(317,'ROLE_MOD_TAB_ADMINRETURN_CREATE'),(320,'ROLE_MOD_TAB_ADMINRETURN_DELETE'),(318,'ROLE_MOD_TAB_ADMINRETURN_READ'),(319,'ROLE_MOD_TAB_ADMINRETURN_UPDATE'),(321,'ROLE_MOD_TAB_ADMINSEARCHCONF_CREATE'),(324,'ROLE_MOD_TAB_ADMINSEARCHCONF_DELETE'),(322,'ROLE_MOD_TAB_ADMINSEARCHCONF_READ'),(323,'ROLE_MOD_TAB_ADMINSEARCHCONF_UPDATE'),(325,'ROLE_MOD_TAB_ADMINSEARCHENGINES_CREATE'),(328,'ROLE_MOD_TAB_ADMINSEARCHENGINES_DELETE'),(326,'ROLE_MOD_TAB_ADMINSEARCHENGINES_READ'),(327,'ROLE_MOD_TAB_ADMINSEARCHENGINES_UPDATE'),(725,'ROLE_MOD_TAB_ADMINSELFUPGRADE_CREATE'),(728,'ROLE_MOD_TAB_ADMINSELFUPGRADE_DELETE'),(726,'ROLE_MOD_TAB_ADMINSELFUPGRADE_READ'),(727,'ROLE_MOD_TAB_ADMINSELFUPGRADE_UPDATE'),(329,'ROLE_MOD_TAB_ADMINSHIPPING_CREATE'),(332,'ROLE_MOD_TAB_ADMINSHIPPING_DELETE'),(330,'ROLE_MOD_TAB_ADMINSHIPPING_READ'),(331,'ROLE_MOD_TAB_ADMINSHIPPING_UPDATE'),(333,'ROLE_MOD_TAB_ADMINSHOPGROUP_CREATE'),(336,'ROLE_MOD_TAB_ADMINSHOPGROUP_DELETE'),(334,'ROLE_MOD_TAB_ADMINSHOPGROUP_READ'),(335,'ROLE_MOD_TAB_ADMINSHOPGROUP_UPDATE'),(337,'ROLE_MOD_TAB_ADMINSHOPURL_CREATE'),(340,'ROLE_MOD_TAB_ADMINSHOPURL_DELETE'),(338,'ROLE_MOD_TAB_ADMINSHOPURL_READ'),(339,'ROLE_MOD_TAB_ADMINSHOPURL_UPDATE'),(341,'ROLE_MOD_TAB_ADMINSLIP_CREATE'),(344,'ROLE_MOD_TAB_ADMINSLIP_DELETE'),(342,'ROLE_MOD_TAB_ADMINSLIP_READ'),(343,'ROLE_MOD_TAB_ADMINSLIP_UPDATE'),(345,'ROLE_MOD_TAB_ADMINSPECIFICPRICERULE_CREATE'),(348,'ROLE_MOD_TAB_ADMINSPECIFICPRICERULE_DELETE'),(346,'ROLE_MOD_TAB_ADMINSPECIFICPRICERULE_READ'),(347,'ROLE_MOD_TAB_ADMINSPECIFICPRICERULE_UPDATE'),(349,'ROLE_MOD_TAB_ADMINSTATES_CREATE'),(352,'ROLE_MOD_TAB_ADMINSTATES_DELETE'),(350,'ROLE_MOD_TAB_ADMINSTATES_READ'),(351,'ROLE_MOD_TAB_ADMINSTATES_UPDATE'),(353,'ROLE_MOD_TAB_ADMINSTATS_CREATE'),(356,'ROLE_MOD_TAB_ADMINSTATS_DELETE'),(354,'ROLE_MOD_TAB_ADMINSTATS_READ'),(355,'ROLE_MOD_TAB_ADMINSTATS_UPDATE'),(357,'ROLE_MOD_TAB_ADMINSTATUSES_CREATE'),(360,'ROLE_MOD_TAB_ADMINSTATUSES_DELETE'),(358,'ROLE_MOD_TAB_ADMINSTATUSES_READ'),(359,'ROLE_MOD_TAB_ADMINSTATUSES_UPDATE'),(365,'ROLE_MOD_TAB_ADMINSTOCKCONFIGURATION_CREATE'),(368,'ROLE_MOD_TAB_ADMINSTOCKCONFIGURATION_DELETE'),(366,'ROLE_MOD_TAB_ADMINSTOCKCONFIGURATION_READ'),(367,'ROLE_MOD_TAB_ADMINSTOCKCONFIGURATION_UPDATE'),(369,'ROLE_MOD_TAB_ADMINSTOCKCOVER_CREATE'),(372,'ROLE_MOD_TAB_ADMINSTOCKCOVER_DELETE'),(370,'ROLE_MOD_TAB_ADMINSTOCKCOVER_READ'),(371,'ROLE_MOD_TAB_ADMINSTOCKCOVER_UPDATE'),(373,'ROLE_MOD_TAB_ADMINSTOCKINSTANTSTATE_CREATE'),(376,'ROLE_MOD_TAB_ADMINSTOCKINSTANTSTATE_DELETE'),(374,'ROLE_MOD_TAB_ADMINSTOCKINSTANTSTATE_READ'),(375,'ROLE_MOD_TAB_ADMINSTOCKINSTANTSTATE_UPDATE'),(377,'ROLE_MOD_TAB_ADMINSTOCKMANAGEMENT_CREATE'),(380,'ROLE_MOD_TAB_ADMINSTOCKMANAGEMENT_DELETE'),(378,'ROLE_MOD_TAB_ADMINSTOCKMANAGEMENT_READ'),(379,'ROLE_MOD_TAB_ADMINSTOCKMANAGEMENT_UPDATE'),(381,'ROLE_MOD_TAB_ADMINSTOCKMVT_CREATE'),(384,'ROLE_MOD_TAB_ADMINSTOCKMVT_DELETE'),(382,'ROLE_MOD_TAB_ADMINSTOCKMVT_READ'),(383,'ROLE_MOD_TAB_ADMINSTOCKMVT_UPDATE'),(361,'ROLE_MOD_TAB_ADMINSTOCK_CREATE'),(364,'ROLE_MOD_TAB_ADMINSTOCK_DELETE'),(362,'ROLE_MOD_TAB_ADMINSTOCK_READ'),(363,'ROLE_MOD_TAB_ADMINSTOCK_UPDATE'),(385,'ROLE_MOD_TAB_ADMINSTORES_CREATE'),(388,'ROLE_MOD_TAB_ADMINSTORES_DELETE'),(386,'ROLE_MOD_TAB_ADMINSTORES_READ'),(387,'ROLE_MOD_TAB_ADMINSTORES_UPDATE'),(389,'ROLE_MOD_TAB_ADMINSUPPLIERS_CREATE'),(392,'ROLE_MOD_TAB_ADMINSUPPLIERS_DELETE'),(390,'ROLE_MOD_TAB_ADMINSUPPLIERS_READ'),(391,'ROLE_MOD_TAB_ADMINSUPPLIERS_UPDATE'),(393,'ROLE_MOD_TAB_ADMINSUPPLYORDERS_CREATE'),(396,'ROLE_MOD_TAB_ADMINSUPPLYORDERS_DELETE'),(394,'ROLE_MOD_TAB_ADMINSUPPLYORDERS_READ'),(395,'ROLE_MOD_TAB_ADMINSUPPLYORDERS_UPDATE'),(397,'ROLE_MOD_TAB_ADMINTAGS_CREATE'),(400,'ROLE_MOD_TAB_ADMINTAGS_DELETE'),(398,'ROLE_MOD_TAB_ADMINTAGS_READ'),(399,'ROLE_MOD_TAB_ADMINTAGS_UPDATE'),(401,'ROLE_MOD_TAB_ADMINTAXES_CREATE'),(404,'ROLE_MOD_TAB_ADMINTAXES_DELETE'),(402,'ROLE_MOD_TAB_ADMINTAXES_READ'),(403,'ROLE_MOD_TAB_ADMINTAXES_UPDATE'),(405,'ROLE_MOD_TAB_ADMINTAXRULESGROUP_CREATE'),(408,'ROLE_MOD_TAB_ADMINTAXRULESGROUP_DELETE'),(406,'ROLE_MOD_TAB_ADMINTAXRULESGROUP_READ'),(407,'ROLE_MOD_TAB_ADMINTAXRULESGROUP_UPDATE'),(413,'ROLE_MOD_TAB_ADMINTHEMESCATALOG_CREATE'),(416,'ROLE_MOD_TAB_ADMINTHEMESCATALOG_DELETE'),(414,'ROLE_MOD_TAB_ADMINTHEMESCATALOG_READ'),(415,'ROLE_MOD_TAB_ADMINTHEMESCATALOG_UPDATE'),(737,'ROLE_MOD_TAB_ADMINTHEMESPARENT_CREATE'),(740,'ROLE_MOD_TAB_ADMINTHEMESPARENT_DELETE'),(738,'ROLE_MOD_TAB_ADMINTHEMESPARENT_READ'),(739,'ROLE_MOD_TAB_ADMINTHEMESPARENT_UPDATE'),(409,'ROLE_MOD_TAB_ADMINTHEMES_CREATE'),(412,'ROLE_MOD_TAB_ADMINTHEMES_DELETE'),(410,'ROLE_MOD_TAB_ADMINTHEMES_READ'),(411,'ROLE_MOD_TAB_ADMINTHEMES_UPDATE'),(417,'ROLE_MOD_TAB_ADMINTRACKING_CREATE'),(420,'ROLE_MOD_TAB_ADMINTRACKING_DELETE'),(418,'ROLE_MOD_TAB_ADMINTRACKING_READ'),(419,'ROLE_MOD_TAB_ADMINTRACKING_UPDATE'),(421,'ROLE_MOD_TAB_ADMINTRANSLATIONS_CREATE'),(424,'ROLE_MOD_TAB_ADMINTRANSLATIONS_DELETE'),(422,'ROLE_MOD_TAB_ADMINTRANSLATIONS_READ'),(423,'ROLE_MOD_TAB_ADMINTRANSLATIONS_UPDATE'),(425,'ROLE_MOD_TAB_ADMINWAREHOUSES_CREATE'),(428,'ROLE_MOD_TAB_ADMINWAREHOUSES_DELETE'),(426,'ROLE_MOD_TAB_ADMINWAREHOUSES_READ'),(427,'ROLE_MOD_TAB_ADMINWAREHOUSES_UPDATE'),(429,'ROLE_MOD_TAB_ADMINWEBSERVICE_CREATE'),(432,'ROLE_MOD_TAB_ADMINWEBSERVICE_DELETE'),(430,'ROLE_MOD_TAB_ADMINWEBSERVICE_READ'),(431,'ROLE_MOD_TAB_ADMINWEBSERVICE_UPDATE'),(681,'ROLE_MOD_TAB_ADMINWELCOME_CREATE'),(684,'ROLE_MOD_TAB_ADMINWELCOME_DELETE'),(682,'ROLE_MOD_TAB_ADMINWELCOME_READ'),(683,'ROLE_MOD_TAB_ADMINWELCOME_UPDATE'),(433,'ROLE_MOD_TAB_ADMINZONES_CREATE'),(436,'ROLE_MOD_TAB_ADMINZONES_DELETE'),(434,'ROLE_MOD_TAB_ADMINZONES_READ'),(435,'ROLE_MOD_TAB_ADMINZONES_UPDATE'),(437,'ROLE_MOD_TAB_CONFIGURE_CREATE'),(440,'ROLE_MOD_TAB_CONFIGURE_DELETE'),(438,'ROLE_MOD_TAB_CONFIGURE_READ'),(439,'ROLE_MOD_TAB_CONFIGURE_UPDATE'),(441,'ROLE_MOD_TAB_IMPROVE_CREATE'),(444,'ROLE_MOD_TAB_IMPROVE_DELETE'),(442,'ROLE_MOD_TAB_IMPROVE_READ'),(443,'ROLE_MOD_TAB_IMPROVE_UPDATE'),(445,'ROLE_MOD_TAB_SELL_CREATE'),(448,'ROLE_MOD_TAB_SELL_DELETE'),(446,'ROLE_MOD_TAB_SELL_READ'),(447,'ROLE_MOD_TAB_SELL_UPDATE'),(449,'ROLE_MOD_TAB_SHOPPARAMETERS_CREATE'),(452,'ROLE_MOD_TAB_SHOPPARAMETERS_DELETE'),(450,'ROLE_MOD_TAB_SHOPPARAMETERS_READ'),(451,'ROLE_MOD_TAB_SHOPPARAMETERS_UPDATE');

--
-- Table structure for table `akoe_badge`
--

CREATE TABLE `akoe_badge` (
  `id_badge` int(11) NOT NULL AUTO_INCREMENT,
  `id_ps_badge` int(11) NOT NULL,
  `type` varchar(32) NOT NULL,
  `id_group` int(11) NOT NULL,
  `group_position` int(11) NOT NULL,
  `scoring` int(11) NOT NULL,
  `awb` int(11) DEFAULT 0,
  `validated` tinyint(1) unsigned NOT NULL DEFAULT 0,
  PRIMARY KEY (`id_badge`)
) ENGINE=InnoDB AUTO_INCREMENT=260 DEFAULT CHARSET=utf8;

--
-- Dumping data for table `akoe_badge`
--

INSERT INTO `akoe_badge` VALUES (1,123,'feature',41,1,5,1,0),(2,124,'feature',41,2,10,1,0),(3,125,'feature',41,3,15,1,0),(4,126,'feature',41,4,20,1,0),(5,139,'feature',41,1,5,1,0),(6,140,'feature',41,2,10,1,0),(7,141,'feature',41,3,15,1,0),(8,142,'feature',41,4,20,1,0),(9,143,'feature',41,1,5,1,0),(10,144,'feature',41,2,10,1,0),(11,145,'feature',41,3,15,1,0),(12,146,'feature',41,4,20,1,0),(13,147,'feature',41,1,5,1,0),(14,148,'feature',41,2,10,1,0),(15,149,'feature',41,3,15,1,0),(16,150,'feature',41,4,20,1,0),(17,159,'feature',41,1,5,1,0),(18,160,'feature',41,2,10,1,0),(19,161,'feature',41,3,15,1,0),(20,162,'feature',41,4,20,1,0),(21,163,'feature',41,1,5,1,0),(22,164,'feature',41,2,10,1,0),(23,165,'feature',41,3,15,1,0),(24,166,'feature',41,4,20,1,0),(25,171,'feature',41,1,5,1,0),(26,172,'feature',41,2,10,1,0),(27,173,'feature',41,3,15,1,0),(28,174,'feature',41,4,20,1,0),(29,206,'feature',41,1,5,1,0),(30,207,'feature',41,2,10,1,0),(31,208,'feature',41,3,15,1,0),(32,209,'feature',41,4,20,1,0),(33,222,'feature',41,1,5,1,0),(34,223,'feature',41,3,15,1,0),(35,224,'feature',41,4,20,1,0),(36,225,'feature',41,1,5,1,0),(37,226,'feature',41,2,10,1,0),(38,227,'feature',41,3,15,1,0),(39,228,'feature',41,4,20,1,0),(40,233,'feature',41,1,5,1,0),(41,234,'feature',41,2,10,1,0),(42,235,'feature',41,3,15,1,0),(43,236,'feature',41,4,20,1,0),(44,249,'feature',41,1,5,1,0),(45,250,'feature',41,2,10,1,0),(46,251,'feature',41,3,15,1,0),(47,252,'feature',41,4,20,1,0),(48,253,'feature',41,1,5,1,0),(49,254,'feature',41,2,10,1,0),(50,255,'feature',41,3,15,1,0),(51,256,'feature',41,4,20,1,0),(52,261,'feature',41,1,5,1,0),(53,262,'feature',41,2,10,1,0),(54,269,'feature',41,1,5,1,0),(55,270,'feature',41,2,10,1,0),(56,271,'feature',41,3,15,1,0),(57,272,'feature',41,4,20,1,0),(58,273,'feature',41,1,5,1,0),(59,274,'feature',41,2,10,1,0),(60,275,'feature',41,3,15,1,0),(61,276,'feature',41,4,20,1,0),(62,277,'feature',41,1,5,1,0),(63,278,'feature',41,2,10,1,0),(64,279,'feature',41,3,15,1,0),(65,280,'feature',41,4,20,1,0),(66,281,'feature',41,1,5,1,0),(67,282,'feature',41,2,10,1,0),(68,283,'feature',41,3,15,1,0),(69,284,'feature',41,4,20,1,0),(70,285,'feature',41,1,5,1,0),(71,286,'feature',41,2,10,1,0),(72,287,'feature',41,3,15,1,0),(73,288,'feature',41,4,20,1,0),(74,289,'feature',41,1,5,1,0),(75,290,'feature',41,2,10,1,0),(76,291,'feature',41,3,15,1,0),(77,292,'feature',41,4,20,1,0),(78,293,'feature',41,1,5,1,0),(79,294,'feature',41,2,10,1,0),(80,295,'feature',41,3,15,1,0),(81,296,'feature',41,4,20,1,0),(82,297,'feature',41,1,5,1,0),(83,298,'feature',41,2,10,1,0),(84,299,'feature',41,3,15,1,0),(85,300,'feature',41,4,20,1,0),(86,301,'feature',41,1,5,1,0),(87,302,'feature',41,2,10,1,0),(88,303,'feature',41,3,15,1,0),(89,304,'feature',41,4,20,1,0),(90,305,'feature',41,1,5,1,0),(91,306,'feature',41,2,10,1,0),(92,307,'feature',41,3,15,1,0),(93,308,'feature',41,4,20,1,0),(94,309,'feature',41,1,5,1,0),(95,310,'feature',41,2,10,1,0),(96,311,'feature',41,3,15,1,0),(97,312,'feature',41,4,20,1,0),(98,313,'feature',41,1,5,1,0),(99,314,'feature',41,2,10,1,0),(100,315,'feature',41,3,15,1,0),(101,316,'feature',41,4,20,1,0),(102,317,'feature',41,1,5,1,0),(103,318,'feature',41,2,10,1,0),(104,319,'feature',41,3,15,1,0),(105,320,'feature',41,4,20,1,0),(106,321,'feature',41,1,5,1,0),(107,322,'feature',41,2,10,1,0),(108,323,'feature',41,3,15,1,0),(109,324,'feature',41,4,20,1,0),(110,325,'feature',41,1,5,1,0),(111,326,'feature',41,2,10,1,0),(112,327,'feature',41,3,15,1,0),(113,328,'feature',41,4,20,1,0),(114,329,'feature',41,1,5,1,0),(115,330,'feature',41,2,10,1,0),(116,331,'feature',41,3,15,1,0),(117,332,'feature',41,4,20,1,0),(118,333,'feature',41,1,5,1,0),(119,334,'feature',41,2,10,1,0),(120,335,'feature',41,3,15,1,0),(121,336,'feature',41,4,20,1,0),(122,337,'feature',41,1,5,1,0),(123,338,'feature',41,2,10,1,0),(124,339,'feature',41,3,15,1,0),(125,340,'feature',41,4,20,1,0),(126,341,'feature',41,1,5,1,0),(127,342,'feature',41,2,10,1,0),(128,343,'feature',41,3,15,1,0),(129,344,'feature',41,4,20,1,0),(130,345,'feature',41,1,5,1,0),(131,346,'feature',41,2,10,1,0),(132,347,'feature',41,3,15,1,0),(133,348,'feature',41,4,20,1,0),(134,349,'feature',41,1,5,1,0),(135,350,'feature',41,2,10,1,0),(136,351,'feature',41,3,15,1,0),(137,352,'feature',41,4,20,1,0),(138,353,'feature',41,1,5,1,0),(139,354,'feature',41,2,10,1,0),(140,355,'feature',41,3,15,1,0),(141,356,'feature',41,4,20,1,0),(142,357,'feature',41,1,5,1,0),(143,358,'feature',41,2,10,1,0),(144,359,'feature',41,3,15,1,0),(145,360,'feature',41,4,20,1,0),(146,1,'feature',1,1,10,0,1),(147,2,'feature',2,1,10,0,0),(148,3,'feature',2,2,15,0,0),(149,4,'feature',3,1,15,0,0),(150,5,'feature',3,2,15,0,0),(151,6,'feature',4,1,15,0,1),(152,7,'feature',4,2,15,0,1),(153,8,'feature',5,1,5,0,1),(154,9,'feature',5,2,10,0,1),(155,10,'feature',6,1,15,0,1),(156,11,'feature',6,2,10,0,0),(157,12,'feature',6,3,10,0,0),(158,13,'feature',5,3,10,0,0),(159,14,'feature',5,4,15,0,0),(160,15,'feature',5,5,20,0,0),(161,16,'feature',5,6,20,0,0),(162,17,'achievement',7,1,5,0,1),(163,18,'achievement',7,2,10,0,1),(164,19,'feature',8,1,15,0,1),(165,20,'feature',8,2,15,0,0),(166,21,'feature',9,1,15,0,1),(167,22,'feature',10,1,10,0,0),(168,23,'feature',10,2,10,0,0),(169,24,'feature',10,3,10,0,0),(170,25,'feature',10,4,10,0,0),(171,26,'feature',10,5,10,0,0),(172,27,'feature',4,3,10,0,1),(173,28,'feature',3,3,10,0,0),(174,29,'achievement',11,1,5,0,0),(175,30,'achievement',11,2,10,0,0),(176,31,'achievement',11,3,15,0,0),(177,32,'achievement',11,4,20,0,0),(178,33,'achievement',11,5,25,0,0),(179,34,'achievement',11,6,30,0,0),(180,35,'achievement',7,3,15,0,1),(181,36,'achievement',7,4,20,0,0),(182,37,'achievement',7,5,25,0,0),(183,38,'achievement',7,6,30,0,0),(184,39,'achievement',12,1,5,0,1),(185,40,'achievement',12,2,10,0,1),(186,41,'achievement',12,3,15,0,1),(187,42,'achievement',12,4,20,0,0),(188,43,'achievement',12,5,25,0,0),(189,44,'achievement',12,6,30,0,0),(190,45,'achievement',13,1,5,0,1),(191,46,'achievement',13,2,10,0,0),(192,47,'achievement',13,3,15,0,0),(193,48,'achievement',13,4,20,0,0),(194,49,'achievement',13,5,25,0,0),(195,50,'achievement',13,6,30,0,0),(196,51,'achievement',14,1,5,0,0),(197,52,'achievement',14,2,10,0,0),(198,53,'achievement',14,3,15,0,0),(199,54,'achievement',14,4,20,0,0),(200,55,'achievement',14,5,25,0,0),(201,56,'achievement',14,6,30,0,0),(202,57,'achievement',15,1,5,0,0),(203,58,'achievement',15,2,10,0,0),(204,59,'achievement',15,3,15,0,0),(205,60,'achievement',15,4,20,0,0),(206,61,'achievement',15,5,25,0,0),(207,62,'achievement',15,6,30,0,0),(208,63,'achievement',16,1,5,0,1),(209,64,'achievement',16,2,10,0,0),(210,65,'achievement',16,3,15,0,0),(211,66,'achievement',16,4,20,0,0),(212,67,'achievement',16,5,25,0,0),(213,68,'achievement',16,6,30,0,0),(214,69,'international',17,1,10,0,0),(215,70,'international',18,1,10,0,0),(216,71,'international',19,1,10,0,0),(217,72,'international',20,1,10,0,0),(218,73,'international',21,1,10,0,0),(219,74,'international',22,1,10,0,1),(220,75,'international',23,1,10,0,0),(221,83,'international',31,1,10,0,0),(222,84,'international',25,1,10,0,0),(223,86,'international',33,1,10,0,0),(224,87,'international',34,1,10,0,0),(225,88,'feature',35,1,5,0,0),(226,89,'feature',35,2,10,0,0),(227,90,'feature',35,3,10,0,0),(228,91,'feature',35,4,10,0,0),(229,92,'feature',35,5,10,0,0),(230,93,'feature',35,6,10,0,0),(231,94,'feature',36,1,5,0,1),(232,95,'feature',36,2,5,0,1),(233,96,'feature',36,3,10,0,0),(234,97,'feature',36,4,10,0,0),(235,98,'feature',36,5,20,0,0),(236,99,'feature',36,6,20,0,0),(237,100,'feature',8,3,15,0,1),(238,101,'achievement',37,1,5,0,0),(239,102,'achievement',37,2,5,0,0),(240,103,'achievement',37,3,10,0,0),(241,104,'achievement',37,4,10,0,0),(242,105,'achievement',37,5,15,0,0),(243,106,'achievement',37,6,15,0,0),(244,107,'achievement',38,1,10,0,0),(245,108,'achievement',38,2,10,0,0),(246,109,'achievement',38,3,15,0,0),(247,110,'achievement',38,4,20,0,0),(248,111,'achievement',38,5,25,0,0),(249,112,'achievement',38,6,30,0,0),(250,113,'achievement',39,1,10,0,0),(251,114,'achievement',39,2,20,0,0),(252,115,'achievement',39,3,30,0,0),(253,116,'achievement',39,4,40,0,0),(254,117,'achievement',39,5,50,0,0),(255,118,'achievement',39,6,50,0,0),(256,119,'feature',40,1,10,0,0),(257,120,'feature',40,2,15,0,0),(258,121,'feature',40,3,20,0,0),(259,122,'feature',40,4,25,0,0);

--
-- Table structure for table `akoe_badge_lang`
--

CREATE TABLE `akoe_badge_lang` (
  `id_badge` int(11) NOT NULL,
  `id_lang` int(11) NOT NULL,
  `name` varchar(64) DEFAULT NULL,
  `description` varchar(255) DEFAULT NULL,
  `group_name` varchar(255) DEFAULT NULL,
  PRIMARY KEY (`id_badge`,`id_lang`)
) ENGINE=InnoDB DEFAULT CHARSET=utf8;

--
-- Dumping data for table `akoe_badge_lang`
--

INSERT INTO `akoe_badge_lang` VALUES (1,1,'Adyen installed','You have installed the Adyen module','Partners'),(2,1,'Adyen configured','You have configured the Adyen module','Partners'),(3,1,'Adyen active','Your Adyen module is active','Partners'),(4,1,'Adyen very active','Your Adyen module is very active','Partners'),(5,1,'HiPay installed','You have installed the HiPay module','Partners'),(6,1,'HiPay configured','You have configured the HiPay module','Partners'),(7,1,'HiPay active','Your Hipay module is active','Partners'),(8,1,'HiPay very active','Your HiPay module is very active','Partners'),(9,1,'Ogone installed','You have installed the Ogone module','Partners'),(10,1,'Ogone configuré','You have configured the Ogone module','Partners'),(11,1,'Ogone active','Your Ogone module is active','Partners'),(12,1,'Ogone very active','Your Ogone module is very active','Partners'),(13,1,'PayPal installed','You have installed the PayPal module','Partners'),(14,1,'PayPal configured','You have configured the PayPal module','Partners'),(15,1,'PayPal active','Your PayPal module is active','Partners'),(16,1,'PayPal very active','Your PayPal module is very active','Partners'),(17,1,'Shopgate installed','You have installed the Shopgate module','Partners'),(18,1,'Shopgate configured','You have configured the Shopgate module','Partners'),(19,1,'Shopgate active','Your Shopgate module is active','Partners'),(20,1,'Shopgate very active','Your Shopgate module is very active','Partners'),(21,1,'Skrill installed','You have installed the Skrill module','Partners'),(22,1,'Skrill configured','You have configured the Skrill module','Partners'),(23,1,'Skrill active','Your Skrill module is active','Partners'),(24,1,'Skrill very active','Your Skrill module is very active','Partners'),(25,1,'Sofort installed','You have installed the Sofort module','Partners'),(26,1,'Sofort configured','You have configured the Sofort module','Partners'),(27,1,'Sofort active','Your Sofort module is active','Partners'),(28,1,'Sofort very active','Your Sofort module is very active','Partners'),(29,1,'TextMaster installed','You have installed the TextMaster module','Partners'),(30,1,'TextMaster configured','You have configured the TextMaster module','Partners'),(31,1,'TextMaster active','Your TextMaster module is active','Partners'),(32,1,'TextMaster very active','Your TextMaster module is very active','Partners'),(33,1,'Paymill installed','You have installed the Paymill module','Partners'),(34,1,'Paymill active','Your Paymill module is active','Partners'),(35,1,'Paymill very active','Your Paymill module is very active','Partners'),(36,1,'Syspay installed','You have installed the Syspay module','Partners'),(37,1,'Syspay configured','You have configured the Syspay module','Partners'),(38,1,'Syspay active','Your Syspay module is active','Partners'),(39,1,'Syspay very active','Your Syspay module is very active','Partners'),(40,1,'Authorize Aim installed','You have installed the Authorize Aim module','Partners'),(41,1,'Authorize Aim configured','You have configured the Authorize Aim module','Partners'),(42,1,'Authorize Aim active','Your Authorize Aim module is active','Partners'),(43,1,'Authorize Aim very active','Your Authorize Aim module is very active','Partners'),(44,1,'Ebay installed','You have installed the Ebay module','Partners'),(45,1,'Ebay configured','You have configured the Ebay module','Partners'),(46,1,'Ebay active','Your Ebay module is active','Partners'),(47,1,'Ebay very active','Your Ebay module is very active','Partners'),(48,1,'PayPlug installed','You have installed the PayPlug module','Partners'),(49,1,'PayPlug configured','You have configured the PayPlug module','Partners'),(50,1,'PayPlug active','Your PayPlug module is active','Partners'),(51,1,'PayPlug very active','Your PayPlug module is very active','Partners'),(52,1,'Affinity Items installed','You have installed the Affinity Items module','Partners'),(53,1,'Affinity Items configured','You have configured the Affinity Items module','Partners'),(54,1,'DPD Poland installed','You have installed the DPD Poland module','Partners'),(55,1,'DPD Poland configured','You have configured the DPD Poland module','Partners'),(56,1,'DPD Poland active','Your DPD Poland module is active','Partners'),(57,1,'DPD Poland very active','Your DPD Poland module is very active','Partners'),(58,1,'Envoimoinscher installed','You have installed the Envoimoinscher module','Partners'),(59,1,'Envoimoinscher configured','You have configured the Envoimoinscher module','Partners'),(60,1,'Envoimoinscher active','Your Envoimoinscher module is active','Partners'),(61,1,'Envoimoinscher very active','Your Envoimoinscher module is very active','Partners'),(62,1,'Klik&Pay installed','You have installed the Klik&Pay module','Partners'),(63,1,'Klik&Pay configured','You have configured the Klik&Pay module','Partners'),(64,1,'Klik&Pay active','Your Klik&Pay module is active','Partners'),(65,1,'Klik&Pay very active','Your Klik&Pay module is very active','Partners'),(66,1,'Clickline installed','You have installed the Clickline module','Partners'),(67,1,'Clickline configured','You have configured the Clickline module','Partners'),(68,1,'Clickline active','Your Clickline module is active','Partners'),(69,1,'Clickline very active','Your Clickline module is very active','Partners'),(70,1,'CDiscount installed','You have installed the CDiscount module','Partners'),(71,1,'CDiscount configured','You have configured the CDiscount module','Partners'),(72,1,'CDiscount active','Your CDiscount module is active','Partners'),(73,1,'CDiscount very active','Your CDiscount module is very active','Partners'),(74,1,'illicoPresta installed','You have installed the illicoPresta module','Partners'),(75,1,'illicoPresta configured','You have configured the illicoPresta module','Partners'),(76,1,'illicoPresta active','Your illicoPresta module is active','Partners'),(77,1,'illicoPresta very active','Your illicoPresta module is very active','Partners'),(78,1,'NetReviews installed','You have installed the NetReviews module','Partners'),(79,1,'NetReviews configured','You have configured the NetReviews module','Partners'),(80,1,'NetReviews active','Your NetReviews module is active','Partners'),(81,1,'NetReviews very active','Your NetReviews module is very active','Partners'),(82,1,'Bluesnap installed','You have installed the Bluesnap module','Partners'),(83,1,'Bluesnap configured','You have configured the Bluesnap module','Partners'),(84,1,'Bluesnap active','Your Bluesnap module is active','Partners'),(85,1,'Bluesnap very active','Your Bluesnap module is very active','Partners'),(86,1,'Desjardins installed','You have installed the Desjardins module','Partners'),(87,1,'Desjardins configured','You have configured the Desjardins module','Partners'),(88,1,'Desjardins active','Your Desjardins module is active','Partners'),(89,1,'Desjardins very active','Your Desjardins module is very active','Partners'),(90,1,'First Data installed','You have installed the First Data module','Partners'),(91,1,'First Data configured','You have configured the First Data module','Partners'),(92,1,'First Data active','Your First Data module is active','Partners'),(93,1,'First Data very active','Your First Data module is very active','Partners'),(94,1,'Give.it installed','You have installed the Give.it module','Partners'),(95,1,'Give.it configured','You have configured the Give.it module','Partners'),(96,1,'Give.it active','Your Give.it module is active','Partners'),(97,1,'Give.it very active','Your Give.it module is very active','Partners'),(98,1,'Google Analytics installed','You have installed the Google Analytics module','Partners'),(99,1,'Google Analytics configured','You have configured the Google Analytics module','Partners'),(100,1,'Google Analytics active','Your Google Analytics module is active','Partners'),(101,1,'Google Analytics very active','Your Google Analytics module is very active','Partners'),(102,1,'PagSeguro installed','You have installed the PagSeguro module','Partners'),(103,1,'PagSeguro configured','You have configured the PagSeguro module','Partners'),(104,1,'PagSeguro active','Your PagSeguro module is active','Partners'),(105,1,'PagSeguro very active','Your PagSeguro module is very active','Partners'),(106,1,'Paypal MX installed','You have installed the Paypal MX module','Partners'),(107,1,'Paypal MX configured','You have configured the Paypal MX module','Partners'),(108,1,'Paypal MX active','Your Paypal MX module is active','Partners'),(109,1,'Paypal MX very active','Your Paypal MX module is very active','Partners'),(110,1,'Paypal USA installed','You have installed the Paypal USA module','Partners'),(111,1,'Paypal USA configured','You have configured the Paypal USA module','Partners'),(112,1,'Paypal USA active','Your Paypal USA module is active','Partners'),(113,1,'Paypal USA very active','Your Paypal USA module is very active','Partners'),(114,1,'PayULatam installed','You have installed the PayULatam module','Partners'),(115,1,'PayULatam configured','You have configured the PayULatam module','Partners'),(116,1,'PayULatam active','Your PayULatam module is active','Partners'),(117,1,'PayULatam very active','Your PayULatam module is very active','Partners'),(118,1,'PrestaStats installed','You have installed the PrestaStats module','Partners'),(119,1,'PrestaStats configured','You have configured the PrestaStats module','Partners'),(120,1,'PrestaStats active','Your PrestaStats module is active','Partners'),(121,1,'PrestaStats very active','Your PrestaStats module is very active','Partners'),(122,1,'Riskified installed','You have installed the Riskified module','Partners'),(123,1,'Riskified configured','You have configured the Riskified module','Partners'),(124,1,'Riskified active','Your Riskified module is active','Partners'),(125,1,'Riskified very active','Your Riskified module is very active','Partners'),(126,1,'Simplify installed','You have installed the Simplify module','Partners'),(127,1,'Simplify configured','You have configured the Simplify module','Partners'),(128,1,'Simplify active','Your Simplify module is active','Partners'),(129,1,'Simplify very active','Your Simplify module is very active','Partners'),(130,1,'VTPayment installed','You have installed the VTPayment module','Partners'),(131,1,'VTPayment configured','You have configured the VTPayment module','Partners'),(132,1,'VTPayment active','Your VTPayment module is active','Partners'),(133,1,'VTPayment very active','Your VTPayment module is very active','Partners'),(134,1,'Yotpo installed','You have installed the Yotpo module','Partners'),(135,1,'Yotpo configured','You have configured the Yotpo module','Partners'),(136,1,'Yotpo active','Your Yotpo module is active','Partners'),(137,1,'Yotpo very active','Your Yotpo module is very active','Partners'),(138,1,'Youstice installed','You have installed the Youstice module','Partners'),(139,1,'Youstice configured','You have configured the Youstice module','Partners'),(140,1,'Youstice active','Your Youstice module is active','Partners'),(141,1,'Youstice very active','Your Youstice module is very active','Partners'),(142,1,'Loyalty Lion installed','You have installed the Loyalty Lion module','Partners'),(143,1,'Loyalty Lion configured','You have configured the Loyalty Lion module','Partners'),(144,1,'Loyalty Lion active','Your Loyalty Lion module is active','Partners'),(145,1,'Loyalty Lion very active','Your Loyalty Lion module is very active','Partners'),(146,1,'SEO','You enabled the URL rewriting through the tab \"Preferences > SEO and URLs\".','SEO'),(147,1,'Site Performance','You enabled CCC (Combine, Compress and Cache), Rijndael and Smarty through the tab \r\nAdvanced Parameters > Performance.','Site Performance'),(148,1,'Site Performance','You enabled media servers through the tab \"Advanced parameters > Performance\".','Site Performance'),(149,1,'Payment','You configured a payment solution on your shop.','Payment'),(150,1,'Payment','You offer two different payment methods to your customers.','Payment'),(151,1,'Shipping','You configured a carrier on your shop.','Shipping'),(152,1,'Shipping','You offer two shipping solutions (carriers) to your customers.','Shipping'),(153,1,'Catalog Size','You added your first product to your catalog!','Catalog Size'),(154,1,'Catalog Size','You have 10 products within your catalog.','Catalog Size'),(155,1,'Contact information','You configured your phone number so your customers can reach you!','Contact information'),(156,1,'Contact information','You added a third email address to your contact form.','Contact information'),(157,1,'Contact information','You suggest a total of 5 departments to be reached by your customers via your contact form.','Contact information'),(158,1,'Catalog Size','You have 100 products within your catalog.','Catalog Size'),(159,1,'Catalog Size','You have 1,000 products within your catalog.','Catalog Size'),(160,1,'Catalog Size','You have 10,000 products within your catalog.','Catalog Size'),(161,1,'Catalog Size','You have 100,000 products within your catalog.','Catalog Size'),(162,1,'Days of Experience','You just installed PrestaShop!','Days of Experience'),(163,1,'Days of Experience','You installed PrestaShop a week ago!','Days of Experience'),(164,1,'Customization','You uploaded your own logo.','Customization'),(165,1,'Customization','You installed a new template.','Customization'),(166,1,'Addons','You connected your back-office to the Addons platform using your PrestaShop Addons account.','Addons'),(167,1,'Multistores','You enabled the Multistores feature.','Multistores'),(168,1,'Multistores','You manage two shops with the Multistores feature.','Multistores'),(169,1,'Multistores','You manage two different groups of shops using the Multistores feature.','Multistores'),(170,1,'Multistores','You manage five shops with the Multistores feature.','Multistores'),(171,1,'Multistores','You manage five different groups of shops using the Multistores feature.','Multistores'),(172,1,'Shipping','You offer three different shipping solutions (carriers) to your customers.','Shipping'),(173,1,'Payment','You offer three different payment methods to your customers.','Payment'),(174,1,'Revenue','You get this badge when you reach 100 EUR in sales.','Revenue'),(175,1,'Revenue','You get this badge when you reach 1,000 EUR in sales.','Revenue'),(176,1,'Revenue','You get this badge when you reach 10,000 EUR in sales.','Revenue'),(177,1,'Revenue','You get this badge when you reach 100,000 EUR in sales.','Revenue'),(178,1,'Revenue','You get this badge when you reach 1,000,000 EUR in sales.','Revenue'),(179,1,'Revenue','You get this badge when you reach 10,000,000 EUR in sales.','Revenue'),(180,1,'Days of Experience','You installed PrestaShop a month ago!','Days of Experience'),(181,1,'Days of Experience','You installed PrestaShop six months ago!','Days of Experience'),(182,1,'Days of Experience','You installed PrestaShop a year ago!','Days of Experience'),(183,1,'Days of Experience','You installed PrestaShop two years ago!','Days of Experience'),(184,1,'Visitors','You reached 10 visitors!','Visitors'),(185,1,'Visitors','You reached 100 visitors!','Visitors'),(186,1,'Visitors','You reached 1,000 visitors!','Visitors'),(187,1,'Visitors','You reached 10,000 visitors!','Visitors'),(188,1,'Visitors','You reached 100,000 visitors!','Visitors'),(189,1,'Visitors','You reached 1,000,000 visitors!','Visitors'),(190,1,'Customer Carts','Two carts have been created by visitors','Customer Carts'),(191,1,'Customer Carts','Ten carts have been created by visitors.','Customer Carts'),(192,1,'Customer Carts','A hundred carts have been created by visitors on your shop.','Customer Carts'),(193,1,'Customer Carts','A thousand carts have been created by visitors on your shop.','Customer Carts'),(194,1,'Customer Carts','10,000 carts have been created by visitors.','Customer Carts'),(195,1,'Customer Carts','100,000 carts have been created by visitors.','Customer Carts'),(196,1,'Orders','You received your first order.','Orders'),(197,1,'Orders','10 orders have been placed through your online shop.','Orders'),(198,1,'Orders','You received 100 orders through your online shop!','Orders'),(199,1,'Orders','You received 1,000 orders through your online shop, congrats!','Orders'),(200,1,'Orders','You received 10,000 orders through your online shop, cheers!','Orders'),(201,1,'Orders','You received 100,000 orders through your online shop!','Orders'),(202,1,'Customer Service Threads','You received  your first customer\'s message.','Customer Service Threads'),(203,1,'Customer Service Threads','You received 10 messages from your customers.','Customer Service Threads'),(204,1,'Customer Service Threads','You received 100 messages from your customers.','Customer Service Threads'),(205,1,'Customer Service Threads','You received 1,000 messages from your customers.','Customer Service Threads'),(206,1,'Customer Service Threads','You received 10,000 messages from your customers.','Customer Service Threads'),(207,1,'Customer Service Threads','You received 100,000 messages from your customers.','Customer Service Threads'),(208,1,'Customers','You got the first customer registered on your shop!','Customers'),(209,1,'Customers','You have over 10 customers registered on your shop.','Customers'),(210,1,'Customers','You have over 100 customers registered on your shop.','Customers'),(211,1,'Customers','You have over 1,000 customers registered on your shop.','Customers'),(212,1,'Customers','You have over 10,000 customers registered on your shop.','Customers'),(213,1,'Customers','You have over 100,000 customers registered on your shop.','Customers'),(214,1,'Western Europe','You got your first sale in Western Europe!','Western Europe'),(215,1,'Southern Europe','You got your first sale in Southern Europe!','Southern Europe'),(216,1,'Eastern Europe','You got your first sale in Eastern Europe!','Eastern Europe'),(217,1,'Central Europe','You got your first sale in Central Europe!','Central Europe'),(218,1,'Northern Europe','You got your first sale in Northern Europe!','Northern Europe'),(219,1,'North America','You got your first sale in North America','North America'),(220,1,'Oceania','You got your first sale in Oceania','Oceania'),(221,1,'Asia','You got your first sale in Asia','Asia'),(222,1,'South America','You got your first sale in South America','South America'),(223,1,'Africa','You got your first sale in Africa','Africa'),(224,1,'Maghreb','You got your first sale in Maghreb','Maghreb'),(225,1,'Your Team\'s Employees','First employee account added to your shop','Your Team\'s Employees'),(226,1,'Your Team\'s Employees','3 employee accounts added to your shop','Your Team\'s Employees'),(227,1,'Your Team\'s Employees','5 employee accounts added to your shop','Your Team\'s Employees'),(228,1,'Your Team\'s Employees','10 employee accounts added to your shop','Your Team\'s Employees'),(229,1,'Your Team\'s Employees','20 employee accounts added to your shop','Your Team\'s Employees'),(230,1,'Your Team\'s Employees','40 employee accounts added to your shop','Your Team\'s Employees'),(231,1,'Product Pictures','First photo added to your catalog','Product Pictures'),(232,1,'Product Pictures','50 photos added to your catalog','Product Pictures'),(233,1,'Product Pictures','100 photos added to your catalog','Product Pictures'),(234,1,'Product Pictures','1,000 photos added to your catalog','Product Pictures'),(235,1,'Product Pictures','10,000 photos added to your catalog','Product Pictures'),(236,1,'Product Pictures','50,000 photos added to your catalog','Product Pictures'),(237,1,'Customization','First CMS page added to your catalog','Customization'),(238,1,'Cart Rules','First cart rules configured on your shop','Cart Rules'),(239,1,'Cart Rules','You have 10 cart rules configured on your shop','Cart Rules'),(240,1,'Cart Rules','You have 100 cart rules configured on your shop','Cart Rules'),(241,1,'Cart Rules','You have 500 cart rules configured on your shop','Cart Rules'),(242,1,'Cart Rules','You have 1,000 cart rules configured on your shop','Cart Rules'),(243,1,'Cart Rules','You have 5,000 cart rules configured on your shop','Cart Rules'),(244,1,'International Orders','First international order placed on your shop.','International Orders'),(245,1,'International Orders','10 international orders placed on your shop.','International Orders'),(246,1,'International Orders','100 international orders placed on your shop!','International Orders'),(247,1,'International Orders','1,000 international orders placed on your shop!','International Orders'),(248,1,'International Orders','5,000 international orders placed on your shop!','International Orders'),(249,1,'International Orders','10,000 international orders placed on your shop!','International Orders'),(250,1,'Store','First store configured on your shop!','Store'),(251,1,'Store','You have 2 stores configured on your shop','Store'),(252,1,'Store','You have 5 stores configured on your shop','Store'),(253,1,'Store','You have 10 stores configured on your shop','Store'),(254,1,'Store','You have 20 stores configured on your shop','Store'),(255,1,'Store','You have 50 stores configured on your shop','Store'),(256,1,'Webservice x1','First webservice account added to your shop','WebService'),(257,1,'Webservice x2','2 webservice accounts added to your shop','WebService'),(258,1,'Webservice x3','3 webservice accounts added to your shop','WebService'),(259,1,'Webservice x4','4 webservice accounts added to your shop','WebService');

--
