-- Dumping data for table `akoe_orders`
--

INSERT INTO `akoe_orders` VALUES (1,'XKBKNABJK',1,1,2,1,1,1,1,4,4,6,'b44a6d9efd7a0076a0fbce6b15eaf3b1','Payment by check',1.000000,'ps_checkpayment',0,0,'',0,'',0.000000,0.000000,0.000000,61.800000,61.800000,61.800000,0.000000,59.800000,59.800000,2.000000,2.000000,2.000000,0.000,0.000000,0.000000,0.000000,0,0,0,0,'0000-00-00 00:00:00','0000-00-00 00:00:00',0,'2018-08-14 19:04:04','2018-08-14 19:04:04'),(2,'OHSATSERP',1,1,2,1,1,2,1,4,4,3,'b44a6d9efd7a0076a0fbce6b15eaf3b1','Payment by check',1.000000,'ps_checkpayment',0,0,'',0,'',0.000000,0.000000,0.000000,69.900000,69.900000,69.900000,69.900000,69.900000,69.900000,0.000000,0.000000,0.000000,0.000,0.000000,0.000000,0.000000,0,0,1,1,'2018-08-19 15:00:06','2018-08-19 15:00:06',1,'2018-08-14 19:04:04','2018-08-19 15:00:07'),(3,'UOYEVOLI',1,1,2,1,1,3,1,4,4,8,'b44a6d9efd7a0076a0fbce6b15eaf3b1','Payment by check',1.000000,'ps_checkpayment',0,0,'',0,'',0.000000,0.000000,0.000000,14.900000,14.900000,14.900000,0.000000,12.900000,12.900000,2.000000,2.000000,2.000000,0.000,0.000000,0.000000,0.000000,0,0,0,0,'0000-00-00 00:00:00','0000-00-00 00:00:00',0,'2018-08-14 19:04:04','2018-08-14 19:04:04'),(4,'FFATNOMMJ',1,1,2,1,1,4,1,4,4,1,'b44a6d9efd7a0076a0fbce6b15eaf3b1','Payment by check',1.000000,'ps_checkpayment',0,0,'',0,'',0.000000,0.000000,0.000000,14.900000,14.900000,14.900000,0.000000,12.900000,12.900000,2.000000,2.000000,2.000000,0.000,0.000000,0.000000,0.000000,0,0,0,0,'0000-00-00 00:00:00','0000-00-00 00:00:00',0,'2018-08-14 19:04:04','2018-08-14 19:04:04'),(5,'KHWLILZLL',1,1,2,1,1,5,1,4,4,10,'b44a6d9efd7a0076a0fbce6b15eaf3b1','Bank wire',1.000000,'ps_wirepayment',0,0,'',0,'',0.000000,0.000000,0.000000,20.900000,20.900000,20.900000,0.000000,18.900000,18.900000,2.000000,2.000000,2.000000,0.000,0.000000,0.000000,0.000000,0,0,0,0,'0000-00-00 00:00:00','0000-00-00 00:00:00',0,'2018-08-14 19:04:04','2018-08-14 19:04:04'),(6,'REGZKAJCS',1,1,9,1,2,6,1,5,5,10,'5b3b30a174b36467adbe985a32751070','Bankoverschrijving',1.000000,'ps_wirepayment',0,0,'',0,'',0.000000,0.000000,0.000000,267.500000,267.500000,221.070000,0.000000,213.220000,258.000000,9.500000,9.500000,7.850000,21.000,0.000000,0.000000,0.000000,2,2,0,0,'0000-00-00 00:00:00','0000-00-00 00:00:00',0,'2018-08-19 15:20:21','2018-08-19 15:20:21'),(7,'TRGUXXMPL',1,1,9,1,7,54,1,9,9,3,'9a63fb17ebb5c1d81a2966c352854ab4','iDEAL',1.000000,'mollie',0,0,'',0,'',0.000000,0.000000,0.000000,65.500000,65.500000,54.130000,65.500000,46.280000,56.000000,9.500000,9.500000,7.850000,21.000,0.000000,0.000000,0.000000,2,2,2,2,'2020-11-02 19:58:16','2020-11-09 22:23:52',1,'2020-11-02 19:58:16','2020-11-09 22:23:52'),(8,'RIYVBOVKY',1,1,9,1,8,60,1,10,10,3,'7841764aab8198c243bb2ce5374657c2','iDEAL',1.000000,'mollie',0,0,'',0,'',0.000000,0.000000,0.000000,65.500000,65.500000,54.130000,65.500000,46.280000,56.000000,9.500000,9.500000,7.850000,21.000,0.000000,0.000000,0.000000,2,2,3,3,'2021-04-02 23:07:29','2021-04-11 11:53:29',1,'2021-04-02 23:07:29','2021-04-11 11:53:29'),(9,'NPYSHLKHV',1,1,9,1,9,63,1,11,11,7,'a05365758459a53d507cfdbcbf0fc0e4','iDEAL',1.000000,'mollie',0,0,'',0,'',0.000000,0.000000,0.000000,129.200000,129.200000,106.780000,129.200000,98.930000,119.700000,9.500000,9.500000,7.850000,21.000,0.000000,0.000000,0.000000,2,2,4,0,'2021-05-23 11:04:51','0000-00-00 00:00:00',0,'2021-05-23 11:04:51','2021-06-03 02:05:07'),(10,'PWQWVUONO',1,1,9,1,10,64,1,12,12,2,'0036a6780cd524e18f63545153f612b3','Bancontact',1.000000,'mollie',0,0,'',0,'',0.000000,0.000000,0.000000,40.140000,40.140000,33.170000,40.140000,21.320000,25.800000,14.340000,14.340000,11.850000,21.000,0.000000,0.000000,0.000000,2,2,5,0,'2021-05-27 19:27:29','0000-00-00 00:00:00',1,'2021-05-27 19:27:28','2021-05-27 19:27:29'),(11,'UWZZLYXQQ',1,1,6,1,13,74,1,14,14,9,'5c9dd3d587f3a13cecf0f89c43f8b430','iDEAL',1.000000,'mollie',0,0,'',0,'',0.000000,0.000000,0.000000,190.710000,190.710000,157.610000,190.710000,156.610000,189.500000,1.210000,1.210000,1.000000,21.000,0.000000,0.000000,0.000000,2,2,6,0,'2022-01-15 17:08:34','0000-00-00 00:00:00',0,'2022-01-15 17:08:34','2022-01-21 23:31:00'),(12,'HVWNTMIZS',1,1,9,1,17,90,1,19,19,2,'04be6f802591ed5248d30e76c3da2b88','iDEAL',1.000000,'mollie',0,0,'',0,'',0.000000,0.000000,0.000000,81.500000,81.500000,67.350000,81.500000,59.500000,72.000000,9.500000,9.500000,7.850000,21.000,0.000000,0.000000,0.000000,2,2,7,0,'2023-03-22 18:52:37','0000-00-00 00:00:00',1,'2023-03-22 18:52:37','2023-03-22 18:52:37'),(13,'HOBYINNMJ',1,1,6,1,19,92,1,21,21,2,'8fc4797b58f7efa9997ef21de02f428e','iDEAL',1.000000,'mollie',0,0,'',0,'',0.000000,0.000000,0.000000,141.210000,141.210000,116.700000,141.210000,115.700000,140.000000,1.210000,1.210000,1.000000,21.000,0.000000,0.000000,0.000000,2,2,8,0,'2023-07-28 14:11:28','0000-00-00 00:00:00',1,'2023-07-28 14:11:28','2023-07-28 14:11:29');

--
-- Table structure for table `akoe_pack`
--

CREATE TABLE `akoe_pack` (
  `id_product_pack` int(10) unsigned NOT NULL,
  `id_product_item` int(10) unsigned NOT NULL,
  `id_product_attribute_item` int(10) unsigned NOT NULL,
  `quantity` int(10) unsigned NOT NULL DEFAULT 1,
  PRIMARY KEY (`id_product_pack`,`id_product_item`,`id_product_attribute_item`),
  KEY `product_item` (`id_product_item`,`id_product_attribute_item`)
) ENGINE=InnoDB DEFAULT CHARSET=utf8;

--
-- Dumping data for table `akoe_pack`
--


--
-- Table structure for table `akoe_page`
--

CREATE TABLE `akoe_page` (
  `id_page` int(10) unsigned NOT NULL AUTO_INCREMENT,
  `id_page_type` int(10) unsigned NOT NULL,
  `id_object` int(10) unsigned DEFAULT NULL,
  PRIMARY KEY (`id_page`),
  KEY `id_page_type` (`id_page_type`),
  KEY `id_object` (`id_object`)
) ENGINE=InnoDB AUTO_INCREMENT=85 DEFAULT CHARSET=utf8;

--
-- Dumping data for table `akoe_page`
--

INSERT INTO `akoe_page` VALUES (1,1,NULL),(2,2,NULL),(3,3,22),(4,4,NULL),(5,5,2),(6,6,NULL),(7,5,12),(8,7,NULL),(9,8,NULL),(10,9,NULL),(11,5,13),(12,5,11),(13,5,10),(14,10,NULL),(15,11,NULL),(16,12,NULL),(17,5,16),(18,13,1),(19,13,0),(20,14,NULL),(21,13,2),(22,3,24),(23,5,15),(24,3,23),(25,5,14),(26,15,NULL),(27,5,17),(28,3,25),(29,16,NULL),(30,5,18),(31,3,27),(32,3,26),(33,3,28),(34,3,29),(35,3,30),(36,5,19),(37,3,31),(38,17,NULL),(39,3,36),(40,3,32),(41,3,33),(42,3,34),(43,3,39),(44,3,40),(45,3,41),(46,3,38),(47,3,47),(48,3,42),(49,3,43),(50,3,44),(51,3,46),(52,3,45),(53,3,49),(54,3,51),(55,3,50),(56,3,52),(57,3,53),(58,3,48),(59,18,NULL),(60,5,21),(61,3,57),(62,3,62),(63,3,58),(64,3,55),(65,3,65),(66,3,60),(67,3,64),(68,3,59),(69,3,63),(70,3,61),(71,3,56),(72,3,54),(73,5,20),(74,3,66),(75,19,NULL),(76,20,NULL),(77,21,NULL),(78,22,NULL),(79,23,3),(80,24,NULL),(81,25,NULL),(82,26,NULL),(83,27,NULL),(84,23,0);

--
-- Table structure for table `akoe_page_type`
--

CREATE TABLE `akoe_page_type` (
  `id_page_type` int(10) unsigned NOT NULL AUTO_INCREMENT,
  `name` varchar(255) NOT NULL,
  PRIMARY KEY (`id_page_type`),
  KEY `name` (`name`)
) ENGINE=InnoDB AUTO_INCREMENT=28 DEFAULT CHARSET=utf8;

--
-- Dumping data for table `akoe_page_type`
--

INSERT INTO `akoe_page_type` VALUES (26,'address'),(15,'authentication'),(10,'bestsales'),(25,'cart'),(5,'category'),(12,'cms'),(8,'contact'),(20,'filesmanager'),(21,'guesttracking'),(24,'history'),(1,'index'),(13,'manufacturer'),(9,'newproducts'),(23,'order'),(11,'orderconfirmation'),(2,'pagenotfound'),(16,'password'),(18,'paymentConfirmation'),(7,'pricesdrop'),(3,'product'),(22,'return'),(19,'saverotate'),(17,'search'),(4,'sitemap'),(6,'stores'),(14,'supplier'),(27,'view');

--
-- Table structure for table `akoe_page_viewed`
--

CREATE TABLE `akoe_page_viewed` (
  `id_page` int(10) unsigned NOT NULL,
  `id_shop_group` int(10) unsigned NOT NULL DEFAULT 1,
  `id_shop` int(10) unsigned NOT NULL DEFAULT 1,
  `id_date_range` int(10) unsigned NOT NULL,
  `counter` int(10) unsigned NOT NULL,
  PRIMARY KEY (`id_page`,`id_date_range`,`id_shop`)
) ENGINE=InnoDB DEFAULT CHARSET=utf8;

--
-- Dumping data for table `akoe_page_viewed`
--


--
-- Table structure for table `akoe_pagenotfound`
--

CREATE TABLE `akoe_pagenotfound` (
  `id_pagenotfound` int(10) unsigned NOT NULL AUTO_INCREMENT,
  `id_shop` int(10) unsigned NOT NULL DEFAULT 1,
  `id_shop_group` int(10) unsigned NOT NULL DEFAULT 1,
  `request_uri` varchar(256) NOT NULL,
  `http_referer` varchar(256) NOT NULL,
  `date_add` datetime NOT NULL,
  PRIMARY KEY (`id_pagenotfound`),
  KEY `date_add` (`date_add`)
) ENGINE=InnoDB DEFAULT CHARSET=utf8;

--
-- Dumping data for table `akoe_pagenotfound`
--


--
-- Table structure for table `akoe_product`
--

CREATE TABLE `akoe_product` (
  `id_product` int(10) unsigned NOT NULL AUTO_INCREMENT,
  `id_supplier` int(10) unsigned DEFAULT NULL,
  `id_manufacturer` int(10) unsigned DEFAULT NULL,
  `id_category_default` int(10) unsigned DEFAULT NULL,
  `id_shop_default` int(10) unsigned NOT NULL DEFAULT 1,
  `id_tax_rules_group` int(11) unsigned NOT NULL,
  `on_sale` tinyint(1) unsigned NOT NULL DEFAULT 0,
  `online_only` tinyint(1) unsigned NOT NULL DEFAULT 0,
  `ean13` varchar(13) DEFAULT NULL,
  `isbn` varchar(32) DEFAULT NULL,
  `upc` varchar(12) DEFAULT NULL,
  `ecotax` decimal(17,6) NOT NULL DEFAULT 0.000000,
  `quantity` int(10) NOT NULL DEFAULT 0,
  `minimal_quantity` int(10) unsigned NOT NULL DEFAULT 1,
  `low_stock_threshold` int(10) DEFAULT NULL,
  `low_stock_alert` tinyint(1) NOT NULL DEFAULT 0,
  `price` decimal(20,6) NOT NULL DEFAULT 0.000000,
  `wholesale_price` decimal(20,6) NOT NULL DEFAULT 0.000000,
  `unity` varchar(255) DEFAULT NULL,
  `unit_price_ratio` decimal(20,6) NOT NULL DEFAULT 0.000000,
  `additional_shipping_cost` decimal(20,2) NOT NULL DEFAULT 0.00,
  `reference` varchar(32) DEFAULT NULL,
  `supplier_reference` varchar(32) DEFAULT NULL,
  `location` varchar(64) DEFAULT NULL,
  `width` decimal(20,6) NOT NULL DEFAULT 0.000000,
  `height` decimal(20,6) NOT NULL DEFAULT 0.000000,
  `depth` decimal(20,6) NOT NULL DEFAULT 0.000000,
  `weight` decimal(20,6) NOT NULL DEFAULT 0.000000,
  `out_of_stock` int(10) unsigned NOT NULL DEFAULT 2,
  `additional_delivery_times` tinyint(1) unsigned NOT NULL DEFAULT 1,
  `quantity_discount` tinyint(1) DEFAULT 0,
  `customizable` tinyint(2) NOT NULL DEFAULT 0,
  `uploadable_files` tinyint(4) NOT NULL DEFAULT 0,
  `text_fields` tinyint(4) NOT NULL DEFAULT 0,
  `active` tinyint(1) unsigned NOT NULL DEFAULT 0,
  `redirect_type` enum('','404','301-product','302-product','301-category','302-category') NOT NULL DEFAULT '',
  `id_type_redirected` int(10) unsigned NOT NULL DEFAULT 0,
  `available_for_order` tinyint(1) NOT NULL DEFAULT 1,
  `available_date` date DEFAULT NULL,
  `show_condition` tinyint(1) NOT NULL DEFAULT 0,
  `condition` enum('new','used','refurbished') NOT NULL DEFAULT 'new',
  `show_price` tinyint(1) NOT NULL DEFAULT 1,
  `indexed` tinyint(1) NOT NULL DEFAULT 0,
  `visibility` enum('both','catalog','search','none') NOT NULL DEFAULT 'both',
  `cache_is_pack` tinyint(1) NOT NULL DEFAULT 0,
  `cache_has_attachments` tinyint(1) NOT NULL DEFAULT 0,
  `is_virtual` tinyint(1) NOT NULL DEFAULT 0,
  `cache_default_attribute` int(10) unsigned DEFAULT NULL,
  `date_add` datetime NOT NULL,
  `date_upd` datetime NOT NULL,
  `advanced_stock_management` tinyint(1) NOT NULL DEFAULT 0,
  `pack_stock_type` int(11) unsigned NOT NULL DEFAULT 3,
  `state` int(11) unsigned NOT NULL DEFAULT 1,
  PRIMARY KEY (`id_product`),
  KEY `product_supplier` (`id_supplier`),
  KEY `product_manufacturer` (`id_manufacturer`,`id_product`),
  KEY `id_category_default` (`id_category_default`),
  KEY `indexed` (`indexed`),
  KEY `date_add` (`date_add`),
  KEY `state` (`state`,`date_upd`)
) ENGINE=InnoDB AUTO_INCREMENT=67 DEFAULT CHARSET=utf8;

--
-- Dumping data for table `akoe_product`
--

INSERT INTO `akoe_product` VALUES (22,0,0,2,1,1,1,0,'','','',0.000000,0,1,NULL,0,41.280992,0.000000,'',0.000000,0.00,'','','',0.000000,0.000000,0.000000,0.000000,2,1,0,0,0,0,1,'404',0,1,'0000-00-00',0,'new',1,1,'both',0,0,0,0,'2018-08-19 01:43:22','2018-11-27 18:11:13',0,3,1),(23,0,0,2,1,1,1,0,'','','',0.000000,0,1,NULL,0,41.280992,0.000000,'',0.000000,0.00,'','','',0.000000,0.000000,0.000000,0.000000,2,1,0,0,0,0,1,'404',0,1,'0000-00-00',0,'new',1,1,'both',0,0,0,0,'2018-08-19 15:51:55','2018-11-27 18:43:19',0,3,1),(24,0,0,2,1,1,1,0,'','','',0.000000,0,1,NULL,0,41.280992,0.000000,'',0.000000,0.00,'','','',0.000000,0.000000,0.000000,0.000000,2,1,0,0,0,0,1,'404',0,1,'0000-00-00',0,'new',1,1,'both',0,0,0,0,'2018-08-19 16:15:20','2018-11-27 18:42:57',0,3,1),(25,0,0,2,1,1,0,0,'','','',0.000000,0,1,NULL,0,2.438017,0.000000,'',0.000000,0.00,'','','',0.000000,0.000000,0.000000,0.000000,2,1,0,0,0,0,1,'404',0,1,'0000-00-00',0,'new',1,0,'both',0,0,0,0,'2018-08-25 20:51:32','2018-08-25 20:57:12',0,3,1),(26,0,0,2,1,1,0,0,'','','',0.000000,0,1,NULL,0,288.429752,0.000000,'',0.000000,0.00,'','','',0.000000,0.000000,0.000000,0.000000,2,2,0,0,0,0,1,'404',0,1,'0000-00-00',0,'new',1,1,'both',0,0,0,0,'2018-09-02 01:23:07','2018-09-02 01:46:12',0,3,1),(27,0,0,2,1,1,0,0,'','','',0.000000,0,1,NULL,0,288.429752,0.000000,'',0.000000,0.00,'','','',0.000000,0.000000,0.000000,0.000000,2,2,0,0,0,0,1,'404',0,1,'0000-00-00',0,'new',1,1,'both',0,0,0,0,'2018-09-02 01:40:55','2018-09-02 01:46:23',0,3,1),(28,0,0,2,1,1,0,0,'','','',0.000000,0,1,NULL,0,243.801653,0.000000,'',0.000000,0.00,'','','',0.000000,0.000000,0.000000,0.000000,2,2,0,0,0,0,1,'404',0,1,'0000-00-00',0,'new',1,1,'both',0,0,0,0,'2018-09-06 01:01:52','2018-09-06 01:11:52',0,3,1),(29,0,0,2,1,1,0,0,'','','',0.000000,0,1,NULL,0,953.719008,0.000000,'',0.000000,0.00,'','','',0.000000,0.000000,0.000000,0.000000,2,1,0,0,0,0,1,'404',0,1,'0000-00-00',0,'new',1,1,'both',0,0,0,0,'2018-09-07 20:28:59','2018-09-07 20:41:28',0,3,1),(30,0,0,2,1,1,0,0,'','','',0.000000,0,1,NULL,0,71.900826,0.000000,'',0.000000,0.00,'','','',0.000000,0.000000,0.000000,0.000000,2,1,0,0,0,0,1,'404',0,1,'0000-00-00',0,'new',1,1,'both',0,0,0,0,'2018-09-08 22:11:21','2018-09-08 22:14:17',0,3,1),(31,0,0,2,1,1,0,0,'','','',0.000000,0,1,NULL,0,243.801653,0.000000,'',0.000000,0.00,'','','',0.000000,0.000000,0.000000,0.000000,2,2,0,0,0,0,1,'404',0,1,'0000-00-00',0,'new',1,0,'both',0,0,0,0,'2018-09-13 01:18:31','2018-09-13 01:25:28',0,3,1),(32,0,0,2,1,1,0,0,'','','',0.000000,0,1,NULL,0,71.900826,0.000000,'',0.000000,0.00,'','','',0.000000,0.000000,0.000000,0.000000,2,1,0,0,0,0,1,'404',0,1,'0000-00-00',0,'new',1,1,'both',0,0,0,0,'2018-11-04 19:52:12','2018-11-22 00:59:33',0,3,1),(33,0,0,2,1,1,0,0,'','','',0.000000,0,1,NULL,0,16.487603,0.000000,'',0.000000,0.00,'','','',0.000000,0.000000,0.000000,0.000000,2,1,0,0,0,0,1,'404',0,1,'0000-00-00',0,'new',1,1,'both',0,0,0,0,'2018-11-04 20:05:19','2018-11-27 18:09:52',0,3,1),(34,0,0,2,1,1,0,0,'','','',0.000000,0,1,NULL,0,16.487603,0.000000,'',0.000000,0.00,'','','',0.000000,0.000000,0.000000,0.000000,2,1,0,0,0,0,1,'404',0,1,'0000-00-00',0,'new',1,1,'both',0,0,0,0,'2018-11-04 20:27:04','2018-11-27 18:09:30',0,3,1),(36,0,0,2,1,1,0,0,'','','',0.000000,0,1,NULL,0,90.082645,0.000000,'',0.000000,0.00,'','','',0.000000,0.000000,0.000000,0.000000,2,1,0,0,0,0,1,'404',0,1,'0000-00-00',0,'new',1,1,'both',0,0,0,0,'2018-11-04 20:30:41','2019-06-18 20:42:36',0,3,1),(38,0,0,2,1,1,0,0,'','','',0.000000,0,1,NULL,0,15.661157,0.000000,'',0.000000,0.00,'','','',0.000000,0.000000,0.000000,0.000000,2,1,0,0,0,0,1,'404',0,1,'0000-00-00',0,'new',1,1,'both',0,0,0,0,'2018-11-27 18:23:18','2018-11-28 21:51:00',0,3,1),(39,0,0,2,1,1,1,0,'','','',0.000000,0,1,NULL,0,15.661157,0.000000,'',0.000000,0.00,'','','',0.000000,0.000000,0.000000,0.000000,2,1,0,0,0,0,1,'404',0,1,'0000-00-00',0,'new',1,1,'both',0,0,0,0,'2018-11-27 18:28:47','2019-04-14 20:33:46',0,3,1),(40,0,0,2,1,1,0,0,'','','',0.000000,0,1,NULL,0,15.661157,0.000000,'',0.000000,0.00,'','','',0.000000,0.000000,0.000000,0.000000,2,1,0,0,0,0,1,'404',0,1,'0000-00-00',0,'new',1,1,'both',0,0,0,0,'2018-11-27 18:33:51','2018-11-28 21:51:00',0,3,1),(41,0,0,2,1,1,0,0,'','','',0.000000,0,1,NULL,0,98.347107,0.000000,'',0.000000,0.00,'','','',0.000000,0.000000,0.000000,0.000000,2,1,0,0,0,0,1,'404',0,1,'0000-00-00',0,'new',1,1,'both',0,0,0,0,'2018-11-27 18:35:00','2019-06-18 20:40:49',0,3,1),(42,0,0,2,1,1,0,0,'','','',0.000000,0,1,NULL,0,19.834711,0.000000,'',0.000000,0.00,'','','',0.000000,0.000000,0.000000,0.000000,2,1,0,0,0,0,1,'404',0,1,'0000-00-00',0,'new',1,1,'both',0,0,0,0,'2018-12-05 22:53:51','2020-01-11 22:46:12',0,3,1),(43,0,0,2,1,1,0,0,'','','',0.000000,0,1,NULL,0,19.834711,0.000000,'',0.000000,0.00,'','','',0.000000,0.000000,0.000000,0.000000,2,1,0,0,0,0,1,'404',0,1,'0000-00-00',0,'new',1,1,'both',0,0,0,0,'2018-12-05 23:03:54','2020-01-11 22:44:10',0,3,1),(44,0,0,2,1,1,0,0,'','','',0.000000,0,1,NULL,0,19.834711,0.000000,'',0.000000,0.00,'','','',0.000000,0.000000,0.000000,0.000000,2,1,0,0,0,0,1,'404',0,1,'0000-00-00',0,'new',1,1,'both',0,0,0,0,'2018-12-05 23:13:16','2020-01-11 22:47:23',0,3,1),(45,0,0,2,1,1,0,0,'','','',0.000000,0,1,NULL,0,19.834711,0.000000,'',0.000000,0.00,'','','',0.000000,0.000000,0.000000,0.000000,2,1,0,0,0,0,1,'404',0,1,'0000-00-00',0,'new',1,1,'both',0,0,0,0,'2018-12-05 23:15:01','2020-01-11 22:47:02',0,3,1),(46,0,0,2,1,1,0,0,'','','',0.000000,0,1,NULL,0,19.834711,0.000000,'',0.000000,0.00,'','','',0.000000,0.000000,0.000000,0.000000,2,1,0,0,0,0,1,'404',0,1,'0000-00-00',0,'new',1,1,'both',0,0,0,0,'2018-12-05 23:17:37','2020-01-11 22:47:51',0,3,1),(47,0,0,2,1,1,1,0,'','','',0.000000,0,1,NULL,0,19.834711,0.000000,'',0.000000,0.00,'','','',0.000000,0.000000,0.000000,0.000000,2,1,0,0,0,0,1,'404',0,1,'0000-00-00',0,'new',1,1,'both',0,0,0,0,'2018-12-05 23:19:27','2020-01-11 22:50:21',0,3,1),(48,0,0,2,1,1,0,0,'','','',0.000000,0,1,NULL,0,22.272727,0.000000,'',0.000000,0.00,'','','',0.000000,0.000000,0.000000,0.000000,2,1,0,0,0,0,1,'404',0,1,'0000-00-00',0,'new',1,1,'both',0,0,0,0,'2019-01-05 21:44:46','2019-01-05 21:55:10',0,3,1),(49,0,0,2,1,1,0,0,'','','',0.000000,0,1,NULL,0,22.272727,0.000000,'',0.000000,0.00,'','','',0.000000,0.000000,0.000000,0.000000,2,1,0,0,0,0,1,'404',0,1,'0000-00-00',0,'new',1,1,'both',0,0,0,0,'2019-01-05 21:51:24','2019-01-05 21:55:28',0,3,1),(50,0,0,2,1,1,0,0,'','','',0.000000,0,1,NULL,0,22.272727,0.000000,'',0.000000,0.00,'','','',0.000000,0.000000,0.000000,0.000000,2,1,0,0,0,0,1,'404',0,1,'0000-00-00',0,'new',1,1,'both',0,0,0,0,'2019-01-05 21:53:00','2019-01-05 22:00:29',0,3,1),(51,0,0,2,1,1,0,0,'','','',0.000000,0,1,NULL,0,20.619835,0.000000,'',0.000000,0.00,'','','',0.000000,0.000000,0.000000,0.000000,2,1,0,0,0,0,1,'404',0,1,'0000-00-00',0,'new',1,1,'both',0,0,0,0,'2019-01-05 21:55:45','2019-09-15 14:10:38',0,3,1),(52,0,0,2,1,1,0,0,'','','',0.000000,0,1,NULL,0,20.619835,0.000000,'',0.000000,0.00,'','','',0.000000,0.000000,0.000000,0.000000,2,1,0,0,0,0,1,'404',0,1,'0000-00-00',0,'new',1,1,'both',0,0,0,0,'2019-01-05 21:57:39','2019-01-05 21:59:57',0,3,1),(53,0,0,2,1,1,1,0,'','','',0.000000,0,1,NULL,0,20.619835,0.000000,'',0.000000,0.00,'','','',0.000000,0.000000,0.000000,0.000000,2,1,0,0,0,0,1,'404',0,1,'0000-00-00',0,'new',1,1,'both',0,0,0,0,'2019-01-05 21:58:51','2019-09-15 14:09:58',0,3,1),(54,0,0,2,1,1,0,0,'','','',0.000000,0,1,NULL,0,7.396694,0.000000,'',0.000000,0.00,'','','',0.000000,0.000000,0.000000,0.000000,2,1,0,0,0,0,1,'404',0,1,'0000-00-00',0,'new',1,1,'both',0,0,0,0,'2019-09-15 14:11:21','2019-09-15 14:14:40',0,3,1),(55,0,0,2,1,1,0,0,'','','',0.000000,0,1,NULL,0,15.661157,0.000000,'',0.000000,0.00,'','','',0.000000,0.000000,0.000000,0.000000,2,1,0,0,0,0,1,'404',0,1,'0000-00-00',0,'new',1,1,'both',0,0,0,0,'2019-09-15 14:14:49','2019-09-15 14:29:53',0,3,1),(56,0,0,2,1,1,0,0,'','','',0.000000,0,1,NULL,0,15.702479,0.000000,'',0.000000,0.00,'','','',0.000000,0.000000,0.000000,0.000000,2,1,0,0,0,0,1,'404',0,1,'0000-00-00',0,'new',1,1,'both',0,0,0,0,'2019-09-15 14:17:51','2019-09-15 14:22:43',0,3,1),(57,0,0,2,1,1,0,0,'','','',0.000000,0,1,NULL,0,9.917355,0.000000,'',0.000000,0.00,'','','',0.000000,0.000000,0.000000,0.000000,2,1,0,0,0,0,1,'404',0,1,'0000-00-00',0,'new',1,1,'both',0,0,0,0,'2019-09-15 14:22:43','2019-09-15 14:29:43',0,3,1),(58,0,0,2,1,1,0,0,'','','',0.000000,0,1,NULL,0,13.223140,0.000000,'',0.000000,0.00,'','','',0.000000,0.000000,0.000000,0.000000,2,1,0,0,0,0,1,'404',0,1,'0000-00-00',0,'new',1,1,'both',0,0,0,0,'2019-09-15 14:23:39','2019-09-15 14:24:44',0,3,1),(59,0,0,2,1,1,0,0,'','','',0.000000,0,1,NULL,0,16.528925,0.000000,'',0.000000,0.00,'','','',0.000000,0.000000,0.000000,0.000000,2,1,0,0,0,0,1,'404',0,1,'0000-00-00',0,'new',1,1,'both',0,0,0,0,'2019-09-15 14:24:45','2019-09-15 14:30:06',0,3,1),(60,0,0,2,1,1,0,0,'','','',0.000000,0,1,NULL,0,12.396694,0.000000,'',0.000000,0.00,'','','',0.000000,0.000000,0.000000,0.000000,2,1,0,0,0,0,1,'404',0,1,'0000-00-00',0,'new',1,1,'both',0,0,0,0,'2019-09-15 14:26:43','2019-09-15 14:28:08',0,3,1),(61,0,0,2,1,1,0,0,'','','',0.000000,0,1,NULL,0,14.876033,0.000000,'',0.000000,0.00,'','','',0.000000,0.000000,0.000000,0.000000,2,1,0,0,0,0,1,'404',0,1,'0000-00-00',0,'new',1,1,'both',0,0,0,0,'2019-09-15 14:28:09','2019-09-15 14:28:49',0,3,1),(62,0,0,2,1,1,0,0,'','','',0.000000,0,1,NULL,0,19.834711,0.000000,'',0.000000,0.00,'','','',0.000000,0.000000,0.000000,0.000000,2,1,0,0,0,0,1,'404',0,1,'0000-00-00',0,'new',1,1,'both',0,0,0,0,'2019-09-15 14:30:06','2019-09-15 14:30:31',0,3,1),(63,0,0,2,1,1,0,0,'','','',0.000000,0,1,NULL,0,11.570248,0.000000,'',0.000000,0.00,'','','',0.000000,0.000000,0.000000,0.000000,2,1,0,0,0,0,1,'404',0,1,'0000-00-00',0,'new',1,1,'both',0,0,0,0,'2019-09-15 14:30:31','2019-09-15 14:32:04',0,3,1),(64,0,0,2,1,1,0,0,'','','',0.000000,0,1,NULL,0,17.355372,0.000000,'',0.000000,0.00,'','','',0.000000,0.000000,0.000000,0.000000,2,1,0,0,0,0,1,'404',0,1,'0000-00-00',0,'new',1,1,'both',0,0,0,0,'2019-09-15 14:32:05','2019-09-15 14:34:07',0,3,1),(65,0,0,2,1,1,0,0,'','','',0.000000,0,1,NULL,0,23.140496,0.000000,'',0.000000,0.00,'','','',0.000000,0.000000,0.000000,0.000000,2,1,0,0,0,0,1,'404',0,1,'0000-00-00',0,'new',1,1,'both',0,0,0,0,'2019-09-15 14:33:18','2019-09-15 14:33:54',0,3,1),(66,0,0,2,1,1,0,0,'','','',0.000000,0,1,NULL,0,18.966942,0.000000,'',0.000000,0.00,'','','',0.000000,0.000000,0.000000,0.000000,2,1,0,0,0,0,1,'404',0,1,'0000-00-00',0,'new',1,1,'both',0,0,0,0,'2019-09-26 00:51:04','2019-09-26 00:53:07',0,3,1);

--
-- Table structure for table `akoe_product_attachment`
--

CREATE TABLE `akoe_product_attachment` (
  `id_product` int(10) unsigned NOT NULL,
  `id_attachment` int(10) unsigned NOT NULL,
  PRIMARY KEY (`id_product`,`id_attachment`)
) ENGINE=InnoDB DEFAULT CHARSET=utf8;

--
-- Dumping data for table `akoe_product_attachment`
--


--
-- Table structure for table `akoe_product_attribute`
--

CREATE TABLE `akoe_product_attribute` (
  `id_product_attribute` int(10) unsigned NOT NULL AUTO_INCREMENT,
  `id_product` int(10) unsigned NOT NULL,
  `reference` varchar(32) DEFAULT NULL,
  `supplier_reference` varchar(32) DEFAULT NULL,
  `location` varchar(64) DEFAULT NULL,
  `ean13` varchar(13) DEFAULT NULL,
  `isbn` varchar(32) DEFAULT NULL,
  `upc` varchar(12) DEFAULT NULL,
  `wholesale_price` decimal(20,6) NOT NULL DEFAULT 0.000000,
  `price` decimal(20,6) NOT NULL DEFAULT 0.000000,
  `ecotax` decimal(17,6) NOT NULL DEFAULT 0.000000,
  `quantity` int(10) NOT NULL DEFAULT 0,
  `weight` decimal(20,6) NOT NULL DEFAULT 0.000000,
  `unit_price_impact` decimal(20,6) NOT NULL DEFAULT 0.000000,
  `default_on` tinyint(1) unsigned DEFAULT NULL,
  `minimal_quantity` int(10) unsigned NOT NULL DEFAULT 1,
  `low_stock_threshold` int(10) DEFAULT NULL,
  `low_stock_alert` tinyint(1) NOT NULL DEFAULT 0,
  `available_date` date DEFAULT NULL,
  PRIMARY KEY (`id_product_attribute`),
  UNIQUE KEY `product_default` (`id_product`,`default_on`),
  KEY `product_attribute_product` (`id_product`),
  KEY `reference` (`reference`),
  KEY `supplier_reference` (`supplier_reference`),
  KEY `id_product_id_product_attribute` (`id_product_attribute`,`id_product`)
) ENGINE=InnoDB DEFAULT CHARSET=utf8;

--
-- Dumping data for table `akoe_product_attribute`
--


--
-- Table structure for table `akoe_product_attribute_combination`
--

CREATE TABLE `akoe_product_attribute_combination` (
  `id_attribute` int(10) unsigned NOT NULL,
  `id_product_attribute` int(10) unsigned NOT NULL,
  PRIMARY KEY (`id_attribute`,`id_product_attribute`),
  KEY `id_product_attribute` (`id_product_attribute`)
) ENGINE=InnoDB DEFAULT CHARSET=utf8;

--
-- Dumping data for table `akoe_product_attribute_combination`
--


--
-- Table structure for table `akoe_product_attribute_image`
--

CREATE TABLE `akoe_product_attribute_image` (
  `id_product_attribute` int(10) unsigned NOT NULL,
  `id_image` int(10) unsigned NOT NULL,
  PRIMARY KEY (`id_product_attribute`,`id_image`),
  KEY `id_image` (`id_image`)
) ENGINE=InnoDB DEFAULT CHARSET=utf8;

--
-- Dumping data for table `akoe_product_attribute_image`
--


--
-- Table structure for table `akoe_product_attribute_shop`
--

CREATE TABLE `akoe_product_attribute_shop` (
  `id_product` int(10) unsigned NOT NULL,
  `id_product_attribute` int(10) unsigned NOT NULL,
  `id_shop` int(10) unsigned NOT NULL,
  `wholesale_price` decimal(20,6) NOT NULL DEFAULT 0.000000,
  `price` decimal(20,6) NOT NULL DEFAULT 0.000000,
  `ecotax` decimal(17,6) NOT NULL DEFAULT 0.000000,
  `weight` decimal(20,6) NOT NULL DEFAULT 0.000000,
  `unit_price_impact` decimal(20,6) NOT NULL DEFAULT 0.000000,
  `default_on` tinyint(1) unsigned DEFAULT NULL,
  `minimal_quantity` int(10) unsigned NOT NULL DEFAULT 1,
  `low_stock_threshold` int(10) DEFAULT NULL,
  `low_stock_alert` tinyint(1) NOT NULL DEFAULT 0,
  `available_date` date DEFAULT NULL,
  PRIMARY KEY (`id_product_attribute`,`id_shop`),
  UNIQUE KEY `id_product` (`id_product`,`id_shop`,`default_on`)
) ENGINE=InnoDB DEFAULT CHARSET=utf8;

--
-- Dumping data for table `akoe_product_attribute_shop`
--


--
-- Table structure for table `akoe_product_carrier`
--

CREATE TABLE `akoe_product_carrier` (
  `id_product` int(10) unsigned NOT NULL,
  `id_carrier_reference` int(10) unsigned NOT NULL,
  `id_shop` int(10) unsigned NOT NULL,
  PRIMARY KEY (`id_product`,`id_carrier_reference`,`id_shop`)
) ENGINE=InnoDB DEFAULT CHARSET=utf8;

--
-- Dumping data for table `akoe_product_carrier`
--

INSERT INTO `akoe_product_carrier` VALUES (25,1,1),(25,2,1),(26,1,1),(26,2,1),(54,1,1),(54,10,1),(55,1,1),(55,10,1),(64,1,1),(64,10,1),(65,1,1),(65,10,1),(66,1,1),(66,10,1);

--
-- Table structure for table `akoe_product_country_tax`
--

CREATE TABLE `akoe_product_country_tax` (
  `id_product` int(11) NOT NULL,
  `id_country` int(11) NOT NULL,
  `id_tax` int(11) NOT NULL,
  PRIMARY KEY (`id_product`,`id_country`)
) ENGINE=InnoDB DEFAULT CHARSET=utf8;

--
-- Dumping data for table `akoe_product_country_tax`
--


--
-- Table structure for table `akoe_product_download`
--

CREATE TABLE `akoe_product_download` (
  `id_product_download` int(10) unsigned NOT NULL AUTO_INCREMENT,
  `id_product` int(10) unsigned NOT NULL,
  `display_filename` varchar(255) DEFAULT NULL,
  `filename` varchar(255) DEFAULT NULL,
  `date_add` datetime NOT NULL,
  `date_expiration` datetime DEFAULT NULL,
  `nb_days_accessible` int(10) unsigned DEFAULT NULL,
  `nb_downloadable` int(10) unsigned DEFAULT 1,
  `active` tinyint(1) unsigned NOT NULL DEFAULT 1,
  `is_shareable` tinyint(1) unsigned NOT NULL DEFAULT 0,
  PRIMARY KEY (`id_product_download`),
  UNIQUE KEY `id_product` (`id_product`),
  KEY `product_active` (`id_product`,`active`)
) ENGINE=InnoDB DEFAULT CHARSET=utf8;

--
-- Dumping data for table `akoe_product_download`
--


--
-- Table structure for table `akoe_product_group_reduction_cache`
--

CREATE TABLE `akoe_product_group_reduction_cache` (
  `id_product` int(10) unsigned NOT NULL,
  `id_group` int(10) unsigned NOT NULL,
  `reduction` decimal(4,3) NOT NULL,
  PRIMARY KEY (`id_product`,`id_group`)
) ENGINE=InnoDB DEFAULT CHARSET=utf8;

--
-- Dumping data for table `akoe_product_group_reduction_cache`
--


--
-- Table structure for table `akoe_product_lang`
--

CREATE TABLE `akoe_product_lang` (
  `id_product` int(10) unsigned NOT NULL,
  `id_shop` int(11) unsigned NOT NULL DEFAULT 1,
  `id_lang` int(10) unsigned NOT NULL,
  `description` text DEFAULT NULL,
  `description_short` text DEFAULT NULL,
  `link_rewrite` varchar(128) NOT NULL,
  `meta_description` varchar(255) DEFAULT NULL,
  `meta_keywords` varchar(255) DEFAULT NULL,
  `meta_title` varchar(128) DEFAULT NULL,
  `name` varchar(128) NOT NULL,
  `available_now` varchar(255) DEFAULT NULL,
  `available_later` varchar(255) DEFAULT NULL,
  `delivery_in_stock` varchar(255) DEFAULT NULL,
  `delivery_out_stock` varchar(255) DEFAULT NULL,
  PRIMARY KEY (`id_product`,`id_shop`,`id_lang`),
  KEY `id_lang` (`id_lang`),
  KEY `name` (`name`)
) ENGINE=InnoDB DEFAULT CHARSET=utf8;

--
-- Dumping data for table `akoe_product_lang`
--

INSERT INTO `akoe_product_lang` VALUES (22,1,1,'','<p>4 felt akoestisch paneel van 120x100 cm en 4 cm dik gemaakt van geluidsabsorberend materiaal met daarop speels aangebracht 4 vierkante stukken vilt van 49x49 cm</p>','4-felt-akoestisch-paneel','','','','4 felt akoestisch paneel','','','',''),(23,1,1,'','<p>4 felt akoestisch paneel van 120x100 cm en 4 cm dik gemaakt van geluidsabsorberend materiaal met daarop speels aangebracht 4 vierkante stukken vilt van 49x49 cm</p>','4-felt-akoestisch-paneel','','','','4 felt akoestisch paneel blauw','','','',''),(24,1,1,'','<p>4 felt akoestisch paneel van 120x100 cm en 4 cm dik gemaakt van geluidsabsorberend materiaal met daarop speels aangebracht 4 vierkante stukken vilt van 49x49 cm. <br />U krijgt de stukken vilt er zelf bij en een bus lijm om het vilt te lijmen en om de plaat te lijmen aan de wand.</p>','4-felt-akoestisch-paneel','','','','Aarde 4 felt akoestisch paneel','','','',''),(25,1,1,'','<p>Wedges schuim 30x30 en 5 cm dik. Pe schuim en brandbaar. Eventueel op plankjes met haakjes voor fijnafstemming bij opnames</p>','wedge-30x30-','','','','Wedge 30x30','','','',''),(26,1,1,'','<pre class=\"tw-data-text tw-ta tw-text-small\" style=\"text-align:left;height:240px;\" dir=\"ltr\"><span lang=\"nl\" xml:lang=\"nl\">massieve diffuser kan invallende geluidsenergie verspreiden /Maak het geluidsveld meer uniform,\nde akoestische omgeving verbeteren, de helderheid van het geluid verbeteren. <br />Diffusiefrequentiebereik (615Hz-1229Hz), het hoogste tot 2529Hz. <br />M</span><strong>aterial: </strong> Rubber Solid Wood <strong><br />Width:</strong>600 mm <strong>Length: </strong> 600mm <strong><br />Thickness: </strong> 100 mm<br /><strong>Diffusion frequency range: </strong>  615Hz~2529Hz<br /><strong>Environmental Performance Grade: </strong> E1(GB)</pre>','diffuser-massief-hout-a','Material:  Rubber Solid Wood\r\n\r\nWidth:  600 mm\r\n\r\nLength:  600mm/1200mm/1800mm\r\n\r\nThickness:  100 mm\r\n\r\nDiffusion frequency range:   615Hz~2529Hz\r\n\r\nEnvironmental Performance Grade:  E1(GB)','','','Diffuser Massief hout A','','','Geleverd binnen 3 tot 4 weken',''),(27,1,1,'','<pre class=\"tw-data-text tw-ta tw-text-small\" style=\"text-align:left;height:240px;\" dir=\"ltr\"><span xml:lang=\"nl\" lang=\"nl\">massieve diffuser kan invallende geluidsenergie verspreiden /Maak het geluidsveld meer uniform,\nde akoestische omgeving verbeteren, de helderheid van het geluid verbeteren. <br />Diffusiefrequentiebereik (615Hz-2150Hz) <br />M</span><strong>aterial: </strong> Rubber Solid Wood <strong><br />Width:</strong>600 mm <strong>Length: </strong> 600mm <strong><br />Thickness: </strong> 100 mm<br /><strong>Diffusion frequency range: </strong>  615Hz~2150Hz<br /><strong>Environmental Performance Grade: </strong> E1(GB)</pre>','diffuser-massief-hout-b','Material:  Rubber Solid Wood\r\n\r\nWidth:  600 mm\r\n\r\nLength:  600mm/1200mm/1800mm\r\n\r\nThickness:  100 mm\r\n\r\nDiffusion frequency range:   615Hz~2529Hz\r\n\r\nEnvironmental Performance Grade:  E1(GB)','','','Diffuser Massief hout B','','','Geleverd binnen 3 tot 4 weken',''),(28,1,1,'<p></p>\n<pre class=\"tw-data-text tw-ta tw-text-small\" id=\"tw-target-text\" style=\"text-align:left;height:168px;\" dir=\"ltr\"><span xml:lang=\"nl\" lang=\"nl\">Geschikt voor Home Theatre, Auditorium, kantoren en multifunctionele kamer design.<br />De akoestische functie en look verbeteren effectief de akoestiek in de ruimte en zorgen voor een mooi geluidsdiffusie oplossing</span></pre>','<p class=\"tw-data-text tw-ta tw-text-small\" id=\"tw-target-text\" style=\"text-align:left;height:192px;\" dir=\"ltr\"><span xml:lang=\"nl\" lang=\"nl\">Wolken 3D diffuser. Grootte:600 x 600 x 90mm G</span>ewicht 5,6 kilo per stuk. D<span xml:lang=\"nl\" lang=\"nl\">iffusie-indicator:</span><span xml:lang=\"nl\" lang=\"nl\">0.65 / M2 [&gt; 100Hz- &lt;5KH] 100% recyclebaar<br />Verkrijgbaar in 8 kleuren. Zie foto<br /></span></p>','wolken-3d-diffuser','','','','Wolken 3D diffuser','','','Levertijd 4 tot 6 weken',''),(29,1,1,'<pre class=\"tw-data-text tw-ta tw-text-small\" id=\"tw-target-text\" style=\"text-align:left;height:240px;\" dir=\"ltr\"><span lang=\"nl\" xml:lang=\"nl\">Structuur eigenschappen:\nEen gepatenteerd metalen frame dat anti-geluid reflectie &amp; resonantie en anti-oxidatie behandeld;\nKant A - Uitstekend geschikt voor het absorberen van geluid in alle frequenties.\nKant B - De MLS-diffunderende wolk is gemaakt volgens het vormingsproces van HIPS.<br /></span><strong><br /></strong><span lang=\"nl\" xml:lang=\"nl\">Basis materiaal:\n\nSuper micro glasvezel in verschillende dichtheid. Groene behandeling zonder formaldehyde-emissie.\n\nStandaard bevestigingssysteem met wielen; Verborgen rechthoek vaste groe<br /></span><span lang=\"nl\" xml:lang=\"nl\">Akoestische eigenschappen:<br />De draagbare akoestische baffle helpt <br />bij het regelen van bugs zoals lange nagalmtijd, <br />fladderende echo, parallelle geluidsreflectie en staande golf in middenfrequentie <br />voor kerken, zalen, multifunctionele zalen en studio\'s. <br />Ondertussen is het een snelle akoestische shell-oplossing voor buitenshuis.<br /><br /></span><span lang=\"nl\" xml:lang=\"nl\"><span lang=\"nl\" xml:lang=\"nl\"><br />Afwerking\n1) Akoestische stof voor geluidsabsorptie;\n2) Diffusiezijde: PU Matte schilderij (raadpleeg de kleurenkaart voor details)\n\nEco-Friendly:\nTot de internationale E0-norm\n\nVlamvertraging:\nBasismateriaal - klasse A\n\nGrootte:\n2100 * 800 * 200mm\n\nGewicht:\n1000 H 28 kg</span></span></pre>','<p>Verrijdbaar Akoestisch scherm. Dubbelzijdig een zijde absorptie en andere zijde diffusie.</p>','high-end-akoestische-scherm-','','','','High End akoestische scherm','','','Levertijd 4 tot 6 weken',''),(30,1,1,'','<p>Afmeting 60x60 cm en hoogte 7,4 cm</p>','relief-paneel-vierkantjes-kleur-asgrijs','','','','Form paneel  9 square kleur Asgrijs','','','',''),(31,1,1,'<p></p>\n<pre class=\"tw-data-text tw-ta tw-text-small\" id=\"tw-target-text\" style=\"text-align:left;height:168px;\" dir=\"ltr\"><span xml:lang=\"nl\" lang=\"nl\">Geschikt voor Home Theatre, Auditorium, kantoren en multifunctionele kamer design.<br />De akoestische functie en look verbeteren effectief de akoestiek in de ruimte en zorgen voor een mooi geluidsdiffusie oplossing</span></pre>','<p class=\"tw-data-text tw-ta tw-text-small\" id=\"tw-target-text\" style=\"text-align:left;height:192px;\" dir=\"ltr\"><span xml:lang=\"nl\" lang=\"nl\">Bol 3D diffuser. Grootte:600 x 600 x 90mm G</span>ewicht 8 kilo per stuk. D<span xml:lang=\"nl\" lang=\"nl\">iffusie-indicator:</span>0.57/m2 [＞100Hz-＜5KHz] <span xml:lang=\"nl\" lang=\"nl\"> 100% recyclebaar<br />Verkrijgbaar in 8 kleuren. Zie foto<br /></span></p>','wolken-3d-diffuser','','','','Bol 3D diffuser','','','Levertijd 4 tot 6 weken',''),(32,1,1,'','<p>Akoestisch paneel Afmeting 60x60 cm en hoogte 7,4 cm <br />Gemaakt van geperst Polyester. Hol van binnen. <br />Kleur lichtgrijs.</p>','form-paneel-9-square-kleur-lichtgrijs','','','','Form paneel  9 square kleur lichtgrijs','','','',''),(33,1,1,'<p> </p>\n<p>Lichtgewicht Paneel met aluminium frame gevult met geluidsabsorberend ecologische fiber glas en brandwerend. Gespannen met stof.<br />Voor o.a. op kantoor om akoestiek te verbeteren en geluid te absorberen.</p>','<p>Akoestische paneel 30x30 cm 2,5 cm dik in de kleur groen. Absorbeert geluid.</p>','stoffen-paneel-30x30-cm-25-cm-dik-groen','','','','Stoffen paneel 30x30 cm 2,5 cm dik groen','','','',''),(34,1,1,'<p>Lichtgewicht Paneel met aluminium frame gevult met geluidsabsorberend ecologische fiber glas en brandwerend. Gespannen met stof.<br />Voor o.a. op kantoor om akoestiek te verbeteren en geluid te absorberen.</p>','<p>Akoepaneel 30x30 cm 2,5 cm dik in de kleur lichtgroen. Met afgeschuinde randen.</p>','akoepaneel-30x30-cm-25-cm-dik-in-de-kleur-lichtgroen','','','','Stoffen Akoestisch paneel 30x30 cm 2,5 cm dik in de kleur lichtgroen','','','',''),(36,1,1,'<p>Lichtgewicht Paneel met aluminium frame gevult met geluidsabsorberend ecologische fiber glas en brandwerend. Gespannen met stof.<br />Voor o.a. op kantoor om akoestiek te verbeteren en geluid te absorberen.</p>','<p>6 stuks Akoepaneel 30x30 cm 2,5 cm dik in 2 kleuren groen met afgeschuimde randen</p>\n<p></p>','collage-groen-paneel-6-stuks','','','','Collage groen paneel 6 stuks','','','',''),(38,1,1,'','<p>Akoepaneel 25x25 cm 2,5 cm dik in de kleur grijs</p>\n<p>Lichtgewicht Paneel met aluminium frame gevult met geluidsabsorberend ecologische fiber glas en brandwerend. Gespannen met stof.<br />Voor o.a. op kantoor om akoestiek te verbeteren en geluid te absorberen.</p>','akoepaneel-doek-25x25-cm-grijs','','','','Akoepaneel doek 25x25 cm grijs','','','',''),(39,1,1,'','<p>Akoepaneel 25x25 cm 2,5 cm dik in de kleur bruin</p>\n<p>Lichtgewicht Paneel met aluminium frame gevult met geluidsabsorberend ecologische fiber glas en brandwerend. Gespannen met stof.<br />Voor o.a. op kantoor om akoestiek te verbeteren en geluid te absorberen.</p>','akoepaneel-doek-25x25-cm-bruin','','','','Akoepaneel doek 25x25 cm bruin','','','',''),(40,1,1,'','<p>Akoepaneel 25x25 cm 2,5 cm dik in de kleur beige</p>\n<p>Lichtgewicht Paneel met aluminium frame gevult met geluidsabsorberend ecologische fiber glas en brandwerend. Gespannen met stof.<br />Voor o.a. op kantoor om akoestiek te verbeteren en geluid te absorberen.</p>','akoepaneel-doek-25x25-cm-beige','','','','Akoepaneel doek 25x25 cm beige','','','',''),(41,1,1,'','<p>Collage met aardse kleuren Beige bruin grijs Akoepaneel 25x25 cm 2,5 cm dik 9 stuks</p>\n<p>Lichtgewicht Paneel met aluminium frame gevult met geluidsabsorberend ecologische fiber glas en brandwerend. Gespannen met stof.<br />Voor o.a. op kantoor om akoestiek te verbeteren en geluid te absorberen.</p>','akoepaneel-doek-25x25-cm-beige','','','','Collage Aarde Akoepaneel doek 25x25 cm','','','',''),(42,1,1,'','<p>Akoestische paneel 60x60 cm en 3 cm dik lichtmetalen frame en gevuld met akoestische schuim om optimaal geluid te absorberen.<br />Dit paneel is bruin. We hebben op voorraad 6 donkere aardse kleuren. In 120 kleuren leverbaar.</p>\n<p>Afgeschuinde randen. inc pluggen en schroeven en 2 ophangclips ( montagekit ook nodig )</p>','akoestisch-stoffen-paneel-bruin','','','','Akoestisch paneel bruin stof','','','',''),(43,1,1,'','<p>Akoestische paneel 60x60 cm en 3 cm dik lichtmetalen frame en gevuld met akoestische schuim om optimaal geluid te absorberen.<br />Dit paneel is lichtgrijs. We hebben op voorraad 6 donkere aardse kleuren. In 120 kleuren leverbaar.</p>\n<p>Afgeschuinde randen. inc pluggen en schroeven en 2 ophangclips ( montagekit ook nodig )</p>','akoestisch-paneel-lichtgrijs-stof','','','','Akoestisch paneel lichtgrijs stof','','','',''),(44,1,1,'','<p>Akoestische paneel 60x60 cm en 3 cm dik lichtmetalen frame en gevuld met akoestische schuim om optimaal geluid te absorberen.<br />Dit paneel is zwart. We hebben op voorraad 6 donkere aardse kleuren. In 120 kleuren leverbaar.</p>\n<p>Afgeschuinde randen. inc pluggen en schroeven en 2 ophangclips ( montagekit ook nodig )</p>','akoestisch-paneel-zwart-stof','','','','Akoestisch paneel zwart stof','','','',''),(45,1,1,'','<p>Akoestische paneel 60x60 cm en 3 cm dik lichtmetalen frame en gevuld met akoestische schuim om optimaal geluid te absorberen.<br />Dit paneel is bordeaux. Ivm 2 verschildende draden is er verschil in kleur vanaf welke kan je kijkt</p>\n<p>. We hebben op voorraad 6 donkere aardse kleuren. In 120 kleuren leverbaar.</p>\n<p>Afgeschuinde randen. inc pluggen en schroeven en 2 ophangclips ( montagekit ook nodig )</p>','akoestisch-paneel-zwart-stof','','','','Akoestisch paneel Bordeaux stof','','','',''),(46,1,1,'','<p>Akoestische paneel 60x60 cm en 3 cm dik lichtmetalen frame en gevuld met akoestische schuim om optimaal geluid te absorberen.<br />Dit paneel is Blauw grijs. Ivm 2 verschildende draden is er verschil in kleur vanaf welke kan je kijkt</p>\n<p>. We hebben op voorraad 6 donkere aardse kleuren. In 120 kleuren leverbaar.</p>\n<p>Afgeschuinde randen. inc pluggen en schroeven en 2 ophangclips ( montagekit ook nodig )</p>','akoestisch-paneel-blauw-grijs-stof','','','','Akoestisch paneel blauw grijs stof','','','',''),(47,1,1,'','<p>Akoestische paneel 60x60 cm en 3 cm dik lichtmetalen frame en gevuld met akoestische schuim om optimaal geluid te absorberen.<br />Dit paneel is Beige.</p>\n<p>. We hebben op voorraad 6 donkere aardse kleuren. In 120 kleuren leverbaar.</p>\n<p>Afgeschuinde randen. inc pluggen en schroeven en 2 ophangclips ( montagekit ook nodig )</p>','akoestisch-paneel-beige-stof','','','','Akoestisch paneel beige stof','','','',''),(48,1,1,'<p>Polyester wol B1 brandvertragend.</p>','<p>Gekleurd poly paneel groen A 60x60 en 12 mm dik en afgeschuinde rand</p>','gekleurd-poly-paneel-groen-60x60','','','','Gekleurd poly paneel groen A 60x60','','','',''),(49,1,1,'<p>Polyester wol B1 brandvertragend.</p>','<p>Gekleurd poly paneel groen B 60x60 en 12 mm dik en afgeschuinde rand</p>','gekleurd-poly-paneel-groen-60x60','','','','Gekleurd poly paneel groen B 60x60','','','',''),(50,1,1,'<p>Polyester wol B1 brandvertragend.</p>','<p>Gekleurd poly paneel groen C 60x60 en 12 mm dik en afgeschuinde rand</p>','gekleurd-poly-paneel-groen-c-60x60','','','','Gekleurd poly paneel groen C 60x60','','','',''),(51,1,1,'<p>Polyester wol B1 brandvertragend.</p>','<p>Gekleurd poly paneel grijs 60x60 en 12 mm dik en rechte rand</p>','gekleurd-poly-paneel-grijs-60x60','','','','Gekleurd poly paneel grijs 60x60','','','',''),(52,1,1,'<p>Polyester wol B1 brandvertragend.</p>','<p>Gekleurd poly paneel hemelsblauw 60x60 en 12 mm dik en rechte rand</p>','gekleurd-poly-paneel-hemelsblauw-60x60','','','','Gekleurd poly paneel hemelsblauw 60x60','','','',''),(53,1,1,'<p>Polyester wol B1 brandvertragend.</p>','<p>Gekleurd poly paneel bruin 60x60 en 12 mm dik en rechte rand</p>','gekleurd-poly-bruin-60x60','','','','Poly bruin 60x60','','','',''),(54,1,1,'','<div id=\"short_description_block\">\n<div id=\"short_description_content\" class=\"rte align_justify\">\n<p>wit polyesterwol 2 cm. Plaat van 120x100 cm dus 1,2 m2</p>\n<p>Slechts 8,95 per plaat. B1 brandveilig dus brandwerend.</p>\n<p>600 grams en 30 kg / m3</p>\n</div>\n</div>','akoewol-wit-blijven','','','','Akoewol wit blijven','','','',''),(55,1,1,'','<div id=\"short_description_block\">\n<div id=\"short_description_content\" class=\"rte align_justify\">\n<p>wit polyesterwol 4 cm. Plaat van 120x100 cm dus 1,2 m2</p>\n<p>1600 grams plaat en is 40 kg / m3</p>\n<p>Slechts 18,95 per plaat. B1 brandveilig dus brandwerend</p>\n</div>\n</div>','akoewol-wit-blijven','','','','Akoewol 4 cm wit blijven','','','',''),(56,1,1,'','<p>Agglomer geperst vlokkenschuim. Plaat van 100x100 cm en 4 cm dik. Dichtheid 160 ( U160 = 160 kg/m3 )<br />Deze afmeting is prima voor wanden en plafonds</p>','agglomer-schuim-4-cm-u-160','','','','Agglomer schuim 4 cm U 160','','','',''),(57,1,1,'','<p>Agglomer geperst vlokkenschuim. Plaat van 100x100 cm en 4 cm dik. Dichtheid 160 ( U80 = 80 kg/m3 )<br />Deze afmeting is prima voor wanden en plafonds</p>','agglomer-schuim-4-cm-u-160','','','','Agglomer schuim 4 cm U 80','','','',''),(58,1,1,'','<p>Agglomer geperst vlokkenschuim. Plaat van 100x100 cm en 4 cm dik. Dichtheid 160 ( U120 = 120 kg/m3 )<br />Deze afmeting is prima voor wanden en plafonds</p>','agglomer-schuim-4-cm-u-160','','','','Agglomer schuim 4 cm U 120','','','',''),(59,1,1,'','<p>Agglomer geperst vlokkenschuim. Plaat van 100x100 cm en 5 cm dik. Dichtheid 120 ( U120 = 120 kg/m3 )<br />Deze afmeting is prima voor wanden en plafonds</p>','agglomer-schuim-5-cm-u-120','','','','Agglomer schuim 5 cm U 120','','','',''),(60,1,1,'','<p>Agglomer geperst vlokkenschuim. Plaat van 100x100 cm en 5 cm dik. Dichtheid 80 ( U80 = 80 kg/m3 )<br />Deze afmeting is prima voor wanden en plafonds</p>','-agglomer-schuim-5-cm-u-80','','','','Agglomer schuim 5 cm U 80','','','',''),(61,1,1,'','<p>Agglomer geperst vlokkenschuim. Plaat van 100x100 cm en 6 cm dik. Dichtheid 80 ( U80 = 80 kg/m3 )<br />Deze afmeting is prima voor wanden en plafonds</p>','agglomer-schuim-6-cm-u-80','','','','Agglomer schuim 6 cm U 80','','','',''),(62,1,1,'','<p>Agglomer geperst vlokkenschuim. Plaat van 100x100 cm en 6 cm dik. Dichtheid 120 ( U120 = 120 kg/m3 )<br />Deze afmeting is prima voor wanden en plafonds</p>','agglomer-schuim-6-cm-u-120','','','','Agglomer schuim 6 cm U 120','','','',''),(63,1,1,'','<p>Agglomer geperst vlokkenschuim. Plaat van 100x100 cm en 2 cm dik. Dichtheid 200 ( U200 = 200 kg/m3 )<br />Deze afmeting en dichtheid is prima voor vloeren, wanden en plafonds</p>','agglomer-schuim-2-cm-u-200','','','','Agglomer schuim 2 cm U 200','','','',''),(64,1,1,'','<p>Agglomer geperst vlokkenschuim. Plaat van 100x100 cm en 3 cm dik. Dichtheid 200 ( U200 = 200 kg/m3 )<br />Deze afmeting en dichtheid is prima voor vloeren, wanden en plafonds</p>','agglomer-schuim-3-cm-u-200','','','','Agglomer schuim 3 cm U 200','','','',''),(65,1,1,'','<p>Agglomer geperst vlokkenschuim. Plaat van 100x100 cm en 4 cm dik. Dichtheid 200 ( U200 = 200 kg/m3 )<br />Deze afmeting en dichtheid is prima voor vloeren, wanden en plafonds</p>','agglomer-schuim-4-cm-u-200','','','','Agglomer schuim 4 cm U 200','','','',''),(66,1,1,'','<p>Agglomer geperst vlokkenschuim. Plaat van 100x100 cm en 8 cm dik. Dichtheid 80 ( U80 = 80 kg/m3 )<br />Deze afmeting is prima voor wanden en plafonds</p>','agglomer-schuim-8-cm-u-80','','','','Agglomer schuim 8 cm U 80','','','','');

--
-- Table structure for table `akoe_product_sale`
--

CREATE TABLE `akoe_product_sale` (
  `id_product` int(10) unsigned NOT NULL,
  `quantity` int(10) unsigned NOT NULL DEFAULT 0,
  `sale_nbr` int(10) unsigned NOT NULL DEFAULT 0,
  `date_upd` date DEFAULT NULL,
  PRIMARY KEY (`id_product`),
  KEY `quantity` (`quantity`)
) ENGINE=InnoDB DEFAULT CHARSET=utf8;

--
-- Dumping data for table `akoe_product_sale`
--

INSERT INTO `akoe_product_sale` VALUES (1,1,1,'2018-08-19'),(2,1,1,'2018-08-19'),(4,2,1,'2018-08-19'),(8,1,1,'2018-08-19'),(10,1,1,'2018-08-19'),(16,2,2,'2018-08-19'),(22,2,1,'2018-08-19'),(25,4,1,'2021-05-27'),(44,3,1,'2023-03-22'),(63,9,3,'2021-05-27'),(65,5,1,'2023-07-28');

--
-- Table structure for table `akoe_product_shop`
--

CREATE TABLE `akoe_product_shop` (
  `id_product` int(10) unsigned NOT NULL,
  `id_shop` int(10) unsigned NOT NULL,
  `id_category_default` int(10) unsigned DEFAULT NULL,
  `id_tax_rules_group` int(11) unsigned NOT NULL,
  `on_sale` tinyint(1) unsigned NOT NULL DEFAULT 0,
  `online_only` tinyint(1) unsigned NOT NULL DEFAULT 0,
  `ecotax` decimal(17,6) NOT NULL DEFAULT 0.000000,
  `minimal_quantity` int(10) unsigned NOT NULL DEFAULT 1,
  `low_stock_threshold` int(10) DEFAULT NULL,
  `low_stock_alert` tinyint(1) NOT NULL DEFAULT 0,
  `price` decimal(20,6) NOT NULL DEFAULT 0.000000,
  `wholesale_price` decimal(20,6) NOT NULL DEFAULT 0.000000,
  `unity` varchar(255) DEFAULT NULL,
  `unit_price_ratio` decimal(20,6) NOT NULL DEFAULT 0.000000,
  `additional_shipping_cost` decimal(20,2) NOT NULL DEFAULT 0.00,
  `customizable` tinyint(2) NOT NULL DEFAULT 0,
  `uploadable_files` tinyint(4) NOT NULL DEFAULT 0,
  `text_fields` tinyint(4) NOT NULL DEFAULT 0,
  `active` tinyint(1) unsigned NOT NULL DEFAULT 0,
  `redirect_type` enum('','404','301-product','302-product','301-category','302-category') NOT NULL DEFAULT '',
  `id_type_redirected` int(10) unsigned NOT NULL DEFAULT 0,
  `available_for_order` tinyint(1) NOT NULL DEFAULT 1,
  `available_date` date DEFAULT NULL,
  `show_condition` tinyint(1) NOT NULL DEFAULT 1,
  `condition` enum('new','used','refurbished') NOT NULL DEFAULT 'new',
  `show_price` tinyint(1) NOT NULL DEFAULT 1,
  `indexed` tinyint(1) NOT NULL DEFAULT 0,
  `visibility` enum('both','catalog','search','none') NOT NULL DEFAULT 'both',
  `cache_default_attribute` int(10) unsigned DEFAULT NULL,
  `advanced_stock_management` tinyint(1) NOT NULL DEFAULT 0,
  `date_add` datetime NOT NULL,
  `date_upd` datetime NOT NULL,
  `pack_stock_type` int(11) unsigned NOT NULL DEFAULT 3,
  PRIMARY KEY (`id_product`,`id_shop`),
  KEY `id_category_default` (`id_category_default`),
  KEY `date_add` (`date_add`,`active`,`visibility`),
  KEY `indexed` (`indexed`,`active`,`id_product`)
) ENGINE=InnoDB DEFAULT CHARSET=utf8;

--
-- Dumping data for table `akoe_product_shop`
--

INSERT INTO `akoe_product_shop` VALUES (22,1,2,1,1,0,0.000000,1,NULL,0,41.280992,0.000000,'',0.000000,0.00,0,0,0,1,'404',0,1,'0000-00-00',0,'new',1,1,'both',0,0,'2018-08-19 01:43:22','2018-11-27 18:11:13',3),(23,1,2,1,1,0,0.000000,1,NULL,0,41.280992,0.000000,'',0.000000,0.00,0,0,0,1,'404',0,1,'0000-00-00',0,'new',1,1,'both',0,0,'2018-08-19 15:51:55','2018-11-27 18:43:19',3),(24,1,2,1,1,0,0.000000,1,NULL,0,41.280992,0.000000,'',0.000000,0.00,0,0,0,1,'404',0,1,'0000-00-00',0,'new',1,1,'both',0,0,'2018-08-19 16:15:20','2018-11-27 18:42:57',3),(25,1,2,1,0,0,0.000000,1,NULL,0,2.438017,0.000000,'',0.000000,0.00,0,0,0,1,'404',0,1,'0000-00-00',0,'new',1,0,'both',0,0,'2018-08-25 20:51:32','2018-08-25 20:57:12',3),(26,1,2,1,0,0,0.000000,1,NULL,0,288.429752,0.000000,'',0.000000,0.00,0,0,0,1,'404',0,1,'0000-00-00',0,'new',1,1,'both',0,0,'2018-09-02 01:23:07','2018-09-02 01:46:12',3),(27,1,2,1,0,0,0.000000,1,NULL,0,288.429752,0.000000,'',0.000000,0.00,0,0,0,1,'404',0,1,'0000-00-00',0,'new',1,1,'both',0,0,'2018-09-02 01:40:55','2018-09-02 01:46:23',3),(28,1,2,1,0,0,0.000000,1,NULL,0,243.801653,0.000000,'',0.000000,0.00,0,0,0,1,'404',0,1,'0000-00-00',0,'new',1,1,'both',0,0,'2018-09-06 01:01:52','2018-09-06 01:11:52',3),(29,1,2,1,0,0,0.000000,1,NULL,0,953.719008,0.000000,'',0.000000,0.00,0,0,0,1,'404',0,1,'0000-00-00',0,'new',1,1,'both',0,0,'2018-09-07 20:28:59','2018-09-07 20:41:28',3),(30,1,2,1,0,0,0.000000,1,NULL,0,71.900826,0.000000,'',0.000000,0.00,0,0,0,1,'404',0,1,'0000-00-00',0,'new',1,1,'both',0,0,'2018-09-08 22:11:21','2018-09-08 22:14:17',3),(31,1,2,1,0,0,0.000000,1,NULL,0,243.801653,0.000000,'',0.000000,0.00,0,0,0,1,'404',0,1,'0000-00-00',0,'new',1,0,'both',0,0,'2018-09-13 01:18:31','2018-09-13 01:25:28',3),(32,1,2,1,0,0,0.000000,1,NULL,0,71.900826,0.000000,'',0.000000,0.00,0,0,0,1,'404',0,1,'0000-00-00',0,'new',1,1,'both',0,0,'2018-11-04 19:52:12','2018-11-22 00:59:33',3),(33,1,2,1,0,0,0.000000,1,NULL,0,16.487603,0.000000,'',0.000000,0.00,0,0,0,1,'404',0,1,'0000-00-00',0,'new',1,1,'both',0,0,'2018-11-04 20:05:19','2018-11-27 18:09:52',3),(34,1,2,1,0,0,0.000000,1,NULL,0,16.487603,0.000000,'',0.000000,0.00,0,0,0,1,'404',0,1,'0000-00-00',0,'new',1,1,'both',0,0,'2018-11-04 20:27:04','2018-11-27 18:09:30',3),(36,1,2,1,0,0,0.000000,1,NULL,0,90.082645,0.000000,'',0.000000,0.00,0,0,0,1,'404',0,1,'0000-00-00',0,'new',1,1,'both',0,0,'2018-11-04 20:30:41','2019-06-18 20:42:36',3),(38,1,2,1,0,0,0.000000,1,NULL,0,15.661157,0.000000,'',0.000000,0.00,0,0,0,1,'404',0,1,'0000-00-00',0,'new',1,1,'both',0,0,'2018-11-27 18:23:18','2018-11-28 21:51:00',3),(39,1,2,1,1,0,0.000000,1,NULL,0,15.661157,0.000000,'',0.000000,0.00,0,0,0,1,'404',0,1,'0000-00-00',0,'new',1,1,'both',0,0,'2018-11-27 18:28:47','2019-04-14 20:33:46',3),(40,1,2,1,0,0,0.000000,1,NULL,0,15.661157,0.000000,'',0.000000,0.00,0,0,0,1,'404',0,1,'0000-00-00',0,'new',1,1,'both',0,0,'2018-11-27 18:33:51','2018-11-28 21:51:00',3),(41,1,2,1,0,0,0.000000,1,NULL,0,98.347107,0.000000,'',0.000000,0.00,0,0,0,1,'404',0,1,'0000-00-00',0,'new',1,1,'both',0,0,'2018-11-27 18:35:00','2019-06-18 20:40:49',3),(42,1,2,1,0,0,0.000000,1,NULL,0,19.834711,0.000000,'',0.000000,0.00,0,0,0,1,'404',0,1,'0000-00-00',0,'new',1,1,'both',0,0,'2018-12-05 22:53:51','2020-01-11 22:46:12',3),(43,1,2,1,0,0,0.000000,1,NULL,0,19.834711,0.000000,'',0.000000,0.00,0,0,0,1,'404',0,1,'0000-00-00',0,'new',1,1,'both',0,0,'2018-12-05 23:03:54','2020-01-11 22:44:10',3),(44,1,2,1,0,0,0.000000,1,NULL,0,19.834711,0.000000,'',0.000000,0.00,0,0,0,1,'404',0,1,'0000-00-00',0,'new',1,1,'both',0,0,'2018-12-05 23:13:16','2020-01-11 22:47:23',3),(45,1,2,1,0,0,0.000000,1,NULL,0,19.834711,0.000000,'',0.000000,0.00,0,0,0,1,'404',0,1,'0000-00-00',0,'new',1,1,'both',0,0,'2018-12-05 23:15:01','2020-01-11 22:47:02',3),(46,1,2,1,0,0,0.000000,1,NULL,0,19.834711,0.000000,'',0.000000,0.00,0,0,0,1,'404',0,1,'0000-00-00',0,'new',1,1,'both',0,0,'2018-12-05 23:17:37','2020-01-11 22:47:51',3),(47,1,2,1,1,0,0.000000,1,NULL,0,19.834711,0.000000,'',0.000000,0.00,0,0,0,1,'404',0,1,'0000-00-00',0,'new',1,1,'both',0,0,'2018-12-05 23:19:27','2020-01-11 22:50:21',3),(48,1,2,1,0,0,0.000000,1,NULL,0,22.272727,0.000000,'',0.000000,0.00,0,0,0,1,'404',0,1,'0000-00-00',0,'new',1,1,'both',0,0,'2019-01-05 21:44:46','2019-01-05 21:55:10',3),(49,1,2,1,0,0,0.000000,1,NULL,0,22.272727,0.000000,'',0.000000,0.00,0,0,0,1,'404',0,1,'0000-00-00',0,'new',1,1,'both',0,0,'2019-01-05 21:51:24','2019-01-05 21:55:28',3),(50,1,2,1,0,0,0.000000,1,NULL,0,22.272727,0.000000,'',0.000000,0.00,0,0,0,1,'404',0,1,'0000-00-00',0,'new',1,1,'both',0,0,'2019-01-05 21:53:00','2019-01-05 22:00:29',3),(51,1,2,1,0,0,0.000000,1,NULL,0,20.619835,0.000000,'',0.000000,0.00,0,0,0,1,'404',0,1,'0000-00-00',0,'new',1,1,'both',0,0,'2019-01-05 21:55:45','2019-09-15 14:10:38',3),(52,1,2,1,0,0,0.000000,1,NULL,0,20.619835,0.000000,'',0.000000,0.00,0,0,0,1,'404',0,1,'0000-00-00',0,'new',1,1,'both',0,0,'2019-01-05 21:57:39','2019-01-05 21:59:57',3),(53,1,2,1,1,0,0.000000,1,NULL,0,20.619835,0.000000,'',0.000000,0.00,0,0,0,1,'404',0,1,'0000-00-00',0,'new',1,1,'both',0,0,'2019-01-05 21:58:51','2019-09-15 14:09:58',3),(54,1,2,1,0,0,0.000000,1,NULL,0,7.396694,0.000000,'',0.000000,0.00,0,0,0,1,'404',0,1,'0000-00-00',0,'new',1,1,'both',0,0,'2019-09-15 14:11:21','2019-09-15 14:14:40',3),(55,1,2,1,0,0,0.000000,1,NULL,0,15.661157,0.000000,'',0.000000,0.00,0,0,0,1,'404',0,1,'0000-00-00',0,'new',1,1,'both',0,0,'2019-09-15 14:14:49','2019-09-15 14:29:53',3),(56,1,2,1,0,0,0.000000,1,NULL,0,15.702479,0.000000,'',0.000000,0.00,0,0,0,1,'404',0,1,'0000-00-00',0,'new',1,1,'both',0,0,'2019-09-15 14:17:51','2019-09-15 14:22:43',3),(57,1,2,1,0,0,0.000000,1,NULL,0,9.917355,0.000000,'',0.000000,0.00,0,0,0,1,'404',0,1,'0000-00-00',0,'new',1,1,'both',0,0,'2019-09-15 14:22:43','2019-09-15 14:29:43',3),(58,1,2,1,0,0,0.000000,1,NULL,0,13.223140,0.000000,'',0.000000,0.00,0,0,0,1,'404',0,1,'0000-00-00',0,'new',1,1,'both',0,0,'2019-09-15 14:23:39','2019-09-15 14:24:44',3),(59,1,2,1,0,0,0.000000,1,NULL,0,16.528925,0.000000,'',0.000000,0.00,0,0,0,1,'404',0,1,'0000-00-00',0,'new',1,1,'both',0,0,'2019-09-15 14:24:45','2019-09-15 14:30:06',3),(60,1,2,1,0,0,0.000000,1,NULL,0,12.396694,0.000000,'',0.000000,0.00,0,0,0,1,'404',0,1,'0000-00-00',0,'new',1,1,'both',0,0,'2019-09-15 14:26:43','2019-09-15 14:28:08',3),(61,1,2,1,0,0,0.000000,1,NULL,0,14.876033,0.000000,'',0.000000,0.00,0,0,0,1,'404',0,1,'0000-00-00',0,'new',1,1,'both',0,0,'2019-09-15 14:28:09','2019-09-15 14:28:49',3),(62,1,2,1,0,0,0.000000,1,NULL,0,19.834711,0.000000,'',0.000000,0.00,0,0,0,1,'404',0,1,'0000-00-00',0,'new',1,1,'both',0,0,'2019-09-15 14:30:06','2019-09-15 14:30:31',3),(63,1,2,1,0,0,0.000000,1,NULL,0,11.570248,0.000000,'',0.000000,0.00,0,0,0,1,'404',0,1,'0000-00-00',0,'new',1,1,'both',0,0,'2019-09-15 14:30:31','2019-09-15 14:32:04',3),(64,1,2,1,0,0,0.000000,1,NULL,0,17.355372,0.000000,'',0.000000,0.00,0,0,0,1,'404',0,1,'0000-00-00',0,'new',1,1,'both',0,0,'2019-09-15 14:32:05','2019-09-15 14:34:07',3),(65,1,2,1,0,0,0.000000,1,NULL,0,23.140496,0.000000,'',0.000000,0.00,0,0,0,1,'404',0,1,'0000-00-00',0,'new',1,1,'both',0,0,'2019-09-15 14:33:18','2019-09-15 14:33:54',3),(66,1,2,1,0,0,0.000000,1,NULL,0,18.966942,0.000000,'',0.000000,0.00,0,0,0,1,'404',0,1,'0000-00-00',0,'new',1,1,'both',0,0,'2019-09-26 00:51:04','2019-09-26 00:53:07',3);

--
-- Table structure for table `akoe_product_supplier`
--

CREATE TABLE `akoe_product_supplier` (
  `id_product_supplier` int(11) unsigned NOT NULL AUTO_INCREMENT,
  `id_product` int(11) unsigned NOT NULL,
  `id_product_attribute` int(11) unsigned NOT NULL DEFAULT 0,
  `id_supplier` int(11) unsigned NOT NULL,
  `product_supplier_reference` varchar(32) DEFAULT NULL,
  `product_supplier_price_te` decimal(20,6) NOT NULL DEFAULT 0.000000,
  `id_currency` int(11) unsigned NOT NULL,
  PRIMARY KEY (`id_product_supplier`),
  UNIQUE KEY `id_product` (`id_product`,`id_product_attribute`,`id_supplier`),
  KEY `id_supplier` (`id_supplier`,`id_product`)
) ENGINE=InnoDB DEFAULT CHARSET=utf8;

--
-- Dumping data for table `akoe_product_supplier`
--


--
-- Table structure for table `akoe_product_tag`
--

CREATE TABLE `akoe_product_tag` (
  `id_product` int(10) unsigned NOT NULL,
  `id_tag` int(10) unsigned NOT NULL,
  `id_lang` int(10) unsigned NOT NULL,
  PRIMARY KEY (`id_product`,`id_tag`),
  KEY `id_tag` (`id_tag`),
  KEY `id_lang` (`id_lang`,`id_tag`)
) ENGINE=InnoDB DEFAULT CHARSET=utf8;

--
-- Dumping data for table `akoe_product_tag`
--


--
-- Table structure for table `akoe_profile`
--

CREATE TABLE `akoe_profile` (
  `id_profile` int(10) unsigned NOT NULL AUTO_INCREMENT,
  PRIMARY KEY (`id_profile`)
) ENGINE=InnoDB AUTO_INCREMENT=5 DEFAULT CHARSET=utf8;

--
-- Dumping data for table `akoe_profile`
--

INSERT INTO `akoe_profile` VALUES (1),(2),(3),(4);

--
-- Table structure for table `akoe_profile_lang`
--

CREATE TABLE `akoe_profile_lang` (
  `id_lang` int(10) unsigned NOT NULL,
  `id_profile` int(10) unsigned NOT NULL,
  `name` varchar(128) NOT NULL,
  PRIMARY KEY (`id_profile`,`id_lang`)
) ENGINE=InnoDB DEFAULT CHARSET=utf8;

--
-- Dumping data for table `akoe_profile_lang`
--

INSERT INTO `akoe_profile_lang` VALUES (1,1,'SuperAdmin'),(1,2,'Logistiek medewerker'),(1,3,'Vertaler'),(1,4,'Verkoper');

--
-- Table structure for table `akoe_psreassurance`
--

CREATE TABLE `akoe_psreassurance` (
  `id_psreassurance` int(10) unsigned NOT NULL AUTO_INCREMENT,
  `icon` varchar(255) DEFAULT NULL,
  `custom_icon` varchar(255) DEFAULT NULL,
  `status` int(10) unsigned NOT NULL,
  `position` int(10) unsigned NOT NULL,
  `id_shop` int(10) unsigned NOT NULL,
  `type_link` int(10) unsigned DEFAULT NULL,
  `id_cms` int(10) unsigned DEFAULT NULL,
  `date_add` datetime NOT NULL,
  `date_upd` datetime DEFAULT NULL,
  PRIMARY KEY (`id_psreassurance`)
) ENGINE=InnoDB AUTO_INCREMENT=4 DEFAULT CHARSET=utf8;

--
-- Dumping data for table `akoe_psreassurance`
--

INSERT INTO `akoe_psreassurance` VALUES (1,'/modules/blockreassurance/img/ic_verified_user_black_36dp_1x.png',NULL,1,1,1,NULL,NULL,'2020-01-08 01:11:45',NULL),(2,'/modules/blockreassurance/img/ic_local_shipping_black_36dp_1x.png',NULL,1,2,1,NULL,NULL,'2020-01-08 01:11:45',NULL),(3,'/modules/blockreassurance/img/ic_swap_horiz_black_36dp_1x.png',NULL,1,3,1,NULL,NULL,'2020-01-08 01:11:45',NULL);

--
-- Table structure for table `akoe_psreassurance_lang`
--

CREATE TABLE `akoe_psreassurance_lang` (
  `id_psreassurance` int(10) unsigned NOT NULL,
  `id_lang` int(10) unsigned NOT NULL,
  `id_shop` int(10) unsigned NOT NULL,
  `title` varchar(255) NOT NULL,
  `description` varchar(255) NOT NULL,
  `link` varchar(255) NOT NULL,
  PRIMARY KEY (`id_psreassurance`,`id_shop`,`id_lang`)
) ENGINE=InnoDB DEFAULT CHARSET=utf8;

--
-- Dumping data for table `akoe_psreassurance_lang`
--

INSERT INTO `akoe_psreassurance_lang` VALUES (1,1,1,'Privacy Cookies - Voor meer info klik op link onderaan de website onder kop \"mijn bedrijf\" ','',''),(2,1,1,'Verzending - Voor meer info klik op link onderaan de website onder kop \"mijn bedrijf\"','',''),(3,1,1,'Retouren - Herroeping .Voor meer info klik op link onderaan website onderkop \"ons bedrijf\"\r\n','','');

--
-- Table structure for table `akoe_quick_access`
--

CREATE TABLE `akoe_quick_access` (
  `id_quick_access` int(10) unsigned NOT NULL AUTO_INCREMENT,
  `new_window` tinyint(1) NOT NULL DEFAULT 0,
  `link` varchar(255) NOT NULL,
  PRIMARY KEY (`id_quick_access`)
) ENGINE=InnoDB AUTO_INCREMENT=7 DEFAULT CHARSET=utf8;

--
-- Dumping data for table `akoe_quick_access`
--

INSERT INTO `akoe_quick_access` VALUES (1,0,'index.php?controller=AdminOrders'),(2,0,'index.php?controller=AdminCartRules&addcart_rule'),(3,0,'index.php/product/new'),(4,0,'index.php?controller=AdminCategories&addcategory'),(5,0,'index.php/module/manage'),(6,0,'index.php?controller=AdminStats&module=statscheckup');

--
-- Table structure for table `akoe_quick_access_lang`
--

CREATE TABLE `akoe_quick_access_lang` (
  `id_quick_access` int(10) unsigned NOT NULL,
  `id_lang` int(10) unsigned NOT NULL,
  `name` varchar(32) NOT NULL,
  PRIMARY KEY (`id_quick_access`,`id_lang`)
) ENGINE=InnoDB DEFAULT CHARSET=utf8;

--
-- Dumping data for table `akoe_quick_access_lang`
--

INSERT INTO `akoe_quick_access_lang` VALUES (1,1,'Bestellingen'),(2,1,'Nieuwe voucher'),(3,1,'Nieuw product'),(4,1,'Nieuwe categorie'),(5,1,'Geïnstalleerde modules'),(6,1,'Winkel evaluatie');

--
-- Table structure for table `akoe_range_price`
--

CREATE TABLE `akoe_range_price` (
  `id_range_price` int(10) unsigned NOT NULL AUTO_INCREMENT,
  `id_carrier` int(10) unsigned NOT NULL,
  `delimiter1` decimal(20,6) NOT NULL,
  `delimiter2` decimal(20,6) NOT NULL,
  PRIMARY KEY (`id_range_price`),
  UNIQUE KEY `id_carrier` (`id_carrier`,`delimiter1`,`delimiter2`)
) ENGINE=InnoDB AUTO_INCREMENT=2 DEFAULT CHARSET=utf8;

--
-- Dumping data for table `akoe_range_price`
--

INSERT INTO `akoe_range_price` VALUES (1,2,0.000000,10000.000000);

--
-- Table structure for table `akoe_range_weight`
--

CREATE TABLE `akoe_range_weight` (
  `id_range_weight` int(10) unsigned NOT NULL AUTO_INCREMENT,
  `id_carrier` int(10) unsigned NOT NULL,
  `delimiter1` decimal(20,6) NOT NULL,
  `delimiter2` decimal(20,6) NOT NULL,
  PRIMARY KEY (`id_range_weight`),
  UNIQUE KEY `id_carrier` (`id_carrier`,`delimiter1`,`delimiter2`)
) ENGINE=InnoDB AUTO_INCREMENT=4 DEFAULT CHARSET=utf8;

--
-- Dumping data for table `akoe_range_weight`
--

INSERT INTO `akoe_range_weight` VALUES (2,7,0.000000,10000.000000),(1,9,0.000000,10000.000000),(3,10,0.000000,40000.000000);

--
-- Table structure for table `akoe_reassurance`
--

CREATE TABLE `akoe_reassurance` (
  `id_reassurance` int(10) unsigned NOT NULL AUTO_INCREMENT,
  `id_shop` int(10) unsigned NOT NULL,
  `file_name` varchar(100) NOT NULL,
  PRIMARY KEY (`id_reassurance`)
) ENGINE=InnoDB AUTO_INCREMENT=4 DEFAULT CHARSET=utf8;

--
-- Dumping data for table `akoe_reassurance`
--

INSERT INTO `akoe_reassurance` VALUES (1,1,'ic_verified_user_black_36dp_1x.png'),(2,1,'ic_local_shipping_black_36dp_1x.png'),(3,1,'ic_swap_horiz_black_36dp_1x.png');

--
-- Table structure for table `akoe_reassurance_lang`
--

CREATE TABLE `akoe_reassurance_lang` (
  `id_reassurance` int(10) unsigned NOT NULL AUTO_INCREMENT,
  `id_lang` int(10) unsigned NOT NULL,
  `text` varchar(300) NOT NULL,
  PRIMARY KEY (`id_reassurance`,`id_lang`)
) ENGINE=InnoDB AUTO_INCREMENT=4 DEFAULT CHARSET=utf8;

--
-- Dumping data for table `akoe_reassurance_lang`
--

INSERT INTO `akoe_reassurance_lang` VALUES (1,1,'Privacy Cookies - Voor meer info klik op link onderaan de website onder kop \"mijn bedrijf\" '),(2,1,'Verzending - Voor meer info klik op link onderaan de website onder kop \"mijn bedrijf\"'),(3,1,'Retouren - Herroeping .Voor meer info klik op link onderaan website onderkop \"ons bedrijf\"\r\n');

--
-- Table structure for table `akoe_referrer`
--

CREATE TABLE `akoe_referrer` (
  `id_referrer` int(10) unsigned NOT NULL AUTO_INCREMENT,
  `name` varchar(64) NOT NULL,
  `passwd` varchar(32) DEFAULT NULL,
  `http_referer_regexp` varchar(64) DEFAULT NULL,
  `http_referer_like` varchar(64) DEFAULT NULL,
  `request_uri_regexp` varchar(64) DEFAULT NULL,
  `request_uri_like` varchar(64) DEFAULT NULL,
  `http_referer_regexp_not` varchar(64) DEFAULT NULL,
  `http_referer_like_not` varchar(64) DEFAULT NULL,
  `request_uri_regexp_not` varchar(64) DEFAULT NULL,
  `request_uri_like_not` varchar(64) DEFAULT NULL,
  `base_fee` decimal(5,2) NOT NULL DEFAULT 0.00,
  `percent_fee` decimal(5,2) NOT NULL DEFAULT 0.00,
  `click_fee` decimal(5,2) NOT NULL DEFAULT 0.00,
  `date_add` datetime NOT NULL,
  PRIMARY KEY (`id_referrer`)
) ENGINE=InnoDB DEFAULT CHARSET=utf8;

--
-- Dumping data for table `akoe_referrer`
--


--
-- Table structure for table `akoe_referrer_cache`
--

CREATE TABLE `akoe_referrer_cache` (
  `id_connections_source` int(11) unsigned NOT NULL,
  `id_referrer` int(11) unsigned NOT NULL,
  PRIMARY KEY (`id_connections_source`,`id_referrer`)
) ENGINE=InnoDB DEFAULT CHARSET=utf8;

--
-- Dumping data for table `akoe_referrer_cache`
--


--
-- Table structure for table `akoe_referrer_shop`
--

CREATE TABLE `akoe_referrer_shop` (
  `id_referrer` int(10) unsigned NOT NULL AUTO_INCREMENT,
  `id_shop` int(10) unsigned NOT NULL DEFAULT 1,
  `cache_visitors` int(11) DEFAULT NULL,
  `cache_visits` int(11) DEFAULT NULL,
  `cache_pages` int(11) DEFAULT NULL,
  `cache_registrations` int(11) DEFAULT NULL,
  `cache_orders` int(11) DEFAULT NULL,
  `cache_sales` decimal(17,2) DEFAULT NULL,
  `cache_reg_rate` decimal(5,4) DEFAULT NULL,
  `cache_order_rate` decimal(5,4) DEFAULT NULL,
  PRIMARY KEY (`id_referrer`,`id_shop`)
) ENGINE=InnoDB DEFAULT CHARSET=utf8;

--
-- Dumping data for table `akoe_referrer_shop`
--


--
-- Table structure for table `akoe_request_sql`
--

CREATE TABLE `akoe_request_sql` (
  `id_request_sql` int(11) NOT NULL AUTO_INCREMENT,
  `name` varchar(200) NOT NULL,
  `sql` text NOT NULL,
  PRIMARY KEY (`id_request_sql`)
) ENGINE=InnoDB DEFAULT CHARSET=utf8;

--
-- Dumping data for table `akoe_request_sql`
--


--
-- Table structure for table `akoe_required_field`
--

CREATE TABLE `akoe_required_field` (
  `id_required_field` int(11) NOT NULL AUTO_INCREMENT,
  `object_name` varchar(32) NOT NULL,
  `field_name` varchar(32) NOT NULL,
  PRIMARY KEY (`id_required_field`),
  KEY `object_name` (`object_name`)
) ENGINE=InnoDB DEFAULT CHARSET=utf8;

--
-- Dumping data for table `akoe_required_field`
--


--
-- Table structure for table `akoe_risk`
--

CREATE TABLE `akoe_risk` (
  `id_risk` int(11) unsigned NOT NULL AUTO_INCREMENT,
  `percent` tinyint(3) NOT NULL,
  `color` varchar(32) DEFAULT NULL,
  PRIMARY KEY (`id_risk`)
) ENGINE=InnoDB AUTO_INCREMENT=5 DEFAULT CHARSET=utf8;

--
-- Dumping data for table `akoe_risk`
--

INSERT INTO `akoe_risk` VALUES (1,0,'#32CD32'),(2,35,'#FF8C00'),(3,75,'#DC143C'),(4,100,'#ec2e15');

--
-- Table structure for table `akoe_risk_lang`
--

CREATE TABLE `akoe_risk_lang` (
  `id_risk` int(10) unsigned NOT NULL,
  `id_lang` int(10) unsigned NOT NULL,
  `name` varchar(20) NOT NULL,
  PRIMARY KEY (`id_risk`,`id_lang`),
  KEY `id_risk` (`id_risk`)
) ENGINE=InnoDB DEFAULT CHARSET=utf8;

--
-- Dumping data for table `akoe_risk_lang`
--

INSERT INTO `akoe_risk_lang` VALUES (1,1,'Geen'),(2,1,'Laag'),(3,1,'Gemiddeld'),(4,1,'Hoog');

--
-- Table structure for table `akoe_search_engine`
--

CREATE TABLE `akoe_search_engine` (
  `id_search_engine` int(10) unsigned NOT NULL AUTO_INCREMENT,
  `server` varchar(64) NOT NULL,
  `getvar` varchar(16) NOT NULL,
  PRIMARY KEY (`id_search_engine`)
) ENGINE=InnoDB AUTO_INCREMENT=39 DEFAULT CHARSET=utf8;

--
-- Dumping data for table `akoe_search_engine`
--

INSERT INTO `akoe_search_engine` VALUES (1,'google','q'),(2,'aol','q'),(3,'yandex','text'),(4,'ask.com','q'),(5,'nhl.com','q'),(6,'yahoo','p'),(7,'baidu','wd'),(8,'lycos','query'),(9,'exalead','q'),(10,'search.live','q'),(11,'voila','rdata'),(12,'altavista','q'),(13,'bing','q'),(14,'daum','q'),(15,'eniro','search_word'),(16,'naver','query'),(17,'msn','q'),(18,'netscape','query'),(19,'cnn','query'),(20,'about','terms'),(21,'mamma','query'),(22,'alltheweb','q'),(23,'virgilio','qs'),(24,'alice','qs'),(25,'najdi','q'),(26,'mama','query'),(27,'seznam','q'),(28,'onet','qt'),(29,'szukacz','q'),(30,'yam','k'),(31,'pchome','q'),(32,'kvasir','q'),(33,'sesam','q'),(34,'ozu','q'),(35,'terra','query'),(36,'mynet','q'),(37,'ekolay','q'),(38,'rambler','words');

--
-- Table structure for table `akoe_search_index`
--

CREATE TABLE `akoe_search_index` (
  `id_product` int(11) unsigned NOT NULL,
  `id_word` int(11) unsigned NOT NULL,
  `weight` smallint(4) unsigned NOT NULL DEFAULT 1,
  PRIMARY KEY (`id_word`,`id_product`),
  KEY `id_product` (`id_product`,`weight`)
) ENGINE=InnoDB DEFAULT CHARSET=utf8;

--
-- Dumping data for table `akoe_search_index`
--

INSERT INTO `akoe_search_index` VALUES (1,640,1),(1,641,1),(1,642,1),(1,643,1),(1,645,1),(1,646,1),(1,647,1),(1,648,1),(1,651,1),(1,662,1),(1,663,1),(1,664,1),(1,665,1),(1,666,1),(1,668,1),(1,669,1),(1,670,1),(1,671,1),(1,672,1),(1,673,1),(1,674,1),(1,675,1),(1,676,1),(1,677,1),(1,678,1),(1,679,1),(1,680,1),(1,681,1),(1,682,1),(1,684,1),(1,685,1),(1,686,1),(1,667,2),(1,683,2),(1,654,3),(1,656,3),(1,660,4),(1,661,4),(1,637,6),(1,636,7),(1,688,8),(1,689,8),(1,639,90),(2,651,1),(2,654,1),(2,668,1),(2,679,1),(2,691,1),(2,695,1),(2,656,2),(2,667,2),(2,697,3),(2,660,4),(2,661,4),(2,636,6),(2,637,6),(2,639,50),(3,637,1),(3,654,1),(3,695,1),(3,743,1),(3,744,1),(3,745,1),(3,746,1),(3,747,1),(3,748,1),(3,750,1),(3,751,1),(3,752,1),(3,753,1),(3,754,1),(3,755,1),(3,756,1),(3,757,1),(3,758,1),(3,759,1),(3,760,1),(3,761,1),(3,762,1),(3,763,1),(3,764,1),(3,765,1),(3,766,1),(3,767,1),(3,768,1),(3,667,2),(3,749,2),(3,772,2),(3,773,2),(3,774,2),(3,769,3),(3,770,3),(3,771,3),(3,656,7),(3,738,7),(3,739,7),(3,740,7),(3,741,7),(3,742,8),(3,639,40),(4,637,1),(4,654,1),(4,695,1),(4,738,1),(4,739,1),(4,740,1),(4,743,1),(4,744,1),(4,746,1),(4,747,1),(4,748,1),(4,750,1),(4,751,1),(4,752,1),(4,753,1),(4,754,1),(4,755,1),(4,756,1),(4,757,1),(4,758,1),(4,759,1),(4,760,1),(4,761,1),(4,762,1),(4,763,1),(4,764,1),(4,765,1),(4,766,1),(4,767,1),(4,768,1),(4,783,1),(4,667,2),(4,749,2),(4,772,2),(4,773,2),(4,774,2),(4,697,3),(4,770,3),(4,771,3),(4,781,6),(4,782,6),(4,656,7),(4,741,7),(4,742,8),(4,639,40),(5,654,1),(5,656,1),(5,695,1),(5,738,1),(5,739,1),(5,740,1),(5,745,1),(5,754,1),(5,755,1),(5,749,2),(5,772,2),(5,667,3),(5,769,3),(5,770,3),(5,771,3),(5,826,6),(5,827,6),(5,828,6),(5,741,7),(5,742,8),(5,639,40),(6,667,1),(6,828,1),(6,874,1),(6,875,1),(6,876,1),(6,877,1),(6,882,1),(6,883,1),(6,884,1),(6,885,1),(6,886,1),(6,887,1),(6,888,1),(6,660,3),(6,661,3),(6,697,3),(6,889,3),(6,738,7),(6,873,7),(6,656,8),(6,639,10),(7,667,1),(7,828,1),(7,874,1),(7,875,1),(7,876,1),(7,882,1),(7,883,1),(7,884,1),(7,885,1),(7,886,1),(7,887,1),(7,888,1),(7,901,1),(7,660,3),(7,661,3),(7,697,3),(7,889,3),(7,781,7),(7,782,7),(7,873,7),(7,656,8),(7,639,10),(8,654,1),(8,656,1),(8,749,1),(8,874,1),(8,875,1),(8,876,1),(8,925,1),(8,926,1),(8,928,1),(8,929,2),(8,660,3),(8,661,3),(8,697,3),(8,826,6),(8,827,7),(8,828,7),(8,873,7),(8,639,10),(9,651,1),(9,667,1),(9,668,1),(9,749,1),(9,755,1),(9,770,1),(9,925,1),(9,926,1),(9,957,1),(9,959,1),(9,960,1),(9,961,1),(9,962,1),(9,963,1),(9,964,1),(9,965,1),(9,966,1),(9,967,1),(9,968,1),(9,969,1),(9,970,1),(9,971,1),(9,972,1),(9,973,1),(9,974,1),(9,975,1),(9,976,1),(9,977,1),(9,656,2),(9,688,2),(9,689,2),(9,691,2),(9,958,2),(9,654,3),(9,660,3),(9,661,3),(9,697,3),(9,889,3),(9,954,7),(9,955,7),(9,956,8),(9,639,30),(10,651,1),(10,667,1),(10,668,1),(10,749,1),(10,755,1),(10,770,1),(10,925,1),(10,926,1),(10,957,1),(10,959,1),(10,960,1),(10,961,1),(10,962,1),(10,963,1),(10,964,1),(10,965,1),(10,966,1),(10,967,1),(10,968,1),(10,969,1),(10,970,1),(10,971,1),(10,972,1),(10,973,1),(10,974,1),(10,975,1),(10,976,1),(10,977,1),(10,656,2),(10,688,2),(10,689,2),(10,691,2),(10,929,2),(10,958,2),(10,654,3),(10,660,3),(10,661,3),(10,697,3),(10,889,3),(10,996,7),(10,997,7),(10,956,8),(10,639,30),(11,667,1),(11,749,1),(11,755,1),(11,770,1),(11,656,2),(11,958,2),(11,654,3),(11,660,3),(11,661,3),(11,697,3),(11,889,3),(11,636,7),(11,639,30),(12,654,1),(12,656,1),(12,1082,1),(12,1083,1),(12,1084,1),(12,1085,1),(12,1086,1),(12,1087,1),(12,1088,1),(12,1089,1),(12,1090,1),(12,1091,1),(12,1092,1),(12,1093,1),(12,1094,1),(12,1095,1),(12,1096,1),(12,1097,1),(12,1098,1),(12,1099,1),(12,1100,1),(12,1101,1),(12,1102,1),(12,1103,1),(12,679,2),(12,695,2),(12,769,3),(12,771,3),(12,770,5),(12,1081,6),(12,954,7),(12,955,7),(12,1080,8),(12,639,10),(13,654,1),(13,656,1),(13,954,1),(13,955,1),(13,1082,1),(13,1083,1),(13,1084,1),(13,1085,1),(13,1086,1),(13,1087,1),(13,1088,1),(13,1089,1),(13,1090,1),(13,1091,1),(13,1092,1),(13,1093,1),(13,1094,1),(13,1095,1),(13,1096,1),(13,1097,1),(13,1098,1),(13,1099,1),(13,1100,1),(13,1101,1),(13,1102,1),(13,1103,1),(13,679,2),(13,695,2),(13,769,3),(13,771,3),(13,770,5),(13,996,6),(13,997,6),(13,1081,6),(13,1080,8),(13,639,10),(14,654,1),(14,656,1),(14,954,1),(14,955,1),(14,1090,1),(14,771,3),(14,770,5),(14,636,6),(14,639,10),(15,656,1),(15,697,3),(15,889,3),(15,873,7),(15,639,10),(16,646,1),(16,654,1),(16,661,1),(16,667,1),(16,697,1),(16,738,1),(16,745,1),(16,749,1),(16,755,1),(16,958,1),(16,1090,1),(16,1200,1),(16,1201,1),(16,1202,1),(16,1203,1),(16,1204,1),(16,1205,1),(16,1206,1),(16,1207,1),(16,1208,1),(16,1209,1),(16,1210,1),(16,1211,1),(16,1212,1),(16,1213,1),(16,1214,1),(16,1215,1),(16,1216,1),(16,1217,1),(16,1218,1),(16,1219,1),(16,1220,1),(16,1221,1),(16,1222,1),(16,1223,1),(16,1224,1),(16,1225,1),(16,1226,1),(16,656,2),(16,929,2),(16,1228,2),(16,1229,2),(16,1230,2),(16,770,3),(16,771,3),(16,1227,3),(16,954,7),(16,955,7),(16,1199,8),(16,639,50),(17,646,1),(17,654,1),(17,661,1),(17,667,1),(17,697,1),(17,738,1),(17,745,1),(17,749,1),(17,755,1),(17,954,1),(17,955,1),(17,958,1),(17,1090,1),(17,1200,1),(17,1201,1),(17,1202,1),(17,1203,1),(17,1204,1),(17,1205,1),(17,1206,1),(17,1207,1),(17,1208,1),(17,1209,1),(17,1210,1),(17,1211,1),(17,1212,1),(17,1213,1),(17,1214,1),(17,1215,1),(17,1216,1),(17,1217,1),(17,1218,1),(17,1219,1),(17,1220,1),(17,1221,1),(17,1222,1),(17,1223,1),(17,1224,1),(17,1225,1),(17,1226,1),(17,656,2),(17,929,2),(17,1228,2),(17,1229,2),(17,1230,2),(17,770,3),(17,771,3),(17,1227,3),(17,1199,8),(17,639,50),(18,661,1),(18,667,1),(18,697,1),(18,749,1),(18,1090,1),(18,656,2),(18,639,50),(22,1373,1),(22,1374,1),(22,1375,1),(22,1376,1),(22,1377,1),(22,1378,1),(22,1379,1),(22,1380,1),(22,1381,1),(22,1382,1),(22,1383,1),(22,1384,1),(22,1364,3),(22,1361,7),(22,1362,7),(22,1363,7),(23,1373,1),(23,1374,1),(23,1375,1),(23,1376,1),(23,1377,1),(23,1378,1),(23,1379,1),(23,1380,1),(23,1381,1),(23,1382,1),(23,1383,1),(23,1384,1),(23,1364,3),(23,1421,6),(23,1361,7),(23,1362,7),(23,1363,7),(24,1373,1),(24,1374,1),(24,1375,1),(24,1376,1),(24,1377,1),(24,1378,1),(24,1379,1),(24,1380,1),(24,1381,1),(24,1384,1),(24,1777,1),(24,2401,1),(24,2402,1),(24,2403,1),(24,2404,1),(24,2406,1),(24,2407,1),(24,1382,2),(24,2405,2),(24,1364,3),(24,1383,3),(24,1455,6),(24,1361,7),(24,1362,7),(24,1363,7),(26,1508,1),(26,1509,1),(26,1510,1),(26,1511,1),(26,1512,1),(26,1513,1),(26,1514,1),(26,1515,1),(26,1516,1),(26,1518,1),(26,1519,1),(26,1520,1),(26,1522,1),(26,1523,1),(26,1524,1),(26,1525,1),(26,1526,1),(26,1527,1),(26,1528,1),(26,1529,1),(26,1530,1),(26,1531,1),(26,1532,1),(26,1533,1),(26,1534,1),(26,1535,1),(26,1536,1),(26,1537,1),(26,1538,1),(26,1539,1),(26,1540,1),(26,1517,2),(26,1521,2),(26,1364,3),(26,1506,6),(26,1507,6),(26,1505,7),(27,1508,1),(27,1509,1),(27,1510,1),(27,1511,1),(27,1512,1),(27,1513,1),(27,1514,1),(27,1515,1),(27,1516,1),(27,1518,1),(27,1519,1),(27,1520,1),(27,1525,1),(27,1526,1),(27,1527,1),(27,1528,1),(27,1529,1),(27,1530,1),(27,1531,1),(27,1532,1),(27,1533,1),(27,1534,1),(27,1535,1),(27,1536,1),(27,1537,1),(27,1539,1),(27,1540,1),(27,1616,1),(27,1617,1),(27,1517,2),(27,1521,2),(27,1364,3),(27,1506,6),(27,1507,6),(27,1505,7),(28,1515,1),(28,1517,1),(28,1534,1),(28,1652,1),(28,1653,1),(28,1654,1),(28,1655,1),(28,1656,1),(28,1657,1),(28,1658,1),(28,1659,1),(28,1660,1),(28,1661,1),(28,1662,1),(28,1663,1),(28,1664,1),(28,1665,1),(28,1666,1),(28,1667,1),(28,1668,1),(28,1669,1),(28,1670,1),(28,1671,1),(28,1672,1),(28,1673,1),(28,1674,1),(28,1675,1),(28,1676,1),(28,1677,1),(28,1678,1),(28,1679,1),(28,1680,1),(28,1681,1),(28,1682,1),(28,1530,2),(28,1364,4),(28,1505,7),(28,1651,7),(29,1362,1),(29,1375,1),(29,1377,1),(29,1652,1),(29,1654,1),(29,1658,1),(29,1667,1),(29,1671,1),(29,1682,1),(29,1730,1),(29,1731,1),(29,1733,1),(29,1734,1),(29,1735,1),(29,1737,1),(29,1738,1),(29,1739,1),(29,1741,1),(29,1742,1),(29,1743,1),(29,1744,1),(29,1746,1),(29,1747,1),(29,1748,1),(29,1749,1),(29,1750,1),(29,1751,1),(29,1752,1),(29,1753,1),(29,1754,1),(29,1755,1),(29,1756,1),(29,1757,1),(29,1758,1),(29,1759,1),(29,1760,1),(29,1761,1),(29,1762,1),(29,1763,1),(29,1764,1),(29,1765,1),(29,1766,1),(29,1767,1),(29,1768,1),(29,1769,1),(29,1770,1),(29,1771,1),(29,1772,1),(29,1773,1),(29,1774,1),(29,1775,1),(29,1776,1),(29,1777,1),(29,1778,1),(29,1779,1),(29,1780,1),(29,1781,1),(29,1782,1),(29,1783,1),(29,1784,1),(29,1785,1),(29,1786,1),(29,1787,1),(29,1788,1),(29,1789,1),(29,1790,1),(29,1792,1),(29,1793,1),(29,1794,1),(29,1795,1),(29,1796,1),(29,1797,1),(29,1798,1),(29,1799,1),(29,1800,1),(29,1801,1),(29,1802,1),(29,1803,1),(29,1804,1),(29,1805,1),(29,1806,1),(29,1807,1),(29,1808,1),(29,1809,1),(29,1810,1),(29,1811,1),(29,1812,1),(29,1813,1),(29,1814,1),(29,1815,1),(29,1816,1),(29,1519,2),(29,1732,2),(29,1736,2),(29,1740,2),(29,1745,2),(29,1791,2),(29,1364,3),(29,1727,6),(29,1728,6),(29,1729,7),(29,1515,9),(30,1833,1),(30,1834,1),(30,1835,1),(30,1364,3),(30,1363,6),(30,1829,6),(30,1830,6),(30,1831,6),(30,1832,6),(32,1362,1),(32,1375,1),(32,1833,1),(32,1834,1),(32,1835,1),(32,1865,1),(32,1866,1),(32,1867,1),(32,1868,1),(32,1364,3),(32,1829,6),(32,1830,6),(32,1363,7),(32,1831,7),(32,1847,7),(33,1376,1),(33,1515,1),(33,1517,1),(33,1677,1),(33,1739,1),(33,1747,1),(33,1798,1),(33,1831,1),(33,1966,1),(33,1967,1),(33,1968,1),(33,1969,1),(33,1970,1),(33,1971,1),(33,1972,1),(33,1973,1),(33,1974,1),(33,1975,1),(33,1519,2),(33,1364,3),(33,1963,6),(33,1374,7),(33,1964,7),(33,1965,7),(33,1363,8),(34,1376,1),(34,1517,1),(34,1519,1),(34,1677,1),(34,1739,1),(34,1747,1),(34,1798,1),(34,1967,1),(34,1968,1),(34,1969,1),(34,1970,1),(34,1971,1),(34,1972,1),(34,1973,1),(34,1974,1),(34,1975,1),(34,1988,1),(34,1990,1),(34,1991,1),(34,1364,3),(34,1362,6),(34,1963,6),(34,1363,7),(34,1374,7),(34,1831,7),(34,1964,7),(34,1989,7),(36,1374,1),(36,1376,1),(36,1517,1),(36,1519,1),(36,1664,1),(36,1677,1),(36,1739,1),(36,1747,1),(36,1798,1),(36,1964,1),(36,1967,1),(36,1968,1),(36,1969,1),(36,1970,1),(36,1971,1),(36,1972,1),(36,1973,1),(36,1974,1),(36,1975,1),(36,1988,1),(36,1991,1),(36,2092,1),(36,1364,3),(36,2090,6),(36,1363,7),(36,1965,7),(36,2091,7),(38,1363,1),(38,1374,1),(38,1376,1),(38,1517,1),(38,1519,1),(38,1677,1),(38,1739,1),(38,1747,1),(38,1798,1),(38,1831,1),(38,1967,1),(38,1968,1),(38,1969,1),(38,1970,1),(38,1971,1),(38,1972,1),(38,1973,1),(38,1974,1),(38,1975,1),(38,1364,3),(38,2426,6),(38,1988,7),(38,2427,7),(38,2428,7),(39,1363,1),(39,1374,1),(39,1376,1),(39,1517,1),(39,1519,1),(39,1677,1),(39,1739,1),(39,1747,1),(39,1798,1),(39,1831,1),(39,1967,1),(39,1968,1),(39,1969,1),(39,1970,1),(39,1971,1),(39,1972,1),(39,1973,1),(39,1974,1),(39,1975,1),(39,1364,3),(39,2426,6),(39,1988,7),(39,2427,7),(39,2474,7),(40,1363,1),(40,1374,1),(40,1376,1),(40,1517,1),(40,1519,1),(40,1677,1),(40,1739,1),(40,1747,1),(40,1798,1),(40,1831,1),(40,1967,1),(40,1968,1),(40,1969,1),(40,1970,1),(40,1971,1),(40,1972,1),(40,1973,1),(40,1974,1),(40,1975,1),(40,1364,3),(40,2426,6),(40,1988,7),(40,2427,7),(40,2648,7),(41,1363,1),(41,1374,1),(41,1376,1),(41,1517,1),(41,1519,1),(41,1664,1),(41,1677,1),(41,1739,1),(41,1747,1),(41,1798,1),(41,1967,1),(41,1968,1),(41,1969,1),(41,1970,1),(41,1971,1),(41,1972,1),(41,1973,1),(41,1974,1),(41,1975,1),(41,2091,1),(41,2428,1),(41,2474,1),(41,2647,1),(41,2648,1),(41,1364,3),(41,1455,6),(41,2426,6),(41,1988,7),(41,2090,7),(41,2427,7),(42,1374,1),(42,1519,1),(42,1739,1),(42,1747,1),(42,1834,1),(42,1990,1),(42,1991,1),(42,2647,1),(42,2857,1),(42,2858,1),(42,2859,1),(42,2860,1),(42,2861,1),(42,2862,1),(42,2863,1),(42,2864,1),(42,2865,1),(42,2866,1),(42,2867,1),(42,2868,1),(42,2869,1),(42,2870,1),(42,1515,2),(42,1664,2),(42,1364,3),(42,1362,6),(42,1798,6),(42,2474,7),(42,1363,8),(43,1374,1),(43,1519,1),(43,1739,1),(43,1747,1),(43,1834,1),(43,1990,1),(43,1991,1),(43,2647,1),(43,2857,1),(43,2858,1),(43,2859,1),(43,2860,1),(43,2861,1),(43,2862,1),(43,2863,1),(43,2864,1),(43,2865,1),(43,2866,1),(43,2867,1),(43,2868,1),(43,2869,1),(43,2870,1),(43,1515,2),(43,1664,2),(43,1364,3),(43,1362,6),(43,1798,6),(43,1847,7),(43,1363,8),(44,1374,1),(44,1519,1),(44,1739,1),(44,1747,1),(44,1834,1),(44,1990,1),(44,1991,1),(44,2647,1),(44,2857,1),(44,2858,1),(44,2859,1),(44,2860,1),(44,2861,1),(44,2862,1),(44,2863,1),(44,2864,1),(44,2865,1),(44,2866,1),(44,2867,1),(44,2868,1),(44,2869,1),(44,2870,1),(44,1515,2),(44,1664,2),(44,1364,3),(44,1362,6),(44,1798,6),(44,4089,7),(44,1363,8),(45,1374,1),(45,1519,1),(45,1739,1),(45,1747,1),(45,1831,1),(45,1834,1),(45,1990,1),(45,1991,1),(45,2647,1),(45,2857,1),(45,2858,1),(45,2859,1),(45,2860,1),(45,2861,1),(45,2862,1),(45,2863,1),(45,2864,1),(45,2865,1),(45,2866,1),(45,2867,1),(45,2868,1),(45,2869,1),(45,2870,1),(45,2976,1),(45,2977,1),(45,2978,1),(45,2979,1),(45,2980,1),(45,2981,1),(45,1515,2),(45,1664,2),(45,1364,3),(45,1362,6),(45,1798,6),(45,2975,7),(45,1363,8),(46,1374,1),(46,1519,1),(46,1739,1),(46,1747,1),(46,1831,1),(46,1834,1),(46,1990,1),(46,1991,1),(46,2647,1),(46,2857,1),(46,2858,1),(46,2859,1),(46,2860,1),(46,2861,1),(46,2862,1),(46,2863,1),(46,2864,1),(46,2865,1),(46,2866,1),(46,2867,1),(46,2868,1),(46,2869,1),(46,2870,1),(46,2976,1),(46,2977,1),(46,2978,1),(46,2979,1),(46,2980,1),(46,2981,1),(46,1515,2),(46,1664,2),(46,1364,3),(46,1362,6),(46,1798,6),(46,1421,7),(46,2428,7),(46,1363,8),(47,1374,1),(47,1519,1),(47,1739,1),(47,1747,1),(47,1834,1),(47,1990,1),(47,1991,1),(47,2647,1),(47,2857,1),(47,2858,1),(47,2859,1),(47,2860,1),(47,2861,1),(47,2862,1),(47,2863,1),(47,2864,1),(47,2865,1),(47,2866,1),(47,2867,1),(47,2868,1),(47,2869,1),(47,2870,1),(47,1515,2),(47,1664,2),(47,1364,3),(47,1362,6),(47,1798,6),(47,2648,7),(47,1363,8),(48,1374,1),(48,1866,1),(48,1990,1),(48,3143,1),(48,3144,1),(48,3145,1),(48,1364,3),(48,1363,7),(48,1834,7),(48,1965,7),(48,3141,7),(48,3142,7),(49,1374,1),(49,1866,1),(49,1990,1),(49,3143,1),(49,3144,1),(49,3145,1),(49,1364,3),(49,1363,7),(49,1834,7),(49,1965,7),(49,3141,7),(49,3142,7),(50,1374,1),(50,1866,1),(50,1990,1),(50,3143,1),(50,3144,1),(50,3145,1),(50,1364,3),(50,1363,7),(50,1834,7),(50,1965,7),(50,3141,7),(50,3142,7),(51,1374,1),(51,1866,1),(51,3143,1),(51,3144,1),(51,3145,1),(51,3321,1),(51,1364,3),(51,1363,7),(51,1834,7),(51,2428,7),(51,3141,7),(51,3142,7),(52,1374,1),(52,1866,1),(52,3143,1),(52,3144,1),(52,3145,1),(52,3321,1),(52,1364,3),(52,1363,7),(52,1834,7),(52,3141,7),(52,3142,7),(52,3345,7),(53,1363,1),(53,1374,1),(53,1866,1),(53,3141,1),(53,3143,1),(53,3144,1),(53,3145,1),(53,3321,1),(53,1364,3),(53,1834,7),(53,2474,7),(53,3142,7),(54,1373,1),(54,1530,1),(54,1656,1),(54,1973,1),(54,3395,1),(54,3397,1),(54,3398,1),(54,3399,1),(54,3400,1),(54,2406,2),(54,3396,2),(54,1364,3),(54,3392,6),(54,3394,6),(54,3393,7),(55,1373,1),(55,1656,1),(55,1973,1),(55,3395,1),(55,3397,1),(55,3399,1),(55,3400,1),(55,3452,1),(55,3453,1),(55,3396,2),(55,1364,3),(55,2406,3),(55,3392,6),(55,3394,6),(55,3393,7),(56,1374,1),(56,1761,1),(56,1833,1),(56,1865,1),(56,2406,1),(56,3485,1),(56,3486,1),(56,3487,1),(56,3488,1),(56,3489,1),(56,3490,1),(56,1364,3),(56,2859,6),(56,3483,7),(56,3484,8),(57,1374,1),(57,1761,1),(57,1833,1),(57,1865,1),(57,2406,1),(57,3484,1),(57,3485,1),(57,3486,1),(57,3488,1),(57,3489,1),(57,3490,1),(57,3543,1),(57,1364,3),(57,2859,6),(57,3483,7),(58,1374,1),(58,1761,1),(58,1833,1),(58,1865,1),(58,2406,1),(58,3484,1),(58,3485,1),(58,3486,1),(58,3488,1),(58,3489,1),(58,3490,1),(58,3588,1),(58,1364,3),(58,2859,6),(58,2863,7),(58,3483,7),(59,1374,1),(59,1761,1),(59,1833,1),(59,1865,1),(59,2406,1),(59,3485,1),(59,3486,1),(59,3488,1),(59,3489,1),(59,3490,1),(59,3588,1),(59,1364,3),(59,2859,6),(59,3483,7),(59,2863,8),(60,1374,1),(60,1761,1),(60,1833,1),(60,1865,1),(60,2406,1),(60,3485,1),(60,3486,1),(60,3488,1),(60,3489,1),(60,3490,1),(60,3543,1),(60,1364,3),(60,2859,6),(60,3483,7),(61,1374,1),(61,1761,1),(61,1833,1),(61,1865,1),(61,2406,1),(61,3485,1),(61,3486,1),(61,3488,1),(61,3489,1),(61,3490,1),(61,3543,1),(61,1364,3),(61,2859,6),(61,3483,7),(62,1374,1),(62,1761,1),(62,1833,1),(62,1865,1),(62,2406,1),(62,3485,1),(62,3486,1),(62,3488,1),(62,3489,1),(62,3490,1),(62,3588,1),(62,1364,3),(62,2859,6),(62,3483,7),(62,2863,8),(63,1374,1),(63,1833,1),(63,1865,1),(63,2406,1),(63,3485,1),(63,3486,1),(63,3488,1),(63,3489,1),(63,3490,1),(63,3842,1),(63,3843,1),(63,1761,2),(63,1364,3),(63,2859,6),(63,3483,7),(63,3841,8),(64,1374,1),(64,1833,1),(64,1865,1),(64,2406,1),(64,3485,1),(64,3486,1),(64,3488,1),(64,3489,1),(64,3490,1),(64,3842,1),(64,3843,1),(64,1761,2),(64,1364,3),(64,2859,6),(64,3483,7),(64,3841,8),(65,1374,1),(65,1833,1),(65,1865,1),(65,2406,1),(65,3485,1),(65,3486,1),(65,3488,1),(65,3489,1),(65,3490,1),(65,3842,1),(65,3843,1),(65,1761,2),(65,1364,3),(65,2859,6),(65,3483,7),(65,3841,8),(66,1374,1),(66,1761,1),(66,1833,1),(66,1865,1),(66,2406,1),(66,3485,1),(66,3486,1),(66,3488,1),(66,3489,1),(66,3490,1),(66,3543,1),(66,1364,3),(66,2859,6),(66,3483,7);

--
-- Table structure for table `akoe_search_word`
--

CREATE TABLE `akoe_search_word` (
  `id_word` int(10) unsigned NOT NULL AUTO_INCREMENT,
  `id_shop` int(11) unsigned NOT NULL DEFAULT 1,
  `id_lang` int(10) unsigned NOT NULL,
  `word` varchar(15) NOT NULL,
  PRIMARY KEY (`id_word`),
  UNIQUE KEY `id_lang` (`id_lang`,`id_shop`,`word`)
) ENGINE=InnoDB AUTO_INCREMENT=4315 DEFAULT CHARSET=utf8;

--
-- Dumping data for table `akoe_search_word`
--

INSERT INTO `akoe_search_word` VALUES (1660,1,1,'065'),(1534,1,1,'100'),(1816,1,1,'1000'),(1661,1,1,'100hz'),(3486,1,1,'100x100'),(2863,1,1,'120'),(1373,1,1,'120x100'),(1522,1,1,'1229hz'),(3484,1,1,'160'),(3452,1,1,'1600'),(3453,1,1,'1895'),(3841,1,1,'200'),(1815,1,1,'200mm'),(1813,1,1,'2100'),(1616,1,1,'2150hz'),(1617,1,1,'2150hzenvironme'),(1524,1,1,'2529hz'),(1538,1,1,'2529hzenvironme'),(2427,1,1,'25x25'),(1964,1,1,'30x30'),(1384,1,1,'49x49'),(1662,1,1,'5kh'),(1530,1,1,'600'),(1532,1,1,'600mm'),(1834,1,1,'60x60'),(1521,1,1,'615hz'),(1814,1,1,'800'),(3398,1,1,'895'),(1653,1,1,'90mm'),(1380,1,1,'aangebracht'),(1455,1,1,'aarde'),(2647,1,1,'aardse'),(1966,1,1,'absorbeert'),(1747,1,1,'absorberen'),(1733,1,1,'absorptie'),(2092,1,1,'afgeschuimde'),(1990,1,1,'afgeschuinde'),(1833,1,1,'afmeting'),(1797,1,1,'afwerking'),(3483,1,1,'agglomer'),(1988,1,1,'akoepaneel'),(1677,1,1,'akoestiek'),(1362,1,1,'akoestisch'),(1515,1,1,'akoestische'),(3392,1,1,'akoewol'),(1748,1,1,'alle'),(1968,1,1,'aluminium'),(1734,1,1,'andere'),(1740,1,1,'anti'),(1832,1,1,'asgrijs'),(1669,1,1,'auditorium'),(1775,1,1,'baffle'),(1756,1,1,'basis'),(1811,1,1,'basismateriaal'),(1744,1,1,'behandeld'),(1763,1,1,'behandeling'),(2648,1,1,'beige'),(1768,1,1,'bevestigingssys'),(1777,1,1,'bij'),(1868,1,1,'binnen'),(1421,1,1,'blauw'),(3394,1,1,'blijven'),(2975,1,1,'bordeaux'),(3399,1,1,'brandveilig'),(3145,1,1,'brandvertragend'),(1973,1,1,'brandwerend'),(2474,1,1,'bruin'),(1779,1,1,'bugs'),(1796,1,1,'buitenshuis'),(2403,1,1,'bus'),(2090,1,1,'collage'),(1378,1,1,'daarop'),(1673,1,1,'design'),(1805,1,1,'details'),(1761,1,1,'dichtheid'),(1751,1,1,'diffunderende'),(1505,1,1,'diffuser'),(1658,1,1,'diffusie'),(1520,1,1,'diffusiefrequen'),(1800,1,1,'diffusiezijde'),(1374,1,1,'dik'),(2426,1,1,'doek'),(2862,1,1,'donkere'),(1774,1,1,'draagbare'),(2978,1,1,'draden'),(1731,1,1,'dubbelzijdig'),(3396,1,1,'dus'),(1784,1,1,'echo'),(1806,1,1,'eco'),(1970,1,1,'ecologische'),(1676,1,1,'effectief'),(1736,1,1,'eigenschappen'),(1766,1,1,'emissie'),(1728,1,1,'end'),(1361,1,1,'felt'),(1971,1,1,'fiber'),(1783,1,1,'fladderende'),(1829,1,1,'form'),(1765,1,1,'formaldehyde'),(1666,1,1,'foto'),(1739,1,1,'frame'),(1536,1,1,'frequency'),(1749,1,1,'frequenties'),(1807,1,1,'friendly'),(1674,1,1,'functie'),(3141,1,1,'gekleurd'),(1519,1,1,'geluid'),(1376,1,1,'geluidsabsorber'),(1799,1,1,'geluidsabsorpti'),(1681,1,1,'geluidsdiffusie'),(1510,1,1,'geluidsenergie'),(1786,1,1,'geluidsreflecti'),(1513,1,1,'geluidsveld'),(1375,1,1,'gemaakt'),(1737,1,1,'gepatenteerd'),(1865,1,1,'geperst'),(1667,1,1,'geschikt'),(1974,1,1,'gespannen'),(2858,1,1,'gevuld'),(1969,1,1,'gevult'),(1654,1,1,'gewicht'),(1972,1,1,'glas'),(1759,1,1,'glasvezel'),(1788,1,1,'golf'),(1540,1,1,'grade'),(3400,1,1,'grams'),(2428,1,1,'grijs'),(1773,1,1,'groeakoestische'),(1965,1,1,'groen'),(1762,1,1,'groene'),(1652,1,1,'grootte'),(1518,1,1,'helderheid'),(1776,1,1,'helpt'),(3345,1,1,'hemelsblauw'),(1727,1,1,'high'),(1755,1,1,'hips'),(1867,1,1,'hol'),(1364,1,1,'home'),(1523,1,1,'hoogste'),(1835,1,1,'hoogte'),(1507,1,1,'hout'),(2865,1,1,'inc'),(1659,1,1,'indicator'),(1808,1,1,'internationale'),(1509,1,1,'invallende'),(2976,1,1,'ivm'),(1672,1,1,'kamer'),(1745,1,1,'kant'),(1975,1,1,'kantoor'),(1670,1,1,'kantoren'),(1790,1,1,'kerken'),(2981,1,1,'kijkt'),(1655,1,1,'kilo'),(1812,1,1,'klasse'),(1831,1,1,'kleur'),(1664,1,1,'kleuren'),(1804,1,1,'kleurenkaart'),(2401,1,1,'krijgt'),(1781,1,1,'lange'),(1531,1,1,'length'),(2864,1,1,'leverbaar'),(1967,1,1,'lichtgewicht'),(1847,1,1,'lichtgrijs'),(1989,1,1,'lichtgroen'),(2857,1,1,'lichtmetalen'),(2404,1,1,'lijm'),(2405,1,1,'lijmen'),(1675,1,1,'look'),(1512,1,1,'maak'),(1506,1,1,'massief'),(1508,1,1,'massieve'),(1377,1,1,'materiaal'),(1525,1,1,'material'),(1801,1,1,'matte'),(1738,1,1,'metalen'),(1758,1,1,'micro'),(1789,1,1,'middenfrequenti'),(1750,1,1,'mls'),(1535,1,1,'mmdiffusion'),(2869,1,1,'montagekit'),(1680,1,1,'mooi'),(1671,1,1,'multifunctionel'),(1782,1,1,'nagalmtijd'),(2870,1,1,'nodig'),(1809,1,1,'norm'),(1516,1,1,'omgeving'),(1793,1,1,'ondertussen'),(2868,1,1,'ophangclips'),(1682,1,1,'oplossing'),(2860,1,1,'optimaal'),(1743,1,1,'oxidatie'),(1363,1,1,'paneel'),(1785,1,1,'parallelle'),(1656,1,1,'per'),(1539,1,1,'performance'),(2406,1,1,'plaat'),(3490,1,1,'plafonds'),(2866,1,1,'pluggen'),(3142,1,1,'poly'),(1866,1,1,'polyester'),(3395,1,1,'polyesterwol'),(3488,1,1,'prima'),(1803,1,1,'raadpleeg'),(3143,1,1,'rand'),(1991,1,1,'randen'),(1537,1,1,'range'),(3321,1,1,'rechte'),(1771,1,1,'rechthoek'),(1663,1,1,'recyclebaarverk'),(1741,1,1,'reflectie'),(1778,1,1,'regelen'),(1742,1,1,'resonantie'),(1526,1,1,'rubber'),(1678,1,1,'ruimte'),(1729,1,1,'scherm'),(1802,1,1,'schilderij'),(2867,1,1,'schroeven'),(2859,1,1,'schuim'),(1795,1,1,'shell'),(3397,1,1,'slechts'),(1794,1,1,'snelle'),(1527,1,1,'solid'),(1379,1,1,'speels'),(1830,1,1,'square'),(1787,1,1,'staande'),(1767,1,1,'standaard'),(1798,1,1,'stof'),(1963,1,1,'stoffen'),(1735,1,1,'structuur'),(1792,1,1,'studio'),(1657,1,1,'stuk'),(1382,1,1,'stukken'),(2091,1,1,'stuks'),(1757,1,1,'super'),(1668,1,1,'theatre'),(1533,1,1,'thickness'),(3588,1,1,'u120'),(3487,1,1,'u160'),(3842,1,1,'u200'),(3543,1,1,'u80'),(1746,1,1,'uitstekend'),(1514,1,1,'uniform'),(2980,1,1,'vanaf'),(1772,1,1,'vaste'),(1517,1,1,'verbeteren'),(1770,1,1,'verborgen'),(1730,1,1,'verrijdbaar'),(2979,1,1,'verschil'),(2977,1,1,'verschildende'),(1760,1,1,'verschillende'),(1511,1,1,'verspreiden'),(1381,1,1,'vierkante'),(1383,1,1,'vilt'),(1810,1,1,'vlamvertraging'),(3843,1,1,'vloeren'),(3485,1,1,'vlokkenschuim'),(1753,1,1,'volgens'),(2861,1,1,'voorraad'),(1754,1,1,'vormingsproces'),(2407,1,1,'wand'),(3489,1,1,'wanden'),(1529,1,1,'width'),(1769,1,1,'wielen'),(3393,1,1,'wit'),(3144,1,1,'wol'),(1752,1,1,'wolk'),(1651,1,1,'wolken'),(1528,1,1,'wood'),(1791,1,1,'zalen'),(2402,1,1,'zelf'),(1665,1,1,'zie'),(1732,1,1,'zijde'),(1780,1,1,'zoals'),(1764,1,1,'zonder'),(1679,1,1,'zorgen'),(4089,1,1,'zwart');

--
-- Table structure for table `akoe_sekeyword`
--

CREATE TABLE `akoe_sekeyword` (
  `id_sekeyword` int(10) unsigned NOT NULL AUTO_INCREMENT,
  `id_shop` int(10) unsigned NOT NULL DEFAULT 1,
  `id_shop_group` int(10) unsigned NOT NULL DEFAULT 1,
  `keyword` varchar(256) NOT NULL,
  `date_add` datetime NOT NULL,
  PRIMARY KEY (`id_sekeyword`)
) ENGINE=InnoDB DEFAULT CHARSET=utf8;

--
-- Dumping data for table `akoe_sekeyword`
--


--
-- Table structure for table `akoe_shop`
--

CREATE TABLE `akoe_shop` (
  `id_shop` int(11) NOT NULL AUTO_INCREMENT,
  `id_shop_group` int(11) NOT NULL,
  `name` varchar(64) COLLATE utf8_unicode_ci NOT NULL,
  `id_category` int(11) NOT NULL,
  `theme_name` varchar(255) COLLATE utf8_unicode_ci NOT NULL,
  `active` tinyint(1) NOT NULL,
  `deleted` tinyint(1) NOT NULL,
  PRIMARY KEY (`id_shop`),
  KEY `IDX_323A54E5F5C9E40` (`id_shop_group`)
) ENGINE=InnoDB AUTO_INCREMENT=2 DEFAULT CHARSET=utf8 COLLATE=utf8_unicode_ci;

--
-- Dumping data for table `akoe_shop`
--

INSERT INTO `akoe_shop` VALUES (1,1,'Akoestiek verbeteren met akoestische panelen',2,'classic',1,0);

--
-- Table structure for table `akoe_shop_group`
--

CREATE TABLE `akoe_shop_group` (
  `id_shop_group` int(11) NOT NULL AUTO_INCREMENT,
  `name` varchar(64) COLLATE utf8_unicode_ci NOT NULL,
  `share_customer` tinyint(1) NOT NULL,
  `share_order` tinyint(1) NOT NULL,
  `share_stock` tinyint(1) NOT NULL,
  `active` tinyint(1) NOT NULL,
  `deleted` tinyint(1) NOT NULL,
  PRIMARY KEY (`id_shop_group`)
) ENGINE=InnoDB AUTO_INCREMENT=2 DEFAULT CHARSET=utf8 COLLATE=utf8_unicode_ci;

--
-- Dumping data for table `akoe_shop_group`
--

INSERT INTO `akoe_shop_group` VALUES (1,'Default',0,0,0,1,0);

--
-- Table structure for table `akoe_shop_url`
--

CREATE TABLE `akoe_shop_url` (
  `id_shop_url` int(11) unsigned NOT NULL AUTO_INCREMENT,
  `id_shop` int(11) unsigned NOT NULL,
  `domain` varchar(150) NOT NULL,
  `domain_ssl` varchar(150) NOT NULL,
  `physical_uri` varchar(64) NOT NULL,
  `virtual_uri` varchar(64) NOT NULL,
  `main` tinyint(1) NOT NULL,
  `active` tinyint(1) NOT NULL,
  PRIMARY KEY (`id_shop_url`),
  UNIQUE KEY `full_shop_url` (`domain`,`physical_uri`,`virtual_uri`),
  UNIQUE KEY `full_shop_url_ssl` (`domain_ssl`,`physical_uri`,`virtual_uri`),
  KEY `id_shop` (`id_shop`,`main`)
) ENGINE=InnoDB AUTO_INCREMENT=2 DEFAULT CHARSET=utf8;

--
-- Dumping data for table `akoe_shop_url`
--

INSERT INTO `akoe_shop_url` VALUES (1,1,'www.akoepanelen.nl','www.akoepanelen.nl','/','',1,1);

--
-- Table structure for table `akoe_smarty_cache`
--

CREATE TABLE `akoe_smarty_cache` (
  `id_smarty_cache` char(40) NOT NULL,
  `name` char(40) NOT NULL,
  `cache_id` varchar(254) DEFAULT NULL,
  `modified` timestamp NOT NULL DEFAULT current_timestamp(),
  `content` longtext NOT NULL,
  PRIMARY KEY (`id_smarty_cache`),
  KEY `name` (`name`),
  KEY `cache_id` (`cache_id`),
  KEY `modified` (`modified`)
) ENGINE=InnoDB DEFAULT CHARSET=utf8;

--
-- Dumping data for table `akoe_smarty_cache`
--


--
-- Table structure for table `akoe_smarty_last_flush`
--

CREATE TABLE `akoe_smarty_last_flush` (
  `type` enum('compile','template') NOT NULL DEFAULT 'compile',
  `last_flush` datetime NOT NULL DEFAULT '0000-00-00 00:00:00',
  PRIMARY KEY (`type`)
) ENGINE=InnoDB DEFAULT CHARSET=utf8;

--
-- Dumping data for table `akoe_smarty_last_flush`
--


--
-- Table structure for table `akoe_smarty_lazy_cache`
--

CREATE TABLE `akoe_smarty_lazy_cache` (
  `template_hash` varchar(32) NOT NULL DEFAULT '',
  `cache_id` varchar(255) NOT NULL DEFAULT '',
  `compile_id` varchar(32) NOT NULL DEFAULT '',
  `filepath` varchar(255) NOT NULL DEFAULT '',
  `last_update` datetime NOT NULL DEFAULT '0000-00-00 00:00:00',
  PRIMARY KEY (`template_hash`,`cache_id`,`compile_id`)
) ENGINE=InnoDB DEFAULT CHARSET=utf8;

--
-- Dumping data for table `akoe_smarty_lazy_cache`
--


--
-- Table structure for table `akoe_specific_price`
--

CREATE TABLE `akoe_specific_price` (
  `id_specific_price` int(10) unsigned NOT NULL AUTO_INCREMENT,
  `id_specific_price_rule` int(11) unsigned NOT NULL,
  `id_cart` int(11) unsigned NOT NULL,
  `id_product` int(10) unsigned NOT NULL,
  `id_shop` int(11) unsigned NOT NULL DEFAULT 1,
  `id_shop_group` int(11) unsigned NOT NULL,
  `id_currency` int(10) unsigned NOT NULL,
  `id_country` int(10) unsigned NOT NULL,
  `id_group` int(10) unsigned NOT NULL,
  `id_customer` int(10) unsigned NOT NULL,
  `id_product_attribute` int(10) unsigned NOT NULL,
  `price` decimal(20,6) NOT NULL,
  `from_quantity` mediumint(8) unsigned NOT NULL,
  `reduction` decimal(20,6) NOT NULL,
  `reduction_tax` tinyint(1) NOT NULL DEFAULT 1,
  `reduction_type` enum('amount','percentage') NOT NULL,
  `from` datetime NOT NULL,
  `to` datetime NOT NULL,
  PRIMARY KEY (`id_specific_price`),
  UNIQUE KEY `id_product_2` (`id_product`,`id_product_attribute`,`id_customer`,`id_cart`,`from`,`to`,`id_shop`,`id_shop_group`,`id_currency`,`id_country`,`id_group`,`from_quantity`,`id_specific_price_rule`),
  KEY `id_product` (`id_product`,`id_shop`,`id_currency`,`id_country`,`id_group`,`id_customer`,`from_quantity`,`from`,`to`),
  KEY `from_quantity` (`from_quantity`),
  KEY `id_specific_price_rule` (`id_specific_price_rule`),
  KEY `id_cart` (`id_cart`),
  KEY `id_product_attribute` (`id_product_attribute`),
  KEY `id_shop` (`id_shop`),
  KEY `id_customer` (`id_customer`),
  KEY `from` (`from`),
  KEY `to` (`to`)
) ENGINE=InnoDB AUTO_INCREMENT=63 DEFAULT CHARSET=utf8;

--
-- Dumping data for table `akoe_specific_price`
--

INSERT INTO `akoe_specific_price` VALUES (3,0,0,25,1,0,0,0,0,0,0,-1.000000,5,0.950000,1,'amount','0000-00-00 00:00:00','0000-00-00 00:00:00'),(7,0,0,33,1,0,0,0,0,0,0,-1.000000,8,0.050000,1,'percentage','0000-00-00 00:00:00','0000-00-00 00:00:00'),(8,0,0,34,1,0,0,0,0,0,0,-1.000000,8,0.050000,1,'percentage','0000-00-00 00:00:00','0000-00-00 00:00:00'),(10,0,0,38,1,0,0,0,0,0,0,-1.000000,9,1.000000,1,'amount','0000-00-00 00:00:00','0000-00-00 00:00:00'),(11,0,0,38,1,0,0,0,0,0,0,-1.000000,18,1.500000,1,'amount','0000-00-00 00:00:00','0000-00-00 00:00:00'),(12,0,0,38,1,0,0,0,0,0,0,-1.000000,36,2.000000,1,'amount','0000-00-00 00:00:00','0000-00-00 00:00:00'),(13,0,0,39,1,0,0,0,0,0,0,-1.000000,9,1.000000,1,'amount','0000-00-00 00:00:00','0000-00-00 00:00:00'),(14,0,0,39,1,0,0,0,0,0,0,-1.000000,18,1.500000,1,'amount','0000-00-00 00:00:00','0000-00-00 00:00:00'),(15,0,0,39,1,0,0,0,0,0,0,-1.000000,36,2.000000,1,'amount','0000-00-00 00:00:00','0000-00-00 00:00:00'),(16,0,0,40,1,0,0,0,0,0,0,-1.000000,9,1.000000,1,'amount','0000-00-00 00:00:00','0000-00-00 00:00:00'),(17,0,0,40,1,0,0,0,0,0,0,-1.000000,18,1.500000,1,'amount','0000-00-00 00:00:00','0000-00-00 00:00:00'),(18,0,0,40,1,0,0,0,0,0,0,-1.000000,36,2.000000,1,'amount','0000-00-00 00:00:00','0000-00-00 00:00:00'),(46,0,0,32,1,0,0,0,0,0,0,-1.000000,1,8.000000,1,'amount','0000-00-00 00:00:00','0000-00-00 00:00:00'),(47,0,0,30,1,0,0,0,0,0,0,-1.000000,1,8.000000,1,'amount','0000-00-00 00:00:00','0000-00-00 00:00:00'),(48,0,0,41,1,0,0,0,0,0,0,-1.000000,1,25.000000,1,'amount','0000-00-00 00:00:00','0000-00-00 00:00:00'),(51,0,0,52,1,0,0,0,0,0,0,-1.000000,1,8.000000,1,'amount','0000-00-00 00:00:00','0000-00-00 00:00:00'),(52,0,0,39,1,0,0,0,0,0,0,-1.000000,1,2.000000,1,'amount','0000-00-00 00:00:00','0000-00-00 00:00:00'),(53,0,0,22,1,0,0,0,0,0,0,-1.000000,1,5.000000,1,'amount','0000-00-00 00:00:00','0000-00-00 00:00:00'),(54,0,0,53,1,0,0,0,0,0,0,-1.000000,1,7.500000,1,'amount','0000-00-00 00:00:00','0000-00-00 00:00:00'),(55,0,0,51,1,0,0,0,0,0,0,-1.000000,1,7.000000,1,'amount','0000-00-00 00:00:00','0000-00-00 00:00:00'),(56,0,0,49,1,0,0,0,0,0,0,-1.000000,1,7.000000,1,'amount','0000-00-00 00:00:00','0000-00-00 00:00:00'),(57,0,0,48,1,0,0,0,0,0,0,-1.000000,1,7.000000,1,'amount','0000-00-00 00:00:00','0000-00-00 00:00:00'),(58,0,0,50,1,0,0,0,0,0,0,-1.000000,1,7.000000,1,'amount','0000-00-00 00:00:00','0000-00-00 00:00:00'),(59,0,0,36,1,0,0,0,0,0,0,-1.000000,1,25.000000,1,'amount','0000-00-00 00:00:00','0000-00-00 00:00:00');

--
-- Table structure for table `akoe_specific_price_priority`
--

CREATE TABLE `akoe_specific_price_priority` (
  `id_specific_price_priority` int(11) NOT NULL AUTO_INCREMENT,
  `id_product` int(11) NOT NULL,
  `priority` varchar(80) NOT NULL,
  PRIMARY KEY (`id_specific_price_priority`,`id_product`),
  UNIQUE KEY `id_product` (`id_product`)
) ENGINE=InnoDB AUTO_INCREMENT=192 DEFAULT CHARSET=utf8;

--
-- Dumping data for table `akoe_specific_price_priority`
--

INSERT INTO `akoe_specific_price_priority` VALUES (1,22,'id_shop;id_currency;id_country;id_group'),(7,23,'id_shop;id_currency;id_country;id_group'),(12,24,'id_shop;id_currency;id_country;id_group'),(13,25,'id_shop;id_currency;id_country;id_group'),(21,26,'id_shop;id_currency;id_country;id_group'),(25,27,'id_shop;id_currency;id_country;id_group'),(28,28,'id_shop;id_currency;id_country;id_group'),(32,29,'id_shop;id_currency;id_country;id_group'),(34,30,'id_shop;id_currency;id_country;id_group'),(36,31,'id_shop;id_currency;id_country;id_group'),(38,32,'id_shop;id_currency;id_country;id_group'),(47,33,'id_shop;id_currency;id_country;id_group'),(48,34,'id_shop;id_currency;id_country;id_group'),(53,36,'id_shop;id_currency;id_country;id_group'),(68,38,'id_shop;id_currency;id_country;id_group'),(71,39,'id_shop;id_currency;id_country;id_group'),(82,40,'id_shop;id_currency;id_country;id_group'),(84,41,'id_shop;id_currency;id_country;id_group'),(93,42,'id_shop;id_currency;id_country;id_group'),(98,43,'id_shop;id_currency;id_country;id_group'),(101,44,'id_shop;id_currency;id_country;id_group'),(102,45,'id_shop;id_currency;id_country;id_group'),(104,46,'id_shop;id_currency;id_country;id_group'),(106,47,'id_shop;id_currency;id_country;id_group'),(111,48,'id_shop;id_currency;id_country;id_group'),(115,49,'id_shop;id_currency;id_country;id_group'),(118,50,'id_shop;id_currency;id_country;id_group'),(125,51,'id_shop;id_currency;id_country;id_group'),(128,52,'id_shop;id_currency;id_country;id_group'),(131,53,'id_shop;id_currency;id_country;id_group'),(138,54,'id_shop;id_currency;id_country;id_group'),(143,55,'id_shop;id_currency;id_country;id_group'),(146,56,'id_shop;id_currency;id_country;id_group'),(150,57,'id_shop;id_currency;id_country;id_group'),(153,58,'id_shop;id_currency;id_country;id_group'),(156,59,'id_shop;id_currency;id_country;id_group'),(159,60,'id_shop;id_currency;id_country;id_group'),(162,61,'id_shop;id_currency;id_country;id_group'),(167,62,'id_shop;id_currency;id_country;id_group'),(170,63,'id_shop;id_currency;id_country;id_group'),(173,64,'id_shop;id_currency;id_country;id_group'),(176,65,'id_shop;id_currency;id_country;id_group'),(180,66,'id_shop;id_currency;id_country;id_group');

--
-- Table structure for table `akoe_specific_price_rule`
--

CREATE TABLE `akoe_specific_price_rule` (
  `id_specific_price_rule` int(10) unsigned NOT NULL AUTO_INCREMENT,
  `name` varchar(255) NOT NULL,
  `id_shop` int(11) unsigned NOT NULL DEFAULT 1,
  `id_currency` int(10) unsigned NOT NULL,
  `id_country` int(10) unsigned NOT NULL,
  `id_group` int(10) unsigned NOT NULL,
  `from_quantity` mediumint(8) unsigned NOT NULL,
  `price` decimal(20,6) DEFAULT NULL,
  `reduction` decimal(20,6) NOT NULL,
  `reduction_tax` tinyint(1) NOT NULL DEFAULT 1,
  `reduction_type` enum('amount','percentage') NOT NULL,
  `from` datetime NOT NULL,
  `to` datetime NOT NULL,
  PRIMARY KEY (`id_specific_price_rule`),
  KEY `id_product` (`id_shop`,`id_currency`,`id_country`,`id_group`,`from_quantity`,`from`,`to`)
) ENGINE=InnoDB DEFAULT CHARSET=utf8;

--
-- Dumping data for table `akoe_specific_price_rule`
--


--
-- Table structure for table `akoe_specific_price_rule_condition`
--

CREATE TABLE `akoe_specific_price_rule_condition` (
  `id_specific_price_rule_condition` int(11) unsigned NOT NULL AUTO_INCREMENT,
  `id_specific_price_rule_condition_group` int(11) unsigned NOT NULL,
  `type` varchar(255) NOT NULL,
  `value` varchar(255) NOT NULL,
  PRIMARY KEY (`id_specific_price_rule_condition`),
  KEY `id_specific_price_rule_condition_group` (`id_specific_price_rule_condition_group`)
) ENGINE=InnoDB DEFAULT CHARSET=utf8;

--
-- Dumping data for table `akoe_specific_price_rule_condition`
--


--
-- Table structure for table `akoe_specific_price_rule_condition_group`
--

CREATE TABLE `akoe_specific_price_rule_condition_group` (
  `id_specific_price_rule_condition_group` int(11) unsigned NOT NULL AUTO_INCREMENT,
  `id_specific_price_rule` int(11) unsigned NOT NULL,
  PRIMARY KEY (`id_specific_price_rule_condition_group`,`id_specific_price_rule`)
) ENGINE=InnoDB DEFAULT CHARSET=utf8;

--
-- Dumping data for table `akoe_specific_price_rule_condition_group`
--


--
-- Table structure for table `akoe_state`
--

CREATE TABLE `akoe_state` (
  `id_state` int(10) unsigned NOT NULL AUTO_INCREMENT,
  `id_country` int(11) unsigned NOT NULL,
  `id_zone` int(11) unsigned NOT NULL,
  `name` varchar(64) NOT NULL,
  `iso_code` varchar(7) NOT NULL,
  `tax_behavior` smallint(1) NOT NULL DEFAULT 0,
  `active` tinyint(1) NOT NULL DEFAULT 0,
  PRIMARY KEY (`id_state`),
  KEY `id_country` (`id_country`),
  KEY `name` (`name`),
  KEY `id_zone` (`id_zone`)
) ENGINE=InnoDB AUTO_INCREMENT=325 DEFAULT CHARSET=utf8;

--
-- Dumping data for table `akoe_state`
--

INSERT INTO `akoe_state` VALUES (1,21,2,'AA','AA',0,1),(2,21,2,'AE','AE',0,1),(3,21,2,'AP','AP',0,1),(4,21,2,'Alabama','AL',0,1),(5,21,2,'Alaska','AK',0,1),(6,21,2,'Arizona','AZ',0,1),(7,21,2,'Arkansas','AR',0,1),(8,21,2,'California','CA',0,1),(9,21,2,'Colorado','CO',0,1),(10,21,2,'Connecticut','CT',0,1),(11,21,2,'Delaware','DE',0,1),(12,21,2,'Florida','FL',0,1),(13,21,2,'Georgia','GA',0,1),(14,21,2,'Hawaii','HI',0,1),(15,21,2,'Idaho','ID',0,1),(16,21,2,'Illinois','IL',0,1),(17,21,2,'Indiana','IN',0,1),(18,21,2,'Iowa','IA',0,1),(19,21,2,'Kansas','KS',0,1),(20,21,2,'Kentucky','KY',0,1),(21,21,2,'Louisiana','LA',0,1),(22,21,2,'Maine','ME',0,1),(23,21,2,'Maryland','MD',0,1),(24,21,2,'Massachusetts','MA',0,1),(25,21,2,'Michigan','MI',0,1),(26,21,2,'Minnesota','MN',0,1),(27,21,2,'Mississippi','MS',0,1),(28,21,2,'Missouri','MO',0,1),(29,21,2,'Montana','MT',0,1),(30,21,2,'Nebraska','NE',0,1),(31,21,2,'Nevada','NV',0,1),(32,21,2,'New Hampshire','NH',0,1),(33,21,2,'New Jersey','NJ',0,1),(34,21,2,'New Mexico','NM',0,1),(35,21,2,'New York','NY',0,1),(36,21,2,'North Carolina','NC',0,1),(37,21,2,'North Dakota','ND',0,1),(38,21,2,'Ohio','OH',0,1),(39,21,2,'Oklahoma','OK',0,1),(40,21,2,'Oregon','OR',0,1),(41,21,2,'Pennsylvania','PA',0,1),(42,21,2,'Rhode Island','RI',0,1),(43,21,2,'South Carolina','SC',0,1),(44,21,2,'South Dakota','SD',0,1),(45,21,2,'Tennessee','TN',0,1),(46,21,2,'Texas','TX',0,1),(47,21,2,'Utah','UT',0,1),(48,21,2,'Vermont','VT',0,1),(49,21,2,'Virginia','VA',0,1),(50,21,2,'Washington','WA',0,1),(51,21,2,'West Virginia','WV',0,1),(52,21,2,'Wisconsin','WI',0,1),(53,21,2,'Wyoming','WY',0,1),(54,21,2,'Puerto Rico','PR',0,1),(55,21,2,'US Virgin Islands','VI',0,1),(56,21,2,'District of Columbia','DC',0,1),(57,145,2,'Aguascalientes','AGS',0,1),(58,145,2,'Baja California','BCN',0,1),(59,145,2,'Baja California Sur','BCS',0,1),(60,145,2,'Campeche','CAM',0,1),(61,145,2,'Chiapas','CHP',0,1),(62,145,2,'Chihuahua','CHH',0,1),(63,145,2,'Coahuila','COA',0,1),(64,145,2,'Colima','COL',0,1),(65,145,2,'Distrito Federal','DIF',0,1),(66,145,2,'Durango','DUR',0,1),(67,145,2,'Guanajuato','GUA',0,1),(68,145,2,'Guerrero','GRO',0,1),(69,145,2,'Hidalgo','HID',0,1),(70,145,2,'Jalisco','JAL',0,1),(71,145,2,'Estado de México','MEX',0,1),(72,145,2,'Michoacán','MIC',0,1),(73,145,2,'Morelos','MOR',0,1),(74,145,2,'Nayarit','NAY',0,1),(75,145,2,'Nuevo León','NLE',0,1),(76,145,2,'Oaxaca','OAX',0,1),(77,145,2,'Puebla','PUE',0,1),(78,145,2,'Querétaro','QUE',0,1),(79,145,2,'Quintana Roo','ROO',0,1),(80,145,2,'San Luis Potosí','SLP',0,1),(81,145,2,'Sinaloa','SIN',0,1),(82,145,2,'Sonora','SON',0,1),(83,145,2,'Tabasco','TAB',0,1),(84,145,2,'Tamaulipas','TAM',0,1),(85,145,2,'Tlaxcala','TLA',0,1),(86,145,2,'Veracruz','VER',0,1),(87,145,2,'Yucatán','YUC',0,1),(88,145,2,'Zacatecas','ZAC',0,1),(89,4,2,'Ontario','ON',0,1),(90,4,2,'Quebec','QC',0,1),(91,4,2,'British Columbia','BC',0,1),(92,4,2,'Alberta','AB',0,1),(93,4,2,'Manitoba','MB',0,1),(94,4,2,'Saskatchewan','SK',0,1),(95,4,2,'Nova Scotia','NS',0,1),(96,4,2,'New Brunswick','NB',0,1),(97,4,2,'Newfoundland and Labrador','NL',0,1),(98,4,2,'Prince Edward Island','PE',0,1),(99,4,2,'Northwest Territories','NT',0,1),(100,4,2,'Yukon','YT',0,1),(101,4,2,'Nunavut','NU',0,1),(102,44,6,'Buenos Aires','B',0,1),(103,44,6,'Catamarca','K',0,1),(104,44,6,'Chaco','H',0,1),(105,44,6,'Chubut','U',0,1),(106,44,6,'Ciudad de Buenos Aires','C',0,1),(107,44,6,'Córdoba','X',0,1),(108,44,6,'Corrientes','W',0,1),(109,44,6,'Entre Ríos','E',0,1),(110,44,6,'Formosa','P',0,1),(111,44,6,'Jujuy','Y',0,1),(112,44,6,'La Pampa','L',0,1),(113,44,6,'La Rioja','F',0,1),(114,44,6,'Mendoza','M',0,1),(115,44,6,'Misiones','N',0,1),(116,44,6,'Neuquén','Q',0,1),(117,44,6,'Río Negro','R',0,1),(118,44,6,'Salta','A',0,1),(119,44,6,'San Juan','J',0,1),(120,44,6,'San Luis','D',0,1),(121,44,6,'Santa Cruz','Z',0,1),(122,44,6,'Santa Fe','S',0,1),(123,44,6,'Santiago del Estero','G',0,1),(124,44,6,'Tierra del Fuego','V',0,1),(125,44,6,'Tucumán','T',0,1),(126,10,1,'Agrigento','AG',0,1),(127,10,1,'Alessandria','AL',0,1),(128,10,1,'Ancona','AN',0,1),(129,10,1,'Aosta','AO',0,1),(130,10,1,'Arezzo','AR',0,1),(131,10,1,'Ascoli Piceno','AP',0,1),(132,10,1,'Asti','AT',0,1),(133,10,1,'Avellino','AV',0,1),(134,10,1,'Bari','BA',0,1),(135,10,1,'Barletta-Andria-Trani','BT',0,1),(136,10,1,'Belluno','BL',0,1),(137,10,1,'Benevento','BN',0,1),(138,10,1,'Bergamo','BG',0,1),(139,10,1,'Biella','BI',0,1),(140,10,1,'Bologna','BO',0,1),(141,10,1,'Bolzano','BZ',0,1),(142,10,1,'Brescia','BS',0,1),(143,10,1,'Brindisi','BR',0,1),(144,10,1,'Cagliari','CA',0,1),(145,10,1,'Caltanissetta','CL',0,1),(146,10,1,'Campobasso','CB',0,1),(147,10,1,'Carbonia-Iglesias','CI',0,1),(148,10,1,'Caserta','CE',0,1),(149,10,1,'Catania','CT',0,1),(150,10,1,'Catanzaro','CZ',0,1),(151,10,1,'Chieti','CH',0,1),(152,10,1,'Como','CO',0,1),(153,10,1,'Cosenza','CS',0,1),(154,10,1,'Cremona','CR',0,1),(155,10,1,'Crotone','KR',0,1),(156,10,1,'Cuneo','CN',0,1),(157,10,1,'Enna','EN',0,1),(158,10,1,'Fermo','FM',0,1),(159,10,1,'Ferrara','FE',0,1),(160,10,1,'Firenze','FI',0,1),(161,10,1,'Foggia','FG',0,1),(162,10,1,'Forlì-Cesena','FC',0,1),(163,10,1,'Frosinone','FR',0,1),(164,10,1,'Genova','GE',0,1),(165,10,1,'Gorizia','GO',0,1),(166,10,1,'Grosseto','GR',0,1),(167,10,1,'Imperia','IM',0,1),(168,10,1,'Isernia','IS',0,1),(169,10,1,'L\'Aquila','AQ',0,1),(170,10,1,'La Spezia','SP',0,1),(171,10,1,'Latina','LT',0,1),(172,10,1,'Lecce','LE',0,1),(173,10,1,'Lecco','LC',0,1),(174,10,1,'Livorno','LI',0,1),(175,10,1,'Lodi','LO',0,1),(176,10,1,'Lucca','LU',0,1),(177,10,1,'Macerata','MC',0,1),(178,10,1,'Mantova','MN',0,1),(179,10,1,'Massa','MS',0,1),(180,10,1,'Matera','MT',0,1),(181,10,1,'Medio Campidano','VS',0,1),(182,10,1,'Messina','ME',0,1),(183,10,1,'Milano','MI',0,1),(184,10,1,'Modena','MO',0,1),(185,10,1,'Monza e della Brianza','MB',0,1),(186,10,1,'Napoli','NA',0,1),(187,10,1,'Novara','NO',0,1),(188,10,1,'Nuoro','NU',0,1),(189,10,1,'Ogliastra','OG',0,1),(190,10,1,'Olbia-Tempio','OT',0,1),(191,10,1,'Oristano','OR',0,1),(192,10,1,'Padova','PD',0,1),(193,10,1,'Palermo','PA',0,1),(194,10,1,'Parma','PR',0,1),(195,10,1,'Pavia','PV',0,1),(196,10,1,'Perugia','PG',0,1),(197,10,1,'Pesaro-Urbino','PU',0,1),(198,10,1,'Pescara','PE',0,1),(199,10,1,'Piacenza','PC',0,1),(200,10,1,'Pisa','PI',0,1),(201,10,1,'Pistoia','PT',0,1),(202,10,1,'Pordenone','PN',0,1),(203,10,1,'Potenza','PZ',0,1),(204,10,1,'Prato','PO',0,1),(205,10,1,'Ragusa','RG',0,1),(206,10,1,'Ravenna','RA',0,1),(207,10,1,'Reggio Calabria','RC',0,1),(208,10,1,'Reggio Emilia','RE',0,1),(209,10,1,'Rieti','RI',0,1),(210,10,1,'Rimini','RN',0,1),(211,10,1,'Roma','RM',0,1),(212,10,1,'Rovigo','RO',0,1),(213,10,1,'Salerno','SA',0,1),(214,10,1,'Sassari','SS',0,1),(215,10,1,'Savona','SV',0,1),(216,10,1,'Siena','SI',0,1),(217,10,1,'Siracusa','SR',0,1),(218,10,1,'Sondrio','SO',0,1),(219,10,1,'Taranto','TA',0,1),(220,10,1,'Teramo','TE',0,1),(221,10,1,'Terni','TR',0,1),(222,10,1,'Torino','TO',0,1),(223,10,1,'Trapani','TP',0,1),(224,10,1,'Trento','TN',0,1),(225,10,1,'Treviso','TV',0,1),(226,10,1,'Trieste','TS',0,1),(227,10,1,'Udine','UD',0,1),(228,10,1,'Varese','VA',0,1),(229,10,1,'Venezia','VE',0,1),(230,10,1,'Verbano-Cusio-Ossola','VB',0,1),(231,10,1,'Vercelli','VC',0,1),(232,10,1,'Verona','VR',0,1),(233,10,1,'Vibo Valentia','VV',0,1),(234,10,1,'Vicenza','VI',0,1),(235,10,1,'Viterbo','VT',0,1),(236,111,3,'Aceh','ID-AC',0,1),(237,111,3,'Bali','ID-BA',0,1),(238,111,3,'Banten','ID-BT',0,1),(239,111,3,'Bengkulu','ID-BE',0,1),(240,111,3,'Gorontalo','ID-GO',0,1),(241,111,3,'Jakarta','ID-JK',0,1),(242,111,3,'Jambi','ID-JA',0,1),(243,111,3,'Jawa Barat','ID-JB',0,1),(244,111,3,'Jawa Tengah','ID-JT',0,1),(245,111,3,'Jawa Timur','ID-JI',0,1),(246,111,3,'Kalimantan Barat','ID-KB',0,1),(247,111,3,'Kalimantan Selatan','ID-KS',0,1),(248,111,3,'Kalimantan Tengah','ID-KT',0,1),(249,111,3,'Kalimantan Timur','ID-KI',0,1),(250,111,3,'Kalimantan Utara','ID-KU',0,1),(251,111,3,'Kepulauan Bangka Belitug','ID-BB',0,1),(252,111,3,'Kepulauan Riau','ID-KR',0,1),(253,111,3,'Lampung','ID-LA',0,1),(254,111,3,'Maluku','ID-MA',0,1),(255,111,3,'Maluku Utara','ID-MU',0,1),(256,111,3,'Nusa Tengara Barat','ID-NB',0,1),(257,111,3,'Nusa Tenggara Timur','ID-NT',0,1),(258,111,3,'Papua','ID-PA',0,1),(259,111,3,'Papua Barat','ID-PB',0,1),(260,111,3,'Riau','ID-RI',0,1),(261,111,3,'Sulawesi Barat','ID-SR',0,1),(262,111,3,'Sulawesi Selatan','ID-SN',0,1),(263,111,3,'Sulawesi Tengah','ID-ST',0,1),(264,111,3,'Sulawesi Tenggara','ID-SG',0,1),(265,111,3,'Sulawesi Utara','ID-SA',0,1),(266,111,3,'Sumatera Barat','ID-SB',0,1),(267,111,3,'Sumatera Selatan','ID-SS',0,1),(268,111,3,'Sumatera Utara','ID-SU',0,1),(269,111,3,'Yogyakarta','ID-YO',0,1),(270,11,3,'Aichi','23',0,1),(271,11,3,'Akita','05',0,1),(272,11,3,'Aomori','02',0,1),(273,11,3,'Chiba','12',0,1),(274,11,3,'Ehime','38',0,1),(275,11,3,'Fukui','18',0,1),(276,11,3,'Fukuoka','40',0,1),(277,11,3,'Fukushima','07',0,1),(278,11,3,'Gifu','21',0,1),(279,11,3,'Gunma','10',0,1),(280,11,3,'Hiroshima','34',0,1),(281,11,3,'Hokkaido','01',0,1),(282,11,3,'Hyogo','28',0,1),(283,11,3,'Ibaraki','08',0,1),(284,11,3,'Ishikawa','17',0,1),(285,11,3,'Iwate','03',0,1),(286,11,3,'Kagawa','37',0,1),(287,11,3,'Kagoshima','46',0,1),(288,11,3,'Kanagawa','14',0,1),(289,11,3,'Kochi','39',0,1),(290,11,3,'Kumamoto','43',0,1),(291,11,3,'Kyoto','26',0,1),(292,11,3,'Mie','24',0,1),(293,11,3,'Miyagi','04',0,1),(294,11,3,'Miyazaki','45',0,1),(295,11,3,'Nagano','20',0,1),(296,11,3,'Nagasaki','42',0,1),(297,11,3,'Nara','29',0,1),(298,11,3,'Niigata','15',0,1),(299,11,3,'Oita','44',0,1),(300,11,3,'Okayama','33',0,1),(301,11,3,'Okinawa','47',0,1),(302,11,3,'Osaka','27',0,1),(303,11,3,'Saga','41',0,1),(304,11,3,'Saitama','11',0,1),(305,11,3,'Shiga','25',0,1),(306,11,3,'Shimane','32',0,1),(307,11,3,'Shizuoka','22',0,1),(308,11,3,'Tochigi','09',0,1),(309,11,3,'Tokushima','36',0,1),(310,11,3,'Tokyo','13',0,1),(311,11,3,'Tottori','31',0,1),(312,11,3,'Toyama','16',0,1),(313,11,3,'Wakayama','30',0,1),(314,11,3,'Yamagata','06',0,1),(315,11,3,'Yamaguchi','35',0,1),(316,11,3,'Yamanashi','19',0,1),(317,24,5,'Australian Capital Territory','ACT',0,1),(318,24,5,'New South Wales','NSW',0,1),(319,24,5,'Northern Territory','NT',0,1),(320,24,5,'Queensland','QLD',0,1),(321,24,5,'South Australia','SA',0,1),(322,24,5,'Tasmania','TAS',0,1),(323,24,5,'Victoria','VIC',0,1),(324,24,5,'Western Australia','WA',0,1);

--
-- Table structure for table `akoe_statssearch`
--

CREATE TABLE `akoe_statssearch` (
  `id_statssearch` int(10) unsigned NOT NULL AUTO_INCREMENT,
  `id_shop` int(10) unsigned NOT NULL DEFAULT 1,
  `id_shop_group` int(10) unsigned NOT NULL DEFAULT 1,
  `keywords` varchar(255) NOT NULL,
  `results` int(6) NOT NULL DEFAULT 0,
  `date_add` datetime NOT NULL,
  PRIMARY KEY (`id_statssearch`)
) ENGINE=InnoDB AUTO_INCREMENT=1015 DEFAULT CHARSET=utf8;

--
-- Dumping data for table `akoe_statssearch`
--

INSERT INTO `akoe_statssearch` VALUES (1,1,1,'top',0,'2018-11-30 14:14:42'),(2,1,1,'topak',0,'2018-11-30 14:14:43'),(3,1,1,'topaku',0,'2018-11-30 14:14:44'),(4,1,1,'topakus',0,'2018-11-30 14:14:44'),(5,1,1,'topakustik',0,'2018-11-30 14:14:46'),(6,1,1,'topakustik ',0,'2018-11-30 14:14:46'),(7,1,1,'topakustik 13',0,'2018-11-30 14:14:47'),(8,1,1,'topakustik 13 ',0,'2018-11-30 14:14:48'),(9,1,1,'topakustik 13 3',0,'2018-11-30 14:14:49'),(10,1,1,'topakustik 13 3',0,'2018-11-30 14:14:50'),(11,1,1,'polyesterwol platen',0,'2019-02-19 16:20:16'),(12,1,1,'polyesterwol platen',0,'2019-02-19 16:20:16'),(13,1,1,'polyesterwol wit',0,'2019-02-19 16:20:21'),(14,1,1,'polyesterwol',0,'2019-02-19 16:20:24'),(15,1,1,'akoestisch paneel',26,'2019-02-19 16:21:32'),(16,1,1,'akoestisch paneel',26,'2019-02-19 16:21:32'),(17,1,1,'akoestisch paneel',26,'2019-02-19 16:21:58'),(18,1,1,'akoestisch paneel',26,'2019-02-19 16:22:24'),(19,1,1,'poly paneel',22,'2019-02-19 16:28:21'),(20,1,1,'poly paneel',22,'2019-02-19 16:28:21'),(21,1,1,'poly paneel',22,'2019-02-19 16:28:42'),(22,1,1,'poly paneel',22,'2019-02-19 16:33:24'),(23,1,1,'poly paneel',22,'2019-02-19 16:33:25'),(24,1,1,'loremipsum0.07457698572111293',0,'2019-07-10 09:31:40'),(25,1,1,'loremipsum0.07457698572111293',0,'2019-07-10 09:31:40'),(26,1,1,'trollbeads',0,'2019-07-10 10:20:03'),(27,1,1,'trollbeads',0,'2019-07-10 10:20:03'),(28,1,1,'cartier',0,'2019-07-10 11:38:51'),(29,1,1,'cartier',0,'2019-07-10 11:38:51'),(30,1,1,'northface',0,'2019-07-10 11:39:53'),(31,1,1,'northface',0,'2019-07-10 11:39:54'),(32,1,1,'timberland',0,'2019-07-10 12:04:22'),(33,1,1,'timberland',0,'2019-07-10 12:04:23'),(34,1,1,'bio-oil',0,'2019-07-10 12:05:28'),(35,1,1,'bio-oil',0,'2019-07-10 12:05:28'),(36,1,1,'vans',0,'2019-07-10 12:25:31'),(37,1,1,'vans',0,'2019-07-10 12:25:31'),(38,1,1,'north face',0,'2019-07-10 12:26:23'),(39,1,1,'north face',0,'2019-07-10 12:26:23'),(40,1,1,'dickies',0,'2019-07-10 12:26:55'),(41,1,1,'dickies',0,'2019-07-10 12:26:55'),(42,1,1,'FUCIDIN',0,'2019-07-10 12:27:28'),(43,1,1,'FUCIDIN',0,'2019-07-10 12:27:28'),(44,1,1,'loremipsum0.4302407377117423',0,'2019-07-23 05:38:23'),(45,1,1,'loremipsum0.4302407377117423',0,'2019-07-23 05:38:23'),(46,1,1,'FUCIDIN',0,'2019-07-23 08:13:19'),(47,1,1,'FUCIDIN',0,'2019-07-23 08:13:19'),(48,1,1,'tiffany',0,'2019-07-23 08:14:02'),(49,1,1,'tiffany',0,'2019-07-23 08:14:02'),(50,1,1,'vans',0,'2019-07-23 08:14:24'),(51,1,1,'vans',0,'2019-07-23 08:14:25'),(52,1,1,'cartier',0,'2019-07-23 08:15:02'),(53,1,1,'cartier',0,'2019-07-23 08:15:03'),(54,1,1,'dickies',0,'2019-07-23 08:23:16'),(55,1,1,'dickies',0,'2019-07-23 08:23:16'),(56,1,1,'van cleef',0,'2019-07-23 08:24:22'),(57,1,1,'van cleef',0,'2019-07-23 08:24:23'),(58,1,1,'mountblanc',0,'2019-07-23 08:27:36'),(59,1,1,'mountblanc',0,'2019-07-23 08:27:36'),(60,1,1,'north face',0,'2019-07-23 08:28:41'),(61,1,1,'north face',0,'2019-07-23 08:28:41'),(62,1,1,'gucci',0,'2019-07-23 08:29:40'),(63,1,1,'gucci',0,'2019-07-23 08:29:40'),(64,1,1,'vancleef',0,'2019-07-23 08:30:46'),(65,1,1,'vancleef',0,'2019-07-23 08:30:46'),(66,1,1,'tifany',0,'2019-07-23 08:48:27'),(67,1,1,'tifany',0,'2019-07-23 08:48:27'),(68,1,1,'iwc',0,'2019-07-23 08:49:12'),(69,1,1,'iwc',0,'2019-07-23 08:49:12'),(70,1,1,'michael kors',0,'2019-07-23 08:49:28'),(71,1,1,'michael kors',0,'2019-07-23 08:49:28'),(72,1,1,'montblanc',0,'2019-07-23 08:50:18'),(73,1,1,'montblanc',0,'2019-07-23 08:50:18'),(74,1,1,'timberland',0,'2019-07-23 09:12:05'),(75,1,1,'timberland',0,'2019-07-23 09:12:06'),(76,1,1,'northface',0,'2019-07-23 09:13:08'),(77,1,1,'northface',0,'2019-07-23 09:13:08'),(78,1,1,'loremipsum0.014036706648708708',0,'2019-08-12 06:43:12'),(79,1,1,'loremipsum0.014036706648708708',0,'2019-08-12 06:43:12'),(80,1,1,'north face',0,'2019-08-12 06:44:37'),(81,1,1,'north face',0,'2019-08-12 06:44:37'),(82,1,1,'vans',0,'2019-08-12 06:45:19'),(83,1,1,'vans',0,'2019-08-12 06:45:19'),(84,1,1,'timberland',0,'2019-08-12 06:45:22'),(85,1,1,'timberland',0,'2019-08-12 06:45:22'),(86,1,1,'FUCIDIN',0,'2019-08-12 06:45:36'),(87,1,1,'FUCIDIN',0,'2019-08-12 06:45:36'),(88,1,1,'dickies',0,'2019-08-12 06:46:19'),(89,1,1,'dickies',0,'2019-08-12 06:46:19'),(90,1,1,'northface',0,'2019-08-12 06:46:24'),(91,1,1,'northface',0,'2019-08-12 06:46:24'),(92,1,1,'Wood wool',2,'2019-08-24 21:48:51'),(93,1,1,'R',0,'2019-09-21 08:36:33'),(94,1,1,'Ro',0,'2019-09-21 08:36:34'),(95,1,1,'Roc',0,'2019-09-21 08:36:34'),(96,1,1,'Rock',0,'2019-09-21 08:36:35'),(97,1,1,'Rockf',0,'2019-09-21 08:36:35'),(98,1,1,'Rockfo',0,'2019-09-21 08:36:35'),(99,1,1,'Rockfon',0,'2019-09-21 08:36:36'),(100,1,1,'Rockfon',0,'2019-09-21 08:36:36'),(101,1,1,'F',0,'2019-09-22 01:53:51'),(102,1,1,'Fo',0,'2019-09-22 01:53:51'),(103,1,1,'Fojo',0,'2019-09-22 01:53:52'),(104,1,1,'Fojof',0,'2019-09-22 01:53:52'),(105,1,1,'Fo',0,'2019-09-22 01:53:54'),(106,1,1,'Fon',0,'2019-09-22 01:53:55'),(107,1,1,'Fono',0,'2019-09-22 01:53:55'),(108,1,1,'Fonof',0,'2019-09-22 01:53:56'),(109,1,1,'Fonofloo',0,'2019-09-22 01:53:57'),(110,1,1,'Fonofloor',0,'2019-09-22 01:53:58'),(111,1,1,'Fonofloor',0,'2019-09-22 01:53:58'),(112,1,1,'B',0,'2019-09-24 10:09:48'),(113,1,1,'Bui',1,'2019-09-24 10:09:48'),(114,1,1,'Buit',1,'2019-09-24 10:09:49'),(115,1,1,'Buite',1,'2019-09-24 10:09:49'),(116,1,1,'Buiten',1,'2019-09-24 10:09:50'),(117,1,1,'Buiten',1,'2019-09-24 10:09:51'),(118,1,1,'B',0,'2019-09-24 10:12:13'),(119,1,1,'Bui',1,'2019-09-24 10:12:14'),(120,1,1,'Buite',1,'2019-09-24 10:12:15'),(121,1,1,'Buiten',1,'2019-09-24 10:12:16'),(122,1,1,'Buitenp',0,'2019-09-24 10:12:19'),(123,1,1,'Buitenpa',0,'2019-09-24 10:12:19'),(124,1,1,'Buitenpan',0,'2019-09-24 10:12:21'),(125,1,1,'Buiten',1,'2019-09-24 10:12:23'),(126,1,1,'Buitens',1,'2019-09-24 10:12:24'),(127,1,1,'Buitensc',0,'2019-09-24 10:12:25'),(128,1,1,'Buitensch',0,'2019-09-24 10:12:25'),(129,1,1,'Buitenscher',0,'2019-09-24 10:12:25'),(130,1,1,'Buitenscherm',0,'2019-09-24 10:12:26'),(131,1,1,'Buitenscherm',0,'2019-09-24 10:12:27'),(132,1,1,'Buitenscherm',0,'2019-09-24 10:12:32'),(133,1,1,'Buiten',1,'2019-09-24 10:12:43'),(134,1,1,'A',0,'2019-10-08 21:02:46'),(135,1,1,'Ak',0,'2019-10-08 21:02:46'),(136,1,1,'Akoeat',0,'2019-10-08 21:02:47'),(137,1,1,'Akoeatis',0,'2019-10-08 21:02:48'),(138,1,1,'Akoeatisx',0,'2019-10-08 21:02:48'),(139,1,1,'Akoeatisxh',0,'2019-10-08 21:02:49'),(140,1,1,'Akoeatis',0,'2019-10-08 21:02:50'),(141,1,1,'Akoeatisch',0,'2019-10-08 21:02:51'),(142,1,1,'Akoetisch',0,'2019-10-08 21:02:55'),(143,1,1,'Akoestisch',14,'2019-10-08 21:02:56'),(144,1,1,'Akoestisch',14,'2019-10-08 21:02:56'),(145,1,1,'Wi',0,'2019-10-10 21:28:35'),(146,1,1,'Wit',2,'2019-10-10 21:28:35'),(147,1,1,'Wit',2,'2019-10-10 21:28:36'),(148,1,1,'Wit',2,'2019-10-10 21:29:52'),(149,1,1,'Wit',2,'2019-10-10 21:30:13'),(150,1,1,'a',0,'2020-01-08 18:10:09'),(151,1,1,'agglomer schui',15,'2020-01-08 18:10:12'),(152,1,1,'agglomer schuim',15,'2020-01-08 18:10:12'),(153,1,1,'agglomer schuim ',15,'2020-01-08 18:10:13'),(154,1,1,'agglomer schuim 4',15,'2020-01-08 18:10:14'),(155,1,1,'1.5',0,'2020-01-08 21:39:09'),(156,1,1,'A',0,'2020-01-08 21:39:24'),(157,1,1,'Ak',0,'2020-01-08 21:39:25'),(158,1,1,'Ako',21,'2020-01-08 21:39:26'),(159,1,1,'Akoe',21,'2020-01-08 21:39:26'),(160,1,1,'Akoes',19,'2020-01-08 21:39:28'),(161,1,1,'Akoest',19,'2020-01-08 21:39:40'),(162,1,1,'Akoesti',19,'2020-01-08 21:39:41'),(163,1,1,'Akoestie',8,'2020-01-08 21:39:42'),(164,1,1,'Akoestiec',0,'2020-01-08 21:39:43'),(165,1,1,'Akoestiech',0,'2020-01-08 21:39:44'),(166,1,1,'Akoestieche',0,'2020-01-08 21:39:45'),(167,1,1,'Akoestieche ',0,'2020-01-08 21:39:47'),(168,1,1,'Akoestieche v',0,'2020-01-08 21:39:53'),(169,1,1,'Akoestieche vui',0,'2020-01-08 21:39:54'),(170,1,1,'Akoestieche vuil',0,'2020-01-08 21:39:55'),(171,1,1,'Akoestieche vuill',0,'2020-01-08 21:39:58'),(172,1,1,'Akoestieche vuilli',0,'2020-01-08 21:39:58'),(173,1,1,'Akoestieche vuillin',0,'2020-01-08 21:39:59'),(174,1,1,'Akoestieche vuilling',0,'2020-01-08 21:39:59'),(175,1,1,'Akoestieche vuilling',0,'2020-01-08 21:40:00'),(176,1,1,'Akoestieche vuilling',0,'2020-01-10 05:27:45'),(177,1,1,'U',0,'2020-01-10 11:12:20'),(178,1,1,'U80',4,'2020-01-10 11:12:21'),(179,1,1,'Akotherm GG | Absorptie',1,'2020-01-20 21:52:01'),(180,1,1,'Akotherm GG | Absorptie',1,'2020-01-20 21:52:02'),(181,1,1,'Akotherm GG | Absorptie',1,'2020-01-20 21:52:11'),(182,1,1,'polyest',9,'2020-05-19 14:02:44'),(183,1,1,'polyestwol',0,'2020-05-19 14:02:44'),(184,1,1,'polyestwol',0,'2020-05-19 14:02:44'),(185,1,1,'polyest wol',11,'2020-05-19 14:02:48'),(186,1,1,'polyest wol',11,'2020-05-19 14:02:48'),(187,1,1,'polyest wol',11,'2020-05-19 14:03:09'),(188,1,1,'polyest wol',11,'2020-05-19 14:05:33'),(189,1,1,'ag',0,'2020-10-14 08:43:13'),(190,1,1,'aglommer',0,'2020-10-14 08:43:14'),(191,1,1,'aglommer',0,'2020-10-14 08:43:15'),(192,1,1,'Wit',2,'2020-10-15 20:43:17'),(193,1,1,'f',0,'2020-11-08 21:32:47'),(194,1,1,'form paneel',25,'2020-11-08 21:32:49'),(195,1,1,'form paneel',25,'2020-11-08 21:33:00'),(196,1,1,'form paneel',25,'2020-11-08 21:33:26'),(197,1,1,'form paneel',25,'2020-11-08 21:34:05'),(198,1,1,'form paneel',25,'2020-11-08 21:34:15'),(199,1,1,'form paneel',25,'2020-11-08 21:34:21'),(200,1,1,'AGGLOMER ',11,'2021-02-17 10:24:01'),(201,1,1,'AGGLOMER ',11,'2021-02-17 10:24:01'),(202,1,1,'a',0,'2021-04-28 01:22:55'),(203,1,1,'agglomer',11,'2021-04-28 01:22:56'),(204,1,1,'agglomer',11,'2021-04-28 01:22:56'),(205,1,1,'de',0,'2021-05-12 14:46:10'),(206,1,1,'demp',0,'2021-05-12 14:46:10'),(207,1,1,'demp',0,'2021-05-12 14:46:11'),(208,1,1,'waarde',0,'2021-05-12 14:46:19'),(209,1,1,'waarde',0,'2021-05-12 14:46:24'),(210,1,1,'demp',0,'2021-05-12 14:46:28'),(211,1,1,'a',0,'2021-05-23 11:00:37'),(212,1,1,'ao',0,'2021-05-23 11:00:38'),(213,1,1,'30x',3,'2021-05-23 11:00:39'),(214,1,1,'30x30',3,'2021-05-23 11:00:40'),(215,1,1,'30x30',3,'2021-05-23 11:00:40'),(216,1,1,'30x30',3,'2021-05-23 11:01:04'),(217,1,1,'30x',3,'2021-05-23 11:01:51'),(218,1,1,'30x30',3,'2021-05-23 11:01:51'),(219,1,1,'30x30',3,'2021-05-23 11:01:51'),(220,1,1,'S',0,'2021-06-08 21:12:35'),(221,1,1,'Sc',0,'2021-06-08 21:12:37'),(222,1,1,'Sch',18,'2021-06-08 21:12:37'),(223,1,1,'Schu',17,'2021-06-08 21:12:38'),(224,1,1,'Schuim ',17,'2021-06-08 21:12:39'),(225,1,1,'A',0,'2021-06-14 23:51:28'),(226,1,1,'Agglo',11,'2021-06-14 23:51:30'),(227,1,1,'Agglo',11,'2021-06-14 23:51:30'),(228,1,1,'Agglo',11,'2021-06-14 23:52:14'),(229,1,1,'Agglo',11,'2021-06-14 23:52:24'),(230,1,1,'Agglo',11,'2021-06-14 23:52:33'),(231,1,1,'Agglo',11,'2021-06-14 23:52:49'),(232,1,1,'on',0,'2021-08-04 21:46:20'),(233,1,1,'ont',0,'2021-08-04 21:46:20'),(234,1,1,'ontko',0,'2021-08-04 21:46:21'),(235,1,1,'ontkoppel',0,'2021-08-04 21:46:21'),(236,1,1,'ontkoppel',0,'2021-08-04 21:46:22'),(237,1,1,'b',0,'2021-09-06 22:34:57'),(238,1,1,'bl',0,'2021-09-06 22:34:57'),(239,1,1,'bla',2,'2021-09-06 22:34:58'),(240,1,1,'blau',2,'2021-09-06 22:34:59'),(241,1,1,'blauw',2,'2021-09-06 22:35:00'),(242,1,1,'vilt',3,'2021-09-09 00:45:37'),(243,1,1,'vilt',3,'2021-09-09 00:45:37'),(244,1,1,'scherm',1,'2021-10-23 16:32:59'),(245,1,1,'scherm',1,'2021-10-23 16:32:59'),(246,1,1,'20',0,'2021-10-31 15:29:56'),(247,1,1,'2',0,'2021-10-31 15:29:58'),(248,1,1,'30',0,'2021-10-31 15:29:59'),(249,1,1,'30x',3,'2021-10-31 15:30:00'),(250,1,1,'30x30',3,'2021-10-31 15:30:01'),(251,1,1,'a',0,'2021-11-15 13:16:51'),(252,1,1,'agglomer',11,'2021-11-15 13:16:52'),(253,1,1,'agglomer',11,'2021-11-15 13:16:53'),(254,1,1,'Doorzoek onze catalogus',0,'2022-01-05 02:58:08'),(255,1,1,'Doorzoek onze catalogus',0,'2022-01-05 02:59:22'),(256,1,1,'Doorzoek onze catalogus',0,'2022-05-24 10:13:17'),(257,1,1,'Doorzoek onze catalogus',0,'2022-05-24 10:13:46'),(258,1,1,'Doorzoek onze catalogus',0,'2022-05-24 10:14:09'),(259,1,1,'Doorzoek onze catalogus',0,'2022-05-24 10:15:43'),(260,1,1,'Doorzoek onze catalogus',0,'2022-05-24 10:16:28'),(261,1,1,'Doorzoek onze catalogus',0,'2022-05-24 10:17:32'),(262,1,1,'Doorzoek onze catalogus',0,'2022-05-24 10:18:25'),(263,1,1,'Doorzoek onze catalogus',0,'2022-05-24 10:19:15'),(264,1,1,'Doorzoek onze catalogus',0,'2022-05-24 10:20:04'),(265,1,1,'Doorzoek onze catalogus',0,'2022-05-24 10:20:11'),(266,1,1,'Doorzoek onze catalogus',0,'2022-05-24 10:20:45'),(267,1,1,'Doorzoek onze catalogus',0,'2022-05-24 10:20:49'),(268,1,1,'Doorzoek onze catalogus',0,'2022-05-24 10:21:25'),(269,1,1,'Doorzoek onze catalogus',0,'2022-05-24 10:21:29'),(270,1,1,'Doorzoek onze catalogus',0,'2022-05-24 10:22:03'),(271,1,1,'Doorzoek onze catalogus',0,'2022-05-24 10:22:09'),(272,1,1,'Doorzoek onze catalogus',0,'2022-05-24 10:22:43'),(273,1,1,'Doorzoek onze catalogus',0,'2022-05-24 10:22:47'),(274,1,1,'Doorzoek onze catalogus',0,'2022-05-24 10:23:22'),(275,1,1,'Doorzoek onze catalogus',0,'2022-05-24 10:23:25'),(276,1,1,'Doorzoek onze catalogus',0,'2022-05-24 10:24:00'),(277,1,1,'Doorzoek onze catalogus',0,'2022-05-24 10:24:07'),(278,1,1,'Doorzoek onze catalogus',0,'2022-05-24 10:24:41'),(279,1,1,'Doorzoek onze catalogus',0,'2022-05-24 10:24:47'),(280,1,1,'Doorzoek onze catalogus',0,'2022-05-24 10:25:19'),(281,1,1,'Doorzoek onze catalogus',0,'2022-05-24 10:25:22'),(282,1,1,'Doorzoek onze catalogus',0,'2022-05-24 10:25:55'),(283,1,1,'Doorzoek onze catalogus',0,'2022-05-24 10:25:57'),(284,1,1,'Doorzoek onze catalogus',0,'2022-05-24 10:26:30'),(285,1,1,'Doorzoek onze catalogus',0,'2022-05-24 10:26:33'),(286,1,1,'Doorzoek onze catalogus',0,'2022-05-24 10:27:06'),(287,1,1,'Doorzoek onze catalogus',0,'2022-05-24 10:27:09'),(288,1,1,'Doorzoek onze catalogus',0,'2022-05-24 10:27:42'),(289,1,1,'Doorzoek onze catalogus',0,'2022-05-24 10:27:45'),(290,1,1,'Doorzoek onze catalogus',0,'2022-05-24 10:28:18'),(291,1,1,'Doorzoek onze catalogus',0,'2022-05-24 10:28:21'),(292,1,1,'Doorzoek onze catalogus',0,'2022-05-24 10:28:54'),(293,1,1,'Doorzoek onze catalogus',0,'2022-05-24 10:28:57'),(294,1,1,'Doorzoek onze catalogus',0,'2022-05-24 10:29:30'),(295,1,1,'Doorzoek onze catalogus',0,'2022-05-24 10:29:33'),(296,1,1,'Doorzoek onze catalogus',0,'2022-05-24 10:30:06'),(297,1,1,'Doorzoek onze catalogus',0,'2022-05-24 10:30:08'),(298,1,1,'Doorzoek onze catalogus',0,'2022-05-24 10:30:41'),(299,1,1,'Doorzoek onze catalogus',0,'2022-05-24 10:30:45'),(300,1,1,'Doorzoek onze catalogus',0,'2022-05-24 10:31:18'),(301,1,1,'Doorzoek onze catalogus',0,'2022-05-24 10:31:20'),(302,1,1,'Doorzoek onze catalogus',0,'2022-05-24 10:31:52'),(303,1,1,'Doorzoek onze catalogus',0,'2022-05-24 10:31:54'),(304,1,1,'Doorzoek onze catalogus',0,'2022-05-24 10:32:27'),(305,1,1,'Doorzoek onze catalogus',0,'2022-05-24 10:32:29'),(306,1,1,'Doorzoek onze catalogus',0,'2022-05-24 10:33:01'),(307,1,1,'Doorzoek onze catalogus',0,'2022-05-24 10:33:03'),(308,1,1,'Doorzoek onze catalogus',0,'2022-05-24 10:33:35'),(309,1,1,'Doorzoek onze catalogus',0,'2022-05-24 10:33:37'),(310,1,1,'Doorzoek onze catalogus',0,'2022-05-24 10:34:09'),(311,1,1,'Doorzoek onze catalogus',0,'2022-05-24 10:34:11'),(312,1,1,'Doorzoek onze catalogus',0,'2022-05-24 10:34:44'),(313,1,1,'Doorzoek onze catalogus',0,'2022-05-24 10:34:46'),(314,1,1,'Doorzoek onze catalogus',0,'2022-05-24 10:35:18'),(315,1,1,'Doorzoek onze catalogus',0,'2022-05-24 10:35:20'),(316,1,1,'Doorzoek onze catalogus',0,'2022-05-24 10:35:52'),(317,1,1,'Doorzoek onze catalogus',0,'2022-05-24 10:35:54'),(318,1,1,'Doorzoek onze catalogus',0,'2022-05-24 10:36:27'),(319,1,1,'Doorzoek onze catalogus',0,'2022-05-24 10:36:29'),(320,1,1,'Doorzoek onze catalogus',0,'2022-05-24 10:37:01'),(321,1,1,'Doorzoek onze catalogus',0,'2022-05-24 10:37:03'),(322,1,1,'Doorzoek onze catalogus',0,'2022-05-24 10:37:35'),(323,1,1,'Doorzoek onze catalogus',0,'2022-05-24 10:37:37'),(324,1,1,'Doorzoek onze catalogus',0,'2022-05-24 10:38:09'),(325,1,1,'Doorzoek onze catalogus',0,'2022-05-24 10:38:11'),(326,1,1,'Doorzoek onze catalogus',0,'2022-05-24 10:38:43'),(327,1,1,'Doorzoek onze catalogus',0,'2022-05-24 10:38:45'),(328,1,1,'Doorzoek onze catalogus',0,'2022-05-24 10:39:17'),(329,1,1,'Doorzoek onze catalogus',0,'2022-05-24 10:39:19'),(330,1,1,'Doorzoek onze catalogus',0,'2022-05-24 10:39:51'),(331,1,1,'Doorzoek onze catalogus',0,'2022-05-24 10:39:53'),(332,1,1,'Doorzoek onze catalogus',0,'2022-05-24 10:40:26'),(333,1,1,'Doorzoek onze catalogus',0,'2022-05-24 10:40:30'),(334,1,1,'Doorzoek onze catalogus',0,'2022-05-24 10:41:04'),(335,1,1,'Doorzoek onze catalogus',0,'2022-05-24 10:41:07'),(336,1,1,'Doorzoek onze catalogus',0,'2022-05-24 10:41:41'),(337,1,1,'Doorzoek onze catalogus',0,'2022-05-24 10:41:45'),(338,1,1,'Doorzoek onze catalogus',0,'2022-05-24 10:42:20'),(339,1,1,'Doorzoek onze catalogus',0,'2022-05-24 10:42:24'),(340,1,1,'Doorzoek onze catalogus',0,'2022-05-24 10:42:58'),(341,1,1,'Doorzoek onze catalogus',0,'2022-05-24 10:43:02'),(342,1,1,'2929',0,'2022-05-24 10:43:36'),(343,1,1,'Doorzoek onze catalogus),),(.\"()\'',0,'2022-05-24 10:43:41'),(344,1,1,'Doorzoek onze catalogus\'DPXIzM',0,'2022-05-24 10:44:14'),(345,1,1,'Doorzoek onze catalogus) AND 8396=5558 AND (7299=7299',1,'2022-05-24 10:44:28'),(346,1,1,'Doorzoek onze catalogus) AND 3466=3466 AND (2624=2624',1,'2022-05-24 10:45:03'),(347,1,1,'Doorzoek onze catalogus AND 3472=9316',1,'2022-05-24 10:45:08'),(348,1,1,'Doorzoek onze catalogus AND 3466=3466',1,'2022-05-24 10:45:43'),(349,1,1,'Doorzoek onze catalogus\') AND 7732=6464 AND (\'jQAI\'=\'jQAI',1,'2022-05-24 10:45:48'),(350,1,1,'Doorzoek onze catalogus\') AND 3466=3466 AND (\'xtXQ\'=\'xtXQ',1,'2022-05-24 10:46:23'),(351,1,1,'Doorzoek onze catalogus\' AND 4894=5667 AND \'WoAR\'=\'WoAR',1,'2022-05-24 10:46:27'),(352,1,1,'Doorzoek onze catalogus\' AND 3466=3466 AND \'mfCd\'=\'mfCd',1,'2022-05-24 10:47:04'),(353,1,1,'Doorzoek onze catalogus AND 4064=4291-- Hahi',1,'2022-05-24 10:47:08'),(354,1,1,'Doorzoek onze catalogus AND 3466=3466-- ZVJX',1,'2022-05-24 10:47:45'),(355,1,1,'(SELECT (CASE WHEN (2812=8449) THEN \'Doorzoek onze catalogus\' ELSE (SELECT 8449 UNION SELECT 7290) END))',1,'2022-05-24 10:47:49'),(356,1,1,'(SELECT (CASE WHEN (5936=5936) THEN \'Doorzoek onze catalogus\' ELSE (SELECT 1984 UNION SELECT 6005) END))',1,'2022-05-24 10:48:25'),(357,1,1,'Doorzoek onze catalogus) AND EXTRACTVALUE(2413,CONCAT(0x5c,0x7176626b71,(SELECT (ELT(2413=2413,1))),0x7170716271)) AND (8843=8843',1,'2022-05-24 10:48:30'),(358,1,1,'Doorzoek onze catalogus AND EXTRACTVALUE(2413,CONCAT(0x5c,0x7176626b71,(SELECT (ELT(2413=2413,1))),0x7170716271))',1,'2022-05-24 10:49:05'),(359,1,1,'Doorzoek onze catalogus\') AND EXTRACTVALUE(2413,CONCAT(0x5c,0x7176626b71,(SELECT (ELT(2413=2413,1))),0x7170716271)) AND (\'XqVW\'=\'XqVW',1,'2022-05-24 10:49:07'),(360,1,1,'Doorzoek onze catalogus\' AND EXTRACTVALUE(2413,CONCAT(0x5c,0x7176626b71,(SELECT (ELT(2413=2413,1))),0x7170716271)) AND \'aCCH\'=\'aCCH',1,'2022-05-24 10:49:40'),(361,1,1,'Doorzoek onze catalogus AND EXTRACTVALUE(2413,CONCAT(0x5c,0x7176626b71,(SELECT (ELT(2413=2413,1))),0x7170716271))-- ATcW',1,'2022-05-24 10:49:43'),(362,1,1,'Doorzoek onze catalogus) AND 4853=CAST((CHR(113)||CHR(118)||CHR(98)||CHR(107)||CHR(113))||(SELECT (CASE WHEN (4853=4853) THEN 1 ELSE 0 END))::text||(CHR(113)||CHR(112)||CHR(113)||CHR(98)||CHR(113)) AS NUMERIC) AND (2687=2687',1,'2022-05-24 10:50:15'),(363,1,1,'Doorzoek onze catalogus AND 4853=CAST((CHR(113)||CHR(118)||CHR(98)||CHR(107)||CHR(113))||(SELECT (CASE WHEN (4853=4853) THEN 1 ELSE 0 END))::text||(CHR(113)||CHR(112)||CHR(113)||CHR(98)||CHR(113)) AS NUMERIC)',1,'2022-05-24 10:50:19'),(364,1,1,'Doorzoek onze catalogus\') AND 4853=CAST((CHR(113)||CHR(118)||CHR(98)||CHR(107)||CHR(113))||(SELECT (CASE WHEN (4853=4853) THEN 1 ELSE 0 END))::text||(CHR(113)||CHR(112)||CHR(113)||CHR(98)||CHR(113)) AS NUMERIC) AND (\'qAes\'=\'qAes',1,'2022-05-24 10:50:52'),(365,1,1,'Doorzoek onze catalogus\' AND 4853=CAST((CHR(113)||CHR(118)||CHR(98)||CHR(107)||CHR(113))||(SELECT (CASE WHEN (4853=4853) THEN 1 ELSE 0 END))::text||(CHR(113)||CHR(112)||CHR(113)||CHR(98)||CHR(113)) AS NUMERIC) AND \'GgYt\'=\'GgYt',1,'2022-05-24 10:50:56'),(366,1,1,'Doorzoek onze catalogus AND 4853=CAST((CHR(113)||CHR(118)||CHR(98)||CHR(107)||CHR(113))||(SELECT (CASE WHEN (4853=4853) THEN 1 ELSE 0 END))::text||(CHR(113)||CHR(112)||CHR(113)||CHR(98)||CHR(113)) AS NUMERIC)-- ymxd',1,'2022-05-24 10:51:28'),(367,1,1,'Doorzoek onze catalogus) AND 3646 IN (SELECT (CHAR(113) CHAR(118) CHAR(98) CHAR(107) CHAR(113) (SELECT (CASE WHEN (3646=3646) THEN CHAR(49) ELSE CHAR(48) END)) CHAR(113) CHAR(112) CHAR(113) CHAR(98) CHAR(113))) AND (1852=1852',1,'2022-05-24 10:51:32'),(368,1,1,'Doorzoek onze catalogus AND 3646 IN (SELECT (CHAR(113) CHAR(118) CHAR(98) CHAR(107) CHAR(113) (SELECT (CASE WHEN (3646=3646) THEN CHAR(49) ELSE CHAR(48) END)) CHAR(113) CHAR(112) CHAR(113) CHAR(98) CHAR(113)))',1,'2022-05-24 10:52:06'),(369,1,1,'Doorzoek onze catalogus\') AND 3646 IN (SELECT (CHAR(113) CHAR(118) CHAR(98) CHAR(107) CHAR(113) (SELECT (CASE WHEN (3646=3646) THEN CHAR(49) ELSE CHAR(48) END)) CHAR(113) CHAR(112) CHAR(113) CHAR(98) CHAR(113))) AND (\'NvWk\'=\'NvWk',1,'2022-05-24 10:52:09'),(370,1,1,'Doorzoek onze catalogus\' AND 3646 IN (SELECT (CHAR(113) CHAR(118) CHAR(98) CHAR(107) CHAR(113) (SELECT (CASE WHEN (3646=3646) THEN CHAR(49) ELSE CHAR(48) END)) CHAR(113) CHAR(112) CHAR(113) CHAR(98) CHAR(113))) AND \'hLlK\'=\'hLlK',1,'2022-05-24 10:52:43'),(371,1,1,'Doorzoek onze catalogus AND 3646 IN (SELECT (CHAR(113) CHAR(118) CHAR(98) CHAR(107) CHAR(113) (SELECT (CASE WHEN (3646=3646) THEN CHAR(49) ELSE CHAR(48) END)) CHAR(113) CHAR(112) CHAR(113) CHAR(98) CHAR(113)))-- IJCh',1,'2022-05-24 10:52:46'),(372,1,1,'Doorzoek onze catalogus) AND 6507=(SELECT UPPER(XMLType(CHR(60)||CHR(58)||CHR(113)||CHR(118)||CHR(98)||CHR(107)||CHR(113)||(SELECT (CASE WHEN (6507=6507) THEN 1 ELSE 0 END) FROM DUAL)||CHR(113)||CHR(112)||CHR(113)||CHR(98)||CHR(113)||CHR(62))) FROM DUAL) ',1,'2022-05-24 10:53:20'),(373,1,1,'Doorzoek onze catalogus AND 6507=(SELECT UPPER(XMLType(CHR(60)||CHR(58)||CHR(113)||CHR(118)||CHR(98)||CHR(107)||CHR(113)||(SELECT (CASE WHEN (6507=6507) THEN 1 ELSE 0 END) FROM DUAL)||CHR(113)||CHR(112)||CHR(113)||CHR(98)||CHR(113)||CHR(62))) FROM DUAL)',1,'2022-05-24 10:53:24'),(374,1,1,'Doorzoek onze catalogus\') AND 6507=(SELECT UPPER(XMLType(CHR(60)||CHR(58)||CHR(113)||CHR(118)||CHR(98)||CHR(107)||CHR(113)||(SELECT (CASE WHEN (6507=6507) THEN 1 ELSE 0 END) FROM DUAL)||CHR(113)||CHR(112)||CHR(113)||CHR(98)||CHR(113)||CHR(62))) FROM DUAL)',1,'2022-05-24 10:53:58'),(375,1,1,'Doorzoek onze catalogus\' AND 6507=(SELECT UPPER(XMLType(CHR(60)||CHR(58)||CHR(113)||CHR(118)||CHR(98)||CHR(107)||CHR(113)||(SELECT (CASE WHEN (6507=6507) THEN 1 ELSE 0 END) FROM DUAL)||CHR(113)||CHR(112)||CHR(113)||CHR(98)||CHR(113)||CHR(62))) FROM DUAL) ',1,'2022-05-24 10:54:01'),(376,1,1,'Doorzoek onze catalogus AND 6507=(SELECT UPPER(XMLType(CHR(60)||CHR(58)||CHR(113)||CHR(118)||CHR(98)||CHR(107)||CHR(113)||(SELECT (CASE WHEN (6507=6507) THEN 1 ELSE 0 END) FROM DUAL)||CHR(113)||CHR(112)||CHR(113)||CHR(98)||CHR(113)||CHR(62))) FROM DUAL)--',1,'2022-05-24 10:54:35'),(377,1,1,'(SELECT CONCAT(CONCAT(\'qvbkq\',(CASE WHEN (8997=8997) THEN \'1\' ELSE \'0\' END)),\'qpqbq\'))',1,'2022-05-24 10:54:39'),(378,1,1,'Doorzoek onze catalogus);SELECT PG_SLEEP(5)--',0,'2022-05-24 10:55:12'),(379,1,1,'Doorzoek onze catalogus;SELECT PG_SLEEP(5)--',0,'2022-05-24 10:55:14'),(380,1,1,'Doorzoek onze catalogus\');SELECT PG_SLEEP(5)--',0,'2022-05-24 10:55:46'),(381,1,1,'Doorzoek onze catalogus\';SELECT PG_SLEEP(5)--',0,'2022-05-24 10:55:48'),(382,1,1,'Doorzoek onze catalogus);WAITFOR DELAY \'0:0:5\'--',0,'2022-05-24 10:56:20'),(383,1,1,'Doorzoek onze catalogus;WAITFOR DELAY \'0:0:5\'--',0,'2022-05-24 10:56:22'),(384,1,1,'Doorzoek onze catalogus\');WAITFOR DELAY \'0:0:5\'--',0,'2022-05-24 10:56:53'),(385,1,1,'Doorzoek onze catalogus\';WAITFOR DELAY \'0:0:5\'--',0,'2022-05-24 10:56:55'),(386,1,1,'Doorzoek onze catalogus);SELECT DBMS_PIPE.RECEIVE_MESSAGE(CHR(90)||CHR(72)||CHR(111)||CHR(112),5) FROM DUAL--',0,'2022-05-24 10:57:28'),(387,1,1,'Doorzoek onze catalogus;SELECT DBMS_PIPE.RECEIVE_MESSAGE(CHR(90)||CHR(72)||CHR(111)||CHR(112),5) FROM DUAL--',0,'2022-05-24 10:57:30'),(388,1,1,'Doorzoek onze catalogus\');SELECT DBMS_PIPE.RECEIVE_MESSAGE(CHR(90)||CHR(72)||CHR(111)||CHR(112),5) FROM DUAL--',0,'2022-05-24 10:58:02'),(389,1,1,'Doorzoek onze catalogus\';SELECT DBMS_PIPE.RECEIVE_MESSAGE(CHR(90)||CHR(72)||CHR(111)||CHR(112),5) FROM DUAL--',0,'2022-05-24 10:58:04'),(390,1,1,'Doorzoek onze catalogus) AND (SELECT 3185 FROM (SELECT(SLEEP(5)))HCCf) AND (3100=3100',1,'2022-05-24 10:58:36'),(391,1,1,'Doorzoek onze catalogus AND (SELECT 3185 FROM (SELECT(SLEEP(5)))HCCf)',1,'2022-05-24 10:58:39'),(392,1,1,'Doorzoek onze catalogus\') AND (SELECT 3185 FROM (SELECT(SLEEP(5)))HCCf) AND (\'vgTY\'=\'vgTY',1,'2022-05-24 10:59:11'),(393,1,1,'Doorzoek onze catalogus\' AND (SELECT 3185 FROM (SELECT(SLEEP(5)))HCCf) AND \'CRty\'=\'CRty',1,'2022-05-24 10:59:14'),(394,1,1,'Doorzoek onze catalogus AND (SELECT 3185 FROM (SELECT(SLEEP(5)))HCCf)-- zPyQ',1,'2022-05-24 10:59:46'),(395,1,1,'Doorzoek onze catalogus) AND 2410=(SELECT 2410 FROM PG_SLEEP(5)) AND (5133=5133',1,'2022-05-24 10:59:49'),(396,1,1,'Doorzoek onze catalogus AND 2410=(SELECT 2410 FROM PG_SLEEP(5))',1,'2022-05-24 11:00:21'),(397,1,1,'Doorzoek onze catalogus\') AND 2410=(SELECT 2410 FROM PG_SLEEP(5)) AND (\'DdDK\'=\'DdDK',1,'2022-05-24 11:00:23'),(398,1,1,'Doorzoek onze catalogus\' AND 2410=(SELECT 2410 FROM PG_SLEEP(5)) AND \'XWzw\'=\'XWzw',1,'2022-05-24 11:00:55'),(399,1,1,'Doorzoek onze catalogus AND 2410=(SELECT 2410 FROM PG_SLEEP(5))-- UVHi',1,'2022-05-24 11:00:58'),(400,1,1,'Doorzoek onze catalogus) WAITFOR DELAY \'0:0:5\' AND (8394=8394',1,'2022-05-24 11:01:30'),(401,1,1,'Doorzoek onze catalogus WAITFOR DELAY \'0:0:5\'',0,'2022-05-24 11:01:32'),(402,1,1,'Doorzoek onze catalogus\') WAITFOR DELAY \'0:0:5\' AND (\'yINc\'=\'yINc',1,'2022-05-24 11:02:04'),(403,1,1,'Doorzoek onze catalogus\' WAITFOR DELAY \'0:0:5\' AND \'kvTt\'=\'kvTt',1,'2022-05-24 11:02:06'),(404,1,1,'Doorzoek onze catalogus WAITFOR DELAY \'0:0:5\'-- eQtk',0,'2022-05-24 11:02:39'),(405,1,1,'Doorzoek onze catalogus) AND 7472=DBMS_PIPE.RECEIVE_MESSAGE(CHR(100)||CHR(88)||CHR(87)||CHR(68),5) AND (4810=4810',15,'2022-05-24 11:02:41'),(406,1,1,'Doorzoek onze catalogus AND 7472=DBMS_PIPE.RECEIVE_MESSAGE(CHR(100)||CHR(88)||CHR(87)||CHR(68),5)',15,'2022-05-24 11:03:15'),(407,1,1,'Doorzoek onze catalogus\') AND 7472=DBMS_PIPE.RECEIVE_MESSAGE(CHR(100)||CHR(88)||CHR(87)||CHR(68),5) AND (\'ysdZ\'=\'ysdZ',15,'2022-05-24 11:03:19'),(408,1,1,'Doorzoek onze catalogus\' AND 7472=DBMS_PIPE.RECEIVE_MESSAGE(CHR(100)||CHR(88)||CHR(87)||CHR(68),5) AND \'ENnG\'=\'ENnG',15,'2022-05-24 11:03:52'),(409,1,1,'Doorzoek onze catalogus AND 7472=DBMS_PIPE.RECEIVE_MESSAGE(CHR(100)||CHR(88)||CHR(87)||CHR(68),5)-- uPSr',15,'2022-05-24 11:03:57'),(410,1,1,'Doorzoek onze catalogus) ORDER BY 1-- RBRI',0,'2022-05-24 11:04:31'),(411,1,1,'Doorzoek onze catalogus) ORDER BY 3333-- MTnI',0,'2022-05-24 11:04:34'),(412,1,1,'Doorzoek onze catalogus ORDER BY 1-- njLS',0,'2022-05-24 11:05:08'),(413,1,1,'Doorzoek onze catalogus ORDER BY 7107-- pOkz',0,'2022-05-24 11:05:12'),(414,1,1,'Doorzoek onze catalogus\') ORDER BY 1-- YlgX',0,'2022-05-24 11:05:45'),(415,1,1,'Doorzoek onze catalogus\') ORDER BY 8057-- jRfi',0,'2022-05-24 11:05:49'),(416,1,1,'Doorzoek onze catalogus\' ORDER BY 1-- LvIM',0,'2022-05-24 11:06:23'),(417,1,1,'Doorzoek onze catalogus\' ORDER BY 1603-- Kedf',0,'2022-05-24 11:06:27'),(418,1,1,'Doorzoek onze catalogus ORDER BY 1-- bmvX',0,'2022-05-24 11:07:00'),(419,1,1,'Doorzoek onze catalogus ORDER BY 8909-- olNQ',0,'2022-05-24 11:07:03'),(420,1,1,'Doorzoek onze catalogus',0,'2022-05-24 11:08:35'),(421,1,1,'Doorzoek onze catalogus',0,'2022-05-24 11:09:26'),(422,1,1,'Doorzoek onze catalogus',0,'2022-05-24 11:10:34'),(423,1,1,'Doorzoek onze catalogus',0,'2022-05-24 11:11:19'),(424,1,1,'Doorzoek onze catalogus',0,'2022-05-24 11:12:10'),(425,1,1,'Doorzoek onze catalogus',0,'2022-05-24 11:12:54'),(426,1,1,'Doorzoek onze catalogus',0,'2022-05-24 11:13:07'),(427,1,1,'Doorzoek onze catalogus',0,'2022-05-24 11:13:55'),(428,1,1,'Doorzoek onze catalogus',0,'2022-05-24 11:14:39'),(429,1,1,'Doorzoek onze catalogus',0,'2022-05-24 11:14:42'),(430,1,1,'Doorzoek onze catalogus',0,'2022-05-24 11:15:15'),(431,1,1,'Doorzoek onze catalogus',0,'2022-05-24 11:15:19'),(432,1,1,'Doorzoek onze catalogus',0,'2022-05-24 11:15:52'),(433,1,1,'Doorzoek onze catalogus',0,'2022-05-24 11:15:56'),(434,1,1,'Doorzoek onze catalogus',0,'2022-05-24 11:16:31'),(435,1,1,'Doorzoek onze catalogus',0,'2022-05-24 11:16:34'),(436,1,1,'Doorzoek onze catalogus',0,'2022-05-24 11:17:07'),(437,1,1,'Doorzoek onze catalogus',0,'2022-05-24 11:17:11'),(438,1,1,'Doorzoek onze catalogus',0,'2022-05-24 11:17:45'),(439,1,1,'Doorzoek onze catalogus',0,'2022-05-24 11:17:48'),(440,1,1,'Doorzoek onze catalogus',0,'2022-05-24 11:18:22'),(441,1,1,'Doorzoek onze catalogus',0,'2022-05-24 11:18:25'),(442,1,1,'Doorzoek onze catalogus',0,'2022-05-24 11:18:59'),(443,1,1,'Doorzoek onze catalogus',0,'2022-05-24 11:19:01'),(444,1,1,'Doorzoek onze catalogus',0,'2022-05-24 11:19:33'),(445,1,1,'Doorzoek onze catalogus',0,'2022-05-24 11:19:35'),(446,1,1,'Doorzoek onze catalogus',0,'2022-05-24 11:20:07'),(447,1,1,'Doorzoek onze catalogus',0,'2022-05-24 11:20:09'),(448,1,1,'Doorzoek onze catalogus',0,'2022-05-24 11:20:41'),(449,1,1,'Doorzoek onze catalogus',0,'2022-05-24 11:20:43'),(450,1,1,'Doorzoek onze catalogus',0,'2022-05-24 11:21:16'),(451,1,1,'Doorzoek onze catalogus',0,'2022-05-24 11:21:17'),(452,1,1,'Doorzoek onze catalogus',0,'2022-05-24 11:21:49'),(453,1,1,'Doorzoek onze catalogus',0,'2022-05-24 11:21:52'),(454,1,1,'Doorzoek onze catalogus',0,'2022-05-24 11:22:24'),(455,1,1,'Doorzoek onze catalogus',0,'2022-05-24 11:22:26'),(456,1,1,'Doorzoek onze catalogus',0,'2022-05-24 11:22:58'),(457,1,1,'Doorzoek onze catalogus',0,'2022-05-24 11:23:01'),(458,1,1,'Doorzoek onze catalogus',0,'2022-05-24 11:23:33'),(459,1,1,'Doorzoek onze catalogus',0,'2022-05-24 11:23:35'),(460,1,1,'Doorzoek onze catalogus',0,'2022-05-24 11:24:07'),(461,1,1,'Doorzoek onze catalogus',0,'2022-05-24 11:24:09'),(462,1,1,'Doorzoek onze catalogus',0,'2022-05-24 11:24:41'),(463,1,1,'Doorzoek onze catalogus',0,'2022-05-24 11:24:43'),(464,1,1,'Doorzoek onze catalogus',0,'2022-05-24 11:25:15'),(465,1,1,'Doorzoek onze catalogus',0,'2022-05-24 11:25:18'),(466,1,1,'Doorzoek onze catalogus',0,'2022-05-24 11:25:50'),(467,1,1,'Doorzoek onze catalogus',0,'2022-05-24 11:25:52'),(468,1,1,'Doorzoek onze catalogus',0,'2022-05-24 11:26:24'),(469,1,1,'Doorzoek onze catalogus',0,'2022-05-24 11:26:26'),(470,1,1,'Doorzoek onze catalogus',0,'2022-05-24 11:26:58'),(471,1,1,'Doorzoek onze catalogus',0,'2022-05-24 11:26:59'),(472,1,1,'Doorzoek onze catalogus',0,'2022-05-24 11:27:31'),(473,1,1,'Doorzoek onze catalogus',0,'2022-05-24 11:27:32'),(474,1,1,'Doorzoek onze catalogus',0,'2022-05-24 11:28:04'),(475,1,1,'Doorzoek onze catalogus',0,'2022-05-24 11:28:06'),(476,1,1,'Doorzoek onze catalogus',0,'2022-05-24 11:28:38'),(477,1,1,'Doorzoek onze catalogus',0,'2022-05-24 11:28:39'),(478,1,1,'Doorzoek onze catalogus',0,'2022-05-24 11:29:11'),(479,1,1,'Doorzoek onze catalogus',0,'2022-05-24 11:29:13'),(480,1,1,'Doorzoek onze catalogus',0,'2022-05-24 11:29:45'),(481,1,1,'Doorzoek onze catalogus',0,'2022-05-24 11:29:46'),(482,1,1,'Doorzoek onze catalogus',0,'2022-05-24 11:30:18'),(483,1,1,'Doorzoek onze catalogus',0,'2022-05-24 11:30:19'),(484,1,1,'Doorzoek onze catalogus',0,'2022-05-24 11:30:51'),(485,1,1,'Doorzoek onze catalogus',0,'2022-05-24 11:30:53'),(486,1,1,'Doorzoek onze catalogus',0,'2022-05-24 11:31:25'),(487,1,1,'Doorzoek onze catalogus',0,'2022-05-24 11:31:26'),(488,1,1,'Doorzoek onze catalogus',0,'2022-05-24 11:31:58'),(489,1,1,'Doorzoek onze catalogus',0,'2022-05-24 11:32:00'),(490,1,1,'Doorzoek onze catalogus',0,'2022-05-24 11:32:32'),(491,1,1,'Doorzoek onze catalogus',0,'2022-05-24 11:32:34'),(492,1,1,'Doorzoek onze catalogus',0,'2022-05-24 11:33:06'),(493,1,1,'Doorzoek onze catalogus',0,'2022-05-24 11:33:08'),(494,1,1,'Doorzoek onze catalogus',0,'2022-05-24 11:33:40'),(495,1,1,'Doorzoek onze catalogus',0,'2022-05-24 11:33:42'),(496,1,1,'Doorzoek onze catalogus',0,'2022-05-24 11:34:15'),(497,1,1,'Doorzoek onze catalogus',0,'2022-05-24 11:34:19'),(498,1,1,'Doorzoek onze catalogus',0,'2022-05-24 11:34:53'),(499,1,1,'Doorzoek onze catalogus',0,'2022-05-24 11:34:57'),(500,1,1,'Doorzoek onze catalogus',0,'2022-05-24 11:35:31'),(501,1,1,'Doorzoek onze catalogus',0,'2022-05-24 11:35:34'),(502,1,1,'Doorzoek onze catalogus',0,'2022-05-24 11:36:08'),(503,1,1,'Doorzoek onze catalogus',0,'2022-05-24 11:36:12'),(504,1,1,'Doorzoek onze catalogus',0,'2022-05-24 11:36:46'),(505,1,1,'7119',0,'2022-05-24 11:36:50'),(506,1,1,'Doorzoek onze catalogus().(.\'\".,,',0,'2022-05-24 11:37:23'),(507,1,1,'Doorzoek onze catalogus\'MAWijY',0,'2022-05-24 11:37:25'),(508,1,1,'Doorzoek onze catalogus) AND 6736=8214 AND (9615=9615',1,'2022-05-24 11:38:05'),(509,1,1,'Doorzoek onze catalogus) AND 7467=7467 AND (6251=6251',1,'2022-05-24 11:38:10'),(510,1,1,'Doorzoek onze catalogus AND 7318=4060',1,'2022-05-24 11:38:44'),(511,1,1,'Doorzoek onze catalogus AND 7467=7467',1,'2022-05-24 11:38:49'),(512,1,1,'Doorzoek onze catalogus\') AND 3773=5484 AND (\'CNUv\'=\'CNUv',1,'2022-05-24 11:39:22'),(513,1,1,'Doorzoek onze catalogus\') AND 7467=7467 AND (\'vLwy\'=\'vLwy',1,'2022-05-24 11:39:28'),(514,1,1,'Doorzoek onze catalogus\' AND 2575=7871 AND \'Vehr\'=\'Vehr',1,'2022-05-24 11:40:03'),(515,1,1,'Doorzoek onze catalogus\' AND 7467=7467 AND \'dQVp\'=\'dQVp',1,'2022-05-24 11:40:09'),(516,1,1,'Doorzoek onze catalogus AND 9809=7031-- zHdA',1,'2022-05-24 11:40:42'),(517,1,1,'Doorzoek onze catalogus AND 7467=7467-- pGdN',1,'2022-05-24 11:40:47'),(518,1,1,'(SELECT (CASE WHEN (5550=8291) THEN \'Doorzoek onze catalogus\' ELSE (SELECT 8291 UNION SELECT 5768) END))',1,'2022-05-24 11:41:21'),(519,1,1,'(SELECT (CASE WHEN (4899=4899) THEN \'Doorzoek onze catalogus\' ELSE (SELECT 7120 UNION SELECT 8947) END))',1,'2022-05-24 11:41:26'),(520,1,1,'Doorzoek onze catalogus) AND EXTRACTVALUE(2475,CONCAT(0x5c,0x716b786b71,(SELECT (ELT(2475=2475,1))),0x7170767671)) AND (7162=7162',1,'2022-05-24 11:41:59'),(521,1,1,'Doorzoek onze catalogus AND EXTRACTVALUE(2475,CONCAT(0x5c,0x716b786b71,(SELECT (ELT(2475=2475,1))),0x7170767671))',1,'2022-05-24 11:42:02'),(522,1,1,'Doorzoek onze catalogus\') AND EXTRACTVALUE(2475,CONCAT(0x5c,0x716b786b71,(SELECT (ELT(2475=2475,1))),0x7170767671)) AND (\'WaeD\'=\'WaeD',1,'2022-05-24 11:42:34'),(523,1,1,'Doorzoek onze catalogus\' AND EXTRACTVALUE(2475,CONCAT(0x5c,0x716b786b71,(SELECT (ELT(2475=2475,1))),0x7170767671)) AND \'mEjN\'=\'mEjN',1,'2022-05-24 11:42:36'),(524,1,1,'Doorzoek onze catalogus AND EXTRACTVALUE(2475,CONCAT(0x5c,0x716b786b71,(SELECT (ELT(2475=2475,1))),0x7170767671))-- usVU',1,'2022-05-24 11:43:09'),(525,1,1,'Doorzoek onze catalogus) AND 8042=CAST((CHR(113)||CHR(107)||CHR(120)||CHR(107)||CHR(113))||(SELECT (CASE WHEN (8042=8042) THEN 1 ELSE 0 END))::text||(CHR(113)||CHR(112)||CHR(118)||CHR(118)||CHR(113)) AS NUMERIC) AND (8332=8332',15,'2022-05-24 11:43:11'),(526,1,1,'Doorzoek onze catalogus AND 8042=CAST((CHR(113)||CHR(107)||CHR(120)||CHR(107)||CHR(113))||(SELECT (CASE WHEN (8042=8042) THEN 1 ELSE 0 END))::text||(CHR(113)||CHR(112)||CHR(118)||CHR(118)||CHR(113)) AS NUMERIC)',15,'2022-05-24 11:43:45'),(527,1,1,'Doorzoek onze catalogus\') AND 8042=CAST((CHR(113)||CHR(107)||CHR(120)||CHR(107)||CHR(113))||(SELECT (CASE WHEN (8042=8042) THEN 1 ELSE 0 END))::text||(CHR(113)||CHR(112)||CHR(118)||CHR(118)||CHR(113)) AS NUMERIC) AND (\'lzuo\'=\'lzuo',15,'2022-05-24 11:43:50'),(528,1,1,'Doorzoek onze catalogus\' AND 8042=CAST((CHR(113)||CHR(107)||CHR(120)||CHR(107)||CHR(113))||(SELECT (CASE WHEN (8042=8042) THEN 1 ELSE 0 END))::text||(CHR(113)||CHR(112)||CHR(118)||CHR(118)||CHR(113)) AS NUMERIC) AND \'hRPs\'=\'hRPs',15,'2022-05-24 11:44:24'),(529,1,1,'Doorzoek onze catalogus AND 8042=CAST((CHR(113)||CHR(107)||CHR(120)||CHR(107)||CHR(113))||(SELECT (CASE WHEN (8042=8042) THEN 1 ELSE 0 END))::text||(CHR(113)||CHR(112)||CHR(118)||CHR(118)||CHR(113)) AS NUMERIC)-- IngU',15,'2022-05-24 11:44:28'),(530,1,1,'Doorzoek onze catalogus) AND 4679 IN (SELECT (CHAR(113) CHAR(107) CHAR(120) CHAR(107) CHAR(113) (SELECT (CASE WHEN (4679=4679) THEN CHAR(49) ELSE CHAR(48) END)) CHAR(113) CHAR(112) CHAR(118) CHAR(118) CHAR(113))) AND (6740=6740',15,'2022-05-24 11:45:01'),(531,1,1,'Doorzoek onze catalogus AND 4679 IN (SELECT (CHAR(113) CHAR(107) CHAR(120) CHAR(107) CHAR(113) (SELECT (CASE WHEN (4679=4679) THEN CHAR(49) ELSE CHAR(48) END)) CHAR(113) CHAR(112) CHAR(118) CHAR(118) CHAR(113)))',15,'2022-05-24 11:45:06'),(532,1,1,'Doorzoek onze catalogus\') AND 4679 IN (SELECT (CHAR(113) CHAR(107) CHAR(120) CHAR(107) CHAR(113) (SELECT (CASE WHEN (4679=4679) THEN CHAR(49) ELSE CHAR(48) END)) CHAR(113) CHAR(112) CHAR(118) CHAR(118) CHAR(113))) AND (\'FcSi\'=\'FcSi',15,'2022-05-24 11:45:40'),(533,1,1,'Doorzoek onze catalogus\' AND 4679 IN (SELECT (CHAR(113) CHAR(107) CHAR(120) CHAR(107) CHAR(113) (SELECT (CASE WHEN (4679=4679) THEN CHAR(49) ELSE CHAR(48) END)) CHAR(113) CHAR(112) CHAR(118) CHAR(118) CHAR(113))) AND \'RcZn\'=\'RcZn',15,'2022-05-24 11:45:45'),(534,1,1,'Doorzoek onze catalogus AND 4679 IN (SELECT (CHAR(113) CHAR(107) CHAR(120) CHAR(107) CHAR(113) (SELECT (CASE WHEN (4679=4679) THEN CHAR(49) ELSE CHAR(48) END)) CHAR(113) CHAR(112) CHAR(118) CHAR(118) CHAR(113)))-- DToh',15,'2022-05-24 11:46:19'),(535,1,1,'Doorzoek onze catalogus) AND 7578=(SELECT UPPER(XMLType(CHR(60)||CHR(58)||CHR(113)||CHR(107)||CHR(120)||CHR(107)||CHR(113)||(SELECT (CASE WHEN (7578=7578) THEN 1 ELSE 0 END) FROM DUAL)||CHR(113)||CHR(112)||CHR(118)||CHR(118)||CHR(113)||CHR(62))) FROM DUAL',15,'2022-05-24 11:46:23'),(536,1,1,'Doorzoek onze catalogus AND 7578=(SELECT UPPER(XMLType(CHR(60)||CHR(58)||CHR(113)||CHR(107)||CHR(120)||CHR(107)||CHR(113)||(SELECT (CASE WHEN (7578=7578) THEN 1 ELSE 0 END) FROM DUAL)||CHR(113)||CHR(112)||CHR(118)||CHR(118)||CHR(113)||CHR(62))) FROM DUAL)',15,'2022-05-24 11:46:57'),(537,1,1,'Doorzoek onze catalogus\') AND 7578=(SELECT UPPER(XMLType(CHR(60)||CHR(58)||CHR(113)||CHR(107)||CHR(120)||CHR(107)||CHR(113)||(SELECT (CASE WHEN (7578=7578) THEN 1 ELSE 0 END) FROM DUAL)||CHR(113)||CHR(112)||CHR(118)||CHR(118)||CHR(113)||CHR(62))) FROM DUA',15,'2022-05-24 11:47:01'),(538,1,1,'Doorzoek onze catalogus\' AND 7578=(SELECT UPPER(XMLType(CHR(60)||CHR(58)||CHR(113)||CHR(107)||CHR(120)||CHR(107)||CHR(113)||(SELECT (CASE WHEN (7578=7578) THEN 1 ELSE 0 END) FROM DUAL)||CHR(113)||CHR(112)||CHR(118)||CHR(118)||CHR(113)||CHR(62))) FROM DUAL',15,'2022-05-24 11:47:35'),(539,1,1,'Doorzoek onze catalogus AND 7578=(SELECT UPPER(XMLType(CHR(60)||CHR(58)||CHR(113)||CHR(107)||CHR(120)||CHR(107)||CHR(113)||(SELECT (CASE WHEN (7578=7578) THEN 1 ELSE 0 END) FROM DUAL)||CHR(113)||CHR(112)||CHR(118)||CHR(118)||CHR(113)||CHR(62))) FROM DUAL)',15,'2022-05-24 11:47:39'),(540,1,1,'(SELECT CONCAT(CONCAT(\'qkxkq\',(CASE WHEN (1631=1631) THEN \'1\' ELSE \'0\' END)),\'qpvvq\'))',1,'2022-05-24 11:48:13'),(541,1,1,'Doorzoek onze catalogus);SELECT PG_SLEEP(5)--',0,'2022-05-24 11:48:15'),(542,1,1,'Doorzoek onze catalogus;SELECT PG_SLEEP(5)--',0,'2022-05-24 11:48:47'),(543,1,1,'Doorzoek onze catalogus\');SELECT PG_SLEEP(5)--',0,'2022-05-24 11:48:49'),(544,1,1,'Doorzoek onze catalogus\';SELECT PG_SLEEP(5)--',0,'2022-05-24 11:49:20'),(545,1,1,'Doorzoek onze catalogus);WAITFOR DELAY \'0:0:5\'--',0,'2022-05-24 11:49:22'),(546,1,1,'Doorzoek onze catalogus;WAITFOR DELAY \'0:0:5\'--',0,'2022-05-24 11:49:54'),(547,1,1,'Doorzoek onze catalogus\');WAITFOR DELAY \'0:0:5\'--',0,'2022-05-24 11:49:56'),(548,1,1,'Doorzoek onze catalogus\';WAITFOR DELAY \'0:0:5\'--',0,'2022-05-24 11:50:28'),(549,1,1,'Doorzoek onze catalogus);SELECT DBMS_PIPE.RECEIVE_MESSAGE(CHR(107)||CHR(111)||CHR(68)||CHR(111),5) FROM DUAL--',0,'2022-05-24 11:50:32'),(550,1,1,'Doorzoek onze catalogus;SELECT DBMS_PIPE.RECEIVE_MESSAGE(CHR(107)||CHR(111)||CHR(68)||CHR(111),5) FROM DUAL--',0,'2022-05-24 11:51:04'),(551,1,1,'Doorzoek onze catalogus\');SELECT DBMS_PIPE.RECEIVE_MESSAGE(CHR(107)||CHR(111)||CHR(68)||CHR(111),5) FROM DUAL--',0,'2022-05-24 11:51:06'),(552,1,1,'Doorzoek onze catalogus\';SELECT DBMS_PIPE.RECEIVE_MESSAGE(CHR(107)||CHR(111)||CHR(68)||CHR(111),5) FROM DUAL--',0,'2022-05-24 11:51:37'),(553,1,1,'Doorzoek onze catalogus) AND (SELECT 3365 FROM (SELECT(SLEEP(5)))QAIX) AND (8440=8440',1,'2022-05-24 11:51:39'),(554,1,1,'Doorzoek onze catalogus AND (SELECT 3365 FROM (SELECT(SLEEP(5)))QAIX)',1,'2022-05-24 11:52:11'),(555,1,1,'Doorzoek onze catalogus\') AND (SELECT 3365 FROM (SELECT(SLEEP(5)))QAIX) AND (\'usIb\'=\'usIb',1,'2022-05-24 11:52:13'),(556,1,1,'Doorzoek onze catalogus\' AND (SELECT 3365 FROM (SELECT(SLEEP(5)))QAIX) AND \'vymN\'=\'vymN',1,'2022-05-24 11:52:45'),(557,1,1,'Doorzoek onze catalogus AND (SELECT 3365 FROM (SELECT(SLEEP(5)))QAIX)-- WxpC',1,'2022-05-24 11:52:47'),(558,1,1,'Doorzoek onze catalogus) AND 1961=(SELECT 1961 FROM PG_SLEEP(5)) AND (4951=4951',1,'2022-05-24 11:53:19'),(559,1,1,'Doorzoek onze catalogus AND 1961=(SELECT 1961 FROM PG_SLEEP(5))',1,'2022-05-24 11:53:20'),(560,1,1,'Doorzoek onze catalogus\') AND 1961=(SELECT 1961 FROM PG_SLEEP(5)) AND (\'yeLC\'=\'yeLC',1,'2022-05-24 11:53:52'),(561,1,1,'Doorzoek onze catalogus\' AND 1961=(SELECT 1961 FROM PG_SLEEP(5)) AND \'RmhT\'=\'RmhT',1,'2022-05-24 11:53:54'),(562,1,1,'Doorzoek onze catalogus AND 1961=(SELECT 1961 FROM PG_SLEEP(5))-- jYCK',1,'2022-05-24 11:54:26'),(563,1,1,'Doorzoek onze catalogus) WAITFOR DELAY \'0:0:5\' AND (4088=4088',1,'2022-05-24 11:54:27'),(564,1,1,'Doorzoek onze catalogus WAITFOR DELAY \'0:0:5\'',0,'2022-05-24 11:55:00'),(565,1,1,'Doorzoek onze catalogus\') WAITFOR DELAY \'0:0:5\' AND (\'hARX\'=\'hARX',1,'2022-05-24 11:55:01'),(566,1,1,'Doorzoek onze catalogus\' WAITFOR DELAY \'0:0:5\' AND \'UqAM\'=\'UqAM',1,'2022-05-24 11:55:33'),(567,1,1,'Doorzoek onze catalogus WAITFOR DELAY \'0:0:5\'-- KrCQ',0,'2022-05-24 11:55:35'),(568,1,1,'Doorzoek onze catalogus) AND 8891=DBMS_PIPE.RECEIVE_MESSAGE(CHR(105)||CHR(80)||CHR(105)||CHR(75),5) AND (3386=3386',1,'2022-05-24 11:56:07'),(569,1,1,'Doorzoek onze catalogus AND 8891=DBMS_PIPE.RECEIVE_MESSAGE(CHR(105)||CHR(80)||CHR(105)||CHR(75),5)',1,'2022-05-24 11:56:09'),(570,1,1,'Doorzoek onze catalogus\') AND 8891=DBMS_PIPE.RECEIVE_MESSAGE(CHR(105)||CHR(80)||CHR(105)||CHR(75),5) AND (\'hsgp\'=\'hsgp',1,'2022-05-24 11:56:41'),(571,1,1,'Doorzoek onze catalogus\' AND 8891=DBMS_PIPE.RECEIVE_MESSAGE(CHR(105)||CHR(80)||CHR(105)||CHR(75),5) AND \'UplC\'=\'UplC',1,'2022-05-24 11:56:43'),(572,1,1,'Doorzoek onze catalogus AND 8891=DBMS_PIPE.RECEIVE_MESSAGE(CHR(105)||CHR(80)||CHR(105)||CHR(75),5)-- GkpP',1,'2022-05-24 11:57:15'),(573,1,1,'Doorzoek onze catalogus) ORDER BY 1-- LgYr',0,'2022-05-24 11:57:17'),(574,1,1,'Doorzoek onze catalogus) ORDER BY 1351-- ZBCO',0,'2022-05-24 11:57:50'),(575,1,1,'Doorzoek onze catalogus ORDER BY 1-- oERW',0,'2022-05-24 11:57:54'),(576,1,1,'Doorzoek onze catalogus ORDER BY 1791-- LvnY',0,'2022-05-24 11:58:27'),(577,1,1,'Doorzoek onze catalogus\') ORDER BY 1-- XusF',0,'2022-05-24 11:58:32'),(578,1,1,'Doorzoek onze catalogus\') ORDER BY 6715-- dvVA',0,'2022-05-24 11:59:06'),(579,1,1,'Doorzoek onze catalogus\' ORDER BY 1-- IIZc',0,'2022-05-24 11:59:09'),(580,1,1,'Doorzoek onze catalogus\' ORDER BY 4510-- UgVx',0,'2022-05-24 11:59:43'),(581,1,1,'Doorzoek onze catalogus ORDER BY 1-- cnuj',0,'2022-05-24 11:59:46'),(582,1,1,'Doorzoek onze catalogus ORDER BY 2967-- jxLJ',0,'2022-05-24 12:00:19'),(583,1,1,'f',0,'2022-06-23 11:26:34'),(584,1,1,'for',3,'2022-06-23 11:26:34'),(585,1,1,'form',3,'2022-06-23 11:26:35'),(586,1,1,'form',3,'2022-06-23 11:26:35'),(587,1,1,'wol',8,'2022-07-05 10:06:06'),(588,1,1,'wol',8,'2022-07-05 10:06:06'),(589,1,1,'akoe',23,'2022-07-05 10:06:18'),(590,1,1,'akoe',23,'2022-07-05 10:06:18'),(591,1,1,'akoe',23,'2022-07-05 10:06:51'),(592,1,1,'3467',0,'2022-08-01 01:49:39'),(593,1,1,'\"),,,.),,\'',0,'2022-08-01 01:49:42'),(594,1,1,'\'cKbDsw',0,'2022-08-01 01:49:43'),(595,1,1,') AND 3840=9641 AND (6738=6738',1,'2022-08-01 01:49:51'),(596,1,1,') AND 4471=4471 AND (8122=8122',1,'2022-08-01 01:49:55'),(597,1,1,' AND 1392=3416',1,'2022-08-01 01:49:57'),(598,1,1,' AND 4471=4471',1,'2022-08-01 01:50:00'),(599,1,1,'\') AND 1019=4543 AND (\'jWeL\'=\'jWeL',1,'2022-08-01 01:50:03'),(600,1,1,'\') AND 4471=4471 AND (\'heZS\'=\'heZS',1,'2022-08-01 01:50:06'),(601,1,1,'\' AND 7111=5443 AND \'tDGY\'=\'tDGY',1,'2022-08-01 01:50:09'),(602,1,1,'\' AND 4471=4471 AND \'vkaX\'=\'vkaX',1,'2022-08-01 01:50:12'),(603,1,1,' AND 8384=5406-- tZTV',1,'2022-08-01 01:50:15'),(604,1,1,' AND 4471=4471-- pcNT',1,'2022-08-01 01:50:18'),(605,1,1,'(SELECT (CASE WHEN (5812=5714) THEN \'\' ELSE (SELECT 5714 UNION SELECT 2181) END))',1,'2022-08-01 01:50:20'),(606,1,1,'(SELECT (CASE WHEN (7616=7616) THEN \'\' ELSE (SELECT 6144 UNION SELECT 8731) END))',1,'2022-08-01 01:50:24'),(607,1,1,') AND EXTRACTVALUE(8497,CONCAT(0x5c,0x71707a7a71,(SELECT (ELT(8497=8497,1))),0x7171787071)) AND (7196=7196',1,'2022-08-01 01:50:26'),(608,1,1,' AND EXTRACTVALUE(8497,CONCAT(0x5c,0x71707a7a71,(SELECT (ELT(8497=8497,1))),0x7171787071))',1,'2022-08-01 01:50:27'),(609,1,1,'\') AND EXTRACTVALUE(8497,CONCAT(0x5c,0x71707a7a71,(SELECT (ELT(8497=8497,1))),0x7171787071)) AND (\'IeES\'=\'IeES',1,'2022-08-01 01:50:29'),(610,1,1,'\' AND EXTRACTVALUE(8497,CONCAT(0x5c,0x71707a7a71,(SELECT (ELT(8497=8497,1))),0x7171787071)) AND \'deWx\'=\'deWx',1,'2022-08-01 01:50:31'),(611,1,1,' AND EXTRACTVALUE(8497,CONCAT(0x5c,0x71707a7a71,(SELECT (ELT(8497=8497,1))),0x7171787071))-- UMCe',1,'2022-08-01 01:50:32'),(612,1,1,') AND 2992=CAST((CHR(113)||CHR(112)||CHR(122)||CHR(122)||CHR(113))||(SELECT (CASE WHEN (2992=2992) THEN 1 ELSE 0 END))::text||(CHR(113)||CHR(113)||CHR(120)||CHR(112)||CHR(113)) AS NUMERIC) AND (2529=2529',16,'2022-08-01 01:50:34'),(613,1,1,' AND 2992=CAST((CHR(113)||CHR(112)||CHR(122)||CHR(122)||CHR(113))||(SELECT (CASE WHEN (2992=2992) THEN 1 ELSE 0 END))::text||(CHR(113)||CHR(113)||CHR(120)||CHR(112)||CHR(113)) AS NUMERIC)',16,'2022-08-01 01:50:37'),(614,1,1,'\') AND 2992=CAST((CHR(113)||CHR(112)||CHR(122)||CHR(122)||CHR(113))||(SELECT (CASE WHEN (2992=2992) THEN 1 ELSE 0 END))::text||(CHR(113)||CHR(113)||CHR(120)||CHR(112)||CHR(113)) AS NUMERIC) AND (\'ofYO\'=\'ofYO',16,'2022-08-01 01:50:40'),(615,1,1,'\' AND 2992=CAST((CHR(113)||CHR(112)||CHR(122)||CHR(122)||CHR(113))||(SELECT (CASE WHEN (2992=2992) THEN 1 ELSE 0 END))::text||(CHR(113)||CHR(113)||CHR(120)||CHR(112)||CHR(113)) AS NUMERIC) AND \'avxk\'=\'avxk',16,'2022-08-01 01:50:43'),(616,1,1,' AND 2992=CAST((CHR(113)||CHR(112)||CHR(122)||CHR(122)||CHR(113))||(SELECT (CASE WHEN (2992=2992) THEN 1 ELSE 0 END))::text||(CHR(113)||CHR(113)||CHR(120)||CHR(112)||CHR(113)) AS NUMERIC)-- fkuM',16,'2022-08-01 01:50:46'),(617,1,1,') AND 2596 IN (SELECT (CHAR(113) CHAR(112) CHAR(122) CHAR(122) CHAR(113) (SELECT (CASE WHEN (2596=2596) THEN CHAR(49) ELSE CHAR(48) END)) CHAR(113) CHAR(113) CHAR(120) CHAR(112) CHAR(113))) AND (8855=8855',16,'2022-08-01 01:50:49'),(618,1,1,' AND 2596 IN (SELECT (CHAR(113) CHAR(112) CHAR(122) CHAR(122) CHAR(113) (SELECT (CASE WHEN (2596=2596) THEN CHAR(49) ELSE CHAR(48) END)) CHAR(113) CHAR(113) CHAR(120) CHAR(112) CHAR(113)))',16,'2022-08-01 01:50:52'),(619,1,1,'\') AND 2596 IN (SELECT (CHAR(113) CHAR(112) CHAR(122) CHAR(122) CHAR(113) (SELECT (CASE WHEN (2596=2596) THEN CHAR(49) ELSE CHAR(48) END)) CHAR(113) CHAR(113) CHAR(120) CHAR(112) CHAR(113))) AND (\'fMQk\'=\'fMQk',16,'2022-08-01 01:50:56'),(620,1,1,'\' AND 2596 IN (SELECT (CHAR(113) CHAR(112) CHAR(122) CHAR(122) CHAR(113) (SELECT (CASE WHEN (2596=2596) THEN CHAR(49) ELSE CHAR(48) END)) CHAR(113) CHAR(113) CHAR(120) CHAR(112) CHAR(113))) AND \'Tddr\'=\'Tddr',16,'2022-08-01 01:50:59'),(621,1,1,' AND 2596 IN (SELECT (CHAR(113) CHAR(112) CHAR(122) CHAR(122) CHAR(113) (SELECT (CASE WHEN (2596=2596) THEN CHAR(49) ELSE CHAR(48) END)) CHAR(113) CHAR(113) CHAR(120) CHAR(112) CHAR(113)))-- AEBH',16,'2022-08-01 01:51:02'),(622,1,1,') AND 3862=(SELECT UPPER(XMLType(CHR(60)||CHR(58)||CHR(113)||CHR(112)||CHR(122)||CHR(122)||CHR(113)||(SELECT (CASE WHEN (3862=3862) THEN 1 ELSE 0 END) FROM DUAL)||CHR(113)||CHR(113)||CHR(120)||CHR(112)||CHR(113)||CHR(62))) FROM DUAL) AND (7988=7988',16,'2022-08-01 01:51:05'),(623,1,1,' AND 3862=(SELECT UPPER(XMLType(CHR(60)||CHR(58)||CHR(113)||CHR(112)||CHR(122)||CHR(122)||CHR(113)||(SELECT (CASE WHEN (3862=3862) THEN 1 ELSE 0 END) FROM DUAL)||CHR(113)||CHR(113)||CHR(120)||CHR(112)||CHR(113)||CHR(62))) FROM DUAL)',16,'2022-08-01 01:51:08'),(624,1,1,'\') AND 3862=(SELECT UPPER(XMLType(CHR(60)||CHR(58)||CHR(113)||CHR(112)||CHR(122)||CHR(122)||CHR(113)||(SELECT (CASE WHEN (3862=3862) THEN 1 ELSE 0 END) FROM DUAL)||CHR(113)||CHR(113)||CHR(120)||CHR(112)||CHR(113)||CHR(62))) FROM DUAL) AND (\'rnkh\'=\'rnkh',16,'2022-08-01 01:51:10'),(625,1,1,'\' AND 3862=(SELECT UPPER(XMLType(CHR(60)||CHR(58)||CHR(113)||CHR(112)||CHR(122)||CHR(122)||CHR(113)||(SELECT (CASE WHEN (3862=3862) THEN 1 ELSE 0 END) FROM DUAL)||CHR(113)||CHR(113)||CHR(120)||CHR(112)||CHR(113)||CHR(62))) FROM DUAL) AND \'pYwo\'=\'pYwo',16,'2022-08-01 01:51:13'),(626,1,1,' AND 3862=(SELECT UPPER(XMLType(CHR(60)||CHR(58)||CHR(113)||CHR(112)||CHR(122)||CHR(122)||CHR(113)||(SELECT (CASE WHEN (3862=3862) THEN 1 ELSE 0 END) FROM DUAL)||CHR(113)||CHR(113)||CHR(120)||CHR(112)||CHR(113)||CHR(62))) FROM DUAL)-- zqSI',16,'2022-08-01 01:51:16'),(627,1,1,'(SELECT CONCAT(CONCAT(\'qpzzq\',(CASE WHEN (1831=1831) THEN \'1\' ELSE \'0\' END)),\'qqxpq\'))',1,'2022-08-01 01:51:20'),(628,1,1,');SELECT PG_SLEEP(5)--',0,'2022-08-01 01:51:22'),(629,1,1,';SELECT PG_SLEEP(5)--',0,'2022-08-01 01:51:23'),(630,1,1,'\');SELECT PG_SLEEP(5)--',0,'2022-08-01 01:51:24'),(631,1,1,'\';SELECT PG_SLEEP(5)--',0,'2022-08-01 01:51:25'),(632,1,1,');WAITFOR DELAY \'0:0:5\'--',0,'2022-08-01 01:51:27'),(633,1,1,';WAITFOR DELAY \'0:0:5\'--',0,'2022-08-01 01:51:28'),(634,1,1,'\');WAITFOR DELAY \'0:0:5\'--',0,'2022-08-01 01:51:29'),(635,1,1,'\';WAITFOR DELAY \'0:0:5\'--',0,'2022-08-01 01:51:31'),(636,1,1,');SELECT DBMS_PIPE.RECEIVE_MESSAGE(CHR(105)||CHR(111)||CHR(98)||CHR(79),5) FROM DUAL--',0,'2022-08-01 01:51:32'),(637,1,1,';SELECT DBMS_PIPE.RECEIVE_MESSAGE(CHR(105)||CHR(111)||CHR(98)||CHR(79),5) FROM DUAL--',0,'2022-08-01 01:51:34'),(638,1,1,'\');SELECT DBMS_PIPE.RECEIVE_MESSAGE(CHR(105)||CHR(111)||CHR(98)||CHR(79),5) FROM DUAL--',0,'2022-08-01 01:51:35'),(639,1,1,'\';SELECT DBMS_PIPE.RECEIVE_MESSAGE(CHR(105)||CHR(111)||CHR(98)||CHR(79),5) FROM DUAL--',0,'2022-08-01 01:51:36'),(640,1,1,') AND (SELECT 9347 FROM (SELECT(SLEEP(5)))scOp) AND (2886=2886',1,'2022-08-01 01:51:37'),(641,1,1,' AND (SELECT 9347 FROM (SELECT(SLEEP(5)))scOp)',1,'2022-08-01 01:51:39'),(642,1,1,'\') AND (SELECT 9347 FROM (SELECT(SLEEP(5)))scOp) AND (\'RTRi\'=\'RTRi',1,'2022-08-01 01:51:40'),(643,1,1,'\' AND (SELECT 9347 FROM (SELECT(SLEEP(5)))scOp) AND \'nvxu\'=\'nvxu',1,'2022-08-01 01:51:41'),(644,1,1,' AND (SELECT 9347 FROM (SELECT(SLEEP(5)))scOp)-- Lmvq',1,'2022-08-01 01:51:43'),(645,1,1,') AND 3669=(SELECT 3669 FROM PG_SLEEP(5)) AND (9464=9464',1,'2022-08-01 01:51:44'),(646,1,1,' AND 3669=(SELECT 3669 FROM PG_SLEEP(5))',1,'2022-08-01 01:51:45'),(647,1,1,'\') AND 3669=(SELECT 3669 FROM PG_SLEEP(5)) AND (\'qekA\'=\'qekA',1,'2022-08-01 01:51:47'),(648,1,1,'\' AND 3669=(SELECT 3669 FROM PG_SLEEP(5)) AND \'syal\'=\'syal',1,'2022-08-01 01:51:48'),(649,1,1,' AND 3669=(SELECT 3669 FROM PG_SLEEP(5))-- SGmh',1,'2022-08-01 01:51:49'),(650,1,1,') WAITFOR DELAY \'0:0:5\' AND (1923=1923',1,'2022-08-01 01:51:51'),(651,1,1,' WAITFOR DELAY \'0:0:5\'',0,'2022-08-01 01:51:52'),(652,1,1,'\') WAITFOR DELAY \'0:0:5\' AND (\'IjcU\'=\'IjcU',1,'2022-08-01 01:51:53'),(653,1,1,'\' WAITFOR DELAY \'0:0:5\' AND \'WBVr\'=\'WBVr',1,'2022-08-01 01:51:54'),(654,1,1,' WAITFOR DELAY \'0:0:5\'-- hLVC',0,'2022-08-01 01:51:55'),(655,1,1,') AND 6102=DBMS_PIPE.RECEIVE_MESSAGE(CHR(87)||CHR(79)||CHR(101)||CHR(107),5) AND (3191=3191',1,'2022-08-01 01:51:57'),(656,1,1,' AND 6102=DBMS_PIPE.RECEIVE_MESSAGE(CHR(87)||CHR(79)||CHR(101)||CHR(107),5)',1,'2022-08-01 01:51:58'),(657,1,1,'\') AND 6102=DBMS_PIPE.RECEIVE_MESSAGE(CHR(87)||CHR(79)||CHR(101)||CHR(107),5) AND (\'utfg\'=\'utfg',1,'2022-08-01 01:51:59'),(658,1,1,'\' AND 6102=DBMS_PIPE.RECEIVE_MESSAGE(CHR(87)||CHR(79)||CHR(101)||CHR(107),5) AND \'NDcx\'=\'NDcx',1,'2022-08-01 01:52:00'),(659,1,1,' AND 6102=DBMS_PIPE.RECEIVE_MESSAGE(CHR(87)||CHR(79)||CHR(101)||CHR(107),5)-- dVcq',1,'2022-08-01 01:52:02'),(660,1,1,') ORDER BY 1-- nVCF',0,'2022-08-01 01:52:03'),(661,1,1,') ORDER BY 6043-- gUJD',0,'2022-08-01 01:52:05'),(662,1,1,' ORDER BY 1-- qJLl',0,'2022-08-01 01:52:07'),(663,1,1,' ORDER BY 4953-- PUbr',0,'2022-08-01 01:52:09'),(664,1,1,'\') ORDER BY 1-- PfKf',0,'2022-08-01 01:52:11'),(665,1,1,'\') ORDER BY 8406-- RrTA',0,'2022-08-01 01:52:13'),(666,1,1,'\' ORDER BY 1-- ipHc',0,'2022-08-01 01:52:15'),(667,1,1,'\' ORDER BY 5556-- WTiO',0,'2022-08-01 01:52:16'),(668,1,1,' ORDER BY 1-- tnuh',0,'2022-08-01 01:52:19'),(669,1,1,' ORDER BY 4873-- jCLc',0,'2022-08-01 01:52:20'),(670,1,1,'Doorzoek onze catalogus',0,'2022-08-18 07:33:11'),(671,1,1,'Doorzoek onze catalogus',0,'2022-08-18 07:34:18'),(672,1,1,'3',0,'2022-10-20 21:47:00'),(673,1,1,'30',0,'2022-10-20 21:47:02'),(674,1,1,'30',0,'2022-10-20 21:47:02'),(675,1,1,'G',0,'2022-10-20 21:48:50'),(676,1,1,'Gr',0,'2022-10-20 21:48:50'),(677,1,1,'Gro',7,'2022-10-20 21:48:51'),(678,1,1,'Groe',6,'2022-10-20 21:48:52'),(679,1,1,'Groen',6,'2022-10-20 21:48:52'),(680,1,1,'Groen',6,'2022-10-20 21:48:53'),(681,1,1,'Doorzoek onze catalogus',0,'2022-11-03 17:43:18'),(682,1,1,'Doorzoek onze catalogus',0,'2022-11-03 17:43:22'),(683,1,1,'Doorzoek onze catalogus',0,'2022-11-03 17:43:33'),(684,1,1,'8585',0,'2022-11-03 17:43:35'),(685,1,1,'Doorzoek onze catalogus\',)\'(\"\'(,.',0,'2022-11-03 17:43:40'),(686,1,1,'Doorzoek onze catalogus\'dnqjOs',0,'2022-11-03 17:43:42'),(687,1,1,'Doorzoek onze catalogus) AND 5301=5554 AND (5354=5354',1,'2022-11-03 17:46:10'),(688,1,1,'Doorzoek onze catalogus) AND 5136=5136 AND (9522=9522',1,'2022-11-03 17:46:16'),(689,1,1,'Doorzoek onze catalogus AND 8238=5866',1,'2022-11-03 17:46:21'),(690,1,1,'Doorzoek onze catalogus AND 5136=5136',1,'2022-11-03 17:46:27'),(691,1,1,'Doorzoek onze catalogus\') AND 7371=7858 AND (\'jftP\'=\'jftP',1,'2022-11-03 17:46:32'),(692,1,1,'Doorzoek onze catalogus\') AND 5136=5136 AND (\'cwlP\'=\'cwlP',1,'2022-11-03 17:46:37'),(693,1,1,'Doorzoek onze catalogus\' AND 5594=8260 AND \'aUDn\'=\'aUDn',1,'2022-11-03 17:46:43'),(694,1,1,'Doorzoek onze catalogus\' AND 5136=5136 AND \'zWOu\'=\'zWOu',1,'2022-11-03 17:46:48'),(695,1,1,'Doorzoek onze catalogus%\' AND 6316=8462 AND \'%\'=\'',1,'2022-11-03 17:46:53'),(696,1,1,'Doorzoek onze catalogus%\' AND 5136=5136 AND \'%\'=\'',1,'2022-11-03 17:46:59'),(697,1,1,'Doorzoek onze catalogus AND 2926=9102-- eOMP',1,'2022-11-03 17:47:04'),(698,1,1,'Doorzoek onze catalogus AND 5136=5136-- nJQh',1,'2022-11-03 17:47:11'),(699,1,1,'(SELECT (CASE WHEN (4595=8423) THEN 4595 ELSE 4595*(SELECT 4595 FROM INFORMATION_SCHEMA.CHARACTER_SETS) END))',1,'2022-11-03 17:47:17'),(700,1,1,'(SELECT (CASE WHEN (4192=4192) THEN 4192 ELSE 4192*(SELECT 4192 FROM INFORMATION_SCHEMA.CHARACTER_SETS) END))',1,'2022-11-03 17:47:23'),(701,1,1,'Doorzoek onze catalogus) AND (SELECT 1671 FROM(SELECT COUNT(*),CONCAT(0x71716a7171,(SELECT (ELT(1671=1671,1))),0x717a706b71,FLOOR(RAND(0)*2))x FROM INFORMATION_SCHEMA.CHARACTER_SETS GROUP BY x)a) AND (3521=3521',15,'2022-11-03 17:47:31'),(702,1,1,'Doorzoek onze catalogus AND (SELECT 1671 FROM(SELECT COUNT(*),CONCAT(0x71716a7171,(SELECT (ELT(1671=1671,1))),0x717a706b71,FLOOR(RAND(0)*2))x FROM INFORMATION_SCHEMA.CHARACTER_SETS GROUP BY x)a)',15,'2022-11-03 17:47:38'),(703,1,1,'Doorzoek onze catalogus\') AND (SELECT 1671 FROM(SELECT COUNT(*),CONCAT(0x71716a7171,(SELECT (ELT(1671=1671,1))),0x717a706b71,FLOOR(RAND(0)*2))x FROM INFORMATION_SCHEMA.CHARACTER_SETS GROUP BY x)a) AND (\'GENi\'=\'GENi',15,'2022-11-03 17:47:43'),(704,1,1,'Doorzoek onze catalogus\' AND (SELECT 1671 FROM(SELECT COUNT(*),CONCAT(0x71716a7171,(SELECT (ELT(1671=1671,1))),0x717a706b71,FLOOR(RAND(0)*2))x FROM INFORMATION_SCHEMA.CHARACTER_SETS GROUP BY x)a) AND \'HKKa\'=\'HKKa',15,'2022-11-03 17:47:48'),(705,1,1,'Doorzoek onze catalogus%\' AND (SELECT 1671 FROM(SELECT COUNT(*),CONCAT(0x71716a7171,(SELECT (ELT(1671=1671,1))),0x717a706b71,FLOOR(RAND(0)*2))x FROM INFORMATION_SCHEMA.CHARACTER_SETS GROUP BY x)a) AND \'%\'=\'',15,'2022-11-03 17:47:53'),(706,1,1,'Doorzoek onze catalogus AND (SELECT 1671 FROM(SELECT COUNT(*),CONCAT(0x71716a7171,(SELECT (ELT(1671=1671,1))),0x717a706b71,FLOOR(RAND(0)*2))x FROM INFORMATION_SCHEMA.CHARACTER_SETS GROUP BY x)a)-- dXHB',15,'2022-11-03 17:47:58'),(707,1,1,'Doorzoek onze catalogus) AND 6998=CAST((CHR(113)||CHR(113)||CHR(106)||CHR(113)||CHR(113))||(SELECT (CASE WHEN (6998=6998) THEN 1 ELSE 0 END))::text||(CHR(113)||CHR(122)||CHR(112)||CHR(107)||CHR(113)) AS NUMERIC) AND (5202=5202',2,'2022-11-03 17:48:03'),(708,1,1,'Doorzoek onze catalogus AND 6998=CAST((CHR(113)||CHR(113)||CHR(106)||CHR(113)||CHR(113))||(SELECT (CASE WHEN (6998=6998) THEN 1 ELSE 0 END))::text||(CHR(113)||CHR(122)||CHR(112)||CHR(107)||CHR(113)) AS NUMERIC)',2,'2022-11-03 17:48:07'),(709,1,1,'Doorzoek onze catalogus\') AND 6998=CAST((CHR(113)||CHR(113)||CHR(106)||CHR(113)||CHR(113))||(SELECT (CASE WHEN (6998=6998) THEN 1 ELSE 0 END))::text||(CHR(113)||CHR(122)||CHR(112)||CHR(107)||CHR(113)) AS NUMERIC) AND (\'CRHm\'=\'CRHm',2,'2022-11-03 17:48:10'),(710,1,1,'Doorzoek onze catalogus\' AND 6998=CAST((CHR(113)||CHR(113)||CHR(106)||CHR(113)||CHR(113))||(SELECT (CASE WHEN (6998=6998) THEN 1 ELSE 0 END))::text||(CHR(113)||CHR(122)||CHR(112)||CHR(107)||CHR(113)) AS NUMERIC) AND \'WEhh\'=\'WEhh',2,'2022-11-03 17:48:14'),(711,1,1,'Doorzoek onze catalogus%\' AND 6998=CAST((CHR(113)||CHR(113)||CHR(106)||CHR(113)||CHR(113))||(SELECT (CASE WHEN (6998=6998) THEN 1 ELSE 0 END))::text||(CHR(113)||CHR(122)||CHR(112)||CHR(107)||CHR(113)) AS NUMERIC) AND \'%\'=\'',2,'2022-11-03 17:48:18'),(712,1,1,'Doorzoek onze catalogus AND 6998=CAST((CHR(113)||CHR(113)||CHR(106)||CHR(113)||CHR(113))||(SELECT (CASE WHEN (6998=6998) THEN 1 ELSE 0 END))::text||(CHR(113)||CHR(122)||CHR(112)||CHR(107)||CHR(113)) AS NUMERIC)-- RkwO',2,'2022-11-03 17:48:22'),(713,1,1,'Doorzoek onze catalogus) AND 7144=CONVERT(INT,(SELECT CHAR(113) CHAR(113) CHAR(106) CHAR(113) CHAR(113) (SELECT (CASE WHEN (7144=7144) THEN CHAR(49) ELSE CHAR(48) END)) CHAR(113) CHAR(122) CHAR(112) CHAR(107) CHAR(113))) AND (2053=2053',2,'2022-11-03 17:48:25'),(714,1,1,'Doorzoek onze catalogus AND 7144=CONVERT(INT,(SELECT CHAR(113) CHAR(113) CHAR(106) CHAR(113) CHAR(113) (SELECT (CASE WHEN (7144=7144) THEN CHAR(49) ELSE CHAR(48) END)) CHAR(113) CHAR(122) CHAR(112) CHAR(107) CHAR(113)))',2,'2022-11-03 17:48:29'),(715,1,1,'Doorzoek onze catalogus\') AND 7144=CONVERT(INT,(SELECT CHAR(113) CHAR(113) CHAR(106) CHAR(113) CHAR(113) (SELECT (CASE WHEN (7144=7144) THEN CHAR(49) ELSE CHAR(48) END)) CHAR(113) CHAR(122) CHAR(112) CHAR(107) CHAR(113))) AND (\'NotT\'=\'NotT',2,'2022-11-03 17:48:33'),(716,1,1,'Doorzoek onze catalogus\' AND 7144=CONVERT(INT,(SELECT CHAR(113) CHAR(113) CHAR(106) CHAR(113) CHAR(113) (SELECT (CASE WHEN (7144=7144) THEN CHAR(49) ELSE CHAR(48) END)) CHAR(113) CHAR(122) CHAR(112) CHAR(107) CHAR(113))) AND \'hGkv\'=\'hGkv',2,'2022-11-03 17:48:37'),(717,1,1,'Doorzoek onze catalogus%\' AND 7144=CONVERT(INT,(SELECT CHAR(113) CHAR(113) CHAR(106) CHAR(113) CHAR(113) (SELECT (CASE WHEN (7144=7144) THEN CHAR(49) ELSE CHAR(48) END)) CHAR(113) CHAR(122) CHAR(112) CHAR(107) CHAR(113))) AND \'%\'=\'',2,'2022-11-03 17:48:40'),(718,1,1,'Doorzoek onze catalogus AND 7144=CONVERT(INT,(SELECT CHAR(113) CHAR(113) CHAR(106) CHAR(113) CHAR(113) (SELECT (CASE WHEN (7144=7144) THEN CHAR(49) ELSE CHAR(48) END)) CHAR(113) CHAR(122) CHAR(112) CHAR(107) CHAR(113)))-- agog',2,'2022-11-03 17:48:44'),(719,1,1,'Doorzoek onze catalogus) AND 8923=(SELECT UPPER(XMLType(CHR(60)||CHR(58)||CHR(113)||CHR(113)||CHR(106)||CHR(113)||CHR(113)||(SELECT (CASE WHEN (8923=8923) THEN 1 ELSE 0 END) FROM DUAL)||CHR(113)||CHR(122)||CHR(112)||CHR(107)||CHR(113)||CHR(62))) FROM DUAL',2,'2022-11-03 17:48:47'),(720,1,1,'Doorzoek onze catalogus AND 8923=(SELECT UPPER(XMLType(CHR(60)||CHR(58)||CHR(113)||CHR(113)||CHR(106)||CHR(113)||CHR(113)||(SELECT (CASE WHEN (8923=8923) THEN 1 ELSE 0 END) FROM DUAL)||CHR(113)||CHR(122)||CHR(112)||CHR(107)||CHR(113)||CHR(62))) FROM DUAL)',2,'2022-11-03 17:48:52'),(721,1,1,'Doorzoek onze catalogus\') AND 8923=(SELECT UPPER(XMLType(CHR(60)||CHR(58)||CHR(113)||CHR(113)||CHR(106)||CHR(113)||CHR(113)||(SELECT (CASE WHEN (8923=8923) THEN 1 ELSE 0 END) FROM DUAL)||CHR(113)||CHR(122)||CHR(112)||CHR(107)||CHR(113)||CHR(62))) FROM DUA',2,'2022-11-03 17:48:56'),(722,1,1,'Doorzoek onze catalogus\' AND 8923=(SELECT UPPER(XMLType(CHR(60)||CHR(58)||CHR(113)||CHR(113)||CHR(106)||CHR(113)||CHR(113)||(SELECT (CASE WHEN (8923=8923) THEN 1 ELSE 0 END) FROM DUAL)||CHR(113)||CHR(122)||CHR(112)||CHR(107)||CHR(113)||CHR(62))) FROM DUAL',2,'2022-11-03 17:49:00'),(723,1,1,'Doorzoek onze catalogus%\' AND 8923=(SELECT UPPER(XMLType(CHR(60)||CHR(58)||CHR(113)||CHR(113)||CHR(106)||CHR(113)||CHR(113)||(SELECT (CASE WHEN (8923=8923) THEN 1 ELSE 0 END) FROM DUAL)||CHR(113)||CHR(122)||CHR(112)||CHR(107)||CHR(113)||CHR(62))) FROM DUA',2,'2022-11-03 17:49:04'),(724,1,1,'Doorzoek onze catalogus AND 8923=(SELECT UPPER(XMLType(CHR(60)||CHR(58)||CHR(113)||CHR(113)||CHR(106)||CHR(113)||CHR(113)||(SELECT (CASE WHEN (8923=8923) THEN 1 ELSE 0 END) FROM DUAL)||CHR(113)||CHR(122)||CHR(112)||CHR(107)||CHR(113)||CHR(62))) FROM DUAL)',2,'2022-11-03 17:49:08'),(725,1,1,'(SELECT 8301 FROM(SELECT COUNT(*),CONCAT(0x71716a7171,(SELECT (ELT(8301=8301,1))),0x717a706b71,FLOOR(RAND(0)*2))x FROM INFORMATION_SCHEMA.CHARACTER_SETS GROUP BY x)a)',14,'2022-11-03 17:49:13'),(726,1,1,'(SELECT CONCAT(0x71716a7171,(SELECT (ELT(8686=8686,1))),0x717a706b71))',0,'2022-11-03 17:49:20'),(727,1,1,'(SELECT (CHR(113)||CHR(113)||CHR(106)||CHR(113)||CHR(113))||(SELECT (CASE WHEN (6465=6465) THEN 1 ELSE 0 END))::text||(CHR(113)||CHR(122)||CHR(112)||CHR(107)||CHR(113)))',2,'2022-11-03 17:49:24'),(728,1,1,'(SELECT CHAR(113) CHAR(113) CHAR(106) CHAR(113) CHAR(113) (SELECT (CASE WHEN (3702=3702) THEN CHAR(49) ELSE CHAR(48) END)) CHAR(113) CHAR(122) CHAR(112) CHAR(107) CHAR(113))',2,'2022-11-03 17:49:28'),(729,1,1,'Doorzoek onze catalogus);SELECT SLEEP(5)#',0,'2022-11-03 17:49:33'),(730,1,1,'Doorzoek onze catalogus;SELECT SLEEP(5)#',0,'2022-11-03 17:49:34'),(731,1,1,'Doorzoek onze catalogus\');SELECT SLEEP(5)#',0,'2022-11-03 17:49:36'),(732,1,1,'Doorzoek onze catalogus\';SELECT SLEEP(5)#',0,'2022-11-03 17:49:38'),(733,1,1,'Doorzoek onze catalogus%\';SELECT SLEEP(5)#',0,'2022-11-03 17:49:40'),(734,1,1,'Doorzoek onze catalogus);SELECT PG_SLEEP(5)--',0,'2022-11-03 17:49:42'),(735,1,1,'Doorzoek onze catalogus;SELECT PG_SLEEP(5)--',0,'2022-11-03 17:49:44'),(736,1,1,'Doorzoek onze catalogus\');SELECT PG_SLEEP(5)--',0,'2022-11-03 17:49:45'),(737,1,1,'Doorzoek onze catalogus\';SELECT PG_SLEEP(5)--',0,'2022-11-03 17:49:47'),(738,1,1,'Doorzoek onze catalogus%\';SELECT PG_SLEEP(5)--',0,'2022-11-03 17:49:48'),(739,1,1,'Doorzoek onze catalogus);WAITFOR DELAY \'0:0:5\'--',0,'2022-11-03 17:49:50'),(740,1,1,'Doorzoek onze catalogus;WAITFOR DELAY \'0:0:5\'--',0,'2022-11-03 17:49:52'),(741,1,1,'Doorzoek onze catalogus\');WAITFOR DELAY \'0:0:5\'--',0,'2022-11-03 17:49:54'),(742,1,1,'Doorzoek onze catalogus\';WAITFOR DELAY \'0:0:5\'--',0,'2022-11-03 17:49:56'),(743,1,1,'Doorzoek onze catalogus%\';WAITFOR DELAY \'0:0:5\'--',0,'2022-11-03 17:49:58'),(744,1,1,'Doorzoek onze catalogus);SELECT DBMS_PIPE.RECEIVE_MESSAGE(CHR(70)||CHR(113)||CHR(109)||CHR(102),5) FROM DUAL--',0,'2022-11-03 17:50:00'),(745,1,1,'Doorzoek onze catalogus;SELECT DBMS_PIPE.RECEIVE_MESSAGE(CHR(70)||CHR(113)||CHR(109)||CHR(102),5) FROM DUAL--',0,'2022-11-03 17:50:02'),(746,1,1,'Doorzoek onze catalogus\');SELECT DBMS_PIPE.RECEIVE_MESSAGE(CHR(70)||CHR(113)||CHR(109)||CHR(102),5) FROM DUAL--',0,'2022-11-03 17:50:04'),(747,1,1,'Doorzoek onze catalogus\';SELECT DBMS_PIPE.RECEIVE_MESSAGE(CHR(70)||CHR(113)||CHR(109)||CHR(102),5) FROM DUAL--',0,'2022-11-03 17:50:06'),(748,1,1,'Doorzoek onze catalogus%\';SELECT DBMS_PIPE.RECEIVE_MESSAGE(CHR(70)||CHR(113)||CHR(109)||CHR(102),5) FROM DUAL--',0,'2022-11-03 17:50:08'),(749,1,1,'Doorzoek onze catalogus) AND SLEEP(5) AND (5179=5179',1,'2022-11-03 17:50:10'),(750,1,1,'Doorzoek onze catalogus AND SLEEP(5)',1,'2022-11-03 17:50:11'),(751,1,1,'Doorzoek onze catalogus\') AND SLEEP(5) AND (\'cLqJ\'=\'cLqJ',1,'2022-11-03 17:50:13'),(752,1,1,'Doorzoek onze catalogus\' AND SLEEP(5) AND \'FOwG\'=\'FOwG',1,'2022-11-03 17:50:15'),(753,1,1,'Doorzoek onze catalogus%\' AND SLEEP(5) AND \'%\'=\'',1,'2022-11-03 17:50:17'),(754,1,1,'Doorzoek onze catalogus AND SLEEP(5)-- WgFR',1,'2022-11-03 17:50:19'),(755,1,1,'Doorzoek onze catalogus) AND 6462=(SELECT 6462 FROM PG_SLEEP(5)) AND (2708=2708',1,'2022-11-03 17:50:21'),(756,1,1,'Doorzoek onze catalogus AND 6462=(SELECT 6462 FROM PG_SLEEP(5))',1,'2022-11-03 17:50:23'),(757,1,1,'Doorzoek onze catalogus\') AND 6462=(SELECT 6462 FROM PG_SLEEP(5)) AND (\'pKCn\'=\'pKCn',1,'2022-11-03 17:50:25'),(758,1,1,'Doorzoek onze catalogus\' AND 6462=(SELECT 6462 FROM PG_SLEEP(5)) AND \'rDbQ\'=\'rDbQ',1,'2022-11-03 17:50:28'),(759,1,1,'Doorzoek onze catalogus%\' AND 6462=(SELECT 6462 FROM PG_SLEEP(5)) AND \'%\'=\'',1,'2022-11-03 17:50:30'),(760,1,1,'Doorzoek onze catalogus AND 6462=(SELECT 6462 FROM PG_SLEEP(5))-- bclX',1,'2022-11-03 17:50:32'),(761,1,1,'Doorzoek onze catalogus) WAITFOR DELAY \'0:0:5\' AND (8213=8213',1,'2022-11-03 17:50:33'),(762,1,1,'Doorzoek onze catalogus WAITFOR DELAY \'0:0:5\'',0,'2022-11-03 17:50:35'),(763,1,1,'Doorzoek onze catalogus\') WAITFOR DELAY \'0:0:5\' AND (\'WioU\'=\'WioU',1,'2022-11-03 17:50:37'),(764,1,1,'Doorzoek onze catalogus\' WAITFOR DELAY \'0:0:5\' AND \'Xnud\'=\'Xnud',1,'2022-11-03 17:50:40'),(765,1,1,'Doorzoek onze catalogus%\' WAITFOR DELAY \'0:0:5\' AND \'%\'=\'',1,'2022-11-03 17:50:41'),(766,1,1,'Doorzoek onze catalogus WAITFOR DELAY \'0:0:5\'-- sgfG',0,'2022-11-03 17:50:43'),(767,1,1,'Doorzoek onze catalogus) AND 8568=DBMS_PIPE.RECEIVE_MESSAGE(CHR(82)||CHR(83)||CHR(112)||CHR(76),5) AND (8647=8647',1,'2022-11-03 17:50:44'),(768,1,1,'Doorzoek onze catalogus AND 8568=DBMS_PIPE.RECEIVE_MESSAGE(CHR(82)||CHR(83)||CHR(112)||CHR(76),5)',1,'2022-11-03 17:50:47'),(769,1,1,'Doorzoek onze catalogus\') AND 8568=DBMS_PIPE.RECEIVE_MESSAGE(CHR(82)||CHR(83)||CHR(112)||CHR(76),5) AND (\'hDpd\'=\'hDpd',1,'2022-11-03 17:50:49'),(770,1,1,'Doorzoek onze catalogus\' AND 8568=DBMS_PIPE.RECEIVE_MESSAGE(CHR(82)||CHR(83)||CHR(112)||CHR(76),5) AND \'pqKV\'=\'pqKV',1,'2022-11-03 17:50:52'),(771,1,1,'Doorzoek onze catalogus%\' AND 8568=DBMS_PIPE.RECEIVE_MESSAGE(CHR(82)||CHR(83)||CHR(112)||CHR(76),5) AND \'%\'=\'',1,'2022-11-03 17:50:56'),(772,1,1,'Doorzoek onze catalogus AND 8568=DBMS_PIPE.RECEIVE_MESSAGE(CHR(82)||CHR(83)||CHR(112)||CHR(76),5)-- Ozaz',1,'2022-11-03 17:50:58'),(773,1,1,'Doorzoek onze catalogus) ORDER BY 1-- xDwc',0,'2022-11-03 17:50:59'),(774,1,1,'Doorzoek onze catalogus) ORDER BY 7635-- hJNn',0,'2022-11-03 17:51:04'),(775,1,1,'Doorzoek onze catalogus) UNION ALL SELECT NULL-- OUPU',1,'2022-11-03 17:51:10'),(776,1,1,'Doorzoek onze catalogus) UNION ALL SELECT NULL,NULL-- kBVq',1,'2022-11-03 17:51:16'),(777,1,1,'Doorzoek onze catalogus) UNION ALL SELECT NULL,NULL,NULL-- RUhY',1,'2022-11-03 17:51:21'),(778,1,1,'Doorzoek onze catalogus) UNION ALL SELECT NULL,NULL,NULL,NULL-- LmgL',1,'2022-11-03 17:51:26'),(779,1,1,'Doorzoek onze catalogus) UNION ALL SELECT NULL,NULL,NULL,NULL,NULL-- XgiU',1,'2022-11-03 17:51:32'),(780,1,1,'Doorzoek onze catalogus) UNION ALL SELECT NULL,NULL,NULL,NULL,NULL,NULL-- DVGj',1,'2022-11-03 17:51:38'),(781,1,1,'Doorzoek onze catalogus) UNION ALL SELECT NULL,NULL,NULL,NULL,NULL,NULL,NULL-- OqmZ',1,'2022-11-03 17:51:42'),(782,1,1,'Doorzoek onze catalogus) UNION ALL SELECT NULL,NULL,NULL,NULL,NULL,NULL,NULL,NULL-- iUDy',1,'2022-11-03 17:51:47'),(783,1,1,'Doorzoek onze catalogus) UNION ALL SELECT NULL,NULL,NULL,NULL,NULL,NULL,NULL,NULL,NULL-- lduv',1,'2022-11-03 17:51:54'),(784,1,1,'Doorzoek onze catalogus) UNION ALL SELECT NULL,NULL,NULL,NULL,NULL,NULL,NULL,NULL,NULL,NULL-- ZAju',1,'2022-11-03 17:52:00'),(785,1,1,'Doorzoek onze catalogus ORDER BY 1-- LiXa',0,'2022-11-03 17:52:06'),(786,1,1,'Doorzoek onze catalogus ORDER BY 4995-- hfgU',0,'2022-11-03 17:52:11'),(787,1,1,'Doorzoek onze catalogus UNION ALL SELECT NULL-- TfzF',1,'2022-11-03 17:52:15'),(788,1,1,'Doorzoek onze catalogus UNION ALL SELECT NULL,NULL-- ttpr',1,'2022-11-03 17:52:22'),(789,1,1,'Doorzoek onze catalogus UNION ALL SELECT NULL,NULL,NULL-- AtgG',1,'2022-11-03 17:52:27'),(790,1,1,'Doorzoek onze catalogus UNION ALL SELECT NULL,NULL,NULL,NULL-- RYdG',1,'2022-11-03 17:52:34'),(791,1,1,'Doorzoek onze catalogus UNION ALL SELECT NULL,NULL,NULL,NULL,NULL-- caDY',1,'2022-11-03 17:52:41'),(792,1,1,'Doorzoek onze catalogus UNION ALL SELECT NULL,NULL,NULL,NULL,NULL,NULL-- LhTg',1,'2022-11-03 17:52:47'),(793,1,1,'Doorzoek onze catalogus UNION ALL SELECT NULL,NULL,NULL,NULL,NULL,NULL,NULL-- IkEd',1,'2022-11-03 17:52:52'),(794,1,1,'Doorzoek onze catalogus UNION ALL SELECT NULL,NULL,NULL,NULL,NULL,NULL,NULL,NULL-- iNCp',1,'2022-11-03 17:52:58'),(795,1,1,'Doorzoek onze catalogus UNION ALL SELECT NULL,NULL,NULL,NULL,NULL,NULL,NULL,NULL,NULL-- qfrb',1,'2022-11-03 17:53:02'),(796,1,1,'Doorzoek onze catalogus UNION ALL SELECT NULL,NULL,NULL,NULL,NULL,NULL,NULL,NULL,NULL,NULL-- LhBF',1,'2022-11-03 17:53:07'),(797,1,1,'Doorzoek onze catalogus\') ORDER BY 1-- YKqt',0,'2022-11-03 17:53:13'),(798,1,1,'Doorzoek onze catalogus\') ORDER BY 3325-- isux',0,'2022-11-03 17:53:19'),(799,1,1,'Doorzoek onze catalogus\') UNION ALL SELECT NULL-- VdoU',1,'2022-11-03 17:53:25'),(800,1,1,'Doorzoek onze catalogus\') UNION ALL SELECT NULL,NULL-- GZuA',1,'2022-11-03 17:53:30'),(801,1,1,'Doorzoek onze catalogus\') UNION ALL SELECT NULL,NULL,NULL-- zJxp',1,'2022-11-03 17:53:31'),(802,1,1,'Doorzoek onze catalogus\') UNION ALL SELECT NULL,NULL,NULL,NULL-- TzVL',1,'2022-11-03 17:53:35'),(803,1,1,'Doorzoek onze catalogus\') UNION ALL SELECT NULL,NULL,NULL,NULL,NULL-- drFK',1,'2022-11-03 17:53:42'),(804,1,1,'Doorzoek onze catalogus\') UNION ALL SELECT NULL,NULL,NULL,NULL,NULL,NULL-- ZTQN',1,'2022-11-03 17:53:44'),(805,1,1,'Doorzoek onze catalogus\') UNION ALL SELECT NULL,NULL,NULL,NULL,NULL,NULL,NULL-- JijK',1,'2022-11-03 17:53:48'),(806,1,1,'Doorzoek onze catalogus\') UNION ALL SELECT NULL,NULL,NULL,NULL,NULL,NULL,NULL,NULL-- EjMA',1,'2022-11-03 17:53:52'),(807,1,1,'Doorzoek onze catalogus\') UNION ALL SELECT NULL,NULL,NULL,NULL,NULL,NULL,NULL,NULL,NULL-- WvHp',1,'2022-11-03 17:53:57'),(808,1,1,'Doorzoek onze catalogus\') UNION ALL SELECT NULL,NULL,NULL,NULL,NULL,NULL,NULL,NULL,NULL,NULL-- npey',1,'2022-11-03 17:54:02'),(809,1,1,'Doorzoek onze catalogus\' ORDER BY 1-- MCYy',0,'2022-11-03 17:54:07'),(810,1,1,'Doorzoek onze catalogus\' ORDER BY 9090-- hPNG',0,'2022-11-03 17:54:11'),(811,1,1,'Doorzoek onze catalogus\' UNION ALL SELECT NULL-- iAfh',1,'2022-11-03 17:54:16'),(812,1,1,'Doorzoek onze catalogus\' UNION ALL SELECT NULL,NULL-- oTuE',1,'2022-11-03 17:54:21'),(813,1,1,'Doorzoek onze catalogus\' UNION ALL SELECT NULL,NULL,NULL-- kzSi',1,'2022-11-03 17:54:26'),(814,1,1,'Doorzoek onze catalogus\' UNION ALL SELECT NULL,NULL,NULL,NULL-- WFZu',1,'2022-11-03 17:54:30'),(815,1,1,'Doorzoek onze catalogus\' UNION ALL SELECT NULL,NULL,NULL,NULL,NULL-- FKwd',1,'2022-11-03 17:54:35'),(816,1,1,'Doorzoek onze catalogus\' UNION ALL SELECT NULL,NULL,NULL,NULL,NULL,NULL-- ZBHQ',1,'2022-11-03 17:54:39'),(817,1,1,'Doorzoek onze catalogus\' UNION ALL SELECT NULL,NULL,NULL,NULL,NULL,NULL,NULL-- jiDd',1,'2022-11-03 17:54:44'),(818,1,1,'Doorzoek onze catalogus\' UNION ALL SELECT NULL,NULL,NULL,NULL,NULL,NULL,NULL,NULL-- mwhg',1,'2022-11-03 17:54:48'),(819,1,1,'Doorzoek onze catalogus\' UNION ALL SELECT NULL,NULL,NULL,NULL,NULL,NULL,NULL,NULL,NULL-- PPeM',1,'2022-11-03 17:54:53'),(820,1,1,'Doorzoek onze catalogus\' UNION ALL SELECT NULL,NULL,NULL,NULL,NULL,NULL,NULL,NULL,NULL,NULL-- dyWV',1,'2022-11-03 17:54:56'),(821,1,1,'Doorzoek onze catalogus%\' ORDER BY 1-- rPhW',0,'2022-11-03 17:55:00'),(822,1,1,'Doorzoek onze catalogus%\' ORDER BY 2527-- ubYv',0,'2022-11-03 17:55:05'),(823,1,1,'Doorzoek onze catalogus%\' UNION ALL SELECT NULL-- fGjO',1,'2022-11-03 17:55:10'),(824,1,1,'Doorzoek onze catalogus%\' UNION ALL SELECT NULL,NULL-- riQQ',1,'2022-11-03 17:55:13'),(825,1,1,'Doorzoek onze catalogus%\' UNION ALL SELECT NULL,NULL,NULL-- SuEB',1,'2022-11-03 17:55:17'),(826,1,1,'Doorzoek onze catalogus%\' UNION ALL SELECT NULL,NULL,NULL,NULL-- vokx',1,'2022-11-03 17:55:21'),(827,1,1,'Doorzoek onze catalogus%\' UNION ALL SELECT NULL,NULL,NULL,NULL,NULL-- YMQT',1,'2022-11-03 17:55:26'),(828,1,1,'Doorzoek onze catalogus%\' UNION ALL SELECT NULL,NULL,NULL,NULL,NULL,NULL-- GkyD',1,'2022-11-03 17:55:32'),(829,1,1,'Doorzoek onze catalogus%\' UNION ALL SELECT NULL,NULL,NULL,NULL,NULL,NULL,NULL-- cmRA',1,'2022-11-03 17:55:38'),(830,1,1,'Doorzoek onze catalogus%\' UNION ALL SELECT NULL,NULL,NULL,NULL,NULL,NULL,NULL,NULL-- VtWN',1,'2022-11-03 17:55:43'),(831,1,1,'Doorzoek onze catalogus%\' UNION ALL SELECT NULL,NULL,NULL,NULL,NULL,NULL,NULL,NULL,NULL-- yBAQ',1,'2022-11-03 17:55:48'),(832,1,1,'Doorzoek onze catalogus%\' UNION ALL SELECT NULL,NULL,NULL,NULL,NULL,NULL,NULL,NULL,NULL,NULL-- Vltc',1,'2022-11-03 17:55:53'),(833,1,1,'Doorzoek onze catalogus ORDER BY 1-- vGzQ',0,'2022-11-03 17:55:58'),(834,1,1,'Doorzoek onze catalogus ORDER BY 4794-- rSea',0,'2022-11-03 17:56:03'),(835,1,1,'Doorzoek onze catalogus UNION ALL SELECT NULL-- kjGv',1,'2022-11-03 17:56:07'),(836,1,1,'Doorzoek onze catalogus UNION ALL SELECT NULL,NULL-- wIKG',1,'2022-11-03 17:56:12'),(837,1,1,'Doorzoek onze catalogus UNION ALL SELECT NULL,NULL,NULL-- KsHt',1,'2022-11-03 17:56:16'),(838,1,1,'Doorzoek onze catalogus UNION ALL SELECT NULL,NULL,NULL,NULL-- dSbg',1,'2022-11-03 17:56:20'),(839,1,1,'Doorzoek onze catalogus UNION ALL SELECT NULL,NULL,NULL,NULL,NULL-- VubV',1,'2022-11-03 17:56:27'),(840,1,1,'Doorzoek onze catalogus UNION ALL SELECT NULL,NULL,NULL,NULL,NULL,NULL-- Rndq',1,'2022-11-03 17:56:33'),(841,1,1,'Doorzoek onze catalogus UNION ALL SELECT NULL,NULL,NULL,NULL,NULL,NULL,NULL-- aneV',1,'2022-11-03 17:56:40'),(842,1,1,'Doorzoek onze catalogus UNION ALL SELECT NULL,NULL,NULL,NULL,NULL,NULL,NULL,NULL-- erQE',1,'2022-11-03 17:56:47'),(843,1,1,'Doorzoek onze catalogus UNION ALL SELECT NULL,NULL,NULL,NULL,NULL,NULL,NULL,NULL,NULL-- YdkK',1,'2022-11-03 17:56:57'),(844,1,1,'Doorzoek onze catalogus UNION ALL SELECT NULL,NULL,NULL,NULL,NULL,NULL,NULL,NULL,NULL,NULL-- oVuB',1,'2022-11-03 17:57:06'),(845,1,1,'Doorzoek onze catalogus) ORDER BY 1#',0,'2022-11-03 17:57:15'),(846,1,1,'Doorzoek onze catalogus) UNION ALL SELECT NULL#',1,'2022-11-03 17:57:22'),(847,1,1,'Doorzoek onze catalogus) UNION ALL SELECT NULL,NULL#',1,'2022-11-03 17:57:29'),(848,1,1,'Doorzoek onze catalogus) UNION ALL SELECT NULL,NULL,NULL#',1,'2022-11-03 17:57:38'),(849,1,1,'Doorzoek onze catalogus) UNION ALL SELECT NULL,NULL,NULL,NULL#',1,'2022-11-03 17:57:45'),(850,1,1,'Doorzoek onze catalogus) UNION ALL SELECT NULL,NULL,NULL,NULL,NULL#',1,'2022-11-03 17:57:54'),(851,1,1,'Doorzoek onze catalogus) UNION ALL SELECT NULL,NULL,NULL,NULL,NULL,NULL#',1,'2022-11-03 17:58:01'),(852,1,1,'Doorzoek onze catalogus) UNION ALL SELECT NULL,NULL,NULL,NULL,NULL,NULL,NULL#',1,'2022-11-03 17:58:10'),(853,1,1,'Doorzoek onze catalogus) UNION ALL SELECT NULL,NULL,NULL,NULL,NULL,NULL,NULL,NULL#',1,'2022-11-03 17:58:17'),(854,1,1,'Doorzoek onze catalogus) UNION ALL SELECT NULL,NULL,NULL,NULL,NULL,NULL,NULL,NULL,NULL#',1,'2022-11-03 17:58:23'),(855,1,1,'Doorzoek onze catalogus) UNION ALL SELECT NULL,NULL,NULL,NULL,NULL,NULL,NULL,NULL,NULL,NULL#',1,'2022-11-03 17:58:32'),(856,1,1,'Doorzoek onze catalogus',0,'2022-11-03 17:59:15'),(857,1,1,'Doorzoek onze catalogus',0,'2022-11-03 17:59:24'),(858,1,1,'Doorzoek onze catalogus',0,'2022-11-03 17:59:37'),(859,1,1,'2062',0,'2022-11-03 17:59:45'),(860,1,1,'Doorzoek onze catalogus..((\'(,),\"',0,'2022-11-03 17:59:53'),(861,1,1,'Doorzoek onze catalogus\'nmIDuP',0,'2022-11-03 17:59:55'),(862,1,1,'Doorzoek onze catalogus) AND 8753=4911 AND (8400=8400',1,'2022-11-03 18:02:58'),(863,1,1,'Doorzoek onze catalogus) AND 6494=6494 AND (6612=6612',1,'2022-11-03 18:03:06'),(864,1,1,'Doorzoek onze catalogus AND 2969=2536',1,'2022-11-03 18:03:14'),(865,1,1,'Doorzoek onze catalogus AND 6494=6494',1,'2022-11-03 18:03:23'),(866,1,1,'Doorzoek onze catalogus\') AND 9398=3013 AND (\'DXWY\'=\'DXWY',1,'2022-11-03 18:03:28'),(867,1,1,'Doorzoek onze catalogus\') AND 6494=6494 AND (\'sDNL\'=\'sDNL',1,'2022-11-03 18:03:34'),(868,1,1,'Doorzoek onze catalogus\' AND 5458=5040 AND \'Djob\'=\'Djob',1,'2022-11-03 18:03:42'),(869,1,1,'Doorzoek onze catalogus\' AND 6494=6494 AND \'RPcU\'=\'RPcU',1,'2022-11-03 18:03:49'),(870,1,1,'Doorzoek onze catalogus%\' AND 1277=5174 AND \'%\'=\'',1,'2022-11-03 18:03:52'),(871,1,1,'Doorzoek onze catalogus%\' AND 6494=6494 AND \'%\'=\'',1,'2022-11-03 18:03:58'),(872,1,1,'Doorzoek onze catalogus AND 6619=2688-- woUr',1,'2022-11-03 18:04:05'),(873,1,1,'Doorzoek onze catalogus AND 6494=6494-- wQlM',1,'2022-11-03 18:04:11'),(874,1,1,'(SELECT (CASE WHEN (5521=8126) THEN 5521 ELSE 5521*(SELECT 5521 FROM INFORMATION_SCHEMA.CHARACTER_SETS) END))',1,'2022-11-03 18:04:18'),(875,1,1,'(SELECT (CASE WHEN (3053=3053) THEN 3053 ELSE 3053*(SELECT 3053 FROM INFORMATION_SCHEMA.CHARACTER_SETS) END))',1,'2022-11-03 18:04:28'),(876,1,1,'Doorzoek onze catalogus) AND (SELECT 3879 FROM(SELECT COUNT(*),CONCAT(0x71627a7a71,(SELECT (ELT(3879=3879,1))),0x716b786b71,FLOOR(RAND(0)*2))x FROM INFORMATION_SCHEMA.CHARACTER_SETS GROUP BY x)a) AND (3713=3713',15,'2022-11-03 18:04:37'),(877,1,1,'Doorzoek onze catalogus AND (SELECT 3879 FROM(SELECT COUNT(*),CONCAT(0x71627a7a71,(SELECT (ELT(3879=3879,1))),0x716b786b71,FLOOR(RAND(0)*2))x FROM INFORMATION_SCHEMA.CHARACTER_SETS GROUP BY x)a)',15,'2022-11-03 18:04:44'),(878,1,1,'Doorzoek onze catalogus\') AND (SELECT 3879 FROM(SELECT COUNT(*),CONCAT(0x71627a7a71,(SELECT (ELT(3879=3879,1))),0x716b786b71,FLOOR(RAND(0)*2))x FROM INFORMATION_SCHEMA.CHARACTER_SETS GROUP BY x)a) AND (\'JlVb\'=\'JlVb',15,'2022-11-03 18:04:49'),(879,1,1,'Doorzoek onze catalogus\' AND (SELECT 3879 FROM(SELECT COUNT(*),CONCAT(0x71627a7a71,(SELECT (ELT(3879=3879,1))),0x716b786b71,FLOOR(RAND(0)*2))x FROM INFORMATION_SCHEMA.CHARACTER_SETS GROUP BY x)a) AND \'DrlV\'=\'DrlV',15,'2022-11-03 18:04:54'),(880,1,1,'Doorzoek onze catalogus%\' AND (SELECT 3879 FROM(SELECT COUNT(*),CONCAT(0x71627a7a71,(SELECT (ELT(3879=3879,1))),0x716b786b71,FLOOR(RAND(0)*2))x FROM INFORMATION_SCHEMA.CHARACTER_SETS GROUP BY x)a) AND \'%\'=\'',15,'2022-11-03 18:05:01'),(881,1,1,'Doorzoek onze catalogus AND (SELECT 3879 FROM(SELECT COUNT(*),CONCAT(0x71627a7a71,(SELECT (ELT(3879=3879,1))),0x716b786b71,FLOOR(RAND(0)*2))x FROM INFORMATION_SCHEMA.CHARACTER_SETS GROUP BY x)a)-- DuLR',15,'2022-11-03 18:05:07'),(882,1,1,'Doorzoek onze catalogus) AND 6790=CAST((CHR(113)||CHR(98)||CHR(122)||CHR(122)||CHR(113))||(SELECT (CASE WHEN (6790=6790) THEN 1 ELSE 0 END))::text||(CHR(113)||CHR(107)||CHR(120)||CHR(107)||CHR(113)) AS NUMERIC) AND (1323=1323',16,'2022-11-03 18:05:14'),(883,1,1,'Doorzoek onze catalogus AND 6790=CAST((CHR(113)||CHR(98)||CHR(122)||CHR(122)||CHR(113))||(SELECT (CASE WHEN (6790=6790) THEN 1 ELSE 0 END))::text||(CHR(113)||CHR(107)||CHR(120)||CHR(107)||CHR(113)) AS NUMERIC)',16,'2022-11-03 18:05:19'),(884,1,1,'Doorzoek onze catalogus\') AND 6790=CAST((CHR(113)||CHR(98)||CHR(122)||CHR(122)||CHR(113))||(SELECT (CASE WHEN (6790=6790) THEN 1 ELSE 0 END))::text||(CHR(113)||CHR(107)||CHR(120)||CHR(107)||CHR(113)) AS NUMERIC) AND (\'tDpj\'=\'tDpj',16,'2022-11-03 18:05:24'),(885,1,1,'Doorzoek onze catalogus\' AND 6790=CAST((CHR(113)||CHR(98)||CHR(122)||CHR(122)||CHR(113))||(SELECT (CASE WHEN (6790=6790) THEN 1 ELSE 0 END))::text||(CHR(113)||CHR(107)||CHR(120)||CHR(107)||CHR(113)) AS NUMERIC) AND \'TXrg\'=\'TXrg',16,'2022-11-03 18:05:31'),(886,1,1,'Doorzoek onze catalogus%\' AND 6790=CAST((CHR(113)||CHR(98)||CHR(122)||CHR(122)||CHR(113))||(SELECT (CASE WHEN (6790=6790) THEN 1 ELSE 0 END))::text||(CHR(113)||CHR(107)||CHR(120)||CHR(107)||CHR(113)) AS NUMERIC) AND \'%\'=\'',16,'2022-11-03 18:05:38'),(887,1,1,'Doorzoek onze catalogus AND 6790=CAST((CHR(113)||CHR(98)||CHR(122)||CHR(122)||CHR(113))||(SELECT (CASE WHEN (6790=6790) THEN 1 ELSE 0 END))::text||(CHR(113)||CHR(107)||CHR(120)||CHR(107)||CHR(113)) AS NUMERIC)-- DVDn',16,'2022-11-03 18:05:40'),(888,1,1,'Doorzoek onze catalogus) AND 7788=CONVERT(INT,(SELECT CHAR(113) CHAR(98) CHAR(122) CHAR(122) CHAR(113) (SELECT (CASE WHEN (7788=7788) THEN CHAR(49) ELSE CHAR(48) END)) CHAR(113) CHAR(107) CHAR(120) CHAR(107) CHAR(113))) AND (8392=8392',16,'2022-11-03 18:05:42'),(889,1,1,'Doorzoek onze catalogus AND 7788=CONVERT(INT,(SELECT CHAR(113) CHAR(98) CHAR(122) CHAR(122) CHAR(113) (SELECT (CASE WHEN (7788=7788) THEN CHAR(49) ELSE CHAR(48) END)) CHAR(113) CHAR(107) CHAR(120) CHAR(107) CHAR(113)))',16,'2022-11-03 18:05:43'),(890,1,1,'Doorzoek onze catalogus\') AND 7788=CONVERT(INT,(SELECT CHAR(113) CHAR(98) CHAR(122) CHAR(122) CHAR(113) (SELECT (CASE WHEN (7788=7788) THEN CHAR(49) ELSE CHAR(48) END)) CHAR(113) CHAR(107) CHAR(120) CHAR(107) CHAR(113))) AND (\'cxvu\'=\'cxvu',16,'2022-11-03 18:05:51'),(891,1,1,'Doorzoek onze catalogus\' AND 7788=CONVERT(INT,(SELECT CHAR(113) CHAR(98) CHAR(122) CHAR(122) CHAR(113) (SELECT (CASE WHEN (7788=7788) THEN CHAR(49) ELSE CHAR(48) END)) CHAR(113) CHAR(107) CHAR(120) CHAR(107) CHAR(113))) AND \'IqIn\'=\'IqIn',16,'2022-11-03 18:05:58'),(892,1,1,'Doorzoek onze catalogus%\' AND 7788=CONVERT(INT,(SELECT CHAR(113) CHAR(98) CHAR(122) CHAR(122) CHAR(113) (SELECT (CASE WHEN (7788=7788) THEN CHAR(49) ELSE CHAR(48) END)) CHAR(113) CHAR(107) CHAR(120) CHAR(107) CHAR(113))) AND \'%\'=\'',16,'2022-11-03 18:06:05'),(893,1,1,'Doorzoek onze catalogus AND 7788=CONVERT(INT,(SELECT CHAR(113) CHAR(98) CHAR(122) CHAR(122) CHAR(113) (SELECT (CASE WHEN (7788=7788) THEN CHAR(49) ELSE CHAR(48) END)) CHAR(113) CHAR(107) CHAR(120) CHAR(107) CHAR(113)))-- Eoms',16,'2022-11-03 18:06:14'),(894,1,1,'Doorzoek onze catalogus) AND 1158=(SELECT UPPER(XMLType(CHR(60)||CHR(58)||CHR(113)||CHR(98)||CHR(122)||CHR(122)||CHR(113)||(SELECT (CASE WHEN (1158=1158) THEN 1 ELSE 0 END) FROM DUAL)||CHR(113)||CHR(107)||CHR(120)||CHR(107)||CHR(113)||CHR(62))) FROM DUAL)',16,'2022-11-03 18:06:21'),(895,1,1,'Doorzoek onze catalogus AND 1158=(SELECT UPPER(XMLType(CHR(60)||CHR(58)||CHR(113)||CHR(98)||CHR(122)||CHR(122)||CHR(113)||(SELECT (CASE WHEN (1158=1158) THEN 1 ELSE 0 END) FROM DUAL)||CHR(113)||CHR(107)||CHR(120)||CHR(107)||CHR(113)||CHR(62))) FROM DUAL)',16,'2022-11-03 18:06:28'),(896,1,1,'Doorzoek onze catalogus\') AND 1158=(SELECT UPPER(XMLType(CHR(60)||CHR(58)||CHR(113)||CHR(98)||CHR(122)||CHR(122)||CHR(113)||(SELECT (CASE WHEN (1158=1158) THEN 1 ELSE 0 END) FROM DUAL)||CHR(113)||CHR(107)||CHR(120)||CHR(107)||CHR(113)||CHR(62))) FROM DUAL',16,'2022-11-03 18:06:37'),(897,1,1,'Doorzoek onze catalogus\' AND 1158=(SELECT UPPER(XMLType(CHR(60)||CHR(58)||CHR(113)||CHR(98)||CHR(122)||CHR(122)||CHR(113)||(SELECT (CASE WHEN (1158=1158) THEN 1 ELSE 0 END) FROM DUAL)||CHR(113)||CHR(107)||CHR(120)||CHR(107)||CHR(113)||CHR(62))) FROM DUAL)',16,'2022-11-03 18:06:43'),(898,1,1,'Doorzoek onze catalogus%\' AND 1158=(SELECT UPPER(XMLType(CHR(60)||CHR(58)||CHR(113)||CHR(98)||CHR(122)||CHR(122)||CHR(113)||(SELECT (CASE WHEN (1158=1158) THEN 1 ELSE 0 END) FROM DUAL)||CHR(113)||CHR(107)||CHR(120)||CHR(107)||CHR(113)||CHR(62))) FROM DUAL',16,'2022-11-03 18:06:48'),(899,1,1,'Doorzoek onze catalogus AND 1158=(SELECT UPPER(XMLType(CHR(60)||CHR(58)||CHR(113)||CHR(98)||CHR(122)||CHR(122)||CHR(113)||(SELECT (CASE WHEN (1158=1158) THEN 1 ELSE 0 END) FROM DUAL)||CHR(113)||CHR(107)||CHR(120)||CHR(107)||CHR(113)||CHR(62))) FROM DUAL)-',16,'2022-11-03 18:06:52'),(900,1,1,'(SELECT 3650 FROM(SELECT COUNT(*),CONCAT(0x71627a7a71,(SELECT (ELT(3650=3650,1))),0x716b786b71,FLOOR(RAND(0)*2))x FROM INFORMATION_SCHEMA.CHARACTER_SETS GROUP BY x)a)',14,'2022-11-03 18:06:58'),(901,1,1,'(SELECT CONCAT(0x71627a7a71,(SELECT (ELT(5295=5295,1))),0x716b786b71))',0,'2022-11-03 18:07:09'),(902,1,1,'(SELECT (CHR(113)||CHR(98)||CHR(122)||CHR(122)||CHR(113))||(SELECT (CASE WHEN (1547=1547) THEN 1 ELSE 0 END))::text||(CHR(113)||CHR(107)||CHR(120)||CHR(107)||CHR(113)))',16,'2022-11-03 18:07:15'),(903,1,1,'(SELECT CHAR(113) CHAR(98) CHAR(122) CHAR(122) CHAR(113) (SELECT (CASE WHEN (2065=2065) THEN CHAR(49) ELSE CHAR(48) END)) CHAR(113) CHAR(107) CHAR(120) CHAR(107) CHAR(113))',16,'2022-11-03 18:07:25'),(904,1,1,'Doorzoek onze catalogus);SELECT SLEEP(5)#',0,'2022-11-03 18:07:36'),(905,1,1,'Doorzoek onze catalogus;SELECT SLEEP(5)#',0,'2022-11-03 18:07:39'),(906,1,1,'Doorzoek onze catalogus\');SELECT SLEEP(5)#',0,'2022-11-03 18:07:42'),(907,1,1,'Doorzoek onze catalogus\';SELECT SLEEP(5)#',0,'2022-11-03 18:07:45'),(908,1,1,'Doorzoek onze catalogus%\';SELECT SLEEP(5)#',0,'2022-11-03 18:07:47'),(909,1,1,'Doorzoek onze catalogus);SELECT PG_SLEEP(5)--',0,'2022-11-03 18:07:50'),(910,1,1,'Doorzoek onze catalogus;SELECT PG_SLEEP(5)--',0,'2022-11-03 18:07:53'),(911,1,1,'Doorzoek onze catalogus\');SELECT PG_SLEEP(5)--',0,'2022-11-03 18:07:55'),(912,1,1,'Doorzoek onze catalogus\';SELECT PG_SLEEP(5)--',0,'2022-11-03 18:07:57'),(913,1,1,'Doorzoek onze catalogus%\';SELECT PG_SLEEP(5)--',0,'2022-11-03 18:08:00'),(914,1,1,'Doorzoek onze catalogus);WAITFOR DELAY \'0:0:5\'--',0,'2022-11-03 18:08:03'),(915,1,1,'Doorzoek onze catalogus;WAITFOR DELAY \'0:0:5\'--',0,'2022-11-03 18:08:05'),(916,1,1,'Doorzoek onze catalogus\');WAITFOR DELAY \'0:0:5\'--',0,'2022-11-03 18:08:07'),(917,1,1,'Doorzoek onze catalogus\';WAITFOR DELAY \'0:0:5\'--',0,'2022-11-03 18:08:09'),(918,1,1,'Doorzoek onze catalogus%\';WAITFOR DELAY \'0:0:5\'--',0,'2022-11-03 18:08:11'),(919,1,1,'Doorzoek onze catalogus);SELECT DBMS_PIPE.RECEIVE_MESSAGE(CHR(119)||CHR(67)||CHR(116)||CHR(103),5) FROM DUAL--',0,'2022-11-03 18:08:13'),(920,1,1,'Doorzoek onze catalogus;SELECT DBMS_PIPE.RECEIVE_MESSAGE(CHR(119)||CHR(67)||CHR(116)||CHR(103),5) FROM DUAL--',0,'2022-11-03 18:08:16'),(921,1,1,'Doorzoek onze catalogus\');SELECT DBMS_PIPE.RECEIVE_MESSAGE(CHR(119)||CHR(67)||CHR(116)||CHR(103),5) FROM DUAL--',0,'2022-11-03 18:08:19'),(922,1,1,'Doorzoek onze catalogus\';SELECT DBMS_PIPE.RECEIVE_MESSAGE(CHR(119)||CHR(67)||CHR(116)||CHR(103),5) FROM DUAL--',0,'2022-11-03 18:08:21'),(923,1,1,'Doorzoek onze catalogus%\';SELECT DBMS_PIPE.RECEIVE_MESSAGE(CHR(119)||CHR(67)||CHR(116)||CHR(103),5) FROM DUAL--',0,'2022-11-03 18:08:23'),(924,1,1,'Doorzoek onze catalogus) AND SLEEP(5) AND (6269=6269',1,'2022-11-03 18:08:26'),(925,1,1,'Doorzoek onze catalogus AND SLEEP(5)',1,'2022-11-03 18:08:29'),(926,1,1,'Doorzoek onze catalogus\') AND SLEEP(5) AND (\'DlNj\'=\'DlNj',1,'2022-11-03 18:08:31'),(927,1,1,'Doorzoek onze catalogus\' AND SLEEP(5) AND \'IaCi\'=\'IaCi',1,'2022-11-03 18:08:33'),(928,1,1,'Doorzoek onze catalogus%\' AND SLEEP(5) AND \'%\'=\'',1,'2022-11-03 18:08:35'),(929,1,1,'Doorzoek onze catalogus AND SLEEP(5)-- mkWN',1,'2022-11-03 18:08:38'),(930,1,1,'Doorzoek onze catalogus) AND 7420=(SELECT 7420 FROM PG_SLEEP(5)) AND (4634=4634',1,'2022-11-03 18:08:41'),(931,1,1,'Doorzoek onze catalogus AND 7420=(SELECT 7420 FROM PG_SLEEP(5))',1,'2022-11-03 18:08:43'),(932,1,1,'Doorzoek onze catalogus\') AND 7420=(SELECT 7420 FROM PG_SLEEP(5)) AND (\'INwp\'=\'INwp',1,'2022-11-03 18:08:46'),(933,1,1,'Doorzoek onze catalogus\' AND 7420=(SELECT 7420 FROM PG_SLEEP(5)) AND \'tccb\'=\'tccb',1,'2022-11-03 18:08:48'),(934,1,1,'Doorzoek onze catalogus%\' AND 7420=(SELECT 7420 FROM PG_SLEEP(5)) AND \'%\'=\'',1,'2022-11-03 18:08:51'),(935,1,1,'Doorzoek onze catalogus AND 7420=(SELECT 7420 FROM PG_SLEEP(5))-- jhRo',1,'2022-11-03 18:08:52'),(936,1,1,'Doorzoek onze catalogus) WAITFOR DELAY \'0:0:5\' AND (2806=2806',1,'2022-11-03 18:08:53'),(937,1,1,'Doorzoek onze catalogus WAITFOR DELAY \'0:0:5\'',0,'2022-11-03 18:08:53'),(938,1,1,'Doorzoek onze catalogus\') WAITFOR DELAY \'0:0:5\' AND (\'CaEI\'=\'CaEI',1,'2022-11-03 18:08:57'),(939,1,1,'Doorzoek onze catalogus\' WAITFOR DELAY \'0:0:5\' AND \'zRkw\'=\'zRkw',1,'2022-11-03 18:08:59'),(940,1,1,'Doorzoek onze catalogus%\' WAITFOR DELAY \'0:0:5\' AND \'%\'=\'',1,'2022-11-03 18:09:00'),(941,1,1,'Doorzoek onze catalogus WAITFOR DELAY \'0:0:5\'-- NgNG',0,'2022-11-03 18:09:03'),(942,1,1,'Doorzoek onze catalogus) AND 2711=DBMS_PIPE.RECEIVE_MESSAGE(CHR(73)||CHR(100)||CHR(101)||CHR(114),5) AND (7604=7604',15,'2022-11-03 18:09:05'),(943,1,1,'Doorzoek onze catalogus AND 2711=DBMS_PIPE.RECEIVE_MESSAGE(CHR(73)||CHR(100)||CHR(101)||CHR(114),5)',15,'2022-11-03 18:09:10'),(944,1,1,'Doorzoek onze catalogus\') AND 2711=DBMS_PIPE.RECEIVE_MESSAGE(CHR(73)||CHR(100)||CHR(101)||CHR(114),5) AND (\'FowH\'=\'FowH',15,'2022-11-03 18:09:13'),(945,1,1,'Doorzoek onze catalogus\' AND 2711=DBMS_PIPE.RECEIVE_MESSAGE(CHR(73)||CHR(100)||CHR(101)||CHR(114),5) AND \'mMiS\'=\'mMiS',15,'2022-11-03 18:09:17'),(946,1,1,'Doorzoek onze catalogus%\' AND 2711=DBMS_PIPE.RECEIVE_MESSAGE(CHR(73)||CHR(100)||CHR(101)||CHR(114),5) AND \'%\'=\'',15,'2022-11-03 18:09:21'),(947,1,1,'Doorzoek onze catalogus AND 2711=DBMS_PIPE.RECEIVE_MESSAGE(CHR(73)||CHR(100)||CHR(101)||CHR(114),5)-- xqae',15,'2022-11-03 18:09:24'),(948,1,1,'Doorzoek onze catalogus) ORDER BY 1-- NSrx',0,'2022-11-03 18:09:29'),(949,1,1,'Doorzoek onze catalogus) ORDER BY 7725-- msTA',0,'2022-11-03 18:09:36'),(950,1,1,'Doorzoek onze catalogus) UNION ALL SELECT NULL-- UVcL',1,'2022-11-03 18:09:41'),(951,1,1,'Doorzoek onze catalogus) UNION ALL SELECT NULL,NULL-- jwRx',1,'2022-11-03 18:09:49'),(952,1,1,'Doorzoek onze catalogus) UNION ALL SELECT NULL,NULL,NULL-- noAd',1,'2022-11-03 18:09:55'),(953,1,1,'Doorzoek onze catalogus) UNION ALL SELECT NULL,NULL,NULL,NULL-- iSKW',1,'2022-11-03 18:10:02'),(954,1,1,'Doorzoek onze catalogus) UNION ALL SELECT NULL,NULL,NULL,NULL,NULL-- MULI',1,'2022-11-03 18:10:10'),(955,1,1,'Doorzoek onze catalogus) UNION ALL SELECT NULL,NULL,NULL,NULL,NULL,NULL-- Rjvf',1,'2022-11-03 18:10:17'),(956,1,1,'Doorzoek onze catalogus) UNION ALL SELECT NULL,NULL,NULL,NULL,NULL,NULL,NULL-- gaml',1,'2022-11-03 18:10:25'),(957,1,1,'Doorzoek onze catalogus) UNION ALL SELECT NULL,NULL,NULL,NULL,NULL,NULL,NULL,NULL-- lVSu',1,'2022-11-03 18:10:33'),(958,1,1,'Doorzoek onze catalogus) UNION ALL SELECT NULL,NULL,NULL,NULL,NULL,NULL,NULL,NULL,NULL-- FZQQ',1,'2022-11-03 18:10:37'),(959,1,1,'Doorzoek onze catalogus) UNION ALL SELECT NULL,NULL,NULL,NULL,NULL,NULL,NULL,NULL,NULL,NULL-- buaq',1,'2022-11-03 18:10:44'),(960,1,1,'Doorzoek onze catalogus ORDER BY 1-- Ikmt',0,'2022-11-03 18:10:51'),(961,1,1,'Doorzoek onze catalogus ORDER BY 8135-- RSOt',0,'2022-11-03 18:10:58'),(962,1,1,'Doorzoek onze catalogus UNION ALL SELECT NULL-- QHWR',1,'2022-11-03 18:11:05'),(963,1,1,'Doorzoek onze catalogus UNION ALL SELECT NULL,NULL-- EYxU',1,'2022-11-03 18:11:10'),(964,1,1,'Doorzoek onze catalogus UNION ALL SELECT NULL,NULL,NULL-- PjAX',1,'2022-11-03 18:11:17'),(965,1,1,'Doorzoek onze catalogus UNION ALL SELECT NULL,NULL,NULL,NULL-- dhrY',1,'2022-11-03 18:11:24'),(966,1,1,'Doorzoek onze catalogus UNION ALL SELECT NULL,NULL,NULL,NULL,NULL-- EQVQ',1,'2022-11-03 18:11:32'),(967,1,1,'Doorzoek onze catalogus UNION ALL SELECT NULL,NULL,NULL,NULL,NULL,NULL-- elPl',1,'2022-11-03 18:11:40'),(968,1,1,'Doorzoek onze catalogus UNION ALL SELECT NULL,NULL,NULL,NULL,NULL,NULL,NULL-- gAhP',1,'2022-11-03 18:11:47'),(969,1,1,'Doorzoek onze catalogus UNION ALL SELECT NULL,NULL,NULL,NULL,NULL,NULL,NULL,NULL-- uXMW',1,'2022-11-03 18:11:55'),(970,1,1,'Doorzoek onze catalogus UNION ALL SELECT NULL,NULL,NULL,NULL,NULL,NULL,NULL,NULL,NULL-- sYYF',1,'2022-11-03 18:12:00'),(971,1,1,'Doorzoek onze catalogus UNION ALL SELECT NULL,NULL,NULL,NULL,NULL,NULL,NULL,NULL,NULL,NULL-- xhCo',1,'2022-11-03 18:12:06'),(972,1,1,'Doorzoek onze catalogus\') ORDER BY 1-- qhEs',0,'2022-11-03 18:12:12'),(973,1,1,'Doorzoek onze catalogus\') ORDER BY 5806-- ynsw',0,'2022-11-03 18:12:19'),(974,1,1,'Doorzoek onze catalogus\') UNION ALL SELECT NULL-- BtsY',1,'2022-11-03 18:12:27'),(975,1,1,'Doorzoek onze catalogus\') UNION ALL SELECT NULL,NULL-- FwPD',1,'2022-11-03 18:12:35'),(976,1,1,'Doorzoek onze catalogus\') UNION ALL SELECT NULL,NULL,NULL-- Vjug',1,'2022-11-03 18:12:42'),(977,1,1,'Doorzoek onze catalogus\') UNION ALL SELECT NULL,NULL,NULL,NULL-- OMKb',1,'2022-11-03 18:12:50'),(978,1,1,'Doorzoek onze catalogus\') UNION ALL SELECT NULL,NULL,NULL,NULL,NULL-- ruEX',1,'2022-11-03 18:12:59'),(979,1,1,'Doorzoek onze catalogus\') UNION ALL SELECT NULL,NULL,NULL,NULL,NULL,NULL-- SpSH',1,'2022-11-03 18:13:04'),(980,1,1,'Doorzoek onze catalogus\') UNION ALL SELECT NULL,NULL,NULL,NULL,NULL,NULL,NULL-- daXN',1,'2022-11-03 18:13:12'),(981,1,1,'Doorzoek onze catalogus\') UNION ALL SELECT NULL,NULL,NULL,NULL,NULL,NULL,NULL,NULL-- LQsi',1,'2022-11-03 18:13:21'),(982,1,1,'Doorzoek onze catalogus\') UNION ALL SELECT NULL,NULL,NULL,NULL,NULL,NULL,NULL,NULL,NULL-- nyYb',1,'2022-11-03 18:13:28'),(983,1,1,'Doorzoek onze catalogus\') UNION ALL SELECT NULL,NULL,NULL,NULL,NULL,NULL,NULL,NULL,NULL,NULL-- uhzB',1,'2022-11-03 18:13:34'),(984,1,1,'Doorzoek onze catalogus\' ORDER BY 1-- mzvm',0,'2022-11-03 18:13:39'),(985,1,1,'Doorzoek onze catalogus\' ORDER BY 1924-- qapT',0,'2022-11-03 18:13:46'),(986,1,1,'Doorzoek onze catalogus\' UNION ALL SELECT NULL-- Anbz',1,'2022-11-03 18:13:52'),(987,1,1,'Doorzoek onze catalogus\' UNION ALL SELECT NULL,NULL-- hRtf',1,'2022-11-03 18:14:00'),(988,1,1,'Doorzoek onze catalogus\' UNION ALL SELECT NULL,NULL,NULL-- nGep',1,'2022-11-03 18:14:07'),(989,1,1,'Doorzoek onze catalogus\' UNION ALL SELECT NULL,NULL,NULL,NULL-- Oner',1,'2022-11-03 18:14:13'),(990,1,1,'Doorzoek onze catalogus\' UNION ALL SELECT NULL,NULL,NULL,NULL,NULL-- bVpA',1,'2022-11-03 18:14:19'),(991,1,1,'Doorzoek onze catalogus\' UNION ALL SELECT NULL,NULL,NULL,NULL,NULL,NULL-- hakp',1,'2022-11-03 18:14:26'),(992,1,1,'Doorzoek onze catalogus\' UNION ALL SELECT NULL,NULL,NULL,NULL,NULL,NULL,NULL-- RkID',1,'2022-11-03 18:14:32'),(993,1,1,'Doorzoek onze catalogus\' UNION ALL SELECT NULL,NULL,NULL,NULL,NULL,NULL,NULL,NULL-- ayOI',1,'2022-11-03 18:14:37'),(994,1,1,'Doorzoek onze catalogus\' UNION ALL SELECT NULL,NULL,NULL,NULL,NULL,NULL,NULL,NULL,NULL-- gigZ',1,'2022-11-03 18:14:42'),(995,1,1,'Doorzoek onze catalogus\' UNION ALL SELECT NULL,NULL,NULL,NULL,NULL,NULL,NULL,NULL,NULL,NULL-- zFlI',1,'2022-11-03 18:14:46'),(996,1,1,'Doorzoek onze catalogus%\' ORDER BY 1-- CaDh',0,'2022-11-03 18:14:52'),(997,1,1,'Doorzoek onze catalogus%\' ORDER BY 1642-- MgRi',0,'2022-11-03 18:15:00'),(998,1,1,'Doorzoek onze catalogus%\' UNION ALL SELECT NULL-- XKeG',1,'2022-11-03 18:15:07'),(999,1,1,'Doorzoek onze catalogus%\' UNION ALL SELECT NULL,NULL-- anys',1,'2022-11-03 18:15:11'),(1000,1,1,'Doorzoek onze catalogus%\' UNION ALL SELECT NULL,NULL,NULL-- UEPn',1,'2022-11-03 18:15:17'),(1001,1,1,'A',0,'2022-12-12 11:37:53'),(1002,1,1,'Ak',0,'2022-12-12 11:37:54'),(1003,1,1,'Ako',23,'2022-12-12 11:37:54'),(1004,1,1,'Akoes',21,'2022-12-12 11:37:55'),(1005,1,1,'S',0,'2023-07-27 21:15:38'),(1006,1,1,'Sc',0,'2023-07-27 21:15:38'),(1007,1,1,'Sch',18,'2023-07-27 21:15:38'),(1008,1,1,'Schui',17,'2023-07-27 21:15:39'),(1009,1,1,'Schuim',17,'2023-07-27 21:15:39'),(1010,1,1,'Schuim',17,'2023-07-27 21:15:40'),(1011,1,1,'Schuim',17,'2023-07-27 21:16:18'),(1012,1,1,'Schuim',17,'2023-07-27 21:16:21'),(1013,1,1,'Schuim',17,'2023-07-27 21:20:19'),(1014,1,1,'Schuim',17,'2023-07-27 21:21:06');

--
-- Table structure for table `akoe_stock`
--

CREATE TABLE `akoe_stock` (
  `id_stock` int(11) unsigned NOT NULL AUTO_INCREMENT,
  `id_warehouse` int(11) unsigned NOT NULL,
  `id_product` int(11) unsigned NOT NULL,
  `id_product_attribute` int(11) unsigned NOT NULL,
  `reference` varchar(32) NOT NULL,
  `ean13` varchar(13) DEFAULT NULL,
  `isbn` varchar(32) DEFAULT NULL,
  `upc` varchar(12) DEFAULT NULL,
  `physical_quantity` int(11) unsigned NOT NULL,
  `usable_quantity` int(11) unsigned NOT NULL,
  `price_te` decimal(20,6) DEFAULT 0.000000,
  PRIMARY KEY (`id_stock`),
  KEY `id_warehouse` (`id_warehouse`),
  KEY `id_product` (`id_product`),
  KEY `id_product_attribute` (`id_product_attribute`)
) ENGINE=InnoDB DEFAULT CHARSET=utf8;

--
-- Dumping data for table `akoe_stock`
--


--
-- Table structure for table `akoe_stock_available`
--

CREATE TABLE `akoe_stock_available` (
  `id_stock_available` int(11) unsigned NOT NULL AUTO_INCREMENT,
  `id_product` int(11) unsigned NOT NULL,
  `id_product_attribute` int(11) unsigned NOT NULL,
  `id_shop` int(11) unsigned NOT NULL,
  `id_shop_group` int(11) unsigned NOT NULL,
  `quantity` int(10) NOT NULL DEFAULT 0,
  `physical_quantity` int(11) NOT NULL DEFAULT 0,
  `reserved_quantity` int(11) NOT NULL DEFAULT 0,
  `depends_on_stock` tinyint(1) unsigned NOT NULL DEFAULT 0,
  `out_of_stock` tinyint(1) unsigned NOT NULL DEFAULT 0,
  PRIMARY KEY (`id_stock_available`),
  UNIQUE KEY `product_sqlstock` (`id_product`,`id_product_attribute`,`id_shop`,`id_shop_group`),
  KEY `id_shop` (`id_shop`),
  KEY `id_shop_group` (`id_shop_group`),
  KEY `id_product` (`id_product`),
  KEY `id_product_attribute` (`id_product_attribute`)
) ENGINE=InnoDB AUTO_INCREMENT=117 DEFAULT CHARSET=utf8;

--
-- Dumping data for table `akoe_stock_available`
--

INSERT INTO `akoe_stock_available` VALUES (60,18,0,1,0,0,0,0,0,0),(61,17,0,1,0,0,0,0,0,0),(62,16,0,1,0,0,0,0,0,0),(63,11,0,1,0,0,0,0,0,0),(64,10,0,1,0,0,0,0,0,0),(65,9,0,1,0,0,0,0,0,0),(66,5,0,1,0,0,0,0,0,0),(67,4,0,1,0,0,0,0,0,0),(68,3,0,1,0,0,0,0,0,0),(69,2,0,1,0,0,0,0,0,0),(70,1,0,1,0,0,0,0,0,0),(72,22,0,1,0,38,40,2,0,1),(73,23,0,1,0,40,40,0,0,2),(74,24,0,1,0,40,40,0,0,2),(75,25,0,1,0,36,40,4,0,2),(76,26,0,1,0,10,10,0,0,2),(77,27,0,1,0,10,10,0,0,2),(78,28,0,1,0,500,500,0,0,2),(79,29,0,1,0,200,200,0,0,2),(80,30,0,1,0,20,20,0,0,1),(81,31,0,1,0,0,0,0,0,2),(82,32,0,1,0,25,25,0,0,2),(83,33,0,1,0,80,80,0,0,2),(84,34,0,1,0,74,80,6,0,2),(86,36,0,1,0,40,40,0,0,2),(88,38,0,1,0,80,80,0,0,2),(89,39,0,1,0,80,80,0,0,2),(90,40,0,1,0,80,80,0,0,2),(91,41,0,1,0,9,9,0,0,2),(92,42,0,1,0,200,200,0,0,2),(93,43,0,1,0,200,200,0,0,2),(94,44,0,1,0,197,200,3,0,2),(95,45,0,1,0,200,200,0,0,2),(96,46,0,1,0,200,200,0,0,2),(97,47,0,1,0,200,200,0,0,2),(98,48,0,1,0,80,80,0,0,2),(99,49,0,1,0,80,80,0,0,2),(100,50,0,1,0,80,80,0,0,2),(101,51,0,1,0,80,80,0,0,2),(102,52,0,1,0,80,80,0,0,2),(103,53,0,1,0,80,80,0,0,2),(104,54,0,1,0,100,100,0,0,2),(105,55,0,1,0,90,100,10,0,2),(106,56,0,1,0,1000,1000,0,0,2),(107,57,0,1,0,100,100,0,0,2),(108,58,0,1,0,100,100,0,0,2),(109,59,0,1,0,100,100,0,0,2),(110,60,0,1,0,100,100,0,0,2),(111,61,0,1,0,100,100,0,0,2),(112,62,0,1,0,100,100,0,0,2),(113,63,0,1,0,91,100,9,0,2),(114,64,0,1,0,100,100,0,0,2),(115,65,0,1,0,95,100,5,0,2),(116,66,0,1,0,100,100,0,0,2);

--
-- Table structure for table `akoe_stock_mvt`
--

CREATE TABLE `akoe_stock_mvt` (
  `id_stock_mvt` bigint(20) NOT NULL AUTO_INCREMENT,
  `id_stock` int(11) NOT NULL,
  `id_order` int(11) DEFAULT NULL,
  `id_supply_order` int(11) DEFAULT NULL,
  `id_stock_mvt_reason` int(11) NOT NULL,
  `id_employee` int(11) NOT NULL,
  `employee_lastname` varchar(32) COLLATE utf8_unicode_ci DEFAULT NULL,
  `employee_firstname` varchar(32) COLLATE utf8_unicode_ci DEFAULT NULL,
  `physical_quantity` int(11) NOT NULL,
  `date_add` datetime NOT NULL,
  `sign` smallint(6) NOT NULL DEFAULT 1,
  `price_te` decimal(20,6) DEFAULT 0.000000,
  `last_wa` decimal(20,6) DEFAULT 0.000000,
  `current_wa` decimal(20,6) DEFAULT 0.000000,
  `referer` bigint(20) DEFAULT NULL,
  PRIMARY KEY (`id_stock_mvt`),
  KEY `id_stock` (`id_stock`),
  KEY `id_stock_mvt_reason` (`id_stock_mvt_reason`)
) ENGINE=InnoDB AUTO_INCREMENT=44 DEFAULT CHARSET=utf8 COLLATE=utf8_unicode_ci;

--
-- Dumping data for table `akoe_stock_mvt`
--

INSERT INTO `akoe_stock_mvt` VALUES (1,72,NULL,NULL,11,1,'Monsma','Bart',40,'2018-08-19 01:48:57',1,0.000000,0.000000,0.000000,NULL),(2,73,NULL,NULL,11,1,'Monsma','Bart',40,'2018-08-19 15:52:27',1,0.000000,0.000000,0.000000,NULL),(3,74,NULL,NULL,11,1,'Monsma','Bart',40,'2018-08-19 16:15:51',1,0.000000,0.000000,0.000000,NULL),(4,75,NULL,NULL,11,1,'Monsma','Bart',40,'2018-08-25 20:53:22',1,0.000000,0.000000,0.000000,NULL),(5,76,NULL,NULL,11,1,'Monsma','Bart',1,'2018-09-02 01:31:30',1,0.000000,0.000000,0.000000,NULL),(6,77,NULL,NULL,11,1,'Monsma','Bart',10,'2018-09-02 01:45:05',1,0.000000,0.000000,0.000000,NULL),(7,76,NULL,NULL,11,1,'Monsma','Bart',9,'2018-09-02 01:46:12',1,0.000000,0.000000,0.000000,NULL),(8,78,NULL,NULL,11,1,'Monsma','Bart',500,'2018-09-06 01:10:19',1,0.000000,0.000000,0.000000,NULL),(9,79,NULL,NULL,11,1,'Monsma','Bart',200,'2018-09-07 20:37:53',1,0.000000,0.000000,0.000000,NULL),(10,80,NULL,NULL,11,1,'Monsma','Bart',20,'2018-09-08 22:14:12',1,0.000000,0.000000,0.000000,NULL),(11,83,NULL,NULL,11,1,'Monsma','Bart',80,'2018-11-22 00:58:49',1,0.000000,0.000000,0.000000,NULL),(12,86,NULL,NULL,11,1,'Monsma','Bart',40,'2018-11-22 00:59:07',1,0.000000,0.000000,0.000000,NULL),(13,84,NULL,NULL,11,1,'Monsma','Bart',80,'2018-11-22 00:59:19',1,0.000000,0.000000,0.000000,NULL),(14,82,NULL,NULL,11,1,'Monsma','Bart',25,'2018-11-22 00:59:33',1,0.000000,0.000000,0.000000,NULL),(15,89,NULL,NULL,11,1,'Monsma','Bart',80,'2018-11-27 18:30:46',1,0.000000,0.000000,0.000000,NULL),(16,88,NULL,NULL,11,1,'Monsma','Bart',80,'2018-11-27 18:32:33',1,0.000000,0.000000,0.000000,NULL),(17,90,NULL,NULL,11,1,'Monsma','Bart',80,'2018-11-27 18:34:20',1,0.000000,0.000000,0.000000,NULL),(18,91,NULL,NULL,11,1,'Monsma','Bart',9,'2018-11-27 18:40:46',1,0.000000,0.000000,0.000000,NULL),(19,92,NULL,NULL,11,1,'Monsma','Bart',200,'2018-12-05 23:03:01',1,0.000000,0.000000,0.000000,NULL),(20,93,NULL,NULL,11,1,'Monsma','Bart',200,'2018-12-05 23:06:46',1,0.000000,0.000000,0.000000,NULL),(21,94,NULL,NULL,11,1,'Monsma','Bart',200,'2018-12-05 23:14:39',1,0.000000,0.000000,0.000000,NULL),(22,96,NULL,NULL,11,1,'Monsma','Bart',200,'2018-12-05 23:18:55',1,0.000000,0.000000,0.000000,NULL),(23,97,NULL,NULL,11,1,'Monsma','Bart',200,'2018-12-05 23:20:34',1,0.000000,0.000000,0.000000,NULL),(24,95,NULL,NULL,11,1,'Monsma','Bart',200,'2018-12-05 23:21:11',1,0.000000,0.000000,0.000000,NULL),(25,98,NULL,NULL,11,1,'Monsma','Bart',80,'2019-01-05 21:55:10',1,0.000000,0.000000,0.000000,NULL),(26,99,NULL,NULL,11,1,'Monsma','Bart',80,'2019-01-05 21:55:21',1,0.000000,0.000000,0.000000,NULL),(27,100,NULL,NULL,11,1,'Monsma','Bart',80,'2019-01-05 21:55:40',1,0.000000,0.000000,0.000000,NULL),(28,103,NULL,NULL,11,1,'Monsma','Bart',80,'2019-01-05 21:59:27',1,0.000000,0.000000,0.000000,NULL),(29,102,NULL,NULL,11,1,'Monsma','Bart',80,'2019-01-05 21:59:58',1,0.000000,0.000000,0.000000,NULL),(30,101,NULL,NULL,11,1,'Monsma','Bart',80,'2019-01-05 22:00:12',1,0.000000,0.000000,0.000000,NULL),(31,104,NULL,NULL,11,1,'Monsma','Bart',100,'2019-09-15 14:14:40',1,0.000000,0.000000,0.000000,NULL),(32,106,NULL,NULL,11,1,'Monsma','Bart',1000,'2019-09-15 14:21:07',1,0.000000,0.000000,0.000000,NULL),(33,108,NULL,NULL,11,1,'Monsma','Bart',100,'2019-09-15 14:24:41',1,0.000000,0.000000,0.000000,NULL),(34,109,NULL,NULL,11,1,'Monsma','Bart',100,'2019-09-15 14:26:12',1,0.000000,0.000000,0.000000,NULL),(35,110,NULL,NULL,11,1,'Monsma','Bart',100,'2019-09-15 14:27:18',1,0.000000,0.000000,0.000000,NULL),(36,111,NULL,NULL,11,1,'Monsma','Bart',100,'2019-09-15 14:28:49',1,0.000000,0.000000,0.000000,NULL),(37,107,NULL,NULL,11,1,'Monsma','Bart',100,'2019-09-15 14:29:43',1,0.000000,0.000000,0.000000,NULL),(38,105,NULL,NULL,11,1,'Monsma','Bart',100,'2019-09-15 14:29:54',1,0.000000,0.000000,0.000000,NULL),(39,112,NULL,NULL,11,1,'Monsma','Bart',100,'2019-09-15 14:30:24',1,0.000000,0.000000,0.000000,NULL),(40,113,NULL,NULL,11,1,'Monsma','Bart',100,'2019-09-15 14:31:57',1,0.000000,0.000000,0.000000,NULL),(41,114,NULL,NULL,11,1,'Monsma','Bart',100,'2019-09-15 14:33:08',1,0.000000,0.000000,0.000000,NULL),(42,115,NULL,NULL,11,1,'Monsma','Bart',100,'2019-09-15 14:33:44',1,0.000000,0.000000,0.000000,NULL),(43,116,NULL,NULL,11,1,'Monsma','Bart',100,'2019-09-26 00:53:04',1,0.000000,0.000000,0.000000,NULL);

--
-- Table structure for table `akoe_stock_mvt_reason`
--

CREATE TABLE `akoe_stock_mvt_reason` (
  `id_stock_mvt_reason` int(11) unsigned NOT NULL AUTO_INCREMENT,
  `sign` tinyint(1) NOT NULL DEFAULT 1,
  `date_add` datetime NOT NULL,
  `date_upd` datetime NOT NULL,
  `deleted` tinyint(1) unsigned NOT NULL DEFAULT 0,
  PRIMARY KEY (`id_stock_mvt_reason`)
) ENGINE=InnoDB AUTO_INCREMENT=13 DEFAULT CHARSET=utf8;

--
-- Dumping data for table `akoe_stock_mvt_reason`
--

INSERT INTO `akoe_stock_mvt_reason` VALUES (1,1,'2018-08-14 19:04:01','2018-08-14 19:04:01',0),(2,-1,'2018-08-14 19:04:01','2018-08-14 19:04:01',0),(3,-1,'2018-08-14 19:04:01','2018-08-14 19:04:01',0),(4,-1,'2018-08-14 19:04:01','2018-08-14 19:04:01',0),(5,1,'2018-08-14 19:04:01','2018-08-14 19:04:01',0),(6,-1,'2018-08-14 19:04:01','2018-08-14 19:04:01',0),(7,1,'2018-08-14 19:04:01','2018-08-14 19:04:01',0),(8,1,'2018-08-14 19:04:01','2018-08-14 19:04:01',0),(9,1,'2018-08-14 19:04:01','2018-08-14 19:04:01',0),(10,1,'2018-08-14 19:04:01','2018-08-14 19:04:01',0),(11,1,'2018-08-14 19:04:01','2018-08-14 19:04:01',0),(12,-1,'2018-08-14 19:04:01','2018-08-14 19:04:01',0);

--
-- Table structure for table `akoe_stock_mvt_reason_lang`
--

CREATE TABLE `akoe_stock_mvt_reason_lang` (
  `id_stock_mvt_reason` int(11) unsigned NOT NULL,
  `id_lang` int(11) unsigned NOT NULL,
  `name` varchar(255) NOT NULL,
  PRIMARY KEY (`id_stock_mvt_reason`,`id_lang`)
) ENGINE=InnoDB DEFAULT CHARSET=utf8;

--
-- Dumping data for table `akoe_stock_mvt_reason_lang`
--

INSERT INTO `akoe_stock_mvt_reason_lang` VALUES (1,1,'Verhoog'),(2,1,'Verlaag'),(3,1,'Klantbestelling'),(4,1,'Regulation following an inventory of stock'),(5,1,'Regulation following an inventory of stock'),(6,1,'Naar een ander magazijn verplaatsen'),(7,1,'Van een ander magazijn verplaatsen'),(8,1,'Bestelling'),(9,1,'Klantbestelling'),(10,1,'Productretour'),(11,1,'Employee Edition'),(12,1,'Employee Edition');

--
-- Table structure for table `akoe_store`
--

CREATE TABLE `akoe_store` (
  `id_store` int(10) unsigned NOT NULL AUTO_INCREMENT,
  `id_country` int(10) unsigned NOT NULL,
  `id_state` int(10) unsigned DEFAULT NULL,
  `city` varchar(64) NOT NULL,
  `postcode` varchar(12) NOT NULL,
  `latitude` decimal(13,8) DEFAULT NULL,
  `longitude` decimal(13,8) DEFAULT NULL,
  `phone` varchar(16) DEFAULT NULL,
  `fax` varchar(16) DEFAULT NULL,
  `email` varchar(128) DEFAULT NULL,
  `active` tinyint(1) unsigned NOT NULL DEFAULT 0,
  `date_add` datetime NOT NULL,
  `date_upd` datetime NOT NULL,
  PRIMARY KEY (`id_store`)
) ENGINE=InnoDB DEFAULT CHARSET=utf8;

--
-- Dumping data for table `akoe_store`
--


--
-- Table structure for table `akoe_store_lang`
--

CREATE TABLE `akoe_store_lang` (
  `id_store` int(11) unsigned NOT NULL,
  `id_lang` int(11) unsigned NOT NULL,
  `name` varchar(255) NOT NULL,
  `address1` varchar(255) NOT NULL,
  `address2` varchar(255) DEFAULT NULL,
  `hours` text DEFAULT NULL,
  `note` text DEFAULT NULL,
  PRIMARY KEY (`id_store`,`id_lang`)
) ENGINE=InnoDB DEFAULT CHARSET=utf8;

--
-- Dumping data for table `akoe_store_lang`
--


--
-- Table structure for table `akoe_store_shop`
--

CREATE TABLE `akoe_store_shop` (
  `id_store` int(11) unsigned NOT NULL,
  `id_shop` int(11) unsigned NOT NULL,
  PRIMARY KEY (`id_store`,`id_shop`),
  KEY `id_shop` (`id_shop`)
) ENGINE=InnoDB DEFAULT CHARSET=utf8;

--
-- Dumping data for table `akoe_store_shop`
--


--
-- Table structure for table `akoe_supplier`
--

CREATE TABLE `akoe_supplier` (
  `id_supplier` int(10) unsigned NOT NULL AUTO_INCREMENT,
  `name` varchar(64) NOT NULL,
  `date_add` datetime NOT NULL,
  `date_upd` datetime NOT NULL,
  `active` tinyint(1) NOT NULL DEFAULT 0,
  PRIMARY KEY (`id_supplier`)
) ENGINE=InnoDB DEFAULT CHARSET=utf8;

--
-- Dumping data for table `akoe_supplier`
--


--
-- Table structure for table `akoe_supplier_lang`
--

CREATE TABLE `akoe_supplier_lang` (
  `id_supplier` int(10) unsigned NOT NULL,
  `id_lang` int(10) unsigned NOT NULL,
  `description` text DEFAULT NULL,
  `meta_title` varchar(128) DEFAULT NULL,
  `meta_keywords` varchar(255) DEFAULT NULL,
  `meta_description` varchar(255) DEFAULT NULL,
  PRIMARY KEY (`id_supplier`,`id_lang`)
) ENGINE=InnoDB DEFAULT CHARSET=utf8;

--
-- Dumping data for table `akoe_supplier_lang`
--


--
-- Table structure for table `akoe_supplier_shop`
--

CREATE TABLE `akoe_supplier_shop` (
  `id_supplier` int(11) unsigned NOT NULL,
  `id_shop` int(11) unsigned NOT NULL,
  PRIMARY KEY (`id_supplier`,`id_shop`),
  KEY `id_shop` (`id_shop`)
) ENGINE=InnoDB DEFAULT CHARSET=utf8;

--
-- Dumping data for table `akoe_supplier_shop`
--


--
-- Table structure for table `akoe_supply_order`
--

CREATE TABLE `akoe_supply_order` (
  `id_supply_order` int(11) unsigned NOT NULL AUTO_INCREMENT,
  `id_supplier` int(11) unsigned NOT NULL,
  `supplier_name` varchar(64) NOT NULL,
  `id_lang` int(11) unsigned NOT NULL,
  `id_warehouse` int(11) unsigned NOT NULL,
  `id_supply_order_state` int(11) unsigned NOT NULL,
  `id_currency` int(11) unsigned NOT NULL,
  `id_ref_currency` int(11) unsigned NOT NULL,
  `reference` varchar(64) NOT NULL,
  `date_add` datetime NOT NULL,
  `date_upd` datetime NOT NULL,
  `date_delivery_expected` datetime DEFAULT NULL,
  `total_te` decimal(20,6) DEFAULT 0.000000,
  `total_with_discount_te` decimal(20,6) DEFAULT 0.000000,
  `total_tax` decimal(20,6) DEFAULT 0.000000,
  `total_ti` decimal(20,6) DEFAULT 0.000000,
  `discount_rate` decimal(20,6) DEFAULT 0.000000,
  `discount_value_te` decimal(20,6) DEFAULT 0.000000,
  `is_template` tinyint(1) DEFAULT 0,
  PRIMARY KEY (`id_supply_order`),
  KEY `id_supplier` (`id_supplier`),
  KEY `id_warehouse` (`id_warehouse`),
  KEY `reference` (`reference`)
) ENGINE=InnoDB DEFAULT CHARSET=utf8;

--
-- Dumping data for table `akoe_supply_order`
--


--
-- Table structure for table `akoe_supply_order_detail`
--

CREATE TABLE `akoe_supply_order_detail` (
  `id_supply_order_detail` int(11) unsigned NOT NULL AUTO_INCREMENT,
  `id_supply_order` int(11) unsigned NOT NULL,
  `id_currency` int(11) unsigned NOT NULL,
  `id_product` int(11) unsigned NOT NULL,
  `id_product_attribute` int(11) unsigned NOT NULL,
  `reference` varchar(32) NOT NULL,
  `supplier_reference` varchar(32) NOT NULL,
  `name` varchar(128) NOT NULL,
  `ean13` varchar(13) DEFAULT NULL,
  `isbn` varchar(32) DEFAULT NULL,
  `upc` varchar(12) DEFAULT NULL,
  `exchange_rate` decimal(20,6) DEFAULT 0.000000,
  `unit_price_te` decimal(20,6) DEFAULT 0.000000,
  `quantity_expected` int(11) unsigned NOT NULL,
  `quantity_received` int(11) unsigned NOT NULL,
  `price_te` decimal(20,6) DEFAULT 0.000000,
  `discount_rate` decimal(20,6) DEFAULT 0.000000,
  `discount_value_te` decimal(20,6) DEFAULT 0.000000,
  `price_with_discount_te` decimal(20,6) DEFAULT 0.000000,
  `tax_rate` decimal(20,6) DEFAULT 0.000000,
  `tax_value` decimal(20,6) DEFAULT 0.000000,
  `price_ti` decimal(20,6) DEFAULT 0.000000,
  `tax_value_with_order_discount` decimal(20,6) DEFAULT 0.000000,
  `price_with_order_discount_te` decimal(20,6) DEFAULT 0.000000,
  PRIMARY KEY (`id_supply_order_detail`),
  KEY `id_supply_order` (`id_supply_order`,`id_product`),
  KEY `id_product_attribute` (`id_product_attribute`),
  KEY `id_product_product_attribute` (`id_product`,`id_product_attribute`)
) ENGINE=InnoDB DEFAULT CHARSET=utf8;

--
-- Dumping data for table `akoe_supply_order_detail`
--


--
-- Table structure for table `akoe_supply_order_history`
--

CREATE TABLE `akoe_supply_order_history` (
  `id_supply_order_history` int(11) unsigned NOT NULL AUTO_INCREMENT,
  `id_supply_order` int(11) unsigned NOT NULL,
  `id_employee` int(11) unsigned NOT NULL,
  `employee_lastname` varchar(32) DEFAULT '',
  `employee_firstname` varchar(32) DEFAULT '',
  `id_state` int(11) unsigned NOT NULL,
  `date_add` datetime NOT NULL,
  PRIMARY KEY (`id_supply_order_history`),
  KEY `id_supply_order` (`id_supply_order`),
  KEY `id_employee` (`id_employee`),
  KEY `id_state` (`id_state`)
) ENGINE=InnoDB DEFAULT CHARSET=utf8;

--
-- Dumping data for table `akoe_supply_order_history`
--


--
-- Table structure for table `akoe_supply_order_receipt_history`
--

CREATE TABLE `akoe_supply_order_receipt_history` (
  `id_supply_order_receipt_history` int(11) unsigned NOT NULL AUTO_INCREMENT,
  `id_supply_order_detail` int(11) unsigned NOT NULL,
  `id_employee` int(11) unsigned NOT NULL,
  `employee_lastname` varchar(32) DEFAULT '',
  `employee_firstname` varchar(32) DEFAULT '',
  `id_supply_order_state` int(11) unsigned NOT NULL,
  `quantity` int(11) unsigned NOT NULL,
  `date_add` datetime NOT NULL,
  PRIMARY KEY (`id_supply_order_receipt_history`),
  KEY `id_supply_order_detail` (`id_supply_order_detail`),
  KEY `id_supply_order_state` (`id_supply_order_state`)
) ENGINE=InnoDB DEFAULT CHARSET=utf8;

--
-- Dumping data for table `akoe_supply_order_receipt_history`
--


--
-- Table structure for table `akoe_supply_order_state`
--

CREATE TABLE `akoe_supply_order_state` (
  `id_supply_order_state` int(11) unsigned NOT NULL AUTO_INCREMENT,
  `delivery_note` tinyint(1) NOT NULL DEFAULT 0,
  `editable` tinyint(1) NOT NULL DEFAULT 0,
  `receipt_state` tinyint(1) NOT NULL DEFAULT 0,
  `pending_receipt` tinyint(1) NOT NULL DEFAULT 0,
  `enclosed` tinyint(1) NOT NULL DEFAULT 0,
  `color` varchar(32) DEFAULT NULL,
  PRIMARY KEY (`id_supply_order_state`)
) ENGINE=InnoDB AUTO_INCREMENT=7 DEFAULT CHARSET=utf8;

--
-- Dumping data for table `akoe_supply_order_state`
--

INSERT INTO `akoe_supply_order_state` VALUES (1,0,1,0,0,0,'#faab00'),(2,1,0,0,0,0,'#273cff'),(3,0,0,0,1,0,'#ff37f5'),(4,0,0,1,1,0,'#ff3e33'),(5,0,0,1,0,1,'#00d60c'),(6,0,0,0,0,1,'#666666');

--
-- Table structure for table `akoe_supply_order_state_lang`
--

CREATE TABLE `akoe_supply_order_state_lang` (
  `id_supply_order_state` int(11) unsigned NOT NULL,
  `id_lang` int(11) unsigned NOT NULL,
  `name` varchar(128) DEFAULT NULL,
  PRIMARY KEY (`id_supply_order_state`,`id_lang`)
) ENGINE=InnoDB DEFAULT CHARSET=utf8;

--
-- Dumping data for table `akoe_supply_order_state_lang`
--

INSERT INTO `akoe_supply_order_state_lang` VALUES (1,1,'1 - Bezig met aanmaken'),(2,1,'2 - Bestelling bevestigd'),(3,1,'3 - In afwachting van ontvangst'),(4,1,'4 - Bestelling gedeeltelijk ontvangen'),(5,1,'5 - Bestelling geheel ontvangen'),(6,1,'6 - Bestelling geannuleerd');

--
-- Table structure for table `akoe_tab`
--

CREATE TABLE `akoe_tab` (
  `id_tab` int(11) NOT NULL AUTO_INCREMENT,
  `id_parent` int(11) NOT NULL,
  `position` int(11) NOT NULL,
  `module` varchar(64) COLLATE utf8_unicode_ci DEFAULT NULL,
  `class_name` varchar(64) COLLATE utf8_unicode_ci DEFAULT NULL,
  `active` tinyint(1) NOT NULL,
  `hide_host_mode` tinyint(1) NOT NULL,
  `icon` varchar(32) COLLATE utf8_unicode_ci DEFAULT NULL,
  PRIMARY KEY (`id_tab`)
) ENGINE=InnoDB AUTO_INCREMENT=132 DEFAULT CHARSET=utf8 COLLATE=utf8_unicode_ci;

--
-- Dumping data for table `akoe_tab`
--

INSERT INTO `akoe_tab` VALUES (1,0,0,NULL,'AdminDashboard',1,0,'trending_up'),(2,0,1,NULL,'SELL',1,0,''),(3,2,0,NULL,'AdminParentOrders',1,0,'shopping_basket'),(4,3,0,NULL,'AdminOrders',1,0,''),(5,3,1,NULL,'AdminInvoices',1,0,''),(6,3,2,NULL,'AdminSlip',1,0,''),(7,3,3,NULL,'AdminDeliverySlip',1,0,''),(8,3,4,NULL,'AdminCarts',1,0,''),(9,2,1,NULL,'AdminCatalog',1,0,'store'),(10,9,0,NULL,'AdminProducts',1,0,''),(11,9,1,NULL,'AdminCategories',1,0,''),(12,9,2,NULL,'AdminTracking',1,0,''),(13,9,3,NULL,'AdminParentAttributesGroups',1,0,''),(14,13,0,NULL,'AdminAttributesGroups',1,0,''),(15,13,1,NULL,'AdminFeatures',1,0,''),(16,9,4,NULL,'AdminParentManufacturers',1,0,''),(17,16,0,NULL,'AdminManufacturers',1,0,''),(18,16,1,NULL,'AdminSuppliers',1,0,''),(19,9,5,NULL,'AdminAttachments',1,0,''),(20,9,6,NULL,'AdminParentCartRules',1,0,''),(21,20,0,NULL,'AdminCartRules',1,0,''),(22,20,1,NULL,'AdminSpecificPriceRule',1,0,''),(23,9,7,NULL,'AdminStockManagement',1,0,''),(24,2,2,NULL,'AdminParentCustomer',1,0,'account_circle'),(25,24,0,NULL,'AdminCustomers',1,0,''),(26,24,1,NULL,'AdminAddresses',1,0,''),(27,24,2,NULL,'AdminOutstanding',1,0,''),(28,2,3,NULL,'AdminParentCustomerThreads',1,0,'chat'),(29,28,0,NULL,'AdminCustomerThreads',1,0,''),(30,28,1,NULL,'AdminOrderMessage',1,0,''),(31,28,2,NULL,'AdminReturn',1,0,''),(32,2,4,NULL,'AdminStats',1,0,'assessment'),(33,2,5,NULL,'AdminStock',1,0,'store'),(34,33,0,NULL,'AdminWarehouses',1,0,''),(35,33,1,NULL,'AdminParentStockManagement',1,0,''),(36,35,0,NULL,'AdminStockManagement',1,0,''),(37,36,0,NULL,'AdminStockMvt',1,0,''),(38,36,1,NULL,'AdminStockInstantState',1,0,''),(39,36,2,NULL,'AdminStockCover',1,0,''),(40,33,2,NULL,'AdminSupplyOrders',1,0,''),(41,33,3,NULL,'AdminStockConfiguration',1,0,''),(42,0,2,NULL,'IMPROVE',1,0,''),(43,42,0,NULL,'AdminParentModulesSf',1,0,'extension'),(44,43,0,NULL,'AdminModulesSf',1,0,''),(45,44,0,NULL,'AdminModulesManage',1,0,''),(46,44,1,NULL,'AdminModulesCatalog',1,0,''),(47,44,2,NULL,'AdminModulesNotifications',1,0,''),(48,43,1,NULL,'AdminModules',0,0,''),(49,43,2,NULL,'AdminAddonsCatalog',1,0,''),(50,42,1,NULL,'AdminParentThemes',1,0,'desktop_mac'),(51,129,1,'','AdminThemes',1,0,''),(52,50,1,NULL,'AdminThemesCatalog',1,0,''),(53,50,2,NULL,'AdminCmsContent',1,0,''),(54,50,3,NULL,'AdminModulesPositions',1,0,''),(55,50,4,NULL,'AdminImages',1,0,''),(56,42,2,NULL,'AdminParentShipping',1,0,'local_shipping'),(57,56,0,NULL,'AdminCarriers',1,0,''),(58,56,1,NULL,'AdminShipping',1,0,''),(59,42,3,NULL,'AdminParentPayment',1,0,'payment'),(60,59,0,NULL,'AdminPayment',1,0,''),(61,59,1,NULL,'AdminPaymentPreferences',1,0,''),(62,42,4,NULL,'AdminInternational',1,0,'language'),(63,62,0,NULL,'AdminParentLocalization',1,0,''),(64,63,0,NULL,'AdminLocalization',1,0,''),(65,63,1,NULL,'AdminLanguages',1,0,''),(66,63,2,NULL,'AdminCurrencies',1,0,''),(67,63,3,NULL,'AdminGeolocation',1,0,''),(68,62,1,NULL,'AdminParentCountries',1,0,''),(69,68,0,NULL,'AdminZones',1,0,''),(70,68,1,NULL,'AdminCountries',1,0,''),(71,68,2,NULL,'AdminStates',1,0,''),(72,62,2,NULL,'AdminParentTaxes',1,0,''),(73,72,0,NULL,'AdminTaxes',1,0,''),(74,72,1,NULL,'AdminTaxRulesGroup',1,0,''),(75,62,3,NULL,'AdminTranslations',1,0,''),(76,0,3,NULL,'CONFIGURE',1,0,''),(77,76,0,NULL,'ShopParameters',1,0,'settings'),(78,77,0,NULL,'AdminParentPreferences',1,0,''),(79,78,0,NULL,'AdminPreferences',1,0,''),(80,78,1,NULL,'AdminMaintenance',1,0,''),(81,77,1,NULL,'AdminParentOrderPreferences',1,0,''),(82,81,0,NULL,'AdminOrderPreferences',1,0,''),(83,81,1,NULL,'AdminStatuses',1,0,''),(84,77,2,NULL,'AdminPPreferences',1,0,''),(85,77,3,NULL,'AdminParentCustomerPreferences',1,0,''),(86,85,0,NULL,'AdminCustomerPreferences',1,0,''),(87,85,1,NULL,'AdminGroups',1,0,''),(88,85,2,NULL,'AdminGenders',1,0,''),(89,77,4,NULL,'AdminParentStores',1,0,''),(90,89,0,NULL,'AdminContacts',1,0,''),(91,89,1,NULL,'AdminStores',1,0,''),(92,77,5,NULL,'AdminParentMeta',1,0,''),(93,92,0,NULL,'AdminMeta',1,0,''),(94,92,1,NULL,'AdminSearchEngines',1,0,''),(95,92,2,NULL,'AdminReferrers',1,0,''),(96,77,6,NULL,'AdminParentSearchConf',1,0,''),(97,96,0,NULL,'AdminSearchConf',1,0,''),(98,96,1,NULL,'AdminTags',1,0,''),(99,76,1,NULL,'AdminAdvancedParameters',1,0,'settings_applications'),(100,99,0,NULL,'AdminInformation',1,0,''),(101,99,1,NULL,'AdminPerformance',1,0,''),(102,99,2,NULL,'AdminAdminPreferences',1,0,''),(103,99,3,NULL,'AdminEmails',1,0,''),(104,99,4,NULL,'AdminImport',1,0,''),(105,99,5,NULL,'AdminParentEmployees',1,0,''),(106,105,0,NULL,'AdminEmployees',1,0,''),(107,105,1,NULL,'AdminProfiles',1,0,''),(108,105,2,NULL,'AdminAccess',1,0,''),(109,99,6,NULL,'AdminParentRequestSql',1,0,''),(110,109,0,NULL,'AdminRequestSql',1,0,''),(111,109,1,NULL,'AdminBackup',1,0,''),(112,99,7,NULL,'AdminLogs',1,0,''),(113,99,8,NULL,'AdminWebservice',1,0,''),(114,99,9,NULL,'AdminShopGroup',0,0,''),(115,99,10,NULL,'AdminShopUrl',0,0,''),(116,-1,0,NULL,'AdminQuickAccesses',1,0,''),(117,0,4,NULL,'DEFAULT',1,0,''),(118,-1,1,NULL,'AdminPatterns',1,0,''),(119,-1,2,'dashgoals','AdminDashgoals',1,0,''),(120,50,5,'ps_linklist','AdminLinkWidget',1,0,''),(124,0,5,'welcome','AdminWelcome',1,0,''),(125,77,7,'gamification','AdminGamification',0,0,''),(126,-1,3,'cronjobs','AdminCronJobs',1,0,''),(127,117,1,'autoupgrade','AdminSelfUpgrade',1,0,''),(128,-1,4,'blockreassurance','AdminBlockListing',1,0,''),(129,50,0,'','AdminThemesParent',1,0,''),(130,129,2,'ps_themecusto','AdminPsThemeCustoConfiguration',1,0,''),(131,129,3,'ps_themecusto','AdminPsThemeCustoAdvanced',1,0,'');

--
-- Table structure for table `akoe_tab_advice`
--

CREATE TABLE `akoe_tab_advice` (
  `id_tab` int(11) NOT NULL,
  `id_advice` int(11) NOT NULL,
  PRIMARY KEY (`id_tab`,`id_advice`)
) ENGINE=InnoDB DEFAULT CHARSET=utf8;

--
-- Dumping data for table `akoe_tab_advice`
--

INSERT INTO `akoe_tab_advice` VALUES (0,6),(0,32),(0,58),(0,84),(0,110),(0,136),(0,162),(0,188),(0,214),(0,240),(0,266),(0,292),(0,318),(0,344),(0,370),(0,397),(0,424),(0,451),(1,2),(1,8),(1,9),(1,10),(1,11),(1,12),(1,13),(1,14),(1,15),(1,16),(1,17),(1,18),(1,19),(1,20),(1,21),(1,22),(1,23),(1,24),(1,25),(1,26),(1,28),(1,34),(1,35),(1,36),(1,37),(1,38),(1,39),(1,40),(1,41),(1,42),(1,43),(1,44),(1,45),(1,46),(1,47),(1,48),(1,49),(1,50),(1,51),(1,52),(1,54),(1,60),(1,61),(1,62),(1,63),(1,64),(1,65),(1,66),(1,67),(1,68),(1,69),(1,70),(1,71),(1,72),(1,73),(1,74),(1,75),(1,76),(1,77),(1,78),(1,80),(1,86),(1,87),(1,88),(1,89),(1,90),(1,91),(1,92),(1,93),(1,94),(1,95),(1,96),(1,97),(1,98),(1,99),(1,100),(1,101),(1,102),(1,103),(1,104),(1,106),(1,112),(1,113),(1,114),(1,115),(1,116),(1,117),(1,118),(1,119),(1,120),(1,121),(1,122),(1,123),(1,124),(1,125),(1,126),(1,127),(1,128),(1,129),(1,130),(1,132),(1,138),(1,139),(1,140),(1,141),(1,142),(1,143),(1,144),(1,145),(1,146),(1,147),(1,148),(1,149),(1,150),(1,151),(1,152),(1,153),(1,154),(1,155),(1,156),(1,158),(1,164),(1,165),(1,166),(1,167),(1,168),(1,169),(1,170),(1,171),(1,172),(1,173),(1,174),(1,175),(1,176),(1,177),(1,178),(1,179),(1,180),(1,181),(1,182),(1,184),(1,190),(1,191),(1,192),(1,193),(1,194),(1,195),(1,196),(1,197),(1,198),(1,199),(1,200),(1,201),(1,202),(1,203),(1,204),(1,205),(1,206),(1,207),(1,208),(1,210),(1,216),(1,217),(1,218),(1,219),(1,220),(1,221),(1,222),(1,223),(1,224),(1,225),(1,226),(1,227),(1,228),(1,229),(1,230),(1,231),(1,232),(1,233),(1,234),(1,236),(1,242),(1,243),(1,244),(1,245),(1,246),(1,247),(1,248),(1,249),(1,250),(1,251),(1,252),(1,253),(1,254),(1,255),(1,256),(1,257),(1,258),(1,259),(1,260),(1,262),(1,268),(1,269),(1,270),(1,271),(1,272),(1,273),(1,274),(1,275),(1,276),(1,277),(1,278),(1,279),(1,280),(1,281),(1,282),(1,283),(1,284),(1,285),(1,286),(1,288),(1,294),(1,295),(1,296),(1,297),(1,298),(1,299),(1,300),(1,301),(1,302),(1,303),(1,304),(1,305),(1,306),(1,307),(1,308),(1,309),(1,310),(1,311),(1,312),(1,314),(1,320),(1,321),(1,322),(1,323),(1,324),(1,325),(1,326),(1,327),(1,328),(1,329),(1,330),(1,331),(1,332),(1,333),(1,334),(1,335),(1,336),(1,337),(1,338),(1,340),(1,346),(1,347),(1,348),(1,349),(1,350),(1,351),(1,352),(1,353),(1,354),(1,355),(1,356),(1,357),(1,358),(1,359),(1,360),(1,361),(1,362),(1,363),(1,364),(1,366),(1,372),(1,373),(1,374),(1,375),(1,376),(1,377),(1,378),(1,379),(1,380),(1,381),(1,382),(1,383),(1,384),(1,385),(1,386),(1,387),(1,388),(1,389),(1,390),(1,391),(1,393),(1,399),(1,400),(1,401),(1,402),(1,403),(1,404),(1,405),(1,406),(1,407),(1,408),(1,409),(1,410),(1,411),(1,412),(1,413),(1,414),(1,415),(1,416),(1,417),(1,418),(1,420),(1,426),(1,427),(1,428),(1,429),(1,430),(1,431),(1,432),(1,433),(1,434),(1,435),(1,436),(1,437),(1,438),(1,439),(1,440),(1,441),(1,442),(1,443),(1,444),(1,445),(1,447),(1,453),(1,454),(1,455),(1,456),(1,457),(1,458),(1,459),(1,460),(1,461),(1,462),(1,463),(1,464),(1,465),(1,466),(1,467),(1,468),(1,469),(1,470),(1,471),(1,472),(25,7),(25,33),(25,59),(25,85),(25,111),(25,137),(25,163),(25,189),(25,215),(25,241),(25,267),(25,293),(25,319),(25,345),(25,371),(25,398),(25,425),(25,452),(29,7),(29,33),(29,59),(29,85),(29,111),(29,137),(29,163),(29,189),(29,215),(29,241),(29,267),(29,293),(29,319),(29,345),(29,371),(29,398),(29,425),(29,452),(60,4),(60,30),(60,56),(60,82),(60,108),(60,134),(60,160),(60,186),(60,212),(60,238),(60,264),(60,290),(60,316),(60,342),(60,368),(60,395),(60,422),(60,449),(69,3),(69,29),(69,55),(69,81),(69,107),(69,133),(69,159),(69,185),(69,211),(69,237),(69,263),(69,289),(69,315),(69,341),(69,367),(69,394),(69,421),(69,448),(75,1),(75,27),(75,53),(75,79),(75,105),(75,131),(75,157),(75,183),(75,209),(75,235),(75,261),(75,287),(75,313),(75,339),(75,365),(75,392),(75,419),(75,446),(82,5),(82,31),(82,57),(82,83),(82,109),(82,135),(82,161),(82,187),(82,213),(82,239),(82,265),(82,291),(82,317),(82,343),(82,369),(82,396),(82,423),(82,450);

--
-- Table structure for table `akoe_tab_lang`
--

CREATE TABLE `akoe_tab_lang` (
  `id_tab` int(11) NOT NULL,
  `id_lang` int(11) NOT NULL,
  `name` varchar(128) COLLATE utf8_unicode_ci NOT NULL,
  PRIMARY KEY (`id_tab`,`id_lang`),
  KEY `IDX_3631DB3CED47AB56` (`id_tab`)
) ENGINE=InnoDB DEFAULT CHARSET=utf8 COLLATE=utf8_unicode_ci;

--
-- Dumping data for table `akoe_tab_lang`
--

INSERT INTO `akoe_tab_lang` VALUES (1,1,'Dashboard'),(2,1,'Verkopen'),(3,1,'Bestellingen'),(4,1,'Bestellingen'),(5,1,'Facturen'),(6,1,'Creditnota\'s'),(7,1,'Pakbonnen'),(8,1,'Winkelwagens'),(9,1,'Catalogus'),(10,1,'Producten'),(11,1,'Categorieën'),(12,1,'Monitoring'),(13,1,'Kenmerken en functies'),(14,1,'Attributen'),(15,1,'Functies'),(16,1,'Merken en leveranciers'),(17,1,'Merken'),(18,1,'Leveranciers'),(19,1,'Bestanden'),(20,1,'Kortingen'),(21,1,'Winkelwagenregels'),(22,1,'Catalogusprijsregels'),(23,1,'Stocks'),(24,1,'Klanten'),(25,1,'Klanten'),(26,1,'Adressen'),(27,1,'Openstaand'),(28,1,'Klantenservice'),(29,1,'Klantenservice'),(30,1,'Bestellingsberichten'),(31,1,'Retourzendingen'),(32,1,'Statistieken'),(34,1,'Magazijnen'),(35,1,'Voorraadbeheer'),(36,1,'Voorraadbeheer'),(37,1,'Voorraadverplaatsing'),(38,1,'Huidige voorraadstatus'),(39,1,'Voorraaddekking'),(40,1,'Leveringsbestellingen'),(41,1,'Configuratie'),(42,1,'Verbeteren'),(43,1,'Modules'),(44,1,'Modules en services'),(45,1,'Geïnstalleerde modules'),(46,1,'Selectie'),(47,1,'Meldingen'),(49,1,'Modulecatalogus'),(50,1,'Design'),(51,1,'Thema en logo'),(52,1,'Themacatalogus'),(53,1,'Pagina\'s'),(54,1,'Posities'),(55,1,'Afbeeldingsinstellingen'),(56,1,'Verzending'),(57,1,'Vervoerders'),(58,1,'Instellingen'),(59,1,'Betaling'),(60,1,'Betaalmethoden'),(61,1,'Instellingen'),(62,1,'Internationaal'),(63,1,'Lokalisatie'),(64,1,'Lokalisatie'),(65,1,'Talen'),(66,1,'Valuta\'s'),(67,1,'Geolocatie'),(68,1,'Locaties'),(69,1,'Zones'),(70,1,'Landen'),(71,1,'Provincies'),(72,1,'Belastingen'),(73,1,'Belastingen'),(74,1,'Belastingregel'),(75,1,'Vertalingen'),(76,1,'Configureer'),(77,1,'Winkelinstellingen'),(78,1,'Algemeen'),(79,1,'Algemeen'),(80,1,'Onderhoud'),(81,1,'Bestellingsinstellingen'),(82,1,'Bestellingsinstellingen'),(83,1,'Statussen'),(84,1,'Producten'),(85,1,'Klantinstellingen'),(86,1,'Klanten'),(87,1,'Groepen'),(88,1,'Sociale titels'),(89,1,'Contact'),(90,1,'Contactpersonen'),(91,1,'Winkels'),(92,1,'Verkeer en SEO'),(93,1,'SEO & URL\'s'),(94,1,'Zoekmachines'),(95,1,'Referrers'),(96,1,'Zoeken'),(97,1,'Zoeken'),(98,1,'Tags'),(99,1,'Geavanceerde instellingen'),(100,1,'Informatie'),(101,1,'Prestaties'),(102,1,'Administratie'),(103,1,'E-mail'),(104,1,'Importeren'),(105,1,'Medewerkers'),(106,1,'Medewerkers'),(107,1,'Profielen'),(108,1,'Permissies'),(109,1,'Database'),(110,1,'SQL-beheer'),(111,1,'DB-backup'),(112,1,'Logboeken'),(113,1,'Webservice'),(114,1,'Multistore'),(115,1,'Multistore'),(116,1,'Snelle toegang'),(117,1,'Meer'),(119,1,'Dashgoals'),(120,1,'Link Widget'),(124,1,'Welcome'),(125,1,'Merchant Expertise'),(126,1,'Cron Jobs'),(127,1,'1-Click Upgrade'),(128,1,'blockreassurance'),(129,1,'Thema en logo'),(130,1,'Pages Configuration'),(131,1,'Advanced Customization');

--
-- Table structure for table `akoe_tab_module_preference`
--

CREATE TABLE `akoe_tab_module_preference` (
  `id_tab_module_preference` int(11) NOT NULL AUTO_INCREMENT,
  `id_employee` int(11) NOT NULL,
  `id_tab` int(11) NOT NULL,
  `module` varchar(255) NOT NULL,
  PRIMARY KEY (`id_tab_module_preference`),
  UNIQUE KEY `employee_module` (`id_employee`,`id_tab`,`module`)
) ENGINE=InnoDB DEFAULT CHARSET=utf8;

--
-- Dumping data for table `akoe_tab_module_preference`
--


--
-- Table structure for table `akoe_tag`
--

CREATE TABLE `akoe_tag` (
  `id_tag` int(10) unsigned NOT NULL AUTO_INCREMENT,
  `id_lang` int(10) unsigned NOT NULL,
  `name` varchar(32) NOT NULL,
  PRIMARY KEY (`id_tag`),
  KEY `tag_name` (`name`),
  KEY `id_lang` (`id_lang`)
) ENGINE=InnoDB DEFAULT CHARSET=utf8;

--
-- Dumping data for table `akoe_tag`
--


--
-- Table structure for table `akoe_tag_count`
--

CREATE TABLE `akoe_tag_count` (
  `id_group` int(10) unsigned NOT NULL DEFAULT 0,
  `id_tag` int(10) unsigned NOT NULL DEFAULT 0,
  `id_lang` int(10) unsigned NOT NULL DEFAULT 0,
  `id_shop` int(11) unsigned NOT NULL DEFAULT 0,
  `counter` int(10) unsigned NOT NULL DEFAULT 0,
  PRIMARY KEY (`id_group`,`id_tag`),
  KEY `id_group` (`id_group`,`id_lang`,`id_shop`,`counter`)
) ENGINE=InnoDB DEFAULT CHARSET=utf8;

--
-- Dumping data for table `akoe_tag_count`
--


--
-- Table structure for table `akoe_tax`
--

CREATE TABLE `akoe_tax` (
  `id_tax` int(10) unsigned NOT NULL AUTO_INCREMENT,
  `rate` decimal(10,3) NOT NULL,
  `active` tinyint(1) unsigned NOT NULL DEFAULT 1,
  `deleted` tinyint(1) unsigned NOT NULL DEFAULT 0,
  PRIMARY KEY (`id_tax`)
) ENGINE=InnoDB AUTO_INCREMENT=30 DEFAULT CHARSET=utf8;

--
-- Dumping data for table `akoe_tax`
--

INSERT INTO `akoe_tax` VALUES (1,21.000,1,0),(2,6.000,1,0),(3,20.000,1,0),(4,21.000,1,0),(5,20.000,1,0),(6,19.000,1,0),(7,21.000,1,0),(8,19.000,1,0),(9,25.000,1,0),(10,20.000,1,0),(11,21.000,1,0),(12,24.000,1,0),(13,20.000,1,0),(14,20.000,1,0),(15,23.000,1,0),(16,25.000,1,0),(17,27.000,1,0),(18,23.000,1,0),(19,22.000,1,0),(20,21.000,1,0),(21,17.000,1,0),(22,21.000,1,0),(23,18.000,1,0),(24,23.000,1,0),(25,23.000,1,0),(26,20.000,1,0),(27,25.000,1,0),(28,22.000,1,0),(29,20.000,1,0);

--
-- Table structure for table `akoe_tax_lang`
--

CREATE TABLE `akoe_tax_lang` (
  `id_tax` int(10) unsigned NOT NULL,
  `id_lang` int(10) unsigned NOT NULL,
  `name` varchar(32) NOT NULL,
  PRIMARY KEY (`id_tax`,`id_lang`)
) ENGINE=InnoDB DEFAULT CHARSET=utf8;

--
-- Dumping data for table `akoe_tax_lang`
--

INSERT INTO `akoe_tax_lang` VALUES (1,1,'BTW NL 21%'),(2,1,'BTW NL 6%'),(3,1,'USt. AT 20%'),(4,1,'TVA BE 21%'),(5,1,'ДДС BG 20%'),(6,1,'ΦΠΑ CY 19%'),(7,1,'DPH CZ 21%'),(8,1,'MwSt. DE 19%'),(9,1,'moms DK 25%'),(10,1,'km EE 20%'),(11,1,'IVA ES 21%'),(12,1,'ALV FI 24%'),(13,1,'TVA FR 20%'),(14,1,'VAT UK 20%'),(15,1,'ΦΠΑ GR 23%'),(16,1,'Croatia PDV 25%'),(17,1,'ÁFA HU 27%'),(18,1,'VAT IE 23%'),(19,1,'IVA IT 22%'),(20,1,'PVM LT 21%'),(21,1,'TVA LU 17%'),(22,1,'PVN LV 21%'),(23,1,'VAT MT 18%'),(24,1,'PTU PL 23%'),(25,1,'IVA PT 23%'),(26,1,'TVA RO 20%'),(27,1,'Moms SE 25%'),(28,1,'DDV SI 22%'),(29,1,'DPH SK 20%');

--
-- Table structure for table `akoe_tax_rule`
--

CREATE TABLE `akoe_tax_rule` (
  `id_tax_rule` int(11) NOT NULL AUTO_INCREMENT,
  `id_tax_rules_group` int(11) NOT NULL,
  `id_country` int(11) NOT NULL,
  `id_state` int(11) NOT NULL,
  `zipcode_from` varchar(12) NOT NULL,
  `zipcode_to` varchar(12) NOT NULL,
  `id_tax` int(11) NOT NULL,
  `behavior` int(11) NOT NULL,
  `description` varchar(100) NOT NULL,
  PRIMARY KEY (`id_tax_rule`),
  KEY `id_tax_rules_group` (`id_tax_rules_group`),
  KEY `id_tax` (`id_tax`),
  KEY `category_getproducts` (`id_tax_rules_group`,`id_country`,`id_state`,`zipcode_from`)
) ENGINE=InnoDB AUTO_INCREMENT=133 DEFAULT CHARSET=utf8;

--
-- Dumping data for table `akoe_tax_rule`
--

INSERT INTO `akoe_tax_rule` VALUES (1,1,3,0,'0','0',1,0,''),(2,1,236,0,'0','0',1,0,''),(3,1,16,0,'0','0',1,0,''),(4,1,20,0,'0','0',1,0,''),(5,1,1,0,'0','0',1,0,''),(6,1,86,0,'0','0',1,0,''),(7,1,9,0,'0','0',1,0,''),(8,1,6,0,'0','0',1,0,''),(9,1,8,0,'0','0',1,0,''),(10,1,26,0,'0','0',1,0,''),(11,1,10,0,'0','0',1,0,''),(12,1,76,0,'0','0',1,0,''),(13,1,125,0,'0','0',1,0,''),(14,1,131,0,'0','0',1,0,''),(15,1,12,0,'0','0',1,0,''),(16,1,143,0,'0','0',1,0,''),(17,1,139,0,'0','0',1,0,''),(18,1,13,0,'0','0',1,0,''),(19,1,2,0,'0','0',1,0,''),(20,1,14,0,'0','0',1,0,''),(21,1,15,0,'0','0',1,0,''),(22,1,36,0,'0','0',1,0,''),(23,1,193,0,'0','0',1,0,''),(24,1,37,0,'0','0',1,0,''),(25,1,7,0,'0','0',1,0,''),(26,1,18,0,'0','0',1,0,''),(27,2,3,0,'0','0',2,0,''),(28,2,236,0,'0','0',2,0,''),(29,2,16,0,'0','0',2,0,''),(30,2,20,0,'0','0',2,0,''),(31,2,1,0,'0','0',2,0,''),(32,2,86,0,'0','0',2,0,''),(33,2,9,0,'0','0',2,0,''),(34,2,6,0,'0','0',2,0,''),(35,2,8,0,'0','0',2,0,''),(36,2,26,0,'0','0',2,0,''),(37,2,10,0,'0','0',2,0,''),(38,2,76,0,'0','0',2,0,''),(39,2,125,0,'0','0',2,0,''),(40,2,131,0,'0','0',2,0,''),(41,2,12,0,'0','0',2,0,''),(42,2,143,0,'0','0',2,0,''),(43,2,139,0,'0','0',2,0,''),(44,2,13,0,'0','0',2,0,''),(45,2,2,0,'0','0',2,0,''),(46,2,14,0,'0','0',2,0,''),(47,2,15,0,'0','0',2,0,''),(48,2,36,0,'0','0',2,0,''),(49,2,193,0,'0','0',2,0,''),(50,2,37,0,'0','0',2,0,''),(51,2,7,0,'0','0',2,0,''),(52,2,18,0,'0','0',2,0,''),(53,3,3,0,'0','0',2,0,''),(54,3,236,0,'0','0',2,0,''),(55,3,16,0,'0','0',2,0,''),(56,3,20,0,'0','0',2,0,''),(57,3,1,0,'0','0',2,0,''),(58,3,86,0,'0','0',2,0,''),(59,3,9,0,'0','0',2,0,''),(60,3,6,0,'0','0',2,0,''),(61,3,8,0,'0','0',2,0,''),(62,3,26,0,'0','0',2,0,''),(63,3,10,0,'0','0',2,0,''),(64,3,76,0,'0','0',2,0,''),(65,3,125,0,'0','0',2,0,''),(66,3,131,0,'0','0',2,0,''),(67,3,12,0,'0','0',2,0,''),(68,3,143,0,'0','0',2,0,''),(69,3,139,0,'0','0',2,0,''),(70,3,13,0,'0','0',2,0,''),(71,3,2,0,'0','0',2,0,''),(72,3,14,0,'0','0',2,0,''),(73,3,15,0,'0','0',2,0,''),(74,3,36,0,'0','0',2,0,''),(75,3,193,0,'0','0',2,0,''),(76,3,37,0,'0','0',2,0,''),(77,3,7,0,'0','0',2,0,''),(78,3,18,0,'0','0',2,0,''),(79,4,3,0,'0','0',2,0,''),(80,4,236,0,'0','0',2,0,''),(81,4,16,0,'0','0',2,0,''),(82,4,20,0,'0','0',2,0,''),(83,4,1,0,'0','0',2,0,''),(84,4,86,0,'0','0',2,0,''),(85,4,9,0,'0','0',2,0,''),(86,4,6,0,'0','0',2,0,''),(87,4,8,0,'0','0',2,0,''),(88,4,26,0,'0','0',2,0,''),(89,4,10,0,'0','0',2,0,''),(90,4,76,0,'0','0',2,0,''),(91,4,125,0,'0','0',2,0,''),(92,4,131,0,'0','0',2,0,''),(93,4,12,0,'0','0',2,0,''),(94,4,143,0,'0','0',2,0,''),(95,4,139,0,'0','0',2,0,''),(96,4,13,0,'0','0',2,0,''),(97,4,2,0,'0','0',2,0,''),(98,4,14,0,'0','0',2,0,''),(99,4,15,0,'0','0',2,0,''),(100,4,36,0,'0','0',2,0,''),(101,4,193,0,'0','0',2,0,''),(102,4,37,0,'0','0',2,0,''),(103,4,7,0,'0','0',2,0,''),(104,4,18,0,'0','0',2,0,''),(105,5,13,0,'0','0',1,0,''),(106,5,2,0,'0','0',3,0,''),(107,5,3,0,'0','0',4,0,''),(108,5,236,0,'0','0',5,0,''),(109,5,76,0,'0','0',6,0,''),(110,5,16,0,'0','0',7,0,''),(111,5,1,0,'0','0',8,0,''),(112,5,20,0,'0','0',9,0,''),(113,5,86,0,'0','0',10,0,''),(114,5,6,0,'0','0',11,0,''),(115,5,7,0,'0','0',12,0,''),(116,5,8,0,'0','0',13,0,''),(117,5,17,0,'0','0',14,0,''),(118,5,9,0,'0','0',15,0,''),(119,5,74,0,'0','0',16,0,''),(120,5,143,0,'0','0',17,0,''),(121,5,26,0,'0','0',18,0,''),(122,5,10,0,'0','0',19,0,''),(123,5,131,0,'0','0',20,0,''),(124,5,12,0,'0','0',21,0,''),(125,5,125,0,'0','0',22,0,''),(126,5,139,0,'0','0',23,0,''),(127,5,14,0,'0','0',24,0,''),(128,5,15,0,'0','0',25,0,''),(129,5,36,0,'0','0',26,0,''),(130,5,18,0,'0','0',27,0,''),(131,5,193,0,'0','0',28,0,''),(132,5,37,0,'0','0',29,0,'');

--
-- Table structure for table `akoe_tax_rules_group`
--

CREATE TABLE `akoe_tax_rules_group` (
  `id_tax_rules_group` int(11) NOT NULL AUTO_INCREMENT,
  `name` varchar(50) NOT NULL,
  `active` int(11) NOT NULL,
  `deleted` tinyint(1) unsigned NOT NULL,
  `date_add` datetime NOT NULL,
  `date_upd` datetime NOT NULL,
  PRIMARY KEY (`id_tax_rules_group`)
) ENGINE=InnoDB AUTO_INCREMENT=6 DEFAULT CHARSET=utf8;

--
-- Dumping data for table `akoe_tax_rules_group`
--

INSERT INTO `akoe_tax_rules_group` VALUES (1,'NL Standard Rate (21%)',1,0,'2018-08-14 19:04:02','2018-08-14 19:04:02'),(2,'NL Reduced Rate (6%)',1,0,'2018-08-14 19:04:02','2018-08-14 19:04:02'),(3,'NL Foodstuff Rate (6%)',1,0,'2018-08-14 19:04:02','2018-08-14 19:04:02'),(4,'NL Books Rate (6%)',1,0,'2018-08-14 19:04:02','2018-08-14 19:04:02'),(5,'EU VAT For Virtual Products',1,0,'2018-08-14 19:04:02','2018-08-14 19:04:02');

--
-- Table structure for table `akoe_tax_rules_group_shop`
--

CREATE TABLE `akoe_tax_rules_group_shop` (
  `id_tax_rules_group` int(11) unsigned NOT NULL,
  `id_shop` int(11) unsigned NOT NULL,
  PRIMARY KEY (`id_tax_rules_group`,`id_shop`),
  KEY `id_shop` (`id_shop`)
) ENGINE=InnoDB DEFAULT CHARSET=utf8;

--
-- Dumping data for table `akoe_tax_rules_group_shop`
--

INSERT INTO `akoe_tax_rules_group_shop` VALUES (1,1),(2,1),(3,1),(4,1),(5,1);

--
-- Table structure for table `akoe_timezone`
--

CREATE TABLE `akoe_timezone` (
  `id_timezone` int(10) unsigned NOT NULL AUTO_INCREMENT,
  `name` varchar(32) NOT NULL,
  PRIMARY KEY (`id_timezone`)
) ENGINE=InnoDB AUTO_INCREMENT=561 DEFAULT CHARSET=utf8;

--
-- Dumping data for table `akoe_timezone`
--

INSERT INTO `akoe_timezone` VALUES (1,'Africa/Abidjan'),(2,'Africa/Accra'),(3,'Africa/Addis_Ababa'),(4,'Africa/Algiers'),(5,'Africa/Asmara'),(6,'Africa/Asmera'),(7,'Africa/Bamako'),(8,'Africa/Bangui'),(9,'Africa/Banjul'),(10,'Africa/Bissau'),(11,'Africa/Blantyre'),(12,'Africa/Brazzaville'),(13,'Africa/Bujumbura'),(14,'Africa/Cairo'),(15,'Africa/Casablanca'),(16,'Africa/Ceuta'),(17,'Africa/Conakry'),(18,'Africa/Dakar'),(19,'Africa/Dar_es_Salaam'),(20,'Africa/Djibouti'),(21,'Africa/Douala'),(22,'Africa/El_Aaiun'),(23,'Africa/Freetown'),(24,'Africa/Gaborone'),(25,'Africa/Harare'),(26,'Africa/Johannesburg'),(27,'Africa/Kampala'),(28,'Africa/Khartoum'),(29,'Africa/Kigali'),(30,'Africa/Kinshasa'),(31,'Africa/Lagos'),(32,'Africa/Libreville'),(33,'Africa/Lome'),(34,'Africa/Luanda'),(35,'Africa/Lubumbashi'),(36,'Africa/Lusaka'),(37,'Africa/Malabo'),(38,'Africa/Maputo'),(39,'Africa/Maseru'),(40,'Africa/Mbabane'),(41,'Africa/Mogadishu'),(42,'Africa/Monrovia'),(43,'Africa/Nairobi'),(44,'Africa/Ndjamena'),(45,'Africa/Niamey'),(46,'Africa/Nouakchott'),(47,'Africa/Ouagadougou'),(48,'Africa/Porto-Novo'),(49,'Africa/Sao_Tome'),(50,'Africa/Timbuktu'),(51,'Africa/Tripoli'),(52,'Africa/Tunis'),(53,'Africa/Windhoek'),(54,'America/Adak'),(55,'America/Anchorage '),(56,'America/Anguilla'),(57,'America/Antigua'),(58,'America/Araguaina'),(59,'America/Argentina/Buenos_Aires'),(60,'America/Argentina/Catamarca'),(61,'America/Argentina/ComodRivadavia'),(62,'America/Argentina/Cordoba'),(63,'America/Argentina/Jujuy'),(64,'America/Argentina/La_Rioja'),(65,'America/Argentina/Mendoza'),(66,'America/Argentina/Rio_Gallegos'),(67,'America/Argentina/Salta'),(68,'America/Argentina/San_Juan'),(69,'America/Argentina/San_Luis'),(70,'America/Argentina/Tucuman'),(71,'America/Argentina/Ushuaia'),(72,'America/Aruba'),(73,'America/Asuncion'),(74,'America/Atikokan'),(75,'America/Atka'),(76,'America/Bahia'),(77,'America/Barbados'),(78,'America/Belem'),(79,'America/Belize'),(80,'America/Blanc-Sablon'),(81,'America/Boa_Vista'),(82,'America/Bogota'),(83,'America/Boise'),(84,'America/Buenos_Aires'),(85,'America/Cambridge_Bay'),(86,'America/Campo_Grande'),(87,'America/Cancun'),(88,'America/Caracas'),(89,'America/Catamarca'),(90,'America/Cayenne'),(91,'America/Cayman'),(92,'America/Chicago'),(93,'America/Chihuahua'),(94,'America/Coral_Harbour'),(95,'America/Cordoba'),(96,'America/Costa_Rica'),(97,'America/Cuiaba'),(98,'America/Curacao'),(99,'America/Danmarkshavn'),(100,'America/Dawson'),(101,'America/Dawson_Creek'),(102,'America/Denver'),(103,'America/Detroit'),(104,'America/Dominica'),(105,'America/Edmonton'),(106,'America/Eirunepe'),(107,'America/El_Salvador'),(108,'America/Ensenada'),(109,'America/Fort_Wayne'),(110,'America/Fortaleza'),(111,'America/Glace_Bay'),(112,'America/Godthab'),(113,'America/Goose_Bay'),(114,'America/Grand_Turk'),(115,'America/Grenada'),(116,'America/Guadeloupe'),(117,'America/Guatemala'),(118,'America/Guayaquil'),(119,'America/Guyana'),(120,'America/Halifax'),(121,'America/Havana'),(122,'America/Hermosillo'),(123,'America/Indiana/Indianapolis'),(124,'America/Indiana/Knox'),(125,'America/Indiana/Marengo'),(126,'America/Indiana/Petersburg'),(127,'America/Indiana/Tell_City'),(128,'America/Indiana/Vevay'),(129,'America/Indiana/Vincennes'),(130,'America/Indiana/Winamac'),(131,'America/Indianapolis'),(132,'America/Inuvik'),(133,'America/Iqaluit'),(134,'America/Jamaica'),(135,'America/Jujuy'),(136,'America/Juneau'),(137,'America/Kentucky/Louisville'),(138,'America/Kentucky/Monticello'),(139,'America/Knox_IN'),(140,'America/La_Paz'),(141,'America/Lima'),(142,'America/Los_Angeles'),(143,'America/Louisville'),(144,'America/Maceio'),(145,'America/Managua'),(146,'America/Manaus'),(147,'America/Marigot'),(148,'America/Martinique'),(149,'America/Mazatlan'),(150,'America/Mendoza'),(151,'America/Menominee'),(152,'America/Merida'),(153,'America/Mexico_City'),(154,'America/Miquelon'),(155,'America/Moncton'),(156,'America/Monterrey'),(157,'America/Montevideo'),(158,'America/Montreal'),(159,'America/Montserrat'),(160,'America/Nassau'),(161,'America/New_York'),(162,'America/Nipigon'),(163,'America/Nome'),(164,'America/Noronha'),(165,'America/North_Dakota/Center'),(166,'America/North_Dakota/New_Salem'),(167,'America/Panama'),(168,'America/Pangnirtung'),(169,'America/Paramaribo'),(170,'America/Phoenix'),(171,'America/Port-au-Prince'),(172,'America/Port_of_Spain'),(173,'America/Porto_Acre'),(174,'America/Porto_Velho'),(175,'America/Puerto_Rico'),(176,'America/Rainy_River'),(177,'America/Rankin_Inlet'),(178,'America/Recife'),(179,'America/Regina'),(180,'America/Resolute'),(181,'America/Rio_Branco'),(182,'America/Rosario'),(183,'America/Santarem'),(184,'America/Santiago'),(185,'America/Santo_Domingo'),(186,'America/Sao_Paulo'),(187,'America/Scoresbysund'),(188,'America/Shiprock'),(189,'America/St_Barthelemy'),(190,'America/St_Johns'),(191,'America/St_Kitts'),(192,'America/St_Lucia'),(193,'America/St_Thomas'),(194,'America/St_Vincent'),(195,'America/Swift_Current'),(196,'America/Tegucigalpa'),(197,'America/Thule'),(198,'America/Thunder_Bay'),(199,'America/Tijuana'),(200,'America/Toronto'),(201,'America/Tortola'),(202,'America/Vancouver'),(203,'America/Virgin'),(204,'America/Whitehorse'),(205,'America/Winnipeg'),(206,'America/Yakutat'),(207,'America/Yellowknife'),(208,'Antarctica/Casey'),(209,'Antarctica/Davis'),(210,'Antarctica/DumontDUrville'),(211,'Antarctica/Mawson'),(212,'Antarctica/McMurdo'),(213,'Antarctica/Palmer'),(214,'Antarctica/Rothera'),(215,'Antarctica/South_Pole'),(216,'Antarctica/Syowa'),(217,'Antarctica/Vostok'),(218,'Arctic/Longyearbyen'),(219,'Asia/Aden'),(220,'Asia/Almaty'),(221,'Asia/Amman'),(222,'Asia/Anadyr'),(223,'Asia/Aqtau'),(224,'Asia/Aqtobe'),(225,'Asia/Ashgabat'),(226,'Asia/Ashkhabad'),(227,'Asia/Baghdad'),(228,'Asia/Bahrain'),(229,'Asia/Baku'),(230,'Asia/Bangkok'),(231,'Asia/Beirut'),(232,'Asia/Bishkek'),(233,'Asia/Brunei'),(234,'Asia/Calcutta'),(235,'Asia/Choibalsan'),(236,'Asia/Chongqing'),(237,'Asia/Chungking'),(238,'Asia/Colombo'),(239,'Asia/Dacca'),(240,'Asia/Damascus'),(241,'Asia/Dhaka'),(242,'Asia/Dili'),(243,'Asia/Dubai'),(244,'Asia/Dushanbe'),(245,'Asia/Gaza'),(246,'Asia/Harbin'),(247,'Asia/Ho_Chi_Minh'),(248,'Asia/Hong_Kong'),(249,'Asia/Hovd'),(250,'Asia/Irkutsk'),(251,'Asia/Istanbul'),(252,'Asia/Jakarta'),(253,'Asia/Jayapura'),(254,'Asia/Jerusalem'),(255,'Asia/Kabul'),(256,'Asia/Kamchatka'),(257,'Asia/Karachi'),(258,'Asia/Kashgar'),(259,'Asia/Kathmandu'),(260,'Asia/Katmandu'),(261,'Asia/Kolkata'),(262,'Asia/Krasnoyarsk'),(263,'Asia/Kuala_Lumpur'),(264,'Asia/Kuching'),(265,'Asia/Kuwait'),(266,'Asia/Macao'),(267,'Asia/Macau'),(268,'Asia/Magadan'),(269,'Asia/Makassar'),(270,'Asia/Manila'),(271,'Asia/Muscat'),(272,'Asia/Nicosia'),(273,'Asia/Novosibirsk'),(274,'Asia/Omsk'),(275,'Asia/Oral'),(276,'Asia/Phnom_Penh'),(277,'Asia/Pontianak'),(278,'Asia/Pyongyang'),(279,'Asia/Qatar'),(280,'Asia/Qyzylorda'),(281,'Asia/Rangoon'),(282,'Asia/Riyadh'),(283,'Asia/Saigon'),(284,'Asia/Sakhalin'),(285,'Asia/Samarkand'),(286,'Asia/Seoul'),(287,'Asia/Shanghai'),(288,'Asia/Singapore'),(289,'Asia/Taipei'),(290,'Asia/Tashkent'),(291,'Asia/Tbilisi'),(292,'Asia/Tehran'),(293,'Asia/Tel_Aviv'),(294,'Asia/Thimbu'),(295,'Asia/Thimphu'),(296,'Asia/Tokyo'),(297,'Asia/Ujung_Pandang'),(298,'Asia/Ulaanbaatar'),(299,'Asia/Ulan_Bator'),(300,'Asia/Urumqi'),(301,'Asia/Vientiane'),(302,'Asia/Vladivostok'),(303,'Asia/Yakutsk'),(304,'Asia/Yekaterinburg'),(305,'Asia/Yerevan'),(306,'Atlantic/Azores'),(307,'Atlantic/Bermuda'),(308,'Atlantic/Canary'),(309,'Atlantic/Cape_Verde'),(310,'Atlantic/Faeroe'),(311,'Atlantic/Faroe'),(312,'Atlantic/Jan_Mayen'),(313,'Atlantic/Madeira'),(314,'Atlantic/Reykjavik'),(315,'Atlantic/South_Georgia'),(316,'Atlantic/St_Helena'),(317,'Atlantic/Stanley'),(318,'Australia/ACT'),(319,'Australia/Adelaide'),(320,'Australia/Brisbane'),(321,'Australia/Broken_Hill'),(322,'Australia/Canberra'),(323,'Australia/Currie'),(324,'Australia/Darwin'),(325,'Australia/Eucla'),(326,'Australia/Hobart'),(327,'Australia/LHI'),(328,'Australia/Lindeman'),(329,'Australia/Lord_Howe'),(330,'Australia/Melbourne'),(331,'Australia/North'),(332,'Australia/NSW'),(333,'Australia/Perth'),(334,'Australia/Queensland'),(335,'Australia/South'),(336,'Australia/Sydney'),(337,'Australia/Tasmania'),(338,'Australia/Victoria'),(339,'Australia/West'),(340,'Australia/Yancowinna'),(341,'Europe/Amsterdam'),(342,'Europe/Andorra'),(343,'Europe/Athens'),(344,'Europe/Belfast'),(345,'Europe/Belgrade'),(346,'Europe/Berlin'),(347,'Europe/Bratislava'),(348,'Europe/Brussels'),(349,'Europe/Bucharest'),(350,'Europe/Budapest'),(351,'Europe/Chisinau'),(352,'Europe/Copenhagen'),(353,'Europe/Dublin'),(354,'Europe/Gibraltar'),(355,'Europe/Guernsey'),(356,'Europe/Helsinki'),(357,'Europe/Isle_of_Man'),(358,'Europe/Istanbul'),(359,'Europe/Jersey'),(360,'Europe/Kaliningrad'),(361,'Europe/Kiev'),(362,'Europe/Lisbon'),(363,'Europe/Ljubljana'),(364,'Europe/London'),(365,'Europe/Luxembourg'),(366,'Europe/Madrid'),(367,'Europe/Malta'),(368,'Europe/Mariehamn'),(369,'Europe/Minsk'),(370,'Europe/Monaco'),(371,'Europe/Moscow'),(372,'Europe/Nicosia'),(373,'Europe/Oslo'),(374,'Europe/Paris'),(375,'Europe/Podgorica'),(376,'Europe/Prague'),(377,'Europe/Riga'),(378,'Europe/Rome'),(379,'Europe/Samara'),(380,'Europe/San_Marino'),(381,'Europe/Sarajevo'),(382,'Europe/Simferopol'),(383,'Europe/Skopje'),(384,'Europe/Sofia'),(385,'Europe/Stockholm'),(386,'Europe/Tallinn'),(387,'Europe/Tirane'),(388,'Europe/Tiraspol'),(389,'Europe/Uzhgorod'),(390,'Europe/Vaduz'),(391,'Europe/Vatican'),(392,'Europe/Vienna'),(393,'Europe/Vilnius'),(394,'Europe/Volgograd'),(395,'Europe/Warsaw'),(396,'Europe/Zagreb'),(397,'Europe/Zaporozhye'),(398,'Europe/Zurich'),(399,'Indian/Antananarivo'),(400,'Indian/Chagos'),(401,'Indian/Christmas'),(402,'Indian/Cocos'),(403,'Indian/Comoro'),(404,'Indian/Kerguelen'),(405,'Indian/Mahe'),(406,'Indian/Maldives'),(407,'Indian/Mauritius'),(408,'Indian/Mayotte'),(409,'Indian/Reunion'),(410,'Pacific/Apia'),(411,'Pacific/Auckland'),(412,'Pacific/Chatham'),(413,'Pacific/Easter'),(414,'Pacific/Efate'),(415,'Pacific/Enderbury'),(416,'Pacific/Fakaofo'),(417,'Pacific/Fiji'),(418,'Pacific/Funafuti'),(419,'Pacific/Galapagos'),(420,'Pacific/Gambier'),(421,'Pacific/Guadalcanal'),(422,'Pacific/Guam'),(423,'Pacific/Honolulu'),(424,'Pacific/Johnston'),(425,'Pacific/Kiritimati'),(426,'Pacific/Kosrae'),(427,'Pacific/Kwajalein'),(428,'Pacific/Majuro'),(429,'Pacific/Marquesas'),(430,'Pacific/Midway'),(431,'Pacific/Nauru'),(432,'Pacific/Niue'),(433,'Pacific/Norfolk'),(434,'Pacific/Noumea'),(435,'Pacific/Pago_Pago'),(436,'Pacific/Palau'),(437,'Pacific/Pitcairn'),(438,'Pacific/Ponape'),(439,'Pacific/Port_Moresby'),(440,'Pacific/Rarotonga'),(441,'Pacific/Saipan'),(442,'Pacific/Samoa'),(443,'Pacific/Tahiti'),(444,'Pacific/Tarawa'),(445,'Pacific/Tongatapu'),(446,'Pacific/Truk'),(447,'Pacific/Wake'),(448,'Pacific/Wallis'),(449,'Pacific/Yap'),(450,'Brazil/Acre'),(451,'Brazil/DeNoronha'),(452,'Brazil/East'),(453,'Brazil/West'),(454,'Canada/Atlantic'),(455,'Canada/Central'),(456,'Canada/East-Saskatchewan'),(457,'Canada/Eastern'),(458,'Canada/Mountain'),(459,'Canada/Newfoundland'),(460,'Canada/Pacific'),(461,'Canada/Saskatchewan'),(462,'Canada/Yukon'),(463,'CET'),(464,'Chile/Continental'),(465,'Chile/EasterIsland'),(466,'CST6CDT'),(467,'Cuba'),(468,'EET'),(469,'Egypt'),(470,'Eire'),(471,'EST'),(472,'EST5EDT'),(473,'Etc/GMT'),(474,'Etc/GMT+0'),(475,'Etc/GMT+1'),(476,'Etc/GMT+10'),(477,'Etc/GMT+11'),(478,'Etc/GMT+12'),(479,'Etc/GMT+2'),(480,'Etc/GMT+3'),(481,'Etc/GMT+4'),(482,'Etc/GMT+5'),(483,'Etc/GMT+6'),(484,'Etc/GMT+7'),(485,'Etc/GMT+8'),(486,'Etc/GMT+9'),(487,'Etc/GMT-0'),(488,'Etc/GMT-1'),(489,'Etc/GMT-10'),(490,'Etc/GMT-11'),(491,'Etc/GMT-12'),(492,'Etc/GMT-13'),(493,'Etc/GMT-14'),(494,'Etc/GMT-2'),(495,'Etc/GMT-3'),(496,'Etc/GMT-4'),(497,'Etc/GMT-5'),(498,'Etc/GMT-6'),(499,'Etc/GMT-7'),(500,'Etc/GMT-8'),(501,'Etc/GMT-9'),(502,'Etc/GMT0'),(503,'Etc/Greenwich'),(504,'Etc/UCT'),(505,'Etc/Universal'),(506,'Etc/UTC'),(507,'Etc/Zulu'),(508,'Factory'),(509,'GB'),(510,'GB-Eire'),(511,'GMT'),(512,'GMT+0'),(513,'GMT-0'),(514,'GMT0'),(515,'Greenwich'),(516,'Hongkong'),(517,'HST'),(518,'Iceland'),(519,'Iran'),(520,'Israel'),(521,'Jamaica'),(522,'Japan'),(523,'Kwajalein'),(524,'Libya'),(525,'MET'),(526,'Mexico/BajaNorte'),(527,'Mexico/BajaSur'),(528,'Mexico/General'),(529,'MST'),(530,'MST7MDT'),(531,'Navajo'),(532,'NZ'),(533,'NZ-CHAT'),(534,'Poland'),(535,'Portugal'),(536,'PRC'),(537,'PST8PDT'),(538,'ROC'),(539,'ROK'),(540,'Singapore'),(541,'Turkey'),(542,'UCT'),(543,'Universal'),(544,'US/Alaska'),(545,'US/Aleutian'),(546,'US/Arizona'),(547,'US/Central'),(548,'US/East-Indiana'),(549,'US/Eastern'),(550,'US/Hawaii'),(551,'US/Indiana-Starke'),(552,'US/Michigan'),(553,'US/Mountain'),(554,'US/Pacific'),(555,'US/Pacific-New'),(556,'US/Samoa'),(557,'UTC'),(558,'W-SU'),(559,'WET'),(560,'Zulu');

--
-- Table structure for table `akoe_translation`
--

CREATE TABLE `akoe_translation` (
  `id_translation` int(11) NOT NULL AUTO_INCREMENT,
  `id_lang` int(11) NOT NULL,
  `key` text COLLATE utf8_unicode_ci NOT NULL,
  `translation` text COLLATE utf8_unicode_ci NOT NULL,
  `domain` varchar(80) COLLATE utf8_unicode_ci NOT NULL,
  `theme` varchar(32) COLLATE utf8_unicode_ci DEFAULT NULL,
  PRIMARY KEY (`id_translation`),
  KEY `IDX_BFCCD732BA299860` (`id_lang`),
  KEY `key` (`domain`)
) ENGINE=InnoDB DEFAULT CHARSET=utf8 COLLATE=utf8_unicode_ci;

--
-- Dumping data for table `akoe_translation`
--


--
-- Table structure for table `akoe_warehouse`
--

CREATE TABLE `akoe_warehouse` (
  `id_warehouse` int(11) unsigned NOT NULL AUTO_INCREMENT,
  `id_currency` int(11) unsigned NOT NULL,
  `id_address` int(11) unsigned NOT NULL,
  `id_employee` int(11) unsigned NOT NULL,
  `reference` varchar(32) DEFAULT NULL,
  `name` varchar(45) NOT NULL,
  `management_type` enum('WA','FIFO','LIFO') NOT NULL DEFAULT 'WA',
  `deleted` tinyint(1) unsigned NOT NULL DEFAULT 0,
  PRIMARY KEY (`id_warehouse`)
) ENGINE=InnoDB DEFAULT CHARSET=utf8;

--
-- Dumping data for table `akoe_warehouse`
--


--
-- Table structure for table `akoe_warehouse_carrier`
--

CREATE TABLE `akoe_warehouse_carrier` (
  `id_carrier` int(11) unsigned NOT NULL,
  `id_warehouse` int(11) unsigned NOT NULL,
  PRIMARY KEY (`id_warehouse`,`id_carrier`),
  KEY `id_warehouse` (`id_warehouse`),
  KEY `id_carrier` (`id_carrier`)
) ENGINE=InnoDB DEFAULT CHARSET=utf8;

--
-- Dumping data for table `akoe_warehouse_carrier`
--


--
-- Table structure for table `akoe_warehouse_product_location`
--

CREATE TABLE `akoe_warehouse_product_location` (
  `id_warehouse_product_location` int(11) unsigned NOT NULL AUTO_INCREMENT,
  `id_product` int(11) unsigned NOT NULL,
  `id_product_attribute` int(11) unsigned NOT NULL,
  `id_warehouse` int(11) unsigned NOT NULL,
  `location` varchar(64) DEFAULT NULL,
  PRIMARY KEY (`id_warehouse_product_location`),
  UNIQUE KEY `id_product` (`id_product`,`id_product_attribute`,`id_warehouse`)
) ENGINE=InnoDB DEFAULT CHARSET=utf8;

--
-- Dumping data for table `akoe_warehouse_product_location`
--


--
-- Table structure for table `akoe_warehouse_shop`
--

CREATE TABLE `akoe_warehouse_shop` (
  `id_shop` int(11) unsigned NOT NULL,
  `id_warehouse` int(11) unsigned NOT NULL,
  PRIMARY KEY (`id_warehouse`,`id_shop`),
  KEY `id_warehouse` (`id_warehouse`),
  KEY `id_shop` (`id_shop`)
) ENGINE=InnoDB DEFAULT CHARSET=utf8;

--
-- Dumping data for table `akoe_warehouse_shop`
--


--
-- Table structure for table `akoe_web_browser`
--

CREATE TABLE `akoe_web_browser` (
  `id_web_browser` int(10) unsigned NOT NULL AUTO_INCREMENT,
  `name` varchar(64) DEFAULT NULL,
  PRIMARY KEY (`id_web_browser`)
) ENGINE=InnoDB AUTO_INCREMENT=12 DEFAULT CHARSET=utf8;

--
-- Dumping data for table `akoe_web_browser`
--

INSERT INTO `akoe_web_browser` VALUES (1,'Safari'),(2,'Safari iPad'),(3,'Firefox'),(4,'Opera'),(5,'IE 6'),(6,'IE 7'),(7,'IE 8'),(8,'IE 9'),(9,'IE 10'),(10,'IE 11'),(11,'Chrome');

--
-- Table structure for table `akoe_webservice_account`
--

CREATE TABLE `akoe_webservice_account` (
  `id_webservice_account` int(11) NOT NULL AUTO_INCREMENT,
  `key` varchar(32) NOT NULL,
  `description` text DEFAULT NULL,
  `class_name` varchar(50) NOT NULL DEFAULT 'WebserviceRequest',
  `is_module` tinyint(2) NOT NULL DEFAULT 0,
  `module_name` varchar(50) DEFAULT NULL,
  `active` tinyint(2) NOT NULL,
  PRIMARY KEY (`id_webservice_account`),
  KEY `key` (`key`)
) ENGINE=InnoDB DEFAULT CHARSET=utf8;

--
-- Dumping data for table `akoe_webservice_account`
--


--
-- Table structure for table `akoe_webservice_account_shop`
--

CREATE TABLE `akoe_webservice_account_shop` (
  `id_webservice_account` int(11) unsigned NOT NULL,
  `id_shop` int(11) unsigned NOT NULL,
  PRIMARY KEY (`id_webservice_account`,`id_shop`),
  KEY `id_shop` (`id_shop`)
) ENGINE=InnoDB DEFAULT CHARSET=utf8;

--
-- Dumping data for table `akoe_webservice_account_shop`
--


--
-- Table structure for table `akoe_webservice_permission`
--

CREATE TABLE `akoe_webservice_permission` (
  `id_webservice_permission` int(11) NOT NULL AUTO_INCREMENT,
  `resource` varchar(50) NOT NULL,
  `method` enum('GET','POST','PUT','DELETE','HEAD') NOT NULL,
  `id_webservice_account` int(11) NOT NULL,
  PRIMARY KEY (`id_webservice_permission`),
  UNIQUE KEY `resource_2` (`resource`,`method`,`id_webservice_account`),
  KEY `resource` (`resource`),
  KEY `method` (`method`),
  KEY `id_webservice_account` (`id_webservice_account`)
) ENGINE=InnoDB DEFAULT CHARSET=utf8;

--
-- Dumping data for table `akoe_webservice_permission`
--


--
-- Table structure for table `akoe_zone`
--

CREATE TABLE `akoe_zone` (
  `id_zone` int(10) unsigned NOT NULL AUTO_INCREMENT,
  `name` varchar(64) NOT NULL,
  `active` tinyint(1) unsigned NOT NULL DEFAULT 0,
  PRIMARY KEY (`id_zone`)
) ENGINE=InnoDB AUTO_INCREMENT=9 DEFAULT CHARSET=utf8;

--
-- Dumping data for table `akoe_zone`
--

INSERT INTO `akoe_zone` VALUES (1,'Europe',1),(2,'North America',1),(3,'Asia',1),(4,'Africa',1),(5,'Oceania',1),(6,'South America',1),(7,'Europe (non-EU)',1),(8,'Central America/Antilla',1);

--
-- Table structure for table `akoe_zone_shop`
--

CREATE TABLE `akoe_zone_shop` (
  `id_zone` int(11) unsigned NOT NULL,
  `id_shop` int(11) unsigned NOT NULL,
  PRIMARY KEY (`id_zone`,`id_shop`),
  KEY `id_shop` (`id_shop`)
) ENGINE=InnoDB DEFAULT CHARSET=utf8;

--
-- Dumping data for table `akoe_zone_shop`
--

INSERT INTO `akoe_zone_shop` VALUES (1,1),(2,1),(3,1),(4,1),(5,1),(6,1),(7,1),(8,1);


