(779746,3,11,0,0,0,0,0,0,0,0,0,0,0,'',0),(779747,3,11,0,0,0,0,0,0,0,0,0,0,0,'',0),(779748,3,11,0,0,0,0,0,0,0,0,0,0,0,'',0),(779749,3,11,0,0,0,0,0,0,0,0,0,0,0,'',0),(779750,3,11,0,0,0,0,0,0,0,0,0,0,0,'',0),(779751,3,11,0,0,0,0,0,0,0,0,0,0,0,'',0),(779752,3,11,0,0,0,0,0,0,0,0,0,0,0,'',0),(779753,3,11,0,0,0,0,0,0,0,0,0,0,0,'',0),(779754,3,11,0,0,0,0,0,0,0,0,0,0,0,'',0),(779755,0,0,0,0,0,0,0,0,0,0,0,0,0,'',0),(779756,0,0,0,0,0,0,0,0,0,0,0,0,0,'',0),(779757,0,0,0,0,0,0,0,0,0,0,0,0,0,'',0),(779758,0,0,0,0,0,0,0,0,0,0,0,0,0,'',0),(779759,0,0,0,0,0,0,0,0,0,0,0,0,0,'',0),(779760,0,0,0,0,0,0,0,0,0,0,0,0,0,'',0),(779761,3,11,0,0,0,0,0,0,0,0,0,0,0,'en',0),(779762,0,0,0,0,0,0,0,0,0,0,0,0,0,'en-us',0),(779763,0,0,0,0,0,0,0,0,0,0,0,0,0,'',0),(779764,0,0,0,0,0,0,0,0,0,0,0,0,0,'en-us',0),(779765,0,0,0,0,0,0,0,0,0,0,0,0,0,'',0),(779766,0,11,0,0,0,0,0,0,0,0,0,0,0,'',0),(779767,9,11,0,0,0,0,0,0,0,0,0,0,0,'',0),(779768,9,1,0,0,0,0,0,0,0,0,0,0,0,'',0),(779769,9,1,0,0,0,0,0,0,0,0,0,0,0,'',0),(779770,9,1,0,0,0,0,0,0,0,0,0,0,0,'',0),(779771,9,1,0,0,0,0,0,0,0,0,0,0,0,'',0),(779772,9,11,0,0,0,0,0,0,0,0,0,0,0,'',0),(779773,9,11,0,0,0,0,0,0,0,0,0,0,0,'',0),(779774,0,0,0,0,0,0,0,0,0,0,0,0,0,'en-us',0),(779775,0,0,0,0,0,0,0,0,0,0,0,0,0,'',0),(779776,0,0,0,0,0,0,0,0,0,0,0,0,0,'',0),(779777,6,11,0,0,0,0,0,0,0,0,0,0,0,'en',0),(779778,0,0,0,0,0,0,0,0,0,0,0,0,0,'',0),(779779,1,5,0,0,0,0,0,0,0,0,0,0,0,'',0),(779780,0,0,0,0,0,0,0,0,0,0,0,0,0,'',0),(779781,9,11,0,0,0,0,0,0,0,0,0,0,0,'',0),(779782,9,11,0,0,0,0,0,0,0,0,0,0,0,'en',0),(779783,9,11,0,0,0,0,0,0,0,0,0,0,0,'en',0),(779784,9,11,0,0,0,0,0,0,0,0,0,0,0,'en',0),(779785,9,11,0,0,0,0,0,0,0,0,0,0,0,'en',0),(779786,9,11,0,0,0,0,0,0,0,0,0,0,0,'en',0),(779787,9,11,0,0,0,0,0,0,0,0,0,0,0,'en',0),(779788,9,11,0,0,0,0,0,0,0,0,0,0,0,'en',0),(779789,9,11,0,0,0,0,0,0,0,0,0,0,0,'en',0),(779790,9,11,0,0,0,0,0,0,0,0,0,0,0,'en',0),(779791,9,11,0,0,0,0,0,0,0,0,0,0,0,'en',0),(779792,9,11,0,0,0,0,0,0,0,0,0,0,0,'en',0),(779793,9,11,0,0,0,0,0,0,0,0,0,0,0,'en',0),(779794,9,11,0,0,0,0,0,0,0,0,0,0,0,'en',0),(779795,9,11,0,0,0,0,0,0,0,0,0,0,0,'en',0),(779796,9,11,0,0,0,0,0,0,0,0,0,0,0,'en',0),(779797,9,11,0,0,0,0,0,0,0,0,0,0,0,'en',0),(779798,0,0,0,0,0,0,0,0,0,0,0,0,0,'nl',0),(779799,7,3,0,0,0,0,0,0,0,0,0,0,0,'',0),(779800,7,3,0,0,0,0,0,0,0,0,0,0,0,'',0),(779801,0,0,0,0,0,0,0,0,0,0,0,0,0,'',0),(779802,8,3,0,0,0,0,0,0,0,0,0,0,0,'zh',0),(779803,1,5,0,0,0,0,0,0,0,0,0,0,0,'en',0),(779804,0,0,0,0,0,0,0,0,0,0,0,0,0,'',0),(779805,0,0,0,0,0,0,0,0,0,0,0,0,0,'',0),(779806,0,0,0,0,0,0,0,0,0,0,0,0,0,'',0),(779807,0,11,0,0,0,0,0,0,0,0,0,0,0,'',0),(779808,0,0,0,0,0,0,0,0,0,0,0,0,0,'',0),(779809,0,0,0,0,0,0,0,0,0,0,0,0,0,'',0),(779810,0,0,0,0,0,0,0,0,0,0,0,0,0,'',0),(779811,8,11,0,0,0,0,0,0,0,0,0,0,0,'',0),(779812,8,11,0,0,0,0,0,0,0,0,0,0,0,'',0),(779813,8,11,0,0,0,0,0,0,0,0,0,0,0,'',0),(779814,8,11,0,0,0,0,0,0,0,0,0,0,0,'',0),(779815,8,11,0,0,0,0,0,0,0,0,0,0,0,'',0),(779816,8,11,0,0,0,0,0,0,0,0,0,0,0,'',0),(779817,8,11,0,0,0,0,0,0,0,0,0,0,0,'',0),(779818,0,0,0,0,0,0,0,0,0,0,0,0,0,'',0),(779819,0,0,0,0,0,0,0,0,0,0,0,0,0,'',0),(779820,0,0,0,0,0,0,0,0,0,0,0,0,0,'',0),(779821,8,11,0,0,0,0,0,0,0,0,0,0,0,'',0),(779822,8,11,0,0,0,0,0,0,0,0,0,0,0,'',0),(779823,8,11,0,0,0,0,0,0,0,0,0,0,0,'',0),(779824,8,11,0,0,0,0,0,0,0,0,0,0,0,'',0),(779825,0,0,0,0,0,0,0,0,0,0,0,0,0,'',0),(779826,0,0,0,0,0,0,0,0,0,0,0,0,0,'',0),(779827,0,0,0,0,0,0,0,0,0,0,0,0,0,'',0),(779828,0,0,0,0,0,0,0,0,0,0,0,0,0,'',0),(779829,0,0,0,0,0,0,0,0,0,0,0,0,0,'',0),(779830,0,0,0,0,0,0,0,0,0,0,0,0,0,'',0),(779831,0,0,0,0,0,0,0,0,0,0,0,0,0,'',0),(779832,0,0,0,0,0,0,0,0,0,0,0,0,0,'',0),(779833,0,0,0,0,0,0,0,0,0,0,0,0,0,'',0),(779834,0,0,0,0,0,0,0,0,0,0,0,0,0,'',0),(779835,9,11,0,0,0,0,0,0,0,0,0,0,0,'',0),(779836,7,3,0,0,0,0,0,0,0,0,0,0,0,'',0),(779837,3,11,0,0,0,0,0,0,0,0,0,0,0,'',0),(779838,3,11,0,0,0,0,0,0,0,0,0,0,0,'',0),(779839,9,11,0,0,0,0,0,0,0,0,0,0,0,'',0),(779840,9,11,0,0,0,0,0,0,0,0,0,0,0,'',0),(779841,9,11,0,0,0,0,0,0,0,0,0,0,0,'',0),(779842,3,3,0,0,0,0,0,0,0,0,0,0,0,'en-us',0),(779843,9,11,0,0,0,0,0,0,0,0,0,0,0,'',0),(779844,0,0,0,0,0,0,0,0,0,0,0,0,0,'',0),(779845,6,11,0,0,0,0,0,0,0,0,0,0,0,'en',0),(779846,9,11,0,0,0,0,0,0,0,0,0,0,0,'en',0),(779847,0,0,0,0,0,0,0,0,0,0,0,0,0,'',0),(779848,6,11,0,0,0,0,0,0,0,0,0,0,0,'en',0),(779849,0,0,0,0,0,0,0,0,0,0,0,0,0,'',0),(779850,0,0,0,0,0,0,0,0,0,0,0,0,0,'',0),(779851,0,0,0,0,0,0,0,0,0,0,0,0,0,'',0),(779852,1,5,0,0,0,0,0,0,0,0,0,0,0,'',0),(779853,9,11,0,0,0,0,0,0,0,0,0,0,0,'',0),(779854,9,11,0,0,0,0,0,0,0,0,0,0,0,'',0),(779855,0,0,0,0,0,0,0,0,0,0,0,0,0,'',0),(779856,0,0,0,0,0,0,0,0,0,0,0,0,0,'',0),(779857,0,0,0,0,0,0,0,0,0,0,0,0,0,'',0),(779858,0,0,0,0,0,0,0,0,0,0,0,0,0,'',0),(779859,8,11,0,0,0,0,0,0,0,0,0,0,0,'en',0),(779860,0,0,0,0,0,0,0,0,0,0,0,0,0,'',0),(779861,0,0,0,0,0,0,0,0,0,0,0,0,0,'',0),(779862,0,0,0,0,0,0,0,0,0,0,0,0,0,'',0),(779863,0,0,0,0,0,0,0,0,0,0,0,0,0,'',0),(779864,0,0,0,0,0,0,0,0,0,0,0,0,0,'',0),(779865,0,0,0,0,0,0,0,0,0,0,0,0,0,'',0),(779866,0,0,0,0,0,0,0,0,0,0,0,0,0,'',0),(779867,0,0,0,0,0,0,0,0,0,0,0,0,0,'',0),(779868,0,0,0,0,0,0,0,0,0,0,0,0,0,'',0),(779869,0,0,0,0,0,0,0,0,0,0,0,0,0,'',0),(779870,0,0,0,0,0,0,0,0,0,0,0,0,0,'',0),(779871,0,0,0,0,0,0,0,0,0,0,0,0,0,'',0),(779872,0,0,0,0,0,0,0,0,0,0,0,0,0,'',0),(779873,0,0,0,0,0,0,0,0,0,0,0,0,0,'',0),(779874,0,0,0,0,0,0,0,0,0,0,0,0,0,'',0),(779875,0,0,0,0,0,0,0,0,0,0,0,0,0,'',0),(779876,0,0,0,0,0,0,0,0,0,0,0,0,0,'',0),(779877,0,0,0,0,0,0,0,0,0,0,0,0,0,'',0),(779878,0,0,0,0,0,0,0,0,0,0,0,0,0,'',0),(779879,0,0,0,0,0,0,0,0,0,0,0,0,0,'',0),(779880,0,0,0,0,0,0,0,0,0,0,0,0,0,'',0),(779881,0,0,0,0,0,0,0,0,0,0,0,0,0,'',0),(779882,0,0,0,0,0,0,0,0,0,0,0,0,0,'',0),(779883,0,0,0,0,0,0,0,0,0,0,0,0,0,'',0),(779884,0,0,0,0,0,0,0,0,0,0,0,0,0,'',0),(779885,0,0,0,0,0,0,0,0,0,0,0,0,0,'',0),(779886,0,0,0,0,0,0,0,0,0,0,0,0,0,'',0),(779887,0,0,0,0,0,0,0,0,0,0,0,0,0,'',0),(779888,0,0,0,0,0,0,0,0,0,0,0,0,0,'',0),(779889,0,0,0,0,0,0,0,0,0,0,0,0,0,'',0),(779890,0,0,0,0,0,0,0,0,0,0,0,0,0,'',0),(779891,0,0,0,0,0,0,0,0,0,0,0,0,0,'',0),(779892,0,0,0,0,0,0,0,0,0,0,0,0,0,'',0),(779893,0,0,0,0,0,0,0,0,0,0,0,0,0,'',0),(779894,0,0,0,0,0,0,0,0,0,0,0,0,0,'',0),(779895,9,11,0,0,0,0,0,0,0,0,0,0,0,'',0),(779896,0,0,0,0,0,0,0,0,0,0,0,0,0,'',0),(779897,0,0,0,0,0,0,0,0,0,0,0,0,0,'',0),(779898,0,0,0,0,0,0,0,0,0,0,0,0,0,'',0),(779899,0,0,0,0,0,0,0,0,0,0,0,0,0,'',0),(779900,0,0,0,0,0,0,0,0,0,0,0,0,0,'',0),(779901,0,0,0,0,0,0,0,0,0,0,0,0,0,'',0),(779902,0,0,0,0,0,0,0,0,0,0,0,0,0,'',0),(779903,0,0,0,0,0,0,0,0,0,0,0,0,0,'',0),(779904,0,0,0,0,0,0,0,0,0,0,0,0,0,'',0),(779905,0,0,0,0,0,0,0,0,0,0,0,0,0,'',0),(779906,0,0,0,0,0,0,0,0,0,0,0,0,0,'',0),(779907,0,0,0,0,0,0,0,0,0,0,0,0,0,'',0),(779908,0,0,0,0,0,0,0,0,0,0,0,0,0,'',0),(779909,0,0,0,0,0,0,0,0,0,0,0,0,0,'',0),(779910,0,0,0,0,0,0,0,0,0,0,0,0,0,'',0),(779911,0,0,0,0,0,0,0,0,0,0,0,0,0,'',0),(779912,0,0,0,0,0,0,0,0,0,0,0,0,0,'',0),(779913,0,0,0,0,0,0,0,0,0,0,0,0,0,'',0),(779914,0,0,0,0,0,0,0,0,0,0,0,0,0,'',0),(779915,0,0,0,0,0,0,0,0,0,0,0,0,0,'',0),(779916,0,0,0,0,0,0,0,0,0,0,0,0,0,'',0),(779917,0,0,0,0,0,0,0,0,0,0,0,0,0,'',0),(779918,0,0,0,0,0,0,0,0,0,0,0,0,0,'',0),(779919,0,0,0,0,0,0,0,0,0,0,0,0,0,'ru',0),(779920,0,0,0,0,0,0,0,0,0,0,0,0,0,'',0),(779921,0,0,0,0,0,0,0,0,0,0,0,0,0,'',0),(779922,6,11,0,0,0,0,0,0,0,0,0,0,0,'',0),(779923,0,0,0,0,0,0,0,0,0,0,0,0,0,'',0),(779924,0,11,0,0,0,0,0,0,0,0,0,0,0,'',0),(779925,9,11,0,0,0,0,0,0,0,0,0,0,0,'',0),(779926,3,3,0,0,0,0,0,0,0,0,0,0,0,'en-us',0),(779927,0,0,0,0,0,0,0,0,0,0,0,0,0,'',0),(779928,0,0,0,0,0,0,0,0,0,0,0,0,0,'',0),(779929,0,0,0,0,0,0,0,0,0,0,0,0,0,'',0),(779930,0,0,0,0,0,0,0,0,0,0,0,0,0,'',0),(779931,0,0,0,0,0,0,0,0,0,0,0,0,0,'',0),(779932,0,0,0,0,0,0,0,0,0,0,0,0,0,'',0),(779933,0,11,0,0,0,0,0,0,0,0,0,0,0,'',0),(779934,0,0,0,0,0,0,0,0,0,0,0,0,0,'',0),(779935,9,11,0,0,0,0,0,0,0,0,0,0,0,'',0),(779936,0,0,0,0,0,0,0,0,0,0,0,0,0,'',0),(779937,0,0,0,0,0,0,0,0,0,0,0,0,0,'',0),(779938,0,0,0,0,0,0,0,0,0,0,0,0,0,'',0),(779939,9,11,0,0,0,0,0,0,0,0,0,0,0,'',0),(779940,9,11,0,0,0,0,0,0,0,0,0,0,0,'',0),(779941,0,0,0,0,0,0,0,0,0,0,0,0,0,'',0),(779942,0,0,0,0,0,0,0,0,0,0,0,0,0,'',0),(779943,0,0,0,0,0,0,0,0,0,0,0,0,0,'',0),(779944,0,0,0,0,0,0,0,0,0,0,0,0,0,'',0),(779945,0,0,0,0,0,0,0,0,0,0,0,0,0,'',0),(779946,0,0,0,0,0,0,0,0,0,0,0,0,0,'',0),(779947,0,0,0,0,0,0,0,0,0,0,0,0,0,'',0),(779948,0,0,0,0,0,0,0,0,0,0,0,0,0,'',0),(779949,0,0,0,0,0,0,0,0,0,0,0,0,0,'',0),(779950,0,0,0,0,0,0,0,0,0,0,0,0,0,'',0),(779951,0,0,0,0,0,0,0,0,0,0,0,0,0,'',0),(779952,0,0,0,0,0,0,0,0,0,0,0,0,0,'',0),(779953,8,11,0,0,0,0,0,0,0,0,0,0,0,'',0),(779954,8,11,0,0,0,0,0,0,0,0,0,0,0,'',0),(779955,8,11,0,0,0,0,0,0,0,0,0,0,0,'',0),(779956,0,0,0,0,0,0,0,0,0,0,0,0,0,'',0),(779957,0,0,0,0,0,0,0,0,0,0,0,0,0,'',0),(779958,0,0,0,0,0,0,0,0,0,0,0,0,0,'',0),(779959,0,0,0,0,0,0,0,0,0,0,0,0,0,'',0),(779960,0,0,0,0,0,0,0,0,0,0,0,0,0,'',0),(779961,0,0,0,0,0,0,0,0,0,0,0,0,0,'',0),(779962,6,11,0,0,0,0,0,0,0,0,0,0,0,'zh',0),(779963,8,11,0,0,0,0,0,0,0,0,0,0,0,'ru',0),(779964,0,0,0,0,0,0,0,0,0,0,0,0,0,'',0),(779965,0,0,0,0,0,0,0,0,0,0,0,0,0,'',0),(779966,0,0,0,0,0,0,0,0,0,0,0,0,0,'',0),(779967,0,0,0,0,0,0,0,0,0,0,0,0,0,'',0),(779968,0,0,0,0,0,0,0,0,0,0,0,0,0,'',0),(779969,6,11,0,0,0,0,0,0,0,0,0,0,0,'en',0),(779970,6,11,0,0,0,0,0,0,0,0,0,0,0,'en',0),(779971,6,11,0,0,0,0,0,0,0,0,0,0,0,'en',0),(779972,6,11,0,0,0,0,0,0,0,0,0,0,0,'en',0),(779973,6,11,0,0,0,0,0,0,0,0,0,0,0,'en',0),(779974,6,11,0,0,0,0,0,0,0,0,0,0,0,'en',0),(779975,6,11,0,0,0,0,0,0,0,0,0,0,0,'en',0),(779976,0,0,0,0,0,0,0,0,0,0,0,0,0,'',0),(779977,9,11,0,0,0,0,0,0,0,0,0,0,0,'',0),(779978,0,0,0,0,0,0,0,0,0,0,0,0,0,'',0),(779979,9,11,0,0,0,0,0,0,0,0,0,0,0,'',0),(779980,0,0,0,0,0,0,0,0,0,0,0,0,0,'',0),(779981,0,0,0,0,0,0,0,0,0,0,0,0,0,'',0),(779982,7,1,0,0,0,0,0,0,0,0,0,0,0,'',0),(779983,0,0,0,0,0,0,0,0,0,0,0,0,0,'',0),(779984,0,0,0,0,0,0,0,0,0,0,0,0,0,'',0),(779985,0,0,0,0,0,0,0,0,0,0,0,0,0,'',0),(779986,0,0,0,0,0,0,0,0,0,0,0,0,0,'',0),(779987,0,0,0,0,0,0,0,0,0,0,0,0,0,'',0),(779988,6,1,0,0,0,0,0,0,0,0,0,0,0,'de',0),(779989,1,3,0,0,0,0,0,0,0,0,0,0,0,'',0),(779990,0,0,0,0,0,0,0,0,0,0,0,0,0,'',0),(779991,0,0,0,0,0,0,0,0,0,0,0,0,0,'',0),(779992,0,0,0,0,0,0,0,0,0,0,0,0,0,'',0),(779993,0,0,0,0,0,0,0,0,0,0,0,0,0,'',0),(779994,0,0,0,0,0,0,0,0,0,0,0,0,0,'',0),(779995,0,0,0,0,0,0,0,0,0,0,0,0,0,'',0),(779996,0,0,0,0,0,0,0,0,0,0,0,0,0,'',0),(779997,0,0,0,0,0,0,0,0,0,0,0,0,0,'',0),(779998,0,0,0,0,0,0,0,0,0,0,0,0,0,'',0),(779999,0,0,0,0,0,0,0,0,0,0,0,0,0,'',0),(780000,0,0,0,0,0,0,0,0,0,0,0,0,0,'',0),(780001,0,0,0,0,0,0,0,0,0,0,0,0,0,'',0),(780002,0,0,0,0,0,0,0,0,0,0,0,0,0,'',0),(780003,7,3,0,0,0,0,0,0,0,0,0,0,0,'',0),(780004,0,11,0,0,0,0,0,0,0,0,0,0,0,'',0),(780005,0,0,0,0,0,0,0,0,0,0,0,0,0,'',0),(780006,0,0,0,0,0,0,0,0,0,0,0,0,0,'',0),(780007,0,11,0,0,0,0,0,0,0,0,0,0,0,'',0),(780008,0,0,0,0,0,0,0,0,0,0,0,0,0,'',0),(780009,0,0,0,0,0,0,0,0,0,0,0,0,0,'',0),(780010,9,11,0,0,0,0,0,0,0,0,0,0,0,'',0),(780011,0,0,0,0,0,0,0,0,0,0,0,0,0,'',0),(780012,0,0,0,0,0,0,0,0,0,0,0,0,0,'',0),(780013,0,0,0,0,0,0,0,0,0,0,0,0,0,'',0),(780014,0,0,0,0,0,0,0,0,0,0,0,0,0,'',0),(780015,0,0,0,0,0,0,0,0,0,0,0,0,0,'',0),(780016,0,0,0,0,0,0,0,0,0,0,0,0,0,'',0),(780017,0,0,0,0,0,0,0,0,0,0,0,0,0,'',0),(780018,0,0,0,0,0,0,0,0,0,0,0,0,0,'',0),(780019,0,0,0,0,0,0,0,0,0,0,0,0,0,'',0),(780020,0,0,0,0,0,0,0,0,0,0,0,0,0,'',0),(780021,0,0,0,0,0,0,0,0,0,0,0,0,0,'',0),(780022,0,0,0,0,0,0,0,0,0,0,0,0,0,'',0),(780023,0,0,0,0,0,0,0,0,0,0,0,0,0,'',0),(780024,0,0,0,0,0,0,0,0,0,0,0,0,0,'',0),(780025,0,0,0,0,0,0,0,0,0,0,0,0,0,'',0),(780026,0,0,0,0,0,0,0,0,0,0,0,0,0,'',0),(780027,0,0,0,0,0,0,0,0,0,0,0,0,0,'',0),(780028,0,0,0,0,0,0,0,0,0,0,0,0,0,'',0),(780029,0,0,0,0,0,0,0,0,0,0,0,0,0,'',0),(780030,0,0,0,0,0,0,0,0,0,0,0,0,0,'',0),(780031,0,0,0,0,0,0,0,0,0,0,0,0,0,'',0),(780032,0,0,0,0,0,0,0,0,0,0,0,0,0,'',0),(780033,0,0,0,0,0,0,0,0,0,0,0,0,0,'',0),(780034,0,0,0,0,0,0,0,0,0,0,0,0,0,'',0),(780035,0,0,0,0,0,0,0,0,0,0,0,0,0,'',0),(780036,0,0,0,0,0,0,0,0,0,0,0,0,0,'',0),(780037,0,0,0,0,0,0,0,0,0,0,0,0,0,'',0),(780038,0,0,0,0,0,0,0,0,0,0,0,0,0,'',0),(780039,0,0,0,0,0,0,0,0,0,0,0,0,0,'',0),(780040,0,0,0,0,0,0,0,0,0,0,0,0,0,'',0),(780041,0,0,0,0,0,0,0,0,0,0,0,0,0,'',0),(780042,0,0,0,0,0,0,0,0,0,0,0,0,0,'',0),(780043,0,0,0,0,0,0,0,0,0,0,0,0,0,'',0),(780044,0,0,0,0,0,0,0,0,0,0,0,0,0,'',0),(780045,8,11,0,0,0,0,0,0,0,0,0,0,0,'',0),(780046,8,11,0,0,0,0,0,0,0,0,0,0,0,'',0),(780047,0,0,0,0,0,0,0,0,0,0,0,0,0,'',0),(780048,0,0,0,0,0,0,0,0,0,0,0,0,0,'',0),(780049,0,11,0,0,0,0,0,0,0,0,0,0,0,'',0),(780050,0,11,0,0,0,0,0,0,0,0,0,0,0,'',0),(780051,0,0,0,0,0,0,0,0,0,0,0,0,0,'',0),(780052,0,0,0,0,0,0,0,0,0,0,0,0,0,'',0),(780053,0,0,0,0,0,0,0,0,0,0,0,0,0,'',0),(780054,0,0,0,0,0,0,0,0,0,0,0,0,0,'',0),(780055,0,0,0,0,0,0,0,0,0,0,0,0,0,'',0),(780056,0,0,0,0,0,0,0,0,0,0,0,0,0,'',0),(780057,0,0,0,0,0,0,0,0,0,0,0,0,0,'',0),(780058,7,1,0,0,0,0,0,0,0,0,0,0,0,'en',0),(780059,7,1,0,0,0,0,0,0,0,0,0,0,0,'en',0),(780060,7,1,0,0,0,0,0,0,0,0,0,0,0,'en',0),(780061,9,11,0,0,0,0,0,0,0,0,0,0,0,'en',0),(780062,0,0,0,0,0,0,0,0,0,0,0,0,0,'',0),(780063,0,0,0,0,0,0,0,0,0,0,0,0,0,'',0),(780064,9,11,0,0,0,0,0,0,0,0,0,0,0,'en',0),(780065,9,11,0,0,0,0,0,0,0,0,0,0,0,'en',0),(780066,0,0,0,0,0,0,0,0,0,0,0,0,0,'',0),(780067,8,11,0,0,0,0,0,0,0,0,0,0,0,'',0),(780068,8,11,0,0,0,0,0,0,0,0,0,0,0,'',0),(780069,8,11,0,0,0,0,0,0,0,0,0,0,0,'',0),(780070,8,11,0,0,0,0,0,0,0,0,0,0,0,'',0),(780071,8,11,0,0,0,0,0,0,0,0,0,0,0,'',0),(780072,8,11,0,0,0,0,0,0,0,0,0,0,0,'',0),(780073,8,11,0,0,0,0,0,0,0,0,0,0,0,'',0),(780074,8,11,0,0,0,0,0,0,0,0,0,0,0,'',0),(780075,8,11,0,0,0,0,0,0,0,0,0,0,0,'',0),(780076,8,11,0,0,0,0,0,0,0,0,0,0,0,'',0),(780077,8,11,0,0,0,0,0,0,0,0,0,0,0,'',0),(780078,0,0,0,0,0,0,0,0,0,0,0,0,0,'',0),(780079,6,11,0,0,0,0,0,0,0,0,0,0,0,'',0),(780080,0,0,0,0,0,0,0,0,0,0,0,0,0,'',0),(780081,0,0,0,0,0,0,0,0,0,0,0,0,0,'',0),(780082,0,0,0,0,0,0,0,0,0,0,0,0,0,'',0),(780083,6,11,0,0,0,0,0,0,0,0,0,0,0,'zh',0),(780084,6,3,0,0,0,0,0,0,0,0,0,0,0,'',0),(780085,0,0,0,0,0,0,0,0,0,0,0,0,0,'',0),(780086,0,0,0,0,0,0,0,0,0,0,0,0,0,'',0),(780087,0,0,0,0,0,0,0,0,0,0,0,0,0,'',0),(780088,0,0,0,0,0,0,0,0,0,0,0,0,0,'',0),(780089,8,11,0,0,0,0,0,0,0,0,0,0,0,'',0),(780090,8,11,0,0,0,0,0,0,0,0,0,0,0,'',0),(780091,8,11,0,0,0,0,0,0,0,0,0,0,0,'',0),(780092,8,11,0,0,0,0,0,0,0,0,0,0,0,'',0),(780093,8,11,0,0,0,0,0,0,0,0,0,0,0,'',0),(780094,8,11,0,0,0,0,0,0,0,0,0,0,0,'',0),(780095,8,11,0,0,0,0,0,0,0,0,0,0,0,'',0),(780096,0,0,0,0,0,0,0,0,0,0,0,0,0,'',0),(780097,0,0,0,0,0,0,0,0,0,0,0,0,0,'',0),(780098,0,0,0,0,0,0,0,0,0,0,0,0,0,'',0),(780099,0,0,0,0,0,0,0,0,0,0,0,0,0,'',0),(780100,0,0,0,0,0,0,0,0,0,0,0,0,0,'',0),(780101,0,0,0,0,0,0,0,0,0,0,0,0,0,'',0),(780102,9,11,0,0,0,0,0,0,0,0,0,0,0,'',0),(780103,9,11,0,0,0,0,0,0,0,0,0,0,0,'',0),(780104,0,0,0,0,0,0,0,0,0,0,0,0,0,'',0),(780105,9,11,0,0,0,0,0,0,0,0,0,0,0,'',0),(780106,0,0,0,0,0,0,0,0,0,0,0,0,0,'',0),(780107,0,0,0,0,0,0,0,0,0,0,0,0,0,'',0),(780108,6,11,0,0,0,0,0,0,0,0,0,0,0,'',0),(780109,7,1,0,0,0,0,0,0,0,0,0,0,0,'',0),(780110,0,0,0,0,0,0,0,0,0,0,0,0,0,'',0),(780111,0,0,0,0,0,0,0,0,0,0,0,0,0,'',0),(780112,0,0,0,0,0,0,0,0,0,0,0,0,0,'',0),(780113,0,0,0,0,0,0,0,0,0,0,0,0,0,'',0),(780114,0,0,0,0,0,0,0,0,0,0,0,0,0,'',0),(780115,0,0,0,0,0,0,0,0,0,0,0,0,0,'',0),(780116,0,0,0,0,0,0,0,0,0,0,0,0,0,'',0),(780117,0,0,0,0,0,0,0,0,0,0,0,0,0,'',0),(780118,0,0,0,0,0,0,0,0,0,0,0,0,0,'',0),(780119,0,0,0,0,0,0,0,0,0,0,0,0,0,'',0),(780120,6,11,0,0,0,0,0,0,0,0,0,0,0,'',0),(780121,0,0,0,0,0,0,0,0,0,0,0,0,0,'',0),(780122,0,0,0,0,0,0,0,0,0,0,0,0,0,'',0),(780123,7,1,0,0,0,0,0,0,0,0,0,0,0,'',0),(780124,0,0,0,0,0,0,0,0,0,0,0,0,0,'',0),(780125,0,0,0,0,0,0,0,0,0,0,0,0,0,'',0),(780126,9,11,0,0,0,0,0,0,0,0,0,0,0,'',0),(780127,0,0,0,0,0,0,0,0,0,0,0,0,0,'nl',0),(780128,0,0,0,0,0,0,0,0,0,0,0,0,0,'',0),(780129,0,0,0,0,0,0,0,0,0,0,0,0,0,'',0),(780130,0,0,0,0,0,0,0,0,0,0,0,0,0,'',0),(780131,0,0,0,0,0,0,0,0,0,0,0,0,0,'',0),(780132,0,0,0,0,0,0,0,0,0,0,0,0,0,'',0),(780133,5,3,0,0,0,0,0,0,0,0,0,0,0,'',0),(780134,5,3,0,0,0,0,0,0,0,0,0,0,0,'',0),(780135,5,3,0,0,0,0,0,0,0,0,0,0,0,'',0),(780136,5,3,0,0,0,0,0,0,0,0,0,0,0,'',0),(780137,5,3,0,0,0,0,0,0,0,0,0,0,0,'',0),(780138,5,3,0,0,0,0,0,0,0,0,0,0,0,'',0),(780139,5,3,0,0,0,0,0,0,0,0,0,0,0,'',0),(780140,5,3,0,0,0,0,0,0,0,0,0,0,0,'',0),(780141,5,3,0,0,0,0,0,0,0,0,0,0,0,'',0),(780142,0,0,0,0,0,0,0,0,0,0,0,0,0,'',0),(780143,0,11,0,0,0,0,0,0,0,0,0,0,0,'',0),(780144,0,0,0,0,0,0,0,0,0,0,0,0,0,'',0),(780145,0,0,0,0,0,0,0,0,0,0,0,0,0,'',0),(780146,0,0,0,0,0,0,0,0,0,0,0,0,0,'',0),(780147,9,11,0,0,0,0,0,0,0,0,0,0,0,'',0),(780148,0,0,0,0,0,0,0,0,0,0,0,0,0,'',0),(780149,6,11,0,0,0,0,0,0,0,0,0,0,0,'',0),(780150,0,0,0,0,0,0,0,0,0,0,0,0,0,'',0),(780151,0,0,0,0,0,0,0,0,0,0,0,0,0,'',0),(780152,9,11,0,0,0,0,0,0,0,0,0,0,0,'',0),(780153,0,0,0,0,0,0,0,0,0,0,0,0,0,'',0),(780154,0,0,0,0,0,0,0,0,0,0,0,0,0,'',0),(780155,9,11,0,0,0,0,0,0,0,0,0,0,0,'',0),(780156,0,11,0,0,0,0,0,0,0,0,0,0,0,'',0),(780157,0,0,0,0,0,0,0,0,0,0,0,0,0,'',0),(780158,0,0,0,0,0,0,0,0,0,0,0,0,0,'',0),(780159,8,11,0,0,0,0,0,0,0,0,0,0,0,'',0),(780160,8,11,0,0,0,0,0,0,0,0,0,0,0,'',0),(780161,8,11,0,0,0,0,0,0,0,0,0,0,0,'',0),(780162,0,0,0,0,0,0,0,0,0,0,0,0,0,'',0),(780163,0,0,0,0,0,0,0,0,0,0,0,0,0,'',0),(780164,0,0,0,0,0,0,0,0,0,0,0,0,0,'',0),(780165,0,0,0,0,0,0,0,0,0,0,0,0,0,'',0),(780166,0,0,0,0,0,0,0,0,0,0,0,0,0,'en',0),(780167,0,0,0,0,0,0,0,0,0,0,0,0,0,'',0),(780168,0,0,0,0,0,0,0,0,0,0,0,0,0,'',0),(780169,0,0,0,0,0,0,0,0,0,0,0,0,0,'',0),(780170,7,1,0,0,0,0,0,0,0,0,0,0,0,'',0),(780171,0,0,0,0,0,0,0,0,0,0,0,0,0,'',0),(780172,0,0,0,0,0,0,0,0,0,0,0,0,0,'',0),(780173,9,11,0,0,0,0,0,0,0,0,0,0,0,'',0),(780174,9,11,0,0,0,0,0,0,0,0,0,0,0,'',0),(780175,8,11,0,0,0,0,0,0,0,0,0,0,0,'',0),(780176,6,3,0,0,0,0,0,0,0,0,0,0,0,'en',0),(780177,0,0,0,0,0,0,0,0,0,0,0,0,0,'en',0),(780178,8,11,0,0,0,0,0,0,0,0,0,0,0,'',0),(780179,9,11,0,0,0,0,0,0,0,0,0,0,0,'',0),(780180,9,11,0,0,0,0,0,0,0,0,0,0,0,'',0),(780181,0,0,0,0,0,0,0,0,0,0,0,0,0,'',0),(780182,0,0,0,0,0,0,0,0,0,0,0,0,0,'',0),(780183,0,0,0,0,0,0,0,0,0,0,0,0,0,'',0),(780184,5,11,0,0,0,0,0,0,0,0,0,0,0,'',0),(780185,9,11,0,0,0,0,0,0,0,0,0,0,0,'',0),(780186,0,0,0,0,0,0,0,0,0,0,0,0,0,'',0),(780187,0,0,0,0,0,0,0,0,0,0,0,0,0,'',0),(780188,0,0,0,0,0,0,0,0,0,0,0,0,0,'',0),(780189,0,0,0,0,0,0,0,0,0,0,0,0,0,'',0),(780190,0,0,0,0,0,0,0,0,0,0,0,0,0,'',0),(780191,0,0,0,0,0,0,0,0,0,0,0,0,0,'',0),(780192,6,11,0,0,0,0,0,0,0,0,0,0,0,'en',0),(780193,6,11,0,0,0,0,0,0,0,0,0,0,0,'en',0),(780194,6,11,0,0,0,0,0,0,0,0,0,0,0,'en',0),(780195,0,0,0,0,0,0,0,0,0,0,0,0,0,'',0),(780196,9,11,0,0,0,0,0,0,0,0,0,0,0,'',0),(780197,6,11,0,0,0,0,0,0,0,0,0,0,0,'en',0),(780198,0,0,0,0,0,0,0,0,0,0,0,0,0,'',0),(780199,0,0,0,0,0,0,0,0,0,0,0,0,0,'',0),(780200,0,0,0,0,0,0,0,0,0,0,0,0,0,'',0),(780201,0,0,0,0,0,0,0,0,0,0,0,0,0,'',0),(780202,6,11,0,0,0,0,0,0,0,0,0,0,0,'en',0),(780203,0,0,0,0,0,0,0,0,0,0,0,0,0,'',0),(780204,0,11,0,0,0,0,0,0,0,0,0,0,0,'',0),(780205,0,11,0,0,0,0,0,0,0,0,0,0,0,'',0),(780206,3,3,0,0,0,0,0,0,0,0,0,0,0,'en-us',0),(780207,9,11,0,0,0,0,0,0,0,0,0,0,0,'',0),(780208,7,11,0,0,0,0,0,0,0,0,0,0,0,'',0),(780209,5,11,0,0,0,0,0,0,0,0,0,0,0,'',0),(780210,5,11,0,0,0,0,0,0,0,0,0,0,0,'',0),(780211,7,11,0,0,0,0,0,0,0,0,0,0,0,'',0),(780212,7,11,0,0,0,0,0,0,0,0,0,0,0,'',0),(780213,7,11,0,0,0,0,0,0,0,0,0,0,0,'',0),(780214,7,11,0,0,0,0,0,0,0,0,0,0,0,'',0),(780215,7,11,0,0,0,0,0,0,0,0,0,0,0,'',0),(780216,7,11,0,0,0,0,0,0,0,0,0,0,0,'',0),(780217,7,11,0,0,0,0,0,0,0,0,0,0,0,'',0),(780218,7,11,0,0,0,0,0,0,0,0,0,0,0,'',0),(780219,7,11,0,0,0,0,0,0,0,0,0,0,0,'',0),(780220,7,11,0,0,0,0,0,0,0,0,0,0,0,'',0),(780221,7,11,0,0,0,0,0,0,0,0,0,0,0,'',0),(780222,7,11,0,0,0,0,0,0,0,0,0,0,0,'',0),(780223,7,11,0,0,0,0,0,0,0,0,0,0,0,'',0),(780224,7,11,0,0,0,0,0,0,0,0,0,0,0,'',0),(780225,7,11,0,0,0,0,0,0,0,0,0,0,0,'',0),(780226,7,11,0,0,0,0,0,0,0,0,0,0,0,'',0),(780227,7,11,0,0,0,0,0,0,0,0,0,0,0,'',0),(780228,7,11,0,0,0,0,0,0,0,0,0,0,0,'',0),(780229,7,11,0,0,0,0,0,0,0,0,0,0,0,'',0),(780230,7,11,0,0,0,0,0,0,0,0,0,0,0,'',0),(780231,7,11,0,0,0,0,0,0,0,0,0,0,0,'',0),(780232,7,11,0,0,0,0,0,0,0,0,0,0,0,'',0),(780233,7,11,0,0,0,0,0,0,0,0,0,0,0,'',0),(780234,7,11,0,0,0,0,0,0,0,0,0,0,0,'',0),(780235,7,11,0,0,0,0,0,0,0,0,0,0,0,'',0),(780236,7,11,0,0,0,0,0,0,0,0,0,0,0,'',0),(780237,7,11,0,0,0,0,0,0,0,0,0,0,0,'',0),(780238,7,11,0,0,0,0,0,0,0,0,0,0,0,'',0),(780239,7,11,0,0,0,0,0,0,0,0,0,0,0,'',0),(780240,7,11,0,0,0,0,0,0,0,0,0,0,0,'',0),(780241,9,11,0,0,0,0,0,0,0,0,0,0,0,'',0),(780242,7,11,0,0,0,0,0,0,0,0,0,0,0,'',0),(780243,7,11,0,0,0,0,0,0,0,0,0,0,0,'',0),(780244,7,11,0,0,0,0,0,0,0,0,0,0,0,'',0),(780245,7,11,0,0,0,0,0,0,0,0,0,0,0,'',0),(780246,7,11,0,0,0,0,0,0,0,0,0,0,0,'',0),(780247,7,11,0,0,0,0,0,0,0,0,0,0,0,'',0),(780248,7,11,0,0,0,0,0,0,0,0,0,0,0,'',0),(780249,7,11,0,0,0,0,0,0,0,0,0,0,0,'',0),(780250,7,11,0,0,0,0,0,0,0,0,0,0,0,'',0),(780251,7,11,0,0,0,0,0,0,0,0,0,0,0,'',0),(780252,7,11,0,0,0,0,0,0,0,0,0,0,0,'',0),(780253,7,11,0,0,0,0,0,0,0,0,0,0,0,'',0),(780254,7,11,0,0,0,0,0,0,0,0,0,0,0,'',0),(780255,7,11,0,0,0,0,0,0,0,0,0,0,0,'',0),(780256,7,11,0,0,0,0,0,0,0,0,0,0,0,'',0),(780257,7,11,0,0,0,0,0,0,0,0,0,0,0,'',0),(780258,7,11,0,0,0,0,0,0,0,0,0,0,0,'',0),(780259,7,11,0,0,0,0,0,0,0,0,0,0,0,'',0),(780260,7,11,0,0,0,0,0,0,0,0,0,0,0,'',0),(780261,7,11,0,0,0,0,0,0,0,0,0,0,0,'',0),(780262,7,11,0,0,0,0,0,0,0,0,0,0,0,'',0),(780263,7,11,0,0,0,0,0,0,0,0,0,0,0,'',0),(780264,7,11,0,0,0,0,0,0,0,0,0,0,0,'',0),(780265,7,11,0,0,0,0,0,0,0,0,0,0,0,'',0),(780266,7,11,0,0,0,0,0,0,0,0,0,0,0,'',0),(780267,7,11,0,0,0,0,0,0,0,0,0,0,0,'',0),(780268,7,11,0,0,0,0,0,0,0,0,0,0,0,'',0),(780269,7,11,0,0,0,0,0,0,0,0,0,0,0,'',0),(780270,7,11,0,0,0,0,0,0,0,0,0,0,0,'',0),(780271,7,11,0,0,0,0,0,0,0,0,0,0,0,'',0),(780272,3,11,0,0,0,0,0,0,0,0,0,0,0,'zh',0),(780273,0,0,0,0,0,0,0,0,0,0,0,0,0,'',0),(780274,0,0,0,0,0,0,0,0,0,0,0,0,0,'',0),(780275,0,0,0,0,0,0,0,0,0,0,0,0,0,'',0),(780276,6,11,0,0,0,0,0,0,0,0,0,0,0,'',0),(780277,0,0,0,0,0,0,0,0,0,0,0,0,0,'',0),(780278,0,0,0,0,0,0,0,0,0,0,0,0,0,'',0),(780279,7,3,0,0,0,0,0,0,0,0,0,0,0,'',0),(780280,7,3,0,0,0,0,0,0,0,0,0,0,0,'',0),(780281,7,11,0,0,0,0,0,0,0,0,0,0,0,'',0),(780282,7,11,0,0,0,0,0,0,0,0,0,0,0,'',0),(780283,7,11,0,0,0,0,0,0,0,0,0,0,0,'',0),(780284,7,11,0,0,0,0,0,0,0,0,0,0,0,'',0),(780285,7,11,0,0,0,0,0,0,0,0,0,0,0,'',0),(780286,7,11,0,0,0,0,0,0,0,0,0,0,0,'',0),(780287,7,11,0,0,0,0,0,0,0,0,0,0,0,'',0),(780288,7,11,0,0,0,0,0,0,0,0,0,0,0,'',0),(780289,7,11,0,0,0,0,0,0,0,0,0,0,0,'',0),(780290,7,11,0,0,0,0,0,0,0,0,0,0,0,'',0),(780291,7,11,0,0,0,0,0,0,0,0,0,0,0,'',0),(780292,7,11,0,0,0,0,0,0,0,0,0,0,0,'',0),(780293,7,11,0,0,0,0,0,0,0,0,0,0,0,'',0),(780294,7,11,0,0,0,0,0,0,0,0,0,0,0,'',0),(780295,7,11,0,0,0,0,0,0,0,0,0,0,0,'',0),(780296,7,11,0,0,0,0,0,0,0,0,0,0,0,'',0),(780297,7,11,0,0,0,0,0,0,0,0,0,0,0,'',0),(780298,7,11,0,0,0,0,0,0,0,0,0,0,0,'',0),(780299,7,11,0,0,0,0,0,0,0,0,0,0,0,'',0),(780300,7,11,0,0,0,0,0,0,0,0,0,0,0,'',0),(780301,7,11,0,0,0,0,0,0,0,0,0,0,0,'',0),(780302,7,11,0,0,0,0,0,0,0,0,0,0,0,'',0),(780303,7,11,0,0,0,0,0,0,0,0,0,0,0,'',0),(780304,7,11,0,0,0,0,0,0,0,0,0,0,0,'',0),(780305,7,11,0,0,0,0,0,0,0,0,0,0,0,'',0),(780306,7,11,0,0,0,0,0,0,0,0,0,0,0,'',0),(780307,7,11,0,0,0,0,0,0,0,0,0,0,0,'',0),(780308,7,11,0,0,0,0,0,0,0,0,0,0,0,'',0),(780309,7,11,0,0,0,0,0,0,0,0,0,0,0,'',0),(780310,7,11,0,0,0,0,0,0,0,0,0,0,0,'',0),(780311,0,0,0,0,0,0,0,0,0,0,0,0,0,'',0),(780312,0,0,0,0,0,0,0,0,0,0,0,0,0,'',0),(780313,7,3,0,0,0,0,0,0,0,0,0,0,0,'',0),(780314,7,3,0,0,0,0,0,0,0,0,0,0,0,'',0),(780315,0,0,0,0,0,0,0,0,0,0,0,0,0,'',0),(780316,0,0,0,0,0,0,0,0,0,0,0,0,0,'',0),(780317,7,3,0,0,0,0,0,0,0,0,0,0,0,'',0),(780318,6,3,0,0,0,0,0,0,0,0,0,0,0,'nl',0),(780319,0,0,0,0,0,0,0,0,0,0,0,0,0,'',0),(780320,0,0,0,0,0,0,0,0,0,0,0,0,0,'',0),(780321,7,11,0,0,0,0,0,0,0,0,0,0,0,'',0),(780322,7,11,0,0,0,0,0,0,0,0,0,0,0,'',0),(780323,7,11,0,0,0,0,0,0,0,0,0,0,0,'',0),(780324,7,11,0,0,0,0,0,0,0,0,0,0,0,'',0),(780325,7,11,0,0,0,0,0,0,0,0,0,0,0,'',0),(780326,7,11,0,0,0,0,0,0,0,0,0,0,0,'',0),(780327,7,11,0,0,0,0,0,0,0,0,0,0,0,'',0),(780328,7,11,0,0,0,0,0,0,0,0,0,0,0,'',0),(780329,7,11,0,0,0,0,0,0,0,0,0,0,0,'',0),(780330,7,11,0,0,0,0,0,0,0,0,0,0,0,'',0),(780331,7,11,0,0,0,0,0,0,0,0,0,0,0,'',0),(780332,7,11,0,0,0,0,0,0,0,0,0,0,0,'',0),(780333,7,11,0,0,0,0,0,0,0,0,0,0,0,'',0),(780334,7,11,0,0,0,0,0,0,0,0,0,0,0,'',0),(780335,7,11,0,0,0,0,0,0,0,0,0,0,0,'',0),(780336,7,11,0,0,0,0,0,0,0,0,0,0,0,'',0),(780337,7,11,0,0,0,0,0,0,0,0,0,0,0,'',0),(780338,7,11,0,0,0,0,0,0,0,0,0,0,0,'',0),(780339,7,11,0,0,0,0,0,0,0,0,0,0,0,'',0),(780340,7,11,0,0,0,0,0,0,0,0,0,0,0,'',0),(780341,7,11,0,0,0,0,0,0,0,0,0,0,0,'',0),(780342,7,11,0,0,0,0,0,0,0,0,0,0,0,'',0),(780343,7,11,0,0,0,0,0,0,0,0,0,0,0,'',0),(780344,7,11,0,0,0,0,0,0,0,0,0,0,0,'',0),(780345,7,11,0,0,0,0,0,0,0,0,0,0,0,'',0),(780346,7,11,0,0,0,0,0,0,0,0,0,0,0,'',0),(780347,7,11,0,0,0,0,0,0,0,0,0,0,0,'',0),(780348,7,11,0,0,0,0,0,0,0,0,0,0,0,'',0),(780349,7,11,0,0,0,0,0,0,0,0,0,0,0,'',0),(780350,7,11,0,0,0,0,0,0,0,0,0,0,0,'',0),(780351,7,11,0,0,0,0,0,0,0,0,0,0,0,'',0),(780352,7,11,0,0,0,0,0,0,0,0,0,0,0,'',0),(780353,7,11,0,0,0,0,0,0,0,0,0,0,0,'',0),(780354,7,11,0,0,0,0,0,0,0,0,0,0,0,'',0),(780355,7,11,0,0,0,0,0,0,0,0,0,0,0,'',0),(780356,7,11,0,0,0,0,0,0,0,0,0,0,0,'',0),(780357,7,11,0,0,0,0,0,0,0,0,0,0,0,'',0),(780358,7,11,0,0,0,0,0,0,0,0,0,0,0,'',0),(780359,7,11,0,0,0,0,0,0,0,0,0,0,0,'',0),(780360,7,11,0,0,0,0,0,0,0,0,0,0,0,'',0),(780361,7,11,0,0,0,0,0,0,0,0,0,0,0,'',0),(780362,7,11,0,0,0,0,0,0,0,0,0,0,0,'',0),(780363,7,11,0,0,0,0,0,0,0,0,0,0,0,'',0),(780364,7,11,0,0,0,0,0,0,0,0,0,0,0,'',0),(780365,7,11,0,0,0,0,0,0,0,0,0,0,0,'',0),(780366,7,11,0,0,0,0,0,0,0,0,0,0,0,'',0),(780367,7,11,0,0,0,0,0,0,0,0,0,0,0,'',0),(780368,7,11,0,0,0,0,0,0,0,0,0,0,0,'',0),(780369,7,11,0,0,0,0,0,0,0,0,0,0,0,'',0),(780370,7,11,0,0,0,0,0,0,0,0,0,0,0,'',0),(780371,7,11,0,0,0,0,0,0,0,0,0,0,0,'',0),(780372,7,11,0,0,0,0,0,0,0,0,0,0,0,'',0),(780373,7,11,0,0,0,0,0,0,0,0,0,0,0,'',0),(780374,7,11,0,0,0,0,0,0,0,0,0,0,0,'',0),(780375,7,11,0,0,0,0,0,0,0,0,0,0,0,'',0),(780376,7,11,0,0,0,0,0,0,0,0,0,0,0,'',0),(780377,7,11,0,0,0,0,0,0,0,0,0,0,0,'',0),(780378,7,11,0,0,0,0,0,0,0,0,0,0,0,'',0),(780379,7,11,0,0,0,0,0,0,0,0,0,0,0,'',0),(780380,0,0,0,0,0,0,0,0,0,0,0,0,0,'',0),(780381,0,0,0,0,0,0,0,0,0,0,0,0,0,'',0),(780382,0,0,0,0,0,0,0,0,0,0,0,0,0,'',0),(780383,0,0,0,0,0,0,0,0,0,0,0,0,0,'',0),(780384,6,11,0,0,0,0,0,0,0,0,0,0,0,'',0),(780385,6,11,0,0,0,0,0,0,0,0,0,0,0,'zh',0),(780386,0,0,0,0,0,0,0,0,0,0,0,0,0,'',0),(780387,0,0,0,0,0,0,0,0,0,0,0,0,0,'',0),(780388,0,0,0,0,0,0,0,0,0,0,0,0,0,'',0),(780389,0,0,0,0,0,0,0,0,0,0,0,0,0,'',0),(780390,8,11,0,0,0,0,0,0,0,0,0,0,0,'',0),(780391,8,11,0,0,0,0,0,0,0,0,0,0,0,'',0),(780392,8,11,0,0,0,0,0,0,0,0,0,0,0,'',0),(780393,8,11,0,0,0,0,0,0,0,0,0,0,0,'',0),(780394,8,11,0,0,0,0,0,0,0,0,0,0,0,'en-us',0),(780395,0,0,0,0,0,0,0,0,0,0,0,0,0,'',0),(780396,0,0,0,0,0,0,0,0,0,0,0,0,0,'',0),(780397,0,0,0,0,0,0,0,0,0,0,0,0,0,'',0),(780398,9,11,0,0,0,0,0,0,0,0,0,0,0,'',0),(780399,0,0,0,0,0,0,0,0,0,0,0,0,0,'',0),(780400,0,0,0,0,0,0,0,0,0,0,0,0,0,'',0),(780401,8,3,0,0,0,0,0,0,0,0,0,0,0,'',0),(780402,6,11,0,0,0,0,0,0,0,0,0,0,0,'zh',0),(780403,0,0,0,0,0,0,0,0,0,0,0,0,0,'',0),(780404,0,0,0,0,0,0,0,0,0,0,0,0,0,'',0),(780405,0,11,0,0,0,0,0,0,0,0,0,0,0,'',0),(780406,9,11,0,0,0,0,0,0,0,0,0,0,0,'',0),(780407,0,0,0,0,0,0,0,0,0,0,0,0,0,'',0),(780408,0,0,0,0,0,0,0,0,0,0,0,0,0,'',0),(780409,0,0,0,0,0,0,0,0,0,0,0,0,0,'',0),(780410,0,0,0,0,0,0,0,0,0,0,0,0,0,'',0),(780411,0,0,0,0,0,0,0,0,0,0,0,0,0,'',0),(780412,0,0,0,0,0,0,0,0,0,0,0,0,0,'',0),(780413,0,0,0,0,0,0,0,0,0,0,0,0,0,'',0),(780414,0,0,0,0,0,0,0,0,0,0,0,0,0,'',0),(780415,0,0,0,0,0,0,0,0,0,0,0,0,0,'',0),(780416,0,0,0,0,0,0,0,0,0,0,0,0,0,'',0),(780417,0,0,0,0,0,0,0,0,0,0,0,0,0,'',0),(780418,0,0,0,0,0,0,0,0,0,0,0,0,0,'',0),(780419,0,0,0,0,0,0,0,0,0,0,0,0,0,'',0),(780420,6,11,0,0,0,0,0,0,0,0,0,0,0,'en',0),(780421,6,11,0,0,0,0,0,0,0,0,0,0,0,'en',0),(780422,6,11,0,0,0,0,0,0,0,0,0,0,0,'en',0),(780423,8,3,0,0,0,0,0,0,0,0,0,0,0,'',0),(780424,3,3,0,0,0,0,0,0,0,0,0,0,0,'en-us',0),(780425,0,0,0,0,0,0,0,0,0,0,0,0,0,'',0),(780426,0,0,0,0,0,0,0,0,0,0,0,0,0,'',0),(780427,0,0,0,0,0,0,0,0,0,0,0,0,0,'',0),(780428,3,3,0,0,0,0,0,0,0,0,0,0,0,'en-us',0),(780429,0,0,0,0,0,0,0,0,0,0,0,0,0,'',0),(780430,0,0,0,0,0,0,0,0,0,0,0,0,0,'',0),(780431,0,11,0,0,0,0,0,0,0,0,0,0,0,'',0),(780432,0,0,0,0,0,0,0,0,0,0,0,0,0,'',0),(780433,0,0,0,0,0,0,0,0,0,0,0,0,0,'',0),(780434,0,11,0,0,0,0,0,0,0,0,0,0,0,'',0),(780435,3,10,0,0,0,0,0,0,0,0,0,0,0,'nl',0),(780436,7,3,0,0,0,0,0,0,0,0,0,0,0,'',0),(780437,0,0,0,0,0,0,0,0,0,0,0,0,0,'',0),(780438,9,11,0,0,0,0,0,0,0,0,0,0,0,'',0),(780439,0,0,0,0,0,0,0,0,0,0,0,0,0,'',0),(780440,6,11,0,0,0,0,0,0,0,0,0,0,0,'',0),(780441,0,0,0,0,0,0,0,0,0,0,0,0,0,'en',0),(780442,9,11,0,0,0,0,0,0,0,0,0,0,0,'',0),(780443,3,3,0,0,0,0,0,0,0,0,0,0,0,'en-us',0),(780444,0,0,0,0,0,0,0,0,0,0,0,0,0,'',0),(780445,0,0,0,0,0,0,0,0,0,0,0,0,0,'',0),(780446,0,0,0,0,0,0,0,0,0,0,0,0,0,'',0),(780447,0,0,0,0,0,0,0,0,0,0,0,0,0,'',0),(780448,0,0,0,0,0,0,0,0,0,0,0,0,0,'',0),(780449,0,0,0,0,0,0,0,0,0,0,0,0,0,'',0),(780450,0,0,0,0,0,0,0,0,0,0,0,0,0,'',0),(780451,0,0,0,0,0,0,0,0,0,0,0,0,0,'',0),(780452,0,0,0,0,0,0,0,0,0,0,0,0,0,'',0),(780453,0,0,0,0,0,0,0,0,0,0,0,0,0,'',0),(780454,0,0,0,0,0,0,0,0,0,0,0,0,0,'',0),(780455,0,0,0,0,0,0,0,0,0,0,0,0,0,'',0),(780456,0,0,0,0,0,0,0,0,0,0,0,0,0,'',0),(780457,0,0,0,0,0,0,0,0,0,0,0,0,0,'',0),(780458,0,0,0,0,0,0,0,0,0,0,0,0,0,'',0),(780459,0,0,0,0,0,0,0,0,0,0,0,0,0,'',0),(780460,0,0,0,0,0,0,0,0,0,0,0,0,0,'',0),(780461,0,0,0,0,0,0,0,0,0,0,0,0,0,'',0),(780462,6,11,0,0,0,0,0,0,0,0,0,0,0,'nl',0),(780463,6,11,0,0,0,0,0,0,0,0,0,0,0,'',0),(780464,7,3,0,0,0,0,0,0,0,0,0,0,0,'',0),(780465,0,0,0,0,0,0,0,0,0,0,0,0,0,'',0),(780466,0,0,0,0,0,0,0,0,0,0,0,0,0,'',0),(780467,0,0,0,0,0,0,0,0,0,0,0,0,0,'',0),(780468,0,11,0,0,0,0,0,0,0,0,0,0,0,'',0),(780469,9,11,0,0,0,0,0,0,0,0,0,0,0,'',0),(780470,0,0,0,0,0,0,0,0,0,0,0,0,0,'',0),(780471,8,11,0,0,0,0,0,0,0,0,0,0,0,'',0),(780472,8,11,0,0,0,0,0,0,0,0,0,0,0,'',0),(780473,8,11,0,0,0,0,0,0,0,0,0,0,0,'',0),(780474,9,11,0,0,0,0,0,0,0,0,0,0,0,'',0),(780475,8,11,0,0,0,0,0,0,0,0,0,0,0,'',0),(780476,8,11,0,0,0,0,0,0,0,0,0,0,0,'',0),(780477,8,11,0,0,0,0,0,0,0,0,0,0,0,'',0),(780478,8,11,0,0,0,0,0,0,0,0,0,0,0,'',0),(780479,8,11,0,0,0,0,0,0,0,0,0,0,0,'',0),(780480,6,11,0,0,0,0,0,0,0,0,0,0,0,'',0),(780481,6,11,0,0,0,0,0,0,0,0,0,0,0,'en',0),(780482,9,11,0,0,0,0,0,0,0,0,0,0,0,'',0),(780483,9,11,0,0,0,0,0,0,0,0,0,0,0,'',0),(780484,0,0,0,0,0,0,0,0,0,0,0,0,0,'',0),(780485,0,0,0,0,0,0,0,0,0,0,0,0,0,'',0),(780486,0,0,0,0,0,0,0,0,0,0,0,0,0,'',0),(780487,0,0,0,0,0,0,0,0,0,0,0,0,0,'',0),(780488,0,0,0,0,0,0,0,0,0,0,0,0,0,'',0),(780489,0,0,0,0,0,0,0,0,0,0,0,0,0,'',0),(780490,0,0,0,0,0,0,0,0,0,0,0,0,0,'',0),(780491,0,0,0,0,0,0,0,0,0,0,0,0,0,'',0),(780492,0,0,0,0,0,0,0,0,0,0,0,0,0,'',0),(780493,0,0,0,0,0,0,0,0,0,0,0,0,0,'',0),(780494,0,0,0,0,0,0,0,0,0,0,0,0,0,'',0),(780495,0,0,0,0,0,0,0,0,0,0,0,0,0,'',0),(780496,3,3,0,0,0,0,0,0,0,0,0,0,0,'en-us',0),(780497,9,11,0,0,0,0,0,0,0,0,0,0,0,'',0),(780498,0,11,0,0,0,0,0,0,0,0,0,0,0,'',0),(780499,9,11,0,0,0,0,0,0,0,0,0,0,0,'',0),(780500,9,11,0,0,0,0,0,0,0,0,0,0,0,'en',0),(780501,9,11,0,0,0,0,0,0,0,0,0,0,0,'en',0),(780502,9,11,0,0,0,0,0,0,0,0,0,0,0,'en',0),(780503,9,11,0,0,0,0,0,0,0,0,0,0,0,'en',0),(780504,9,11,0,0,0,0,0,0,0,0,0,0,0,'en',0),(780505,9,11,0,0,0,0,0,0,0,0,0,0,0,'en',0),(780506,9,11,0,0,0,0,0,0,0,0,0,0,0,'en',0),(780507,9,11,0,0,0,0,0,0,0,0,0,0,0,'en',0),(780508,9,11,0,0,0,0,0,0,0,0,0,0,0,'en',0),(780509,9,11,0,0,0,0,0,0,0,0,0,0,0,'en',0),(780510,9,11,0,0,0,0,0,0,0,0,0,0,0,'',0),(780511,8,11,0,0,0,0,0,0,0,0,0,0,0,'en-us',0),(780512,8,11,0,0,0,0,0,0,0,0,0,0,0,'en-us',0),(780513,8,11,0,0,0,0,0,0,0,0,0,0,0,'en-us',0),(780514,7,3,0,0,0,0,0,0,0,0,0,0,0,'',0),(780515,6,11,0,0,0,0,0,0,0,0,0,0,0,'',0),(780516,0,0,0,0,0,0,0,0,0,0,0,0,0,'',0),(780517,0,0,0,0,0,0,0,0,0,0,0,0,0,'',0),(780518,0,11,0,0,0,0,0,0,0,0,0,0,0,'',0),(780519,9,11,0,0,0,0,0,0,0,0,0,0,0,'',0),(780520,0,0,0,0,0,0,0,0,0,0,0,0,0,'',0),(780521,7,3,0,0,0,0,0,0,0,0,0,0,0,'',0),(780522,0,0,0,0,0,0,0,0,0,0,0,0,0,'',0),(780523,0,0,0,0,0,0,0,0,0,0,0,0,0,'',0),(780524,9,11,0,0,0,0,0,0,0,0,0,0,0,'',0),(780525,3,3,0,0,0,0,0,0,0,0,0,0,0,'en-us',0),(780526,0,0,0,0,0,0,0,0,0,0,0,0,0,'',0),(780527,0,0,0,0,0,0,0,0,0,0,0,0,0,'',0),(780528,9,11,0,0,0,0,0,0,0,0,0,0,0,'',0),(780529,0,11,0,0,0,0,0,0,0,0,0,0,0,'',0),(780530,7,11,0,0,0,0,0,0,0,0,0,0,0,'',0),(780531,9,11,0,0,0,0,0,0,0,0,0,0,0,'',0),(780532,3,3,0,0,0,0,0,0,0,0,0,0,0,'en-us',0),(780533,9,11,0,0,0,0,0,0,0,0,0,0,0,'',0),(780534,7,11,0,0,0,0,0,0,0,0,0,0,0,'',0),(780535,7,3,0,0,0,0,0,0,0,0,0,0,0,'',0),(780536,0,0,0,0,0,0,0,0,0,0,0,0,0,'',0),(780537,0,0,0,0,0,0,0,0,0,0,0,0,0,'nl',0),(780538,0,0,0,0,0,0,0,0,0,0,0,0,0,'',0),(780539,0,0,0,0,0,0,0,0,0,0,0,0,0,'',0),(780540,0,11,0,0,0,0,0,0,0,0,0,0,0,'',0),(780541,9,11,0,0,0,0,0,0,0,0,0,0,0,'',0),(780542,3,3,0,0,0,0,0,0,0,0,0,0,0,'en-us',0),(780543,0,0,0,0,0,0,0,0,0,0,0,0,0,'',0),(780544,8,11,0,0,0,0,0,0,0,0,0,0,0,'en',0),(780545,8,11,0,0,0,0,0,0,0,0,0,0,0,'en',0),(780546,8,11,0,0,0,0,0,0,0,0,0,0,0,'en',0),(780547,8,11,0,0,0,0,0,0,0,0,0,0,0,'en',0),(780548,7,1,0,0,0,0,0,0,0,0,0,0,0,'',0),(780549,0,0,0,0,0,0,0,0,0,0,0,0,0,'',0),(780550,0,0,0,0,0,0,0,0,0,0,0,0,0,'',0),(780551,0,0,0,0,0,0,0,0,0,0,0,0,0,'',0),(780552,1,5,0,0,0,0,0,0,0,0,0,0,0,'',0),(780553,8,11,0,0,0,0,0,0,0,0,0,0,0,'',0),(780554,8,11,0,0,0,0,0,0,0,0,0,0,0,'',0),(780555,8,11,0,0,0,0,0,0,0,0,0,0,0,'',0),(780556,8,11,0,0,0,0,0,0,0,0,0,0,0,'',0),(780557,0,0,0,0,0,0,0,0,0,0,0,0,0,'',0),(780558,6,11,0,0,0,0,0,0,0,0,0,0,0,'',0),(780559,0,0,0,0,0,0,0,0,0,0,0,0,0,'',0),(780560,0,0,0,0,0,0,0,0,0,0,0,0,0,'',0),(780561,9,11,0,0,0,0,0,0,0,0,0,0,0,'',0),(780562,9,11,0,0,0,0,0,0,0,0,0,0,0,'',0),(780563,3,3,0,0,0,0,0,0,0,0,0,0,0,'zh',0),(780564,0,0,0,0,0,0,0,0,0,0,0,0,0,'',0),(780565,0,0,0,0,0,0,0,0,0,0,0,0,0,'',0),(780566,0,11,0,0,0,0,0,0,0,0,0,0,0,'',0),(780567,0,0,0,0,0,0,0,0,0,0,0,0,0,'',0),(780568,6,11,0,0,0,0,0,0,0,0,0,0,0,'en',0),(780569,6,11,0,0,0,0,0,0,0,0,0,0,0,'en',0),(780570,6,11,0,0,0,0,0,0,0,0,0,0,0,'en',0),(780571,6,11,0,0,0,0,0,0,0,0,0,0,0,'en',0),(780572,6,11,0,0,0,0,0,0,0,0,0,0,0,'en',0),(780573,6,11,0,0,0,0,0,0,0,0,0,0,0,'en',0),(780574,9,11,0,0,0,0,0,0,0,0,0,0,0,'',0),(780575,0,0,0,0,0,0,0,0,0,0,0,0,0,'',0),(780576,0,0,0,0,0,0,0,0,0,0,0,0,0,'',0),(780577,9,11,0,0,0,0,0,0,0,0,0,0,0,'',0),(780578,0,0,0,0,0,0,0,0,0,0,0,0,0,'',0),(780579,0,0,0,0,0,0,0,0,0,0,0,0,0,'',0),(780580,0,0,0,0,0,0,0,0,0,0,0,0,0,'nl',0),(780581,0,0,0,0,0,0,0,0,0,0,0,0,0,'',0),(780582,0,0,0,0,0,0,0,0,0,0,0,0,0,'',0),(780583,0,0,0,0,0,0,0,0,0,0,0,0,0,'',0),(780584,0,0,0,0,0,0,0,0,0,0,0,0,0,'',0),(780585,0,0,0,0,0,0,0,0,0,0,0,0,0,'',0),(780586,0,0,0,0,0,0,0,0,0,0,0,0,0,'',0),(780587,0,0,0,0,0,0,0,0,0,0,0,0,0,'',0),(780588,0,0,0,0,0,0,0,0,0,0,0,0,0,'',0),(780589,0,0,0,0,0,0,0,0,0,0,0,0,0,'',0),(780590,0,0,0,0,0,0,0,0,0,0,0,0,0,'',0),(780591,0,0,0,0,0,0,0,0,0,0,0,0,0,'',0),(780592,0,0,0,0,0,0,0,0,0,0,0,0,0,'',0),(780593,0,0,0,0,0,0,0,0,0,0,0,0,0,'',0),(780594,0,0,0,0,0,0,0,0,0,0,0,0,0,'',0),(780595,0,0,0,0,0,0,0,0,0,0,0,0,0,'',0),(780596,0,0,0,0,0,0,0,0,0,0,0,0,0,'',0),(780597,0,0,0,0,0,0,0,0,0,0,0,0,0,'',0),(780598,0,0,0,0,0,0,0,0,0,0,0,0,0,'',0),(780599,9,11,0,0,0,0,0,0,0,0,0,0,0,'',0),(780600,7,3,0,0,0,0,0,0,0,0,0,0,0,'',0),(780601,9,11,0,0,0,0,0,0,0,0,0,0,0,'',0),(780602,0,0,0,0,0,0,0,0,0,0,0,0,0,'',0),(780603,0,11,0,0,0,0,0,0,0,0,0,0,0,'',0),(780604,9,11,0,0,0,0,0,0,0,0,0,0,0,'',0),(780605,0,0,0,0,0,0,0,0,0,0,0,0,0,'',0),(780606,6,11,0,0,0,0,0,0,0,0,0,0,0,'',0),(780607,0,11,0,0,0,0,0,0,0,0,0,0,0,'',0),(780608,0,0,0,0,0,0,0,0,0,0,0,0,0,'',0),(780609,0,0,0,0,0,0,0,0,0,0,0,0,0,'',0),(780610,0,0,0,0,0,0,0,0,0,0,0,0,0,'',0),(780611,0,0,0,0,0,0,0,0,0,0,0,0,0,'',0),(780612,0,0,0,0,0,0,0,0,0,0,0,0,0,'',0),(780613,0,0,0,0,0,0,0,0,0,0,0,0,0,'',0),(780614,3,3,0,0,0,0,0,0,0,0,0,0,0,'en-us',0),(780615,7,1,0,0,0,0,0,0,0,0,0,0,0,'',0),(780616,7,1,0,0,0,0,0,0,0,0,0,0,0,'',0),(780617,7,3,0,0,0,0,0,0,0,0,0,0,0,'',0),(780618,0,0,0,0,0,0,0,0,0,0,0,0,0,'',0),(780619,0,0,0,0,0,0,0,0,0,0,0,0,0,'',0),(780620,9,11,0,0,0,0,0,0,0,0,0,0,0,'',0),(780621,9,11,0,0,0,0,0,0,0,0,0,0,0,'',0),(780622,9,11,0,0,0,0,0,0,0,0,0,0,0,'',0),(780623,9,11,0,0,0,0,0,0,0,0,0,0,0,'',0),(780624,0,0,0,0,0,0,0,0,0,0,0,0,0,'',0),(780625,8,11,0,0,0,0,0,0,0,0,0,0,0,'',0),(780626,8,11,0,0,0,0,0,0,0,0,0,0,0,'',0),(780627,8,11,0,0,0,0,0,0,0,0,0,0,0,'',0),(780628,8,11,0,0,0,0,0,0,0,0,0,0,0,'',0),(780629,0,0,0,0,0,0,0,0,0,0,0,0,0,'',0),(780630,0,0,0,0,0,0,0,0,0,0,0,0,0,'',0),(780631,0,0,0,0,0,0,0,0,0,0,0,0,0,'',0),(780632,0,11,0,0,0,0,0,0,0,0,0,0,0,'',0),(780633,6,11,0,0,0,0,0,0,0,0,0,0,0,'',0),(780634,6,11,0,0,0,0,0,0,0,0,0,0,0,'',0),(780635,6,11,0,0,0,0,0,0,0,0,0,0,0,'',0),(780636,6,11,0,0,0,0,0,0,0,0,0,0,0,'',0),(780637,6,11,0,0,0,0,0,0,0,0,0,0,0,'',0),(780638,6,11,0,0,0,0,0,0,0,0,0,0,0,'zh',0),(780639,0,0,0,0,0,0,0,0,0,0,0,0,0,'',0),(780640,7,1,0,0,0,0,0,0,0,0,0,0,0,'en',0),(780641,0,0,0,0,0,0,0,0,0,0,0,0,0,'',0),(780642,0,0,0,0,0,0,0,0,0,0,0,0,0,'',0),(780643,0,0,0,0,0,0,0,0,0,0,0,0,0,'',0),(780644,0,0,0,0,0,0,0,0,0,0,0,0,0,'',0),(780645,0,0,0,0,0,0,0,0,0,0,0,0,0,'',0),(780646,0,0,0,0,0,0,0,0,0,0,0,0,0,'',0),(780647,0,0,0,0,0,0,0,0,0,0,0,0,0,'',0),(780648,0,0,0,0,0,0,0,0,0,0,0,0,0,'',0),(780649,0,0,0,0,0,0,0,0,0,0,0,0,0,'',0),(780650,0,0,0,0,0,0,0,0,0,0,0,0,0,'',0),(780651,0,11,0,0,0,0,0,0,0,0,0,0,0,'',0),(780652,9,11,0,0,0,0,0,0,0,0,0,0,0,'',0),(780653,0,0,0,0,0,0,0,0,0,0,0,0,0,'',0),(780654,0,0,0,0,0,0,0,0,0,0,0,0,0,'',0),(780655,0,0,0,0,0,0,0,0,0,0,0,0,0,'',0),(780656,9,11,0,0,0,0,0,0,0,0,0,0,0,'',0),(780657,9,11,0,0,0,0,0,0,0,0,0,0,0,'',0),(780658,9,11,0,0,0,0,0,0,0,0,0,0,0,'',0),(780659,0,0,0,0,0,0,0,0,0,0,0,0,0,'',0),(780660,0,0,0,0,0,0,0,0,0,0,0,0,0,'',0),(780661,0,0,0,0,0,0,0,0,0,0,0,0,0,'',0),(780662,9,11,0,0,0,0,0,0,0,0,0,0,0,'',0),(780663,0,0,0,0,0,0,0,0,0,0,0,0,0,'',0),(780664,0,0,0,0,0,0,0,0,0,0,0,0,0,'',0),(780665,0,0,0,0,0,0,0,0,0,0,0,0,0,'',0),(780666,9,11,0,0,0,0,0,0,0,0,0,0,0,'',0),(780667,0,0,0,0,0,0,0,0,0,0,0,0,0,'',0),(780668,0,0,0,0,0,0,0,0,0,0,0,0,0,'',0),(780669,7,3,0,0,0,0,0,0,0,0,0,0,0,'',0),(780670,0,0,0,0,0,0,0,0,0,0,0,0,0,'',0),(780671,0,0,0,0,0,0,0,0,0,0,0,0,0,'',0),(780672,6,3,0,0,0,0,0,0,0,0,0,0,0,'en',0),(780673,0,0,0,0,0,0,0,0,0,0,0,0,0,'',0),(780674,0,0,0,0,0,0,0,0,0,0,0,0,0,'',0),(780675,0,0,0,0,0,0,0,0,0,0,0,0,0,'',0),(780676,0,0,0,0,0,0,0,0,0,0,0,0,0,'',0),(780677,0,0,0,0,0,0,0,0,0,0,0,0,0,'',0),(780678,7,11,0,0,0,0,0,0,0,0,0,0,0,'',0),(780679,0,0,0,0,0,0,0,0,0,0,0,0,0,'',0),(780680,9,11,0,0,0,0,0,0,0,0,0,0,0,'',0),(780681,8,11,0,0,0,0,0,0,0,0,0,0,0,'en-us',0),(780682,0,0,0,0,0,0,0,0,0,0,0,0,0,'',0),(780683,0,0,0,0,0,0,0,0,0,0,0,0,0,'',0),(780684,9,11,0,0,0,0,0,0,0,0,0,0,0,'',0),(780685,0,0,0,0,0,0,0,0,0,0,0,0,0,'',0),(780686,9,11,0,0,0,0,0,0,0,0,0,0,0,'en',0),(780687,9,11,0,0,0,0,0,0,0,0,0,0,0,'en',0),(780688,9,11,0,0,0,0,0,0,0,0,0,0,0,'en',0),(780689,9,11,0,0,0,0,0,0,0,0,0,0,0,'en',0),(780690,9,11,0,0,0,0,0,0,0,0,0,0,0,'en',0),(780691,9,11,0,0,0,0,0,0,0,0,0,0,0,'en',0),(780692,9,11,0,0,0,0,0,0,0,0,0,0,0,'en',0),(780693,9,11,0,0,0,0,0,0,0,0,0,0,0,'en',0),(780694,9,11,0,0,0,0,0,0,0,0,0,0,0,'en',0),(780695,0,0,0,0,0,0,0,0,0,0,0,0,0,'',0),(780696,0,0,0,0,0,0,0,0,0,0,0,0,0,'',0),(780697,8,11,0,0,0,0,0,0,0,0,0,0,0,'en-us',0),(780698,0,0,0,0,0,0,0,0,0,0,0,0,0,'',0),(780699,0,0,0,0,0,0,0,0,0,0,0,0,0,'',0),(780700,0,0,0,0,0,0,0,0,0,0,0,0,0,'',0),(780701,0,0,0,0,0,0,0,0,0,0,0,0,0,'',0),(780702,0,0,0,0,0,0,0,0,0,0,0,0,0,'',0),(780703,0,0,0,0,0,0,0,0,0,0,0,0,0,'',0),(780704,0,0,0,0,0,0,0,0,0,0,0,0,0,'',0),(780705,0,0,0,0,0,0,0,0,0,0,0,0,0,'',0),(780706,0,0,0,0,0,0,0,0,0,0,0,0,0,'',0),(780707,0,0,0,0,0,0,0,0,0,0,0,0,0,'',0),(780708,6,11,0,0,0,0,0,0,0,0,0,0,0,'en',0),(780709,8,11,0,0,0,0,0,0,0,0,0,0,0,'en-us',0),(780710,8,11,0,0,0,0,0,0,0,0,0,0,0,'en-us',0),(780711,0,0,0,0,0,0,0,0,0,0,0,0,0,'',0),(780712,0,0,0,0,0,0,0,0,0,0,0,0,0,'',0),(780713,0,0,0,0,0,0,0,0,0,0,0,0,0,'',0),(780714,0,11,0,0,0,0,0,0,0,0,0,0,0,'',0),(780715,0,11,0,0,0,0,0,0,0,0,0,0,0,'',0),(780716,0,0,0,0,0,0,0,0,0,0,0,0,0,'',0),(780717,0,0,0,0,0,0,0,0,0,0,0,0,0,'',0),(780718,9,11,0,0,0,0,0,0,0,0,0,0,0,'',0),(780719,0,0,0,0,0,0,0,0,0,0,0,0,0,'',0),(780720,0,0,0,0,0,0,0,0,0,0,0,0,0,'',0),(780721,0,0,0,0,0,0,0,0,0,0,0,0,0,'',0),(780722,0,0,0,0,0,0,0,0,0,0,0,0,0,'',0),(780723,0,0,0,0,0,0,0,0,0,0,0,0,0,'',0),(780724,0,0,0,0,0,0,0,0,0,0,0,0,0,'',0),(780725,0,0,0,0,0,0,0,0,0,0,0,0,0,'',0),(780726,0,0,0,0,0,0,0,0,0,0,0,0,0,'',0),(780727,0,0,0,0,0,0,0,0,0,0,0,0,0,'',0),(780728,0,0,0,0,0,0,0,0,0,0,0,0,0,'',0),(780729,0,0,0,0,0,0,0,0,0,0,0,0,0,'',0),(780730,0,0,0,0,0,0,0,0,0,0,0,0,0,'',0),(780731,0,0,0,0,0,0,0,0,0,0,0,0,0,'',0),(780732,0,0,0,0,0,0,0,0,0,0,0,0,0,'',0),(780733,0,0,0,0,0,0,0,0,0,0,0,0,0,'',0),(780734,0,0,0,0,0,0,0,0,0,0,0,0,0,'',0),(780735,0,0,0,0,0,0,0,0,0,0,0,0,0,'',0),(780736,0,0,0,0,0,0,0,0,0,0,0,0,0,'',0),(780737,0,0,0,0,0,0,0,0,0,0,0,0,0,'',0),(780738,0,0,0,0,0,0,0,0,0,0,0,0,0,'',0),(780739,0,0,0,0,0,0,0,0,0,0,0,0,0,'',0),(780740,0,0,0,0,0,0,0,0,0,0,0,0,0,'',0),(780741,0,0,0,0,0,0,0,0,0,0,0,0,0,'',0),(780742,0,0,0,0,0,0,0,0,0,0,0,0,0,'',0),(780743,0,0,0,0,0,0,0,0,0,0,0,0,0,'',0),(780744,0,0,0,0,0,0,0,0,0,0,0,0,0,'',0),(780745,0,0,0,0,0,0,0,0,0,0,0,0,0,'',0),(780746,8,11,0,0,0,0,0,0,0,0,0,0,0,'en',0),(780747,7,3,0,0,0,0,0,0,0,0,0,0,0,'',0),(780748,6,11,0,0,0,0,0,0,0,0,0,0,0,'',0),(780749,0,11,0,0,0,0,0,0,0,0,0,0,0,'',0),(780750,0,0,0,0,0,0,0,0,0,0,0,0,0,'',0),(780751,9,11,0,0,0,0,0,0,0,0,0,0,0,'en',0),(780752,9,11,0,0,0,0,0,0,0,0,0,0,0,'en',0),(780753,0,0,0,0,0,0,0,0,0,0,0,0,0,'',0),(780754,0,0,0,0,0,0,0,0,0,0,0,0,0,'',0),(780755,0,0,0,0,0,0,0,0,0,0,0,0,0,'',0),(780756,0,0,0,0,0,0,0,0,0,0,0,0,0,'',0),(780757,0,0,0,0,0,0,0,0,0,0,0,0,0,'',0),(780758,6,11,0,0,0,0,0,0,0,0,0,0,0,'',0),(780759,0,0,0,0,0,0,0,0,0,0,0,0,0,'',0),(780760,0,0,0,0,0,0,0,0,0,0,0,0,0,'',0),(780761,0,0,0,0,0,0,0,0,0,0,0,0,0,'',0),(780762,0,0,0,0,0,0,0,0,0,0,0,0,0,'',0),(780763,3,3,0,0,0,0,0,0,0,0,0,0,0,'en-us',0),(780764,0,0,0,0,0,0,0,0,0,0,0,0,0,'',0),(780765,8,11,0,0,0,0,0,0,0,0,0,0,0,'',0),(780766,0,0,0,0,0,0,0,0,0,0,0,0,0,'',0),(780767,0,11,0,0,0,0,0,0,0,0,0,0,0,'',0),(780768,9,11,0,0,0,0,0,0,0,0,0,0,0,'',0),(780769,0,0,0,0,0,0,0,0,0,0,0,0,0,'',0),(780770,0,0,0,0,0,0,0,0,0,0,0,0,0,'',0),(780771,9,11,0,0,0,0,0,0,0,0,0,0,0,'',0),(780772,0,0,0,0,0,0,0,0,0,0,0,0,0,'',0),(780773,0,0,0,0,0,0,0,0,0,0,0,0,0,'',0),(780774,0,0,0,0,0,0,0,0,0,0,0,0,0,'',0),(780775,9,11,0,0,0,0,0,0,0,0,0,0,0,'',0),(780776,0,0,0,0,0,0,0,0,0,0,0,0,0,'',0),(780777,8,11,0,0,0,0,0,0,0,0,0,0,0,'en',0),(780778,9,11,0,0,0,0,0,0,0,0,0,0,0,'',0),(780779,0,11,0,0,0,0,0,0,0,0,0,0,0,'',0),(780780,0,0,0,0,0,0,0,0,0,0,0,0,0,'',0),(780781,0,0,0,0,0,0,0,0,0,0,0,0,0,'',0),(780782,6,11,0,0,0,0,0,0,0,0,0,0,0,'',0),(780783,6,11,0,0,0,0,0,0,0,0,0,0,0,'',0),(780784,6,11,0,0,0,0,0,0,0,0,0,0,0,'',0),(780785,6,11,0,0,0,0,0,0,0,0,0,0,0,'',0),(780786,0,0,0,0,0,0,0,0,0,0,0,0,0,'',0),(780787,0,0,0,0,0,0,0,0,0,0,0,0,0,'',0),(780788,0,0,0,0,0,0,0,0,0,0,0,0,0,'',0),(780789,0,0,0,0,0,0,0,0,0,0,0,0,0,'',0),(780790,0,0,0,0,0,0,0,0,0,0,0,0,0,'',0),(780791,0,0,0,0,0,0,0,0,0,0,0,0,0,'',0),(780792,9,11,0,0,0,0,0,0,0,0,0,0,0,'',0),(780793,0,0,0,0,0,0,0,0,0,0,0,0,0,'',0),(780794,0,0,0,0,0,0,0,0,0,0,0,0,0,'',0),(780795,8,11,0,0,0,0,0,0,0,0,0,0,0,'en-us',0),(780796,0,0,0,0,0,0,0,0,0,0,0,0,0,'',0),(780797,8,11,0,0,0,0,0,0,0,0,0,0,0,'en-us',0),(780798,8,11,0,0,0,0,0,0,0,0,0,0,0,'en-us',0),(780799,8,11,0,0,0,0,0,0,0,0,0,0,0,'en-us',0),(780800,0,0,0,0,0,0,0,0,0,0,0,0,0,'',0),(780801,9,11,0,0,0,0,0,0,0,0,0,0,0,'',0),(780802,0,0,0,0,0,0,0,0,0,0,0,0,0,'',0),(780803,0,0,0,0,0,0,0,0,0,0,0,0,0,'',0),(780804,9,11,0,0,0,0,0,0,0,0,0,0,0,'',0),(780805,0,0,0,0,0,0,0,0,0,0,0,0,0,'',0),(780806,0,0,0,0,0,0,0,0,0,0,0,0,0,'',0),(780807,0,0,0,0,0,0,0,0,0,0,0,0,0,'',0),(780808,0,0,0,0,0,0,0,0,0,0,0,0,0,'',0),(780809,0,0,0,0,0,0,0,0,0,0,0,0,0,'ru',0),(780810,9,11,0,0,0,0,0,0,0,0,0,0,0,'',0),(780811,0,0,0,0,0,0,0,0,0,0,0,0,0,'',0),(780812,9,11,0,0,0,0,0,0,0,0,0,0,0,'',0),(780813,0,0,0,0,0,0,0,0,0,0,0,0,0,'',0),(780814,9,11,0,0,0,0,0,0,0,0,0,0,0,'',0),(780815,0,0,0,0,0,0,0,0,0,0,0,0,0,'',0),(780816,0,0,0,0,0,0,0,0,0,0,0,0,0,'',0),(780817,0,0,0,0,0,0,0,0,0,0,0,0,0,'',0),(780818,0,0,0,0,0,0,0,0,0,0,0,0,0,'',0),(780819,7,11,0,0,0,0,0,0,0,0,0,0,0,'',0),(780820,7,11,0,0,0,0,0,0,0,0,0,0,0,'',0),(780821,7,11,0,0,0,0,0,0,0,0,0,0,0,'',0),(780822,7,11,0,0,0,0,0,0,0,0,0,0,0,'',0),(780823,0,11,0,0,0,0,0,0,0,0,0,0,0,'',0),(780824,0,0,0,0,0,0,0,0,0,0,0,0,0,'',0),(780825,6,11,0,0,0,0,0,0,0,0,0,0,0,'en',0),(780826,6,11,0,0,0,0,0,0,0,0,0,0,0,'en',0),(780827,6,11,0,0,0,0,0,0,0,0,0,0,0,'en',0),(780828,0,0,0,0,0,0,0,0,0,0,0,0,0,'',0),(780829,0,0,0,0,0,0,0,0,0,0,0,0,0,'',0),(780830,0,0,0,0,0,0,0,0,0,0,0,0,0,'',0),(780831,8,11,0,0,0,0,0,0,0,0,0,0,0,'en-us',0),(780832,9,11,0,0,0,0,0,0,0,0,0,0,0,'',0),(780833,8,11,0,0,0,0,0,0,0,0,0,0,0,'en-us',0),(780834,8,11,0,0,0,0,0,0,0,0,0,0,0,'en-us',0),(780835,9,11,0,0,0,0,0,0,0,0,0,0,0,'',0),(780836,0,0,0,0,0,0,0,0,0,0,0,0,0,'',0),(780837,0,0,0,0,0,0,0,0,0,0,0,0,0,'',0),(780838,8,11,0,0,0,0,0,0,0,0,0,0,0,'en-us',0),(780839,0,0,0,0,0,0,0,0,0,0,0,0,0,'',0),(780840,8,11,0,0,0,0,0,0,0,0,0,0,0,'en-us',0),(780841,9,11,0,0,0,0,0,0,0,0,0,0,0,'',0),(780842,0,0,0,0,0,0,0,0,0,0,0,0,0,'',0),(780843,0,0,0,0,0,0,0,0,0,0,0,0,0,'',0),(780844,0,0,0,0,0,0,0,0,0,0,0,0,0,'',0),(780845,8,11,0,0,0,0,0,0,0,0,0,0,0,'',0),(780846,8,11,0,0,0,0,0,0,0,0,0,0,0,'',0),(780847,8,11,0,0,0,0,0,0,0,0,0,0,0,'',0),(780848,7,1,0,0,0,0,0,0,0,0,0,0,0,'',0),(780849,6,11,0,0,0,0,0,0,0,0,0,0,0,'en',0),(780850,3,3,0,0,0,0,0,0,0,0,0,0,0,'en-us',0),(780851,0,0,0,0,0,0,0,0,0,0,0,0,0,'',0),(780852,9,11,0,0,0,0,0,0,0,0,0,0,0,'',0),(780853,9,11,0,0,0,0,0,0,0,0,0,0,0,'',0),(780854,0,0,0,0,0,0,0,0,0,0,0,0,0,'',0),(780855,0,0,0,0,0,0,0,0,0,0,0,0,0,'',0),(780856,0,0,0,0,0,0,0,0,0,0,0,0,0,'',0),(780857,9,11,0,0,0,0,0,0,0,0,0,0,0,'',0),(780858,9,11,0,0,0,0,0,0,0,0,0,0,0,'',0),(780859,9,11,0,0,0,0,0,0,0,0,0,0,0,'',0),(780860,3,11,0,0,0,0,0,0,0,0,0,0,0,'',0),(780861,9,11,0,0,0,0,0,0,0,0,0,0,0,'',0),(780862,0,0,0,0,0,0,0,0,0,0,0,0,0,'',0),(780863,0,0,0,0,0,0,0,0,0,0,0,0,0,'en',0),(780864,7,1,0,0,0,0,0,0,0,0,0,0,0,'',0),(780865,9,11,0,0,0,0,0,0,0,0,0,0,0,'',0),(780866,0,0,0,0,0,0,0,0,0,0,0,0,0,'',0),(780867,9,11,0,0,0,0,0,0,0,0,0,0,0,'',0),(780868,9,11,0,0,0,0,0,0,0,0,0,0,0,'',0),(780869,9,11,0,0,0,0,0,0,0,0,0,0,0,'',0),(780870,9,11,0,0,0,0,0,0,0,0,0,0,0,'',0),(780871,0,0,0,0,0,0,0,0,0,0,0,0,0,'',0),(780872,0,0,0,0,0,0,0,0,0,0,0,0,0,'',0),(780873,4,11,0,0,0,0,0,0,0,0,0,0,0,'',0),(780874,1,11,0,0,0,0,0,0,0,0,0,0,0,'',0),(780875,9,11,0,0,0,0,0,0,0,0,0,0,0,'',0),(780876,0,11,0,0,0,0,0,0,0,0,0,0,0,'',0),(780877,6,11,0,0,0,0,0,0,0,0,0,0,0,'',0),(780878,9,11,0,0,0,0,0,0,0,0,0,0,0,'',0),(780879,9,11,0,0,0,0,0,0,0,0,0,0,0,'',0),(780880,0,0,0,0,0,0,0,0,0,0,0,0,0,'',0),(780881,0,0,0,0,0,0,0,0,0,0,0,0,0,'',0),(780882,0,0,0,0,0,0,0,0,0,0,0,0,0,'',0),(780883,9,11,0,0,0,0,0,0,0,0,0,0,0,'',0),(780884,0,0,0,0,0,0,0,0,0,0,0,0,0,'',0),(780885,0,0,0,0,0,0,0,0,0,0,0,0,0,'',0),(780886,9,11,0,0,0,0,0,0,0,0,0,0,0,'en',0),(780887,0,0,0,0,0,0,0,0,0,0,0,0,0,'',0),(780888,0,0,0,0,0,0,0,0,0,0,0,0,0,'',0),(780889,0,0,0,0,0,0,0,0,0,0,0,0,0,'',0),(780890,0,0,0,0,0,0,0,0,0,0,0,0,0,'',0),(780891,0,0,0,0,0,0,0,0,0,0,0,0,0,'nl',0),(780892,9,11,0,0,0,0,0,0,0,0,0,0,0,'',0),(780893,0,0,0,0,0,0,0,0,0,0,0,0,0,'',0),(780894,9,11,0,0,0,0,0,0,0,0,0,0,0,'',0),(780895,0,0,0,0,0,0,0,0,0,0,0,0,0,'',0),(780896,9,11,0,0,0,0,0,0,0,0,0,0,0,'',0),(780897,0,0,0,0,0,0,0,0,0,0,0,0,0,'',0),(780898,0,0,0,0,0,0,0,0,0,0,0,0,0,'',0),(780899,0,0,0,0,0,0,0,0,0,0,0,0,0,'',0),(780900,9,11,0,0,0,0,0,0,0,0,0,0,0,'',0),(780901,3,11,0,0,0,0,0,0,0,0,0,0,0,'zh',0),(780902,0,0,0,0,0,0,0,0,0,0,0,0,0,'',0),(780903,0,0,0,0,0,0,0,0,0,0,0,0,0,'',0),(780904,0,11,0,0,0,0,0,0,0,0,0,0,0,'',0),(780905,0,0,0,0,0,0,0,0,0,0,0,0,0,'',0),(780906,0,0,0,0,0,0,0,0,0,0,0,0,0,'',0),(780907,0,0,0,0,0,0,0,0,0,0,0,0,0,'',0),(780908,9,11,0,0,0,0,0,0,0,0,0,0,0,'',0),(780909,9,11,0,0,0,0,0,0,0,0,0,0,0,'',0),(780910,9,11,0,0,0,0,0,0,0,0,0,0,0,'',0),(780911,0,0,0,0,0,0,0,0,0,0,0,0,0,'',0),(780912,0,0,0,0,0,0,0,0,0,0,0,0,0,'',0),(780913,0,11,0,0,0,0,0,0,0,0,0,0,0,'',0),(780914,0,0,0,0,0,0,0,0,0,0,0,0,0,'',0),(780915,0,0,0,0,0,0,0,0,0,0,0,0,0,'',0),(780916,0,0,0,0,0,0,0,0,0,0,0,0,0,'',0),(780917,3,3,0,0,0,0,0,0,0,0,0,0,0,'en-us',0),(780918,9,11,0,0,0,0,0,0,0,0,0,0,0,'',0),(780919,6,11,0,0,0,0,0,0,0,0,0,0,0,'en',0),(780920,6,11,0,0,0,0,0,0,0,0,0,0,0,'en',0),(780921,6,11,0,0,0,0,0,0,0,0,0,0,0,'en',0),(780922,6,11,0,0,0,0,0,0,0,0,0,0,0,'en',0),(780923,6,11,0,0,0,0,0,0,0,0,0,0,0,'en',0),(780924,6,11,0,0,0,0,0,0,0,0,0,0,0,'en',0),(780925,6,11,0,0,0,0,0,0,0,0,0,0,0,'en',0),(780926,0,0,0,0,0,0,0,0,0,0,0,0,0,'',0),(780927,9,11,0,0,0,0,0,0,0,0,0,0,0,'en',0),(780928,6,11,0,0,0,0,0,0,0,0,0,0,0,'zh',0),(780929,8,11,0,0,0,0,0,0,0,0,0,0,0,'',0),(780930,8,11,0,0,0,0,0,0,0,0,0,0,0,'',0),(780931,8,11,0,0,0,0,0,0,0,0,0,0,0,'',0),(780932,8,11,0,0,0,0,0,0,0,0,0,0,0,'',0),(780933,8,11,0,0,0,0,0,0,0,0,0,0,0,'',0),(780934,8,11,0,0,0,0,0,0,0,0,0,0,0,'',0),(780935,8,11,0,0,0,0,0,0,0,0,0,0,0,'',0),(780936,8,11,0,0,0,0,0,0,0,0,0,0,0,'',0),(780937,0,0,0,0,0,0,0,0,0,0,0,0,0,'',0),(780938,0,0,0,0,0,0,0,0,0,0,0,0,0,'',0),(780939,0,0,0,0,0,0,0,0,0,0,0,0,0,'',0),(780940,0,0,0,0,0,0,0,0,0,0,0,0,0,'',0),(780941,0,0,0,0,0,0,0,0,0,0,0,0,0,'',0),(780942,0,0,0,0,0,0,0,0,0,0,0,0,0,'',0),(780943,0,0,0,0,0,0,0,0,0,0,0,0,0,'',0),(780944,0,0,0,0,0,0,0,0,0,0,0,0,0,'',0),(780945,0,0,0,0,0,0,0,0,0,0,0,0,0,'',0),(780946,0,11,0,0,0,0,0,0,0,0,0,0,0,'',0),(780947,5,11,0,0,0,0,0,0,0,0,0,0,0,'en',0),(780948,6,11,0,0,0,0,0,0,0,0,0,0,0,'',0),(780949,6,11,0,0,0,0,0,0,0,0,0,0,0,'',0),(780950,6,11,0,0,0,0,0,0,0,0,0,0,0,'',0),(780951,9,11,0,0,0,0,0,0,0,0,0,0,0,'',0),(780952,0,0,0,0,0,0,0,0,0,0,0,0,0,'',0),(780953,0,0,0,0,0,0,0,0,0,0,0,0,0,'',0),(780954,0,0,0,0,0,0,0,0,0,0,0,0,0,'',0),(780955,0,0,0,0,0,0,0,0,0,0,0,0,0,'',0),(780956,0,0,0,0,0,0,0,0,0,0,0,0,0,'',0),(780957,0,0,0,0,0,0,0,0,0,0,0,0,0,'',0),(780958,0,0,0,0,0,0,0,0,0,0,0,0,0,'',0),(780959,0,0,0,0,0,0,0,0,0,0,0,0,0,'',0),(780960,0,0,0,0,0,0,0,0,0,0,0,0,0,'',0),(780961,0,0,0,0,0,0,0,0,0,0,0,0,0,'',0),(780962,0,0,0,0,0,0,0,0,0,0,0,0,0,'',0),(780963,0,0,0,0,0,0,0,0,0,0,0,0,0,'',0),(780964,0,0,0,0,0,0,0,0,0,0,0,0,0,'',0),(780965,0,0,0,0,0,0,0,0,0,0,0,0,0,'',0),(780966,0,0,0,0,0,0,0,0,0,0,0,0,0,'',0),(780967,0,0,0,0,0,0,0,0,0,0,0,0,0,'',0),(780968,0,0,0,0,0,0,0,0,0,0,0,0,0,'',0),(780969,0,0,0,0,0,0,0,0,0,0,0,0,0,'',0),(780970,0,0,0,0,0,0,0,0,0,0,0,0,0,'',0),(780971,0,0,0,0,0,0,0,0,0,0,0,0,0,'',0),(780972,0,0,0,0,0,0,0,0,0,0,0,0,0,'',0),(780973,0,0,0,0,0,0,0,0,0,0,0,0,0,'',0),(780974,0,0,0,0,0,0,0,0,0,0,0,0,0,'',0),(780975,0,0,0,0,0,0,0,0,0,0,0,0,0,'',0),(780976,0,0,0,0,0,0,0,0,0,0,0,0,0,'',0),(780977,0,0,0,0,0,0,0,0,0,0,0,0,0,'',0),(780978,0,0,0,0,0,0,0,0,0,0,0,0,0,'',0),(780979,0,0,0,0,0,0,0,0,0,0,0,0,0,'',0),(780980,0,0,0,0,0,0,0,0,0,0,0,0,0,'',0),(780981,0,0,0,0,0,0,0,0,0,0,0,0,0,'',0),(780982,0,0,0,0,0,0,0,0,0,0,0,0,0,'',0),(780983,0,0,0,0,0,0,0,0,0,0,0,0,0,'',0),(780984,0,0,0,0,0,0,0,0,0,0,0,0,0,'',0),(780985,0,0,0,0,0,0,0,0,0,0,0,0,0,'',0),(780986,0,0,0,0,0,0,0,0,0,0,0,0,0,'',0),(780987,0,0,0,0,0,0,0,0,0,0,0,0,0,'',0),(780988,0,0,0,0,0,0,0,0,0,0,0,0,0,'',0),(780989,0,0,0,0,0,0,0,0,0,0,0,0,0,'',0),(780990,0,0,0,0,0,0,0,0,0,0,0,0,0,'',0),(780991,0,0,0,0,0,0,0,0,0,0,0,0,0,'',0),(780992,0,0,0,0,0,0,0,0,0,0,0,0,0,'',0),(780993,0,0,0,0,0,0,0,0,0,0,0,0,0,'',0),(780994,0,0,0,0,0,0,0,0,0,0,0,0,0,'',0),(780995,0,0,0,0,0,0,0,0,0,0,0,0,0,'',0),(780996,0,0,0,0,0,0,0,0,0,0,0,0,0,'',0),(780997,0,0,0,0,0,0,0,0,0,0,0,0,0,'',0),(780998,0,0,0,0,0,0,0,0,0,0,0,0,0,'',0),(780999,0,0,0,0,0,0,0,0,0,0,0,0,0,'',0),(781000,0,0,0,0,0,0,0,0,0,0,0,0,0,'',0),(781001,0,0,0,0,0,0,0,0,0,0,0,0,0,'',0),(781002,0,0,0,0,0,0,0,0,0,0,0,0,0,'',0),(781003,0,0,0,0,0,0,0,0,0,0,0,0,0,'',0),(781004,0,0,0,0,0,0,0,0,0,0,0,0,0,'',0),(781005,0,0,0,0,0,0,0,0,0,0,0,0,0,'',0),(781006,0,0,0,0,0,0,0,0,0,0,0,0,0,'',0),(781007,0,0,0,0,0,0,0,0,0,0,0,0,0,'',0),(781008,0,0,0,0,0,0,0,0,0,0,0,0,0,'',0),(781009,0,0,0,0,0,0,0,0,0,0,0,0,0,'',0),(781010,0,0,0,0,0,0,0,0,0,0,0,0,0,'',0),(781011,0,0,0,0,0,0,0,0,0,0,0,0,0,'',0),(781012,9,11,0,0,0,0,0,0,0,0,0,0,0,'',0),(781013,0,0,0,0,0,0,0,0,0,0,0,0,0,'',0),(781014,0,0,0,0,0,0,0,0,0,0,0,0,0,'',0),(781015,0,0,0,0,0,0,0,0,0,0,0,0,0,'',0),(781016,0,0,0,0,0,0,0,0,0,0,0,0,0,'',0),(781017,0,0,0,0,0,0,0,0,0,0,0,0,0,'',0),(781018,0,0,0,0,0,0,0,0,0,0,0,0,0,'',0),(781019,0,0,0,0,0,0,0,0,0,0,0,0,0,'',0),(781020,0,0,0,0,0,0,0,0,0,0,0,0,0,'',0),(781021,0,0,0,0,0,0,0,0,0,0,0,0,0,'',0),(781022,0,0,0,0,0,0,0,0,0,0,0,0,0,'',0),(781023,0,0,0,0,0,0,0,0,0,0,0,0,0,'',0),(781024,0,0,0,0,0,0,0,0,0,0,0,0,0,'',0),(781025,0,0,0,0,0,0,0,0,0,0,0,0,0,'',0),(781026,0,0,0,0,0,0,0,0,0,0,0,0,0,'',0),(781027,0,0,0,0,0,0,0,0,0,0,0,0,0,'',0),(781028,0,0,0,0,0,0,0,0,0,0,0,0,0,'',0),(781029,0,0,0,0,0,0,0,0,0,0,0,0,0,'',0),(781030,0,0,0,0,0,0,0,0,0,0,0,0,0,'',0),(781031,0,0,0,0,0,0,0,0,0,0,0,0,0,'',0),(781032,0,0,0,0,0,0,0,0,0,0,0,0,0,'',0),(781033,0,0,0,0,0,0,0,0,0,0,0,0,0,'',0),(781034,0,0,0,0,0,0,0,0,0,0,0,0,0,'',0),(781035,0,0,0,0,0,0,0,0,0,0,0,0,0,'',0),(781036,0,0,0,0,0,0,0,0,0,0,0,0,0,'',0),(781037,0,0,0,0,0,0,0,0,0,0,0,0,0,'',0),(781038,8,11,0,0,0,0,0,0,0,0,0,0,0,'en-us',0),(781039,6,11,0,0,0,0,0,0,0,0,0,0,0,'en',0),(781040,8,11,0,0,0,0,0,0,0,0,0,0,0,'en-us',0),(781041,0,11,0,0,0,0,0,0,0,0,0,0,0,'',0),(781042,8,11,0,0,0,0,0,0,0,0,0,0,0,'en-us',0),(781043,8,3,0,0,0,0,0,0,0,0,0,0,0,'en',0),(781044,8,11,0,0,0,0,0,0,0,0,0,0,0,'en-us',0),(781045,8,11,0,0,0,0,0,0,0,0,0,0,0,'en-us',0),(781046,0,11,0,0,0,0,0,0,0,0,0,0,0,'',0),(781047,8,11,0,0,0,0,0,0,0,0,0,0,0,'en-us',0),(781048,6,11,0,0,0,0,0,0,0,0,0,0,0,'en',0),(781049,8,11,0,0,0,0,0,0,0,0,0,0,0,'en-us',0),(781050,9,11,0,0,0,0,0,0,0,0,0,0,0,'',0),(781051,8,11,0,0,0,0,0,0,0,0,0,0,0,'en-us',0),(781052,0,0,0,0,0,0,0,0,0,0,0,0,0,'',0),(781053,0,0,0,0,0,0,0,0,0,0,0,0,0,'',0),(781054,8,11,0,0,0,0,0,0,0,0,0,0,0,'en-us',0),(781055,8,11,0,0,0,0,0,0,0,0,0,0,0,'en-us',0),(781056,8,11,0,0,0,0,0,0,0,0,0,0,0,'en-us',0),(781057,7,1,0,0,0,0,0,0,0,0,0,0,0,'',0),(781058,6,3,0,0,0,0,0,0,0,0,0,0,0,'en',0),(781059,6,3,0,0,0,0,0,0,0,0,0,0,0,'en',0),(781060,6,3,0,0,0,0,0,0,0,0,0,0,0,'en',0),(781061,7,3,0,0,0,0,0,0,0,0,0,0,0,'',0),(781062,9,11,0,0,0,0,0,0,0,0,0,0,0,'',0),(781063,0,0,0,0,0,0,0,0,0,0,0,0,0,'',0),(781064,3,11,0,0,0,0,0,0,0,0,0,0,0,'zh',0),(781065,0,0,0,0,0,0,0,0,0,0,0,0,0,'',0),(781066,0,0,0,0,0,0,0,0,0,0,0,0,0,'',0),(781067,0,11,0,0,0,0,0,0,0,0,0,0,0,'',0),(781068,0,0,0,0,0,0,0,0,0,0,0,0,0,'',0),(781069,0,0,0,0,0,0,0,0,0,0,0,0,0,'',0),(781070,0,0,0,0,0,0,0,0,0,0,0,0,0,'',0),(781071,0,0,0,0,0,0,0,0,0,0,0,0,0,'',0),(781072,0,0,0,0,0,0,0,0,0,0,0,0,0,'',0),(781073,0,0,0,0,0,0,0,0,0,0,0,0,0,'',0),(781074,0,0,0,0,0,0,0,0,0,0,0,0,0,'',0),(781075,0,0,0,0,0,0,0,0,0,0,0,0,0,'',0),(781076,0,0,0,0,0,0,0,0,0,0,0,0,0,'',0),(781077,0,0,0,0,0,0,0,0,0,0,0,0,0,'',0),(781078,0,0,0,0,0,0,0,0,0,0,0,0,0,'',0),(781079,0,0,0,0,0,0,0,0,0,0,0,0,0,'',0),(781080,0,0,0,0,0,0,0,0,0,0,0,0,0,'',0),(781081,0,0,0,0,0,0,0,0,0,0,0,0,0,'',0),(781082,0,0,0,0,0,0,0,0,0,0,0,0,0,'',0),(781083,0,0,0,0,0,0,0,0,0,0,0,0,0,'',0),(781084,0,0,0,0,0,0,0,0,0,0,0,0,0,'',0),(781085,0,0,0,0,0,0,0,0,0,0,0,0,0,'',0),(781086,0,0,0,0,0,0,0,0,0,0,0,0,0,'',0),(781087,0,0,0,0,0,0,0,0,0,0,0,0,0,'',0),(781088,0,0,0,0,0,0,0,0,0,0,0,0,0,'',0),(781089,0,0,0,0,0,0,0,0,0,0,0,0,0,'',0),(781090,0,0,0,0,0,0,0,0,0,0,0,0,0,'',0),(781091,0,0,0,0,0,0,0,0,0,0,0,0,0,'',0),(781092,0,0,0,0,0,0,0,0,0,0,0,0,0,'',0),(781093,0,0,0,0,0,0,0,0,0,0,0,0,0,'',0),(781094,0,0,0,0,0,0,0,0,0,0,0,0,0,'',0),(781095,9,11,0,0,0,0,0,0,0,0,0,0,0,'',0),(781096,7,3,0,0,0,0,0,0,0,0,0,0,0,'nl',0),(781097,7,3,0,0,0,0,0,0,0,0,0,0,0,'',0),(781098,0,11,0,0,0,0,0,0,0,0,0,0,0,'',0),(781099,0,0,0,0,0,0,0,0,0,0,0,0,0,'',0),(781100,8,11,0,0,0,0,0,0,0,0,0,0,0,'',0),(781101,8,11,0,0,0,0,0,0,0,0,0,0,0,'',0),(781102,8,11,0,0,0,0,0,0,0,0,0,0,0,'',0),(781103,8,11,0,0,0,0,0,0,0,0,0,0,0,'',0),(781104,8,11,0,0,0,0,0,0,0,0,0,0,0,'',0),(781105,8,11,0,0,0,0,0,0,0,0,0,0,0,'',0),(781106,3,3,0,0,0,0,0,0,0,0,0,0,0,'en-us',0),(781107,7,3,0,0,0,0,0,0,0,0,0,0,0,'en',0),(781108,8,11,0,0,0,0,0,0,0,0,0,0,0,'',0),(781109,8,11,0,0,0,0,0,0,0,0,0,0,0,'',0),(781110,8,11,0,0,0,0,0,0,0,0,0,0,0,'',0),(781111,8,11,0,0,0,0,0,0,0,0,0,0,0,'',0),(781112,8,11,0,0,0,0,0,0,0,0,0,0,0,'',0),(781113,8,3,0,0,0,0,0,0,0,0,0,0,0,'en',0),(781114,9,11,0,0,0,0,0,0,0,0,0,0,0,'',0),(781115,1,5,0,0,0,0,0,0,0,0,0,0,0,'',0),(781116,9,11,0,0,0,0,0,0,0,0,0,0,0,'',0),(781117,7,1,0,0,0,0,0,0,0,0,0,0,0,'',0),(781118,0,11,0,0,0,0,0,0,0,0,0,0,0,'',0),(781119,6,11,0,0,0,0,0,0,0,0,0,0,0,'',0),(781120,0,0,0,0,0,0,0,0,0,0,0,0,0,'',0),(781121,6,11,0,0,0,0,0,0,0,0,0,0,0,'',0),(781122,0,0,0,0,0,0,0,0,0,0,0,0,0,'',0),(781123,9,11,0,0,0,0,0,0,0,0,0,0,0,'',0),(781124,6,11,0,0,0,0,0,0,0,0,0,0,0,'en',0),(781125,0,0,0,0,0,0,0,0,0,0,0,0,0,'',0),(781126,0,11,0,0,0,0,0,0,0,0,0,0,0,'',0),(781127,0,0,0,0,0,0,0,0,0,0,0,0,0,'',0),(781128,0,0,0,0,0,0,0,0,0,0,0,0,0,'',0),(781129,0,0,0,0,0,0,0,0,0,0,0,0,0,'',0),(781130,9,11,0,0,0,0,0,0,0,0,0,0,0,'',0),(781131,0,0,0,0,0,0,0,0,0,0,0,0,0,'',0),(781132,0,0,0,0,0,0,0,0,0,0,0,0,0,'',0),(781133,0,0,0,0,0,0,0,0,0,0,0,0,0,'',0),(781134,0,0,0,0,0,0,0,0,0,0,0,0,0,'',0),(781135,0,0,0,0,0,0,0,0,0,0,0,0,0,'',0),(781136,0,0,0,0,0,0,0,0,0,0,0,0,0,'',0),(781137,6,11,0,0,0,0,0,0,0,0,0,0,0,'en',0),(781138,7,11,0,0,0,0,0,0,0,0,0,0,0,'en',0),(781139,7,11,0,0,0,0,0,0,0,0,0,0,0,'en',0),(781140,6,11,0,0,0,0,0,0,0,0,0,0,0,'en',0),(781141,8,11,0,0,0,0,0,0,0,0,0,0,0,'en',0),(781142,0,11,0,0,0,0,0,0,0,0,0,0,0,'en',0),(781143,0,11,0,0,0,0,0,0,0,0,0,0,0,'en',0),(781144,5,11,0,0,0,0,0,0,0,0,0,0,0,'en',0),(781145,7,11,0,0,0,0,0,0,0,0,0,0,0,'en',0),(781146,7,11,0,0,0,0,0,0,0,0,0,0,0,'en',0),(781147,1,11,0,0,0,0,0,0,0,0,0,0,0,'en',0),(781148,6,11,0,0,0,0,0,0,0,0,0,0,0,'en',0),(781149,7,11,0,0,0,0,0,0,0,0,0,0,0,'en',0),(781150,1,11,0,0,0,0,0,0,0,0,0,0,0,'en',0),(781151,1,11,0,0,0,0,0,0,0,0,0,0,0,'en',0),(781152,1,11,0,0,0,0,0,0,0,0,0,0,0,'en',0),(781153,5,11,0,0,0,0,0,0,0,0,0,0,0,'en',0),(781154,7,11,0,0,0,0,0,0,0,0,0,0,0,'en',0),(781155,6,11,0,0,0,0,0,0,0,0,0,0,0,'en',0),(781156,8,11,0,0,0,0,0,0,0,0,0,0,0,'en',0),(781157,0,0,0,0,0,0,0,0,0,0,0,0,0,'',0),(781158,3,11,0,0,0,0,0,0,0,0,0,0,0,'',0),(781159,9,11,0,0,0,0,0,0,0,0,0,0,0,'',0),(781160,0,0,0,0,0,0,0,0,0,0,0,0,0,'',0),(781161,9,11,0,0,0,0,0,0,0,0,0,0,0,'',0),(781162,7,3,0,0,0,0,0,0,0,0,0,0,0,'',0),(781163,0,0,0,0,0,0,0,0,0,0,0,0,0,'',0),(781164,0,0,0,0,0,0,0,0,0,0,0,0,0,'',0),(781165,9,11,0,0,0,0,0,0,0,0,0,0,0,'en',0),(781166,9,11,0,0,0,0,0,0,0,0,0,0,0,'en',0),(781167,9,11,0,0,0,0,0,0,0,0,0,0,0,'en',0),(781168,9,11,0,0,0,0,0,0,0,0,0,0,0,'en',0),(781169,9,11,0,0,0,0,0,0,0,0,0,0,0,'en',0),(781170,9,11,0,0,0,0,0,0,0,0,0,0,0,'en',0),(781171,9,11,0,0,0,0,0,0,0,0,0,0,0,'en',0),(781172,9,11,0,0,0,0,0,0,0,0,0,0,0,'en',0),(781173,9,11,0,0,0,0,0,0,0,0,0,0,0,'en',0),(781174,9,11,0,0,0,0,0,0,0,0,0,0,0,'en',0),(781175,9,11,0,0,0,0,0,0,0,0,0,0,0,'en',0),(781176,9,11,0,0,0,0,0,0,0,0,0,0,0,'en',0),(781177,9,11,0,0,0,0,0,0,0,0,0,0,0,'en',0),(781178,9,11,0,0,0,0,0,0,0,0,0,0,0,'en',0),(781179,6,11,0,0,0,0,0,0,0,0,0,0,0,'',0),(781180,0,0,0,0,0,0,0,0,0,0,0,0,0,'',0),(781181,9,11,0,0,0,0,0,0,0,0,0,0,0,'',0),(781182,0,0,0,0,0,0,0,0,0,0,0,0,0,'',0),(781183,0,0,0,0,0,0,0,0,0,0,0,0,0,'',0),(781184,0,0,0,0,0,0,0,0,0,0,0,0,0,'',0),(781185,0,0,0,0,0,0,0,0,0,0,0,0,0,'',0),(781186,0,0,0,0,0,0,0,0,0,0,0,0,0,'',0),(781187,0,0,0,0,0,0,0,0,0,0,0,0,0,'',0),(781188,9,11,0,0,0,0,0,0,0,0,0,0,0,'',0),(781189,0,0,0,0,0,0,0,0,0,0,0,0,0,'',0),(781190,7,11,0,0,0,0,0,0,0,0,0,0,0,'',0),(781191,7,11,0,0,0,0,0,0,0,0,0,0,0,'',0),(781192,3,11,0,0,0,0,0,0,0,0,0,0,0,'',0),(781193,9,11,0,0,0,0,0,0,0,0,0,0,0,'',0),(781194,7,3,0,0,0,0,0,0,0,0,0,0,0,'',0),(781195,0,0,0,0,0,0,0,0,0,0,0,0,0,'',0),(781196,0,11,0,0,0,0,0,0,0,0,0,0,0,'',0),(781197,6,11,0,0,0,0,0,0,0,0,0,0,0,'en',0),(781198,0,0,0,0,0,0,0,0,0,0,0,0,0,'',0),(781199,3,11,0,0,0,0,0,0,0,0,0,0,0,'zh',0),(781200,0,0,0,0,0,0,0,0,0,0,0,0,0,'',0),(781201,8,11,0,0,0,0,0,0,0,0,0,0,0,'',0),(781202,8,11,0,0,0,0,0,0,0,0,0,0,0,'',0),(781203,8,11,0,0,0,0,0,0,0,0,0,0,0,'',0),(781204,8,11,0,0,0,0,0,0,0,0,0,0,0,'',0),(781205,0,0,0,0,0,0,0,0,0,0,0,0,0,'',0),(781206,0,0,0,0,0,0,0,0,0,0,0,0,0,'',0),(781207,9,11,0,0,0,0,0,0,0,0,0,0,0,'en',0),(781208,9,11,0,0,0,0,0,0,0,0,0,0,0,'en',0),(781209,9,11,0,0,0,0,0,0,0,0,0,0,0,'en',0),(781210,9,11,0,0,0,0,0,0,0,0,0,0,0,'en',0),(781211,6,11,0,0,0,0,0,0,0,0,0,0,0,'en',0),(781212,0,0,0,0,0,0,0,0,0,0,0,0,0,'',0),(781213,9,11,0,0,0,0,0,0,0,0,0,0,0,'en',0),(781214,9,11,0,0,0,0,0,0,0,0,0,0,0,'en',0),(781215,9,11,0,0,0,0,0,0,0,0,0,0,0,'en',0),(781216,9,11,0,0,0,0,0,0,0,0,0,0,0,'en',0),(781217,9,11,0,0,0,0,0,0,0,0,0,0,0,'en',0),(781218,0,0,0,0,0,0,0,0,0,0,0,0,0,'',0),(781219,6,11,0,0,0,0,0,0,0,0,0,0,0,'zh',0),(781220,0,0,0,0,0,0,0,0,0,0,0,0,0,'',0),(781221,6,11,0,0,0,0,0,0,0,0,0,0,0,'en',0),(781222,0,0,0,0,0,0,0,0,0,0,0,0,0,'',0),(781223,0,0,0,0,0,0,0,0,0,0,0,0,0,'',0),(781224,9,11,0,0,0,0,0,0,0,0,0,0,0,'',0),(781225,0,0,0,0,0,0,0,0,0,0,0,0,0,'',0),(781226,0,0,0,0,0,0,0,0,0,0,0,0,0,'',0),(781227,0,0,0,0,0,0,0,0,0,0,0,0,0,'',0),(781228,0,0,0,0,0,0,0,0,0,0,0,0,0,'nl',0),(781229,7,3,0,0,0,0,0,0,0,0,0,0,0,'',0),(781230,0,0,0,0,0,0,0,0,0,0,0,0,0,'',0),(781231,0,0,0,0,0,0,0,0,0,0,0,0,0,'',0),(781232,0,0,0,0,0,0,0,0,0,0,0,0,0,'',0),(781233,0,0,0,0,0,0,0,0,0,0,0,0,0,'',0),(781234,0,0,0,0,0,0,0,0,0,0,0,0,0,'',0),(781235,0,0,0,0,0,0,0,0,0,0,0,0,0,'',0),(781236,0,0,0,0,0,0,0,0,0,0,0,0,0,'',0),(781237,0,0,0,0,0,0,0,0,0,0,0,0,0,'',0),(781238,0,0,0,0,0,0,0,0,0,0,0,0,0,'',0),(781239,0,0,0,0,0,0,0,0,0,0,0,0,0,'',0),(781240,0,0,0,0,0,0,0,0,0,0,0,0,0,'',0),(781241,0,0,0,0,0,0,0,0,0,0,0,0,0,'',0),(781242,0,0,0,0,0,0,0,0,0,0,0,0,0,'',0),(781243,9,11,0,0,0,0,0,0,0,0,0,0,0,'',0),(781244,8,11,0,0,0,0,0,0,0,0,0,0,0,'',0),(781245,0,0,0,0,0,0,0,0,0,0,0,0,0,'',0),(781246,9,11,0,0,0,0,0,0,0,0,0,0,0,'en',0),(781247,9,11,0,0,0,0,0,0,0,0,0,0,0,'en',0),(781248,9,11,0,0,0,0,0,0,0,0,0,0,0,'en',0),(781249,9,11,0,0,0,0,0,0,0,0,0,0,0,'en',0),(781250,9,11,0,0,0,0,0,0,0,0,0,0,0,'en',0),(781251,9,11,0,0,0,0,0,0,0,0,0,0,0,'en',0),(781252,9,11,0,0,0,0,0,0,0,0,0,0,0,'en',0),(781253,9,11,0,0,0,0,0,0,0,0,0,0,0,'en',0),(781254,9,11,0,0,0,0,0,0,0,0,0,0,0,'en',0),(781255,9,11,0,0,0,0,0,0,0,0,0,0,0,'en',0),(781256,0,11,0,0,0,0,0,0,0,0,0,0,0,'',0),(781257,7,11,0,0,0,0,0,0,0,0,0,0,0,'',0),(781258,0,0,0,0,0,0,0,0,0,0,0,0,0,'',0),(781259,0,0,0,0,0,0,0,0,0,0,0,0,0,'',0),(781260,7,1,0,0,0,0,0,0,0,0,0,0,0,'',0),(781261,0,0,0,0,0,0,0,0,0,0,0,0,0,'',0),(781262,7,3,0,0,0,0,0,0,0,0,0,0,0,'',0),(781263,3,11,0,0,0,0,0,0,0,0,0,0,0,'',0),(781264,0,11,0,0,0,0,0,0,0,0,0,0,0,'',0),(781265,0,11,0,0,0,0,0,0,0,0,0,0,0,'',0),(781266,8,11,0,0,0,0,0,0,0,0,0,0,0,'',0),(781267,8,11,0,0,0,0,0,0,0,0,0,0,0,'',0),(781268,8,11,0,0,0,0,0,0,0,0,0,0,0,'',0),(781269,8,11,0,0,0,0,0,0,0,0,0,0,0,'',0),(781270,9,11,0,0,0,0,0,0,0,0,0,0,0,'',0),(781271,3,10,0,0,0,0,0,0,0,0,0,0,0,'',0),(781272,0,0,0,0,0,0,0,0,0,0,0,0,0,'',0),(781273,0,0,0,0,0,0,0,0,0,0,0,0,0,'',0),(781274,0,0,0,0,0,0,0,0,0,0,0,0,0,'',0),(781275,0,0,0,0,0,0,0,0,0,0,0,0,0,'',0),(781276,0,0,0,0,0,0,0,0,0,0,0,0,0,'',0),(781277,0,0,0,0,0,0,0,0,0,0,0,0,0,'',0),(781278,0,0,0,0,0,0,0,0,0,0,0,0,0,'',0),(781279,0,0,0,0,0,0,0,0,0,0,0,0,0,'',0),(781280,0,0,0,0,0,0,0,0,0,0,0,0,0,'',0),(781281,8,11,0,0,0,0,0,0,0,0,0,0,0,'',0),(781282,9,11,0,0,0,0,0,0,0,0,0,0,0,'',0),(781283,0,0,0,0,0,0,0,0,0,0,0,0,0,'',0),(781284,7,1,0,0,0,0,0,0,0,0,0,0,0,'',0),(781285,0,0,0,0,0,0,0,0,0,0,0,0,0,'',0),(781286,9,11,0,0,0,0,0,0,0,0,0,0,0,'',0),(781287,0,3,0,0,0,0,0,0,0,0,0,0,0,'en',0),(781288,0,0,0,0,0,0,0,0,0,0,0,0,0,'',0),(781289,7,11,0,0,0,0,0,0,0,0,0,0,0,'en',0),(781290,0,0,0,0,0,0,0,0,0,0,0,0,0,'',0),(781291,0,0,0,0,0,0,0,0,0,0,0,0,0,'',0),(781292,0,11,0,0,0,0,0,0,0,0,0,0,0,'',0),(781293,4,11,0,0,0,0,0,0,0,0,0,0,0,'',0),(781294,7,1,0,0,0,0,0,0,0,0,0,0,0,'',0),(781295,0,0,0,0,0,0,0,0,0,0,0,0,0,'',0),(781296,5,11,0,0,0,0,0,0,0,0,0,0,0,'',0),(781297,5,11,0,0,0,0,0,0,0,0,0,0,0,'',0),(781298,3,11,0,0,0,0,0,0,0,0,0,0,0,'zh',0),(781299,0,0,0,0,0,0,0,0,0,0,0,0,0,'',0),(781300,0,0,0,0,0,0,0,0,0,0,0,0,0,'nl',0),(781301,0,0,0,0,0,0,0,0,0,0,0,0,0,'',0),(781302,0,0,0,0,0,0,0,0,0,0,0,0,0,'',0),(781303,7,3,0,0,0,0,0,0,0,0,0,0,0,'',0),(781304,0,11,0,0,0,0,0,0,0,0,0,0,0,'',0),(781305,9,11,0,0,0,0,0,0,0,0,0,0,0,'',0),(781306,9,11,0,0,0,0,0,0,0,0,0,0,0,'',0),(781307,9,11,0,0,0,0,0,0,0,0,0,0,0,'',0),(781308,0,0,0,0,0,0,0,0,0,0,0,0,0,'',0),(781309,6,0,0,0,0,0,0,0,0,0,0,0,0,'',0),(781310,0,0,0,0,0,0,0,0,0,0,0,0,0,'',0),(781311,0,0,0,0,0,0,0,0,0,0,0,0,0,'',0),(781312,0,0,0,0,0,0,0,0,0,0,0,0,0,'',0),(781313,0,0,0,0,0,0,0,0,0,0,0,0,0,'',0),(781314,0,0,0,0,0,0,0,0,0,0,0,0,0,'',0),(781315,0,0,0,0,0,0,0,0,0,0,0,0,0,'',0),(781316,0,0,0,0,0,0,0,0,0,0,0,0,0,'',0),(781317,0,0,0,0,0,0,0,0,0,0,0,0,0,'',0),(781318,0,0,0,0,0,0,0,0,0,0,0,0,0,'',0),(781319,0,0,0,0,0,0,0,0,0,0,0,0,0,'',0),(781320,0,0,0,0,0,0,0,0,0,0,0,0,0,'',0),(781321,0,0,0,0,0,0,0,0,0,0,0,0,0,'',0),(781322,0,0,0,0,0,0,0,0,0,0,0,0,0,'',0),(781323,7,3,0,0,0,0,0,0,0,0,0,0,0,'',0),(781324,0,0,0,0,0,0,0,0,0,0,0,0,0,'',0),(781325,0,0,0,0,0,0,0,0,0,0,0,0,0,'',0),(781326,6,11,0,0,0,0,0,0,0,0,0,0,0,'',0),(781327,8,11,0,0,0,0,0,0,0,0,0,0,0,'',0),(781328,0,0,0,0,0,0,0,0,0,0,0,0,0,'',0),(781329,0,0,0,0,0,0,0,0,0,0,0,0,0,'',0),(781330,0,0,0,0,0,0,0,0,0,0,0,0,0,'',0),(781331,0,0,0,0,0,0,0,0,0,0,0,0,0,'',0),(781332,0,0,0,0,0,0,0,0,0,0,0,0,0,'',0),(781333,8,11,0,0,0,0,0,0,0,0,0,0,0,'',0),(781334,8,11,0,0,0,0,0,0,0,0,0,0,0,'',0),(781335,8,11,0,0,0,0,0,0,0,0,0,0,0,'',0),(781336,0,0,0,0,0,0,0,0,0,0,0,0,0,'',0),(781337,7,0,0,0,0,0,0,0,0,0,0,0,0,'',0),(781338,0,0,0,0,0,0,0,0,0,0,0,0,0,'',0),(781339,0,0,0,0,0,0,0,0,0,0,0,0,0,'',0),(781340,9,11,19,0,0,0,0,0,0,0,0,0,0,'nl',0),(781341,0,0,0,0,0,0,0,0,0,0,0,0,0,'nl',0),(781342,0,0,0,0,0,0,0,0,0,0,0,0,0,'',0),(781343,0,0,0,0,0,0,0,0,0,0,0,0,0,'',0),(781344,0,0,0,0,0,0,0,0,0,0,0,0,0,'',0),(781345,0,0,0,0,0,0,0,0,0,0,0,0,0,'',0),(781346,0,0,0,0,0,0,0,0,0,0,0,0,0,'',0),(781347,0,0,0,0,0,0,0,0,0,0,0,0,0,'',0),(781348,0,0,0,0,0,0,0,0,0,0,0,0,0,'',0),(781349,0,0,0,0,0,0,0,0,0,0,0,0,0,'',0),(781350,0,0,0,0,0,0,0,0,0,0,0,0,0,'',0),(781351,0,0,0,0,0,0,0,0,0,0,0,0,0,'',0),(781352,8,11,0,0,0,0,0,0,0,0,0,0,0,'en',0),(781353,0,0,0,0,0,0,0,0,0,0,0,0,0,'',0),(781354,0,0,0,0,0,0,0,0,0,0,0,0,0,'',0),(781355,5,11,0,0,0,0,0,0,0,0,0,0,0,'ru',0),(781356,0,0,0,0,0,0,0,0,0,0,0,0,0,'',0),(781357,0,0,0,0,0,0,0,0,0,0,0,0,0,'',0),(781358,6,11,0,0,0,0,0,0,0,0,0,0,0,'en',0),(781359,6,11,0,0,0,0,0,0,0,0,0,0,0,'en',0),(781360,6,11,0,0,0,0,0,0,0,0,0,0,0,'en',0),(781361,6,11,0,0,0,0,0,0,0,0,0,0,0,'en',0),(781362,6,11,0,0,0,0,0,0,0,0,0,0,0,'en',0),(781363,6,11,0,0,0,0,0,0,0,0,0,0,0,'en',0),(781364,6,11,0,0,0,0,0,0,0,0,0,0,0,'en',0),(781365,0,0,0,0,0,0,0,0,0,0,0,0,0,'',0),(781366,5,11,0,0,0,0,0,0,0,0,0,0,0,'',0),(781367,0,0,0,0,0,0,0,0,0,0,0,0,0,'',0),(781368,9,11,0,0,0,0,0,0,0,0,0,0,0,'',0),(781369,0,0,0,0,0,0,0,0,0,0,0,0,0,'',0),(781370,9,11,0,0,0,0,0,0,0,0,0,0,0,'',0),(781371,0,0,0,0,0,0,0,0,0,0,0,0,0,'',0),(781372,0,0,0,0,0,0,0,0,0,0,0,0,0,'',0),(781373,0,0,0,0,0,0,0,0,0,0,0,0,0,'',0),(781374,9,11,0,0,0,0,0,0,0,0,0,0,0,'',0),(781375,0,0,0,0,0,0,0,0,0,0,0,0,0,'',0),(781376,0,3,0,0,0,0,0,0,0,0,0,0,0,'en',0),(781377,6,11,0,0,0,0,0,0,0,0,0,0,0,'zh',0),(781378,0,0,0,0,0,0,0,0,0,0,0,0,0,'',0),(781379,9,11,0,0,0,0,0,0,0,0,0,0,0,'',0),(781380,7,3,0,0,0,0,0,0,0,0,0,0,0,'',0),(781381,0,0,0,0,0,0,0,0,0,0,0,0,0,'',0),(781382,9,11,0,0,0,0,0,0,0,0,0,0,0,'',0),(781383,0,0,0,0,0,0,0,0,0,0,0,0,0,'',0),(781384,0,0,0,0,0,0,0,0,0,0,0,0,0,'',0),(781385,0,0,0,0,0,0,0,0,0,0,0,0,0,'',0),(781386,8,11,0,0,0,0,0,0,0,0,0,0,0,'',0),(781387,0,0,0,0,0,0,0,0,0,0,0,0,0,'',0),(781388,0,0,0,0,0,0,0,0,0,0,0,0,0,'',0),(781389,0,0,0,0,0,0,0,0,0,0,0,0,0,'',0),(781390,6,11,0,0,0,0,0,0,0,0,0,0,0,'zh',0),(781391,0,0,0,0,0,0,0,0,0,0,0,0,0,'',0),(781392,0,0,0,0,0,0,0,0,0,0,0,0,0,'',0),(781393,6,11,0,0,0,0,0,0,0,0,0,0,0,'',0),(781394,5,11,0,0,0,0,0,0,0,0,0,0,0,'ru',0),(781395,0,0,0,0,0,0,0,0,0,0,0,0,0,'',0),(781396,0,0,0,0,0,0,0,0,0,0,0,0,0,'',0),(781397,9,11,0,0,0,0,0,0,0,0,0,0,0,'',0),(781398,8,3,0,0,0,0,0,0,0,0,0,0,0,'en',0),(781399,9,11,0,0,0,0,0,0,0,0,0,0,0,'nl',0),(781400,0,0,0,0,0,0,0,0,0,0,0,0,0,'',0),(781401,0,0,0,0,0,0,0,0,0,0,0,0,0,'',0),(781402,0,0,0,0,0,0,0,0,0,0,0,0,0,'',0),(781403,0,0,0,0,0,0,0,0,0,0,0,0,0,'',0),(781404,0,0,0,0,0,0,0,0,0,0,0,0,0,'',0),(781405,0,0,0,0,0,0,0,0,0,0,0,0,0,'',0),(781406,0,0,0,0,0,0,0,0,0,0,0,0,0,'',0),(781407,0,0,0,0,0,0,0,0,0,0,0,0,0,'',0),(781408,0,0,0,0,0,0,0,0,0,0,0,0,0,'',0),(781409,0,0,0,0,0,0,0,0,0,0,0,0,0,'',0),(781410,0,0,0,0,0,0,0,0,0,0,0,0,0,'',0),(781411,5,11,0,0,0,0,0,0,0,0,0,0,0,'ru',0),(781412,0,0,0,0,0,0,0,0,0,0,0,0,0,'',0),(781413,7,3,0,0,0,0,0,0,0,0,0,0,0,'',0),(781414,0,0,0,0,0,0,0,0,0,0,0,0,0,'',0),(781415,9,11,0,0,0,0,0,0,0,0,0,0,0,'',0),(781416,0,0,0,0,0,0,0,0,0,0,0,0,0,'',0),(781417,0,0,0,0,0,0,0,0,0,0,0,0,0,'',0),(781418,8,3,0,0,0,0,0,0,0,0,0,0,0,'en',0),(781419,9,11,0,0,0,0,0,0,0,0,0,0,0,'',0),(781420,0,0,0,0,0,0,0,0,0,0,0,0,0,'',0),(781421,0,0,0,0,0,0,0,0,0,0,0,0,0,'',0),(781422,8,11,0,0,0,0,0,0,0,0,0,0,0,'',0),(781423,8,11,0,0,0,0,0,0,0,0,0,0,0,'',0),(781424,8,11,0,0,0,0,0,0,0,0,0,0,0,'',0),(781425,6,11,0,0,0,0,0,0,0,0,0,0,0,'',0),(781426,3,4,0,0,0,0,0,0,0,0,0,0,0,'zh',0),(781427,8,11,0,0,0,0,0,0,0,0,0,0,0,'',0),(781428,8,11,0,0,0,0,0,0,0,0,0,0,0,'',0),(781429,5,11,0,0,0,0,0,0,0,0,0,0,0,'',0),(781430,8,11,0,0,0,0,0,0,0,0,0,0,0,'',0),(781431,8,11,0,0,0,0,0,0,0,0,0,0,0,'',0),(781432,3,3,0,0,0,0,0,0,0,0,0,0,0,'en-us',0),(781433,9,11,0,0,0,0,0,0,0,0,0,0,0,'en',0),(781434,9,11,0,0,0,0,0,0,0,0,0,0,0,'en',0),(781435,9,11,0,0,0,0,0,0,0,0,0,0,0,'en',0),(781436,9,11,0,0,0,0,0,0,0,0,0,0,0,'en',0),(781437,9,11,0,0,0,0,0,0,0,0,0,0,0,'en',0),(781438,9,11,0,0,0,0,0,0,0,0,0,0,0,'en',0),(781439,9,11,0,0,0,0,0,0,0,0,0,0,0,'en',0),(781440,9,11,0,0,0,0,0,0,0,0,0,0,0,'en',0),(781441,9,11,0,0,0,0,0,0,0,0,0,0,0,'en',0),(781442,9,11,0,0,0,0,0,0,0,0,0,0,0,'',0),(781443,0,0,0,0,0,0,0,0,0,0,0,0,0,'',0),(781444,0,0,0,0,0,0,0,0,0,0,0,0,0,'',0),(781445,0,0,0,0,0,0,0,0,0,0,0,0,0,'',0),(781446,5,11,0,0,0,0,0,0,0,0,0,0,0,'ru',0),(781447,0,0,0,0,0,0,0,0,0,0,0,0,0,'',0),(781448,0,0,0,0,0,0,0,0,0,0,0,0,0,'',0),(781449,0,0,0,0,0,0,0,0,0,0,0,0,0,'',0),(781450,0,0,0,0,0,0,0,0,0,0,0,0,0,'',0),(781451,0,0,0,0,0,0,0,0,0,0,0,0,0,'',0),(781452,0,0,0,0,0,0,0,0,0,0,0,0,0,'',0),(781453,0,0,0,0,0,0,0,0,0,0,0,0,0,'',0),(781454,0,0,0,0,0,0,0,0,0,0,0,0,0,'',0),(781455,0,0,0,0,0,0,0,0,0,0,0,0,0,'',0),(781456,9,11,0,0,0,0,0,0,0,0,0,0,0,'',0),(781457,8,11,0,0,0,0,0,0,0,0,0,0,0,'nl',0),(781458,0,11,0,0,0,0,0,0,0,0,0,0,0,'',0),(781459,0,0,0,0,0,0,0,0,0,0,0,0,0,'',0),(781460,9,11,0,0,0,0,0,0,0,0,0,0,0,'',0),(781461,0,0,0,0,0,0,0,0,0,0,0,0,0,'',0),(781462,0,0,0,0,0,0,0,0,0,0,0,0,0,'',0),(781463,9,11,0,0,0,0,0,0,0,0,0,0,0,'en',0),(781464,9,11,0,0,0,0,0,0,0,0,0,0,0,'',0),(781465,9,11,0,0,0,0,0,0,0,0,0,0,0,'',0),(781466,0,0,0,0,0,0,0,0,0,0,0,0,0,'',0),(781467,0,0,0,0,0,0,0,0,0,0,0,0,0,'',0),(781468,0,0,0,0,0,0,0,0,0,0,0,0,0,'',0),(781469,0,0,0,0,0,0,0,0,0,0,0,0,0,'',0),(781470,5,11,0,0,0,0,0,0,0,0,0,0,0,'ru',0),(781471,0,0,0,0,0,0,0,0,0,0,0,0,0,'',0),(781472,0,0,0,0,0,0,0,0,0,0,0,0,0,'',0),(781473,0,0,0,0,0,0,0,0,0,0,0,0,0,'',0),(781474,0,0,0,0,0,0,0,0,0,0,0,0,0,'',0),(781475,0,0,0,0,0,0,0,0,0,0,0,0,0,'',0),(781476,0,0,0,0,0,0,0,0,0,0,0,0,0,'',0),(781477,5,11,0,0,0,0,0,0,0,0,0,0,0,'ru',0),(781478,0,0,0,0,0,0,0,0,0,0,0,0,0,'',0),(781479,6,11,0,0,0,0,0,0,0,0,0,0,0,'en',0),(781480,6,11,0,0,0,0,0,0,0,0,0,0,0,'en',0),(781481,6,11,0,0,0,0,0,0,0,0,0,0,0,'en',0),(781482,0,0,0,0,0,0,0,0,0,0,0,0,0,'',0),(781483,8,11,0,0,0,0,0,0,0,0,0,0,0,'',0),(781484,8,11,0,0,0,0,0,0,0,0,0,0,0,'',0),(781485,8,11,0,0,0,0,0,0,0,0,0,0,0,'',0),(781486,8,11,0,0,0,0,0,0,0,0,0,0,0,'',0),(781487,8,11,0,0,0,0,0,0,0,0,0,0,0,'',0),(781488,8,11,0,0,0,0,0,0,0,0,0,0,0,'',0),(781489,0,0,0,0,0,0,0,0,0,0,0,0,0,'',0),(781490,9,11,0,0,0,0,0,0,0,0,0,0,0,'en',0),(781491,9,11,0,0,0,0,0,0,0,0,0,0,0,'en',0),(781492,9,11,0,0,0,0,0,0,0,0,0,0,0,'en',0),(781493,9,11,0,0,0,0,0,0,0,0,0,0,0,'en',0),(781494,9,11,0,0,0,0,0,0,0,0,0,0,0,'en',0),(781495,9,11,0,0,0,0,0,0,0,0,0,0,0,'en',0),(781496,9,11,0,0,0,0,0,0,0,0,0,0,0,'en',0),(781497,9,11,0,0,0,0,0,0,0,0,0,0,0,'en',0),(781498,0,0,0,0,0,0,0,0,0,0,0,0,0,'',0),(781499,8,11,0,0,0,0,0,0,0,0,0,0,0,'',0),(781500,8,11,0,0,0,0,0,0,0,0,0,0,0,'',0),(781501,0,0,0,0,0,0,0,0,0,0,0,0,0,'',0),(781502,0,0,0,0,0,0,0,0,0,0,0,0,0,'',0),(781503,6,11,0,0,0,0,0,0,0,0,0,0,0,'',0),(781504,0,11,0,0,0,0,0,0,0,0,0,0,0,'',0),(781505,6,11,0,0,0,0,0,0,0,0,0,0,0,'en',0),(781506,6,11,0,0,0,0,0,0,0,0,0,0,0,'en',0),(781507,6,11,0,0,0,0,0,0,0,0,0,0,0,'en',0),(781508,0,0,0,0,0,0,0,0,0,0,0,0,0,'',0),(781509,0,0,0,0,0,0,0,0,0,0,0,0,0,'',0),(781510,8,11,0,0,0,0,0,0,0,0,0,0,0,'en',0),(781511,0,0,0,0,0,0,0,0,0,0,0,0,0,'',0),(781512,7,11,0,0,0,0,0,0,0,0,0,0,0,'en',0),(781513,0,0,0,0,0,0,0,0,0,0,0,0,0,'',0),(781514,0,0,0,0,0,0,0,0,0,0,0,0,0,'',0),(781515,0,0,0,0,0,0,0,0,0,0,0,0,0,'',0),(781516,0,0,0,0,0,0,0,0,0,0,0,0,0,'',0),(781517,0,0,0,0,0,0,0,0,0,0,0,0,0,'',0),(781518,0,0,0,0,0,0,0,0,0,0,0,0,0,'',0),(781519,0,0,0,0,0,0,0,0,0,0,0,0,0,'',0),(781520,0,0,0,0,0,0,0,0,0,0,0,0,0,'',0),(781521,0,0,0,0,0,0,0,0,0,0,0,0,0,'',0),(781522,0,0,0,0,0,0,0,0,0,0,0,0,0,'',0),(781523,0,0,0,0,0,0,0,0,0,0,0,0,0,'',0),(781524,0,0,0,0,0,0,0,0,0,0,0,0,0,'',0),(781525,0,0,0,0,0,0,0,0,0,0,0,0,0,'',0),(781526,0,0,0,0,0,0,0,0,0,0,0,0,0,'',0),(781527,0,0,0,0,0,0,0,0,0,0,0,0,0,'',0),(781528,0,0,0,0,0,0,0,0,0,0,0,0,0,'',0),(781529,0,0,0,0,0,0,0,0,0,0,0,0,0,'',0),(781530,0,0,0,0,0,0,0,0,0,0,0,0,0,'',0),(781531,0,0,0,0,0,0,0,0,0,0,0,0,0,'',0),(781532,0,11,0,0,0,0,0,0,0,0,0,0,0,'',0),(781533,0,0,0,0,0,0,0,0,0,0,0,0,0,'',0),(781534,0,0,0,0,0,0,0,0,0,0,0,0,0,'',0),(781535,0,0,0,0,0,0,0,0,0,0,0,0,0,'',0),(781536,0,0,0,0,0,0,0,0,0,0,0,0,0,'',0),(781537,0,0,0,0,0,0,0,0,0,0,0,0,0,'',0),(781538,0,0,0,0,0,0,0,0,0,0,0,0,0,'',0),(781539,0,0,0,0,0,0,0,0,0,0,0,0,0,'',0),(781540,0,0,0,0,0,0,0,0,0,0,0,0,0,'',0),(781541,0,0,0,0,0,0,0,0,0,0,0,0,0,'',0),(781542,0,0,0,0,0,0,0,0,0,0,0,0,0,'',0),(781543,0,0,0,0,0,0,0,0,0,0,0,0,0,'',0),(781544,0,0,0,0,0,0,0,0,0,0,0,0,0,'',0),(781545,0,0,0,0,0,0,0,0,0,0,0,0,0,'',0),(781546,0,0,0,0,0,0,0,0,0,0,0,0,0,'',0),(781547,0,0,0,0,0,0,0,0,0,0,0,0,0,'',0),(781548,0,0,0,0,0,0,0,0,0,0,0,0,0,'',0),(781549,0,0,0,0,0,0,0,0,0,0,0,0,0,'',0),(781550,0,0,0,0,0,0,0,0,0,0,0,0,0,'',0),(781551,0,0,0,0,0,0,0,0,0,0,0,0,0,'',0),(781552,0,0,0,0,0,0,0,0,0,0,0,0,0,'',0),(781553,0,0,0,0,0,0,0,0,0,0,0,0,0,'',0),(781554,0,0,0,0,0,0,0,0,0,0,0,0,0,'',0),(781555,0,0,0,0,0,0,0,0,0,0,0,0,0,'',0),(781556,0,0,0,0,0,0,0,0,0,0,0,0,0,'',0),(781557,0,0,0,0,0,0,0,0,0,0,0,0,0,'',0),(781558,0,0,0,0,0,0,0,0,0,0,0,0,0,'',0),(781559,0,0,0,0,0,0,0,0,0,0,0,0,0,'',0),(781560,0,0,0,0,0,0,0,0,0,0,0,0,0,'',0),(781561,0,0,0,0,0,0,0,0,0,0,0,0,0,'',0),(781562,0,0,0,0,0,0,0,0,0,0,0,0,0,'',0),(781563,0,0,0,0,0,0,0,0,0,0,0,0,0,'',0),(781564,0,0,0,0,0,0,0,0,0,0,0,0,0,'',0),(781565,0,0,0,0,0,0,0,0,0,0,0,0,0,'',0),(781566,0,0,0,0,0,0,0,0,0,0,0,0,0,'',0),(781567,0,0,0,0,0,0,0,0,0,0,0,0,0,'',0),(781568,0,0,0,0,0,0,0,0,0,0,0,0,0,'',0),(781569,0,0,0,0,0,0,0,0,0,0,0,0,0,'',0),(781570,0,0,0,0,0,0,0,0,0,0,0,0,0,'',0),(781571,0,0,0,0,0,0,0,0,0,0,0,0,0,'',0),(781572,0,0,0,0,0,0,0,0,0,0,0,0,0,'',0),(781573,0,0,0,0,0,0,0,0,0,0,0,0,0,'',0),(781574,0,0,0,0,0,0,0,0,0,0,0,0,0,'',0),(781575,0,0,0,0,0,0,0,0,0,0,0,0,0,'',0),(781576,0,0,0,0,0,0,0,0,0,0,0,0,0,'',0),(781577,0,0,0,0,0,0,0,0,0,0,0,0,0,'',0),(781578,0,0,0,0,0,0,0,0,0,0,0,0,0,'',0),(781579,0,0,0,0,0,0,0,0,0,0,0,0,0,'',0),(781580,0,0,0,0,0,0,0,0,0,0,0,0,0,'',0),(781581,0,0,0,0,0,0,0,0,0,0,0,0,0,'',0),(781582,0,0,0,0,0,0,0,0,0,0,0,0,0,'',0),(781583,0,0,0,0,0,0,0,0,0,0,0,0,0,'',0),(781584,0,0,0,0,0,0,0,0,0,0,0,0,0,'',0),(781585,0,0,0,0,0,0,0,0,0,0,0,0,0,'',0),(781586,0,0,0,0,0,0,0,0,0,0,0,0,0,'',0),(781587,0,0,0,0,0,0,0,0,0,0,0,0,0,'',0),(781588,9,11,0,0,0,0,0,0,0,0,0,0,0,'',0),(781589,0,0,0,0,0,0,0,0,0,0,0,0,0,'',0),(781590,0,0,0,0,0,0,0,0,0,0,0,0,0,'nl',0),(781591,0,0,0,0,0,0,0,0,0,0,0,0,0,'',0),(781592,0,0,0,0,0,0,0,0,0,0,0,0,0,'',0),(781593,0,0,0,0,0,0,0,0,0,0,0,0,0,'',0),(781594,0,0,0,0,0,0,0,0,0,0,0,0,0,'',0),(781595,0,0,0,0,0,0,0,0,0,0,0,0,0,'',0),(781596,5,11,0,0,0,0,0,0,0,0,0,0,0,'ru',0),(781597,5,11,0,0,0,0,0,0,0,0,0,0,0,'ru',0),(781598,0,0,0,0,0,0,0,0,0,0,0,0,0,'',0),(781599,9,11,0,0,0,0,0,0,0,0,0,0,0,'',0),(781600,6,11,0,0,0,0,0,0,0,0,0,0,0,'',0),(781601,6,11,0,0,0,0,0,0,0,0,0,0,0,'',0),(781602,6,11,0,0,0,0,0,0,0,0,0,0,0,'',0),(781603,6,11,0,0,0,0,0,0,0,0,0,0,0,'',0),(781604,6,11,0,0,0,0,0,0,0,0,0,0,0,'',0),(781605,6,11,0,0,0,0,0,0,0,0,0,0,0,'',0),(781606,6,11,0,0,0,0,0,0,0,0,0,0,0,'',0),(781607,6,11,0,0,0,0,0,0,0,0,0,0,0,'',0),(781608,6,11,0,0,0,0,0,0,0,0,0,0,0,'',0),(781609,6,11,0,0,0,0,0,0,0,0,0,0,0,'',0),(781610,0,0,0,0,0,0,0,0,0,0,0,0,0,'',0),(781611,9,11,0,0,0,0,0,0,0,0,0,0,0,'',0),(781612,0,0,0,0,0,0,0,0,0,0,0,0,0,'',0),(781613,0,0,0,0,0,0,0,0,0,0,0,0,0,'',0),(781614,0,11,0,0,0,0,0,0,0,0,0,0,0,'',0),(781615,5,11,0,0,0,0,0,0,0,0,0,0,0,'',0),(781616,0,11,0,0,0,0,0,0,0,0,0,0,0,'',0),(781617,0,0,0,0,0,0,0,0,0,0,0,0,0,'',0),(781618,0,0,0,0,0,0,0,0,0,0,0,0,0,'',0),(781619,0,0,0,0,0,0,0,0,0,0,0,0,0,'',0),(781620,0,0,0,0,0,0,0,0,0,0,0,0,0,'',0),(781621,0,0,0,0,0,0,0,0,0,0,0,0,0,'',0),(781622,0,0,0,0,0,0,0,0,0,0,0,0,0,'',0),(781623,0,0,0,0,0,0,0,0,0,0,0,0,0,'',0),(781624,0,0,0,0,0,0,0,0,0,0,0,0,0,'',0),(781625,0,0,0,0,0,0,0,0,0,0,0,0,0,'',0),(781626,0,0,0,0,0,0,0,0,0,0,0,0,0,'',0),(781627,0,0,0,0,0,0,0,0,0,0,0,0,0,'',0),(781628,0,11,0,0,0,0,0,0,0,0,0,0,0,'',0),(781629,9,11,0,0,0,0,0,0,0,0,0,0,0,'',0),(781630,6,11,0,0,0,0,0,0,0,0,0,0,0,'zh',0),(781631,0,0,0,0,0,0,0,0,0,0,0,0,0,'',0),(781632,0,11,0,0,0,0,0,0,0,0,0,0,0,'',0),(781633,0,0,0,0,0,0,0,0,0,0,0,0,0,'',0),(781634,0,0,0,0,0,0,0,0,0,0,0,0,0,'',0),(781635,0,0,0,0,0,0,0,0,0,0,0,0,0,'',0),(781636,0,0,0,0,0,0,0,0,0,0,0,0,0,'',0),(781637,0,11,0,0,0,0,0,0,0,0,0,0,0,'',0),(781638,0,0,0,0,0,0,0,0,0,0,0,0,0,'',0),(781639,0,0,0,0,0,0,0,0,0,0,0,0,0,'',0),(781640,7,11,0,0,0,0,0,0,0,0,0,0,0,'en',0),(781641,0,0,0,0,0,0,0,0,0,0,0,0,0,'',0),(781642,0,0,0,0,0,0,0,0,0,0,0,0,0,'',0),(781643,7,11,0,0,0,0,0,0,0,0,0,0,0,'en',0),(781644,0,0,0,0,0,0,0,0,0,0,0,0,0,'',0),(781645,0,0,0,0,0,0,0,0,0,0,0,0,0,'',0),(781646,0,0,0,0,0,0,0,0,0,0,0,0,0,'',0),(781647,0,0,0,0,0,0,0,0,0,0,0,0,0,'',0),(781648,0,0,0,0,0,0,0,0,0,0,0,0,0,'',0),(781649,0,0,0,0,0,0,0,0,0,0,0,0,0,'',0),(781650,0,0,0,0,0,0,0,0,0,0,0,0,0,'',0),(781651,0,0,0,0,0,0,0,0,0,0,0,0,0,'',0),(781652,0,0,0,0,0,0,0,0,0,0,0,0,0,'',0),(781653,0,0,0,0,0,0,0,0,0,0,0,0,0,'',0),(781654,0,0,0,0,0,0,0,0,0,0,0,0,0,'',0),(781655,8,11,0,0,0,0,0,0,0,0,0,0,0,'en',0),(781656,7,11,0,0,0,0,0,0,0,0,0,0,0,'en',0),(781657,7,3,0,0,0,0,0,0,0,0,0,0,0,'',0),(781658,7,3,0,0,0,0,0,0,0,0,0,0,0,'',0),(781659,0,0,0,0,0,0,0,0,0,0,0,0,0,'',0),(781660,0,0,0,0,0,0,0,0,0,0,0,0,0,'',0),(781661,6,11,0,0,0,0,0,0,0,0,0,0,0,'',0),(781662,6,11,0,0,0,0,0,0,0,0,0,0,0,'',0),(781663,6,11,0,0,0,0,0,0,0,0,0,0,0,'',0),(781664,6,11,0,0,0,0,0,0,0,0,0,0,0,'',0),(781665,6,11,0,0,0,0,0,0,0,0,0,0,0,'',0),(781666,0,0,0,0,0,0,0,0,0,0,0,0,0,'',0),(781667,0,0,0,0,0,0,0,0,0,0,0,0,0,'',0),(781668,0,0,0,0,0,0,0,0,0,0,0,0,0,'',0),(781669,9,11,0,0,0,0,0,0,0,0,0,0,0,'',0),(781670,0,0,0,0,0,0,0,0,0,0,0,0,0,'',0),(781671,7,11,0,0,0,0,0,0,0,0,0,0,0,'en',0),(781672,0,11,0,0,0,0,0,0,0,0,0,0,0,'',0),(781673,8,11,0,0,0,0,0,0,0,0,0,0,0,'',0),(781674,8,11,0,0,0,0,0,0,0,0,0,0,0,'',0),(781675,8,11,0,0,0,0,0,0,0,0,0,0,0,'',0),(781676,8,11,0,0,0,0,0,0,0,0,0,0,0,'',0),(781677,8,11,0,0,0,0,0,0,0,0,0,0,0,'',0),(781678,8,11,0,0,0,0,0,0,0,0,0,0,0,'',0),(781679,8,11,0,0,0,0,0,0,0,0,0,0,0,'',0),(781680,8,11,0,0,0,0,0,0,0,0,0,0,0,'',0),(781681,8,11,0,0,0,0,0,0,0,0,0,0,0,'',0),(781682,0,0,0,0,0,0,0,0,0,0,0,0,0,'',0),(781683,7,11,0,0,0,0,0,0,0,0,0,0,0,'en',0),(781684,6,11,0,0,0,0,0,0,0,0,0,0,0,'en',0),(781685,6,11,0,0,0,0,0,0,0,0,0,0,0,'en',0),(781686,6,11,0,0,0,0,0,0,0,0,0,0,0,'en',0),(781687,0,0,0,0,0,0,0,0,0,0,0,0,0,'',0),(781688,0,0,0,0,0,0,0,0,0,0,0,0,0,'',0),(781689,0,0,0,0,0,0,0,0,0,0,0,0,0,'',0),(781690,0,0,0,0,0,0,0,0,0,0,0,0,0,'',0),(781691,0,0,0,0,0,0,0,0,0,0,0,0,0,'',0),(781692,0,0,0,0,0,0,0,0,0,0,0,0,0,'',0),(781693,0,0,0,0,0,0,0,0,0,0,0,0,0,'',0),(781694,0,0,0,0,0,0,0,0,0,0,0,0,0,'',0),(781695,0,0,0,0,0,0,0,0,0,0,0,0,0,'',0),(781696,7,11,0,0,0,0,0,0,0,0,0,0,0,'en',0),(781697,0,0,0,0,0,0,0,0,0,0,0,0,0,'',0),(781698,0,0,0,0,0,0,0,0,0,0,0,0,0,'',0),(781699,7,11,0,0,0,0,0,0,0,0,0,0,0,'en',0),(781700,9,11,0,0,0,0,0,0,0,0,0,0,0,'',0),(781701,7,1,0,0,0,0,0,0,0,0,0,0,0,'',0),(781702,0,0,0,0,0,0,0,0,0,0,0,0,0,'',0),(781703,9,11,0,0,0,0,0,0,0,0,0,0,0,'',0),(781704,5,11,0,0,0,0,0,0,0,0,0,0,0,'',0),(781705,7,11,0,0,0,0,0,0,0,0,0,0,0,'en',0),(781706,6,11,0,0,0,0,0,0,0,0,0,0,0,'',0),(781707,6,11,0,0,0,0,0,0,0,0,0,0,0,'',0),(781708,6,11,0,0,0,0,0,0,0,0,0,0,0,'',0),(781709,0,0,0,0,0,0,0,0,0,0,0,0,0,'',0),(781710,0,0,0,0,0,0,0,0,0,0,0,0,0,'',0),(781711,0,0,0,0,0,0,0,0,0,0,0,0,0,'',0),(781712,9,11,0,0,0,0,0,0,0,0,0,0,0,'',0),(781713,0,0,0,0,0,0,0,0,0,0,0,0,0,'',0),(781714,7,11,0,0,0,0,0,0,0,0,0,0,0,'en',0),(781715,0,0,0,0,0,0,0,0,0,0,0,0,0,'',0),(781716,3,11,0,0,0,0,0,0,0,0,0,0,0,'nl',0),(781717,3,3,0,0,0,0,0,0,0,0,0,0,0,'en-us',0),(781718,5,11,0,0,0,0,0,0,0,0,0,0,0,'ru',0),(781719,7,11,0,0,0,0,0,0,0,0,0,0,0,'en',0),(781720,6,3,0,0,0,0,0,0,0,0,0,0,0,'',0),(781721,7,3,0,0,0,0,0,0,0,0,0,0,0,'',0),(781722,7,11,0,0,0,0,0,0,0,0,0,0,0,'en',0),(781723,7,11,0,0,0,0,0,0,0,0,0,0,0,'en',0),(781724,0,0,0,0,0,0,0,0,0,0,0,0,0,'',0),(781725,0,0,0,0,0,0,0,0,0,0,0,0,0,'',0),(781726,0,0,0,0,0,0,0,0,0,0,0,0,0,'',0),(781727,0,0,0,0,0,0,0,0,0,0,0,0,0,'',0),(781728,0,0,0,0,0,0,0,0,0,0,0,0,0,'',0),(781729,0,0,0,0,0,0,0,0,0,0,0,0,0,'',0),(781730,0,0,0,0,0,0,0,0,0,0,0,0,0,'',0),(781731,0,0,0,0,0,0,0,0,0,0,0,0,0,'',0),(781732,0,0,0,0,0,0,0,0,0,0,0,0,0,'',0),(781733,0,0,0,0,0,0,0,0,0,0,0,0,0,'',0),(781734,0,0,0,0,0,0,0,0,0,0,0,0,0,'',0),(781735,0,0,0,0,0,0,0,0,0,0,0,0,0,'',0),(781736,0,0,0,0,0,0,0,0,0,0,0,0,0,'',0),(781737,0,0,0,0,0,0,0,0,0,0,0,0,0,'',0),(781738,0,0,0,0,0,0,0,0,0,0,0,0,0,'',0),(781739,0,0,0,0,0,0,0,0,0,0,0,0,0,'',0),(781740,0,0,0,0,0,0,0,0,0,0,0,0,0,'',0),(781741,0,0,0,0,0,0,0,0,0,0,0,0,0,'',0),(781742,0,0,0,0,0,0,0,0,0,0,0,0,0,'',0),(781743,0,0,0,0,0,0,0,0,0,0,0,0,0,'',0),(781744,8,11,0,0,0,0,0,0,0,0,0,0,0,'en',0),(781745,0,0,0,0,0,0,0,0,0,0,0,0,0,'',0),(781746,9,11,0,0,0,0,0,0,0,0,0,0,0,'en',0),(781747,9,11,0,0,0,0,0,0,0,0,0,0,0,'en',0),(781748,9,11,0,0,0,0,0,0,0,0,0,0,0,'en',0),(781749,9,11,0,0,0,0,0,0,0,0,0,0,0,'en',0),(781750,9,11,0,0,0,0,0,0,0,0,0,0,0,'en',0),(781751,9,11,0,0,0,0,0,0,0,0,0,0,0,'en',0),(781752,9,11,0,0,0,0,0,0,0,0,0,0,0,'en',0),(781753,7,11,0,0,0,0,0,0,0,0,0,0,0,'en',0),(781754,0,0,0,0,0,0,0,0,0,0,0,0,0,'',0),(781755,0,0,0,0,0,0,0,0,0,0,0,0,0,'',0),(781756,0,0,0,0,0,0,0,0,0,0,0,0,0,'',0),(781757,0,0,0,0,0,0,0,0,0,0,0,0,0,'',0),(781758,0,0,0,0,0,0,0,0,0,0,0,0,0,'',0),(781759,0,0,0,0,0,0,0,0,0,0,0,0,0,'',0),(781760,0,0,0,0,0,0,0,0,0,0,0,0,0,'',0),(781761,0,0,0,0,0,0,0,0,0,0,0,0,0,'',0),(781762,0,0,0,0,0,0,0,0,0,0,0,0,0,'',0),(781763,0,0,0,0,0,0,0,0,0,0,0,0,0,'',0),(781764,0,0,0,0,0,0,0,0,0,0,0,0,0,'',0),(781765,0,0,0,0,0,0,0,0,0,0,0,0,0,'',0),(781766,0,0,0,0,0,0,0,0,0,0,0,0,0,'',0),(781767,0,0,0,0,0,0,0,0,0,0,0,0,0,'',0),(781768,0,0,0,0,0,0,0,0,0,0,0,0,0,'',0),(781769,0,0,0,0,0,0,0,0,0,0,0,0,0,'',0),(781770,9,11,0,0,0,0,0,0,0,0,0,0,0,'',0),(781771,6,11,0,0,0,0,0,0,0,0,0,0,0,'nl',0),(781772,6,3,0,0,0,0,0,0,0,0,0,0,0,'nl',0),(781773,6,11,0,0,0,0,0,0,0,0,0,0,0,'nl',0),(781774,5,11,0,0,0,0,0,0,0,0,0,0,0,'ru',0),(781775,7,3,0,0,0,0,0,0,0,0,0,0,0,'',0),(781776,7,11,0,0,0,0,0,0,0,0,0,0,0,'en',0),(781777,0,0,0,0,0,0,0,0,0,0,0,0,0,'',0),(781778,0,0,0,0,0,0,0,0,0,0,0,0,0,'',0),(781779,0,0,0,0,0,0,0,0,0,0,0,0,0,'',0),(781780,0,0,0,0,0,0,0,0,0,0,0,0,0,'',0),(781781,0,0,0,0,0,0,0,0,0,0,0,0,0,'',0),(781782,0,0,0,0,0,0,0,0,0,0,0,0,0,'',0),(781783,0,0,0,0,0,0,0,0,0,0,0,0,0,'',0),(781784,0,0,0,0,0,0,0,0,0,0,0,0,0,'',0),(781785,0,0,0,0,0,0,0,0,0,0,0,0,0,'',0),(781786,0,0,0,0,0,0,0,0,0,0,0,0,0,'',0),(781787,0,0,0,0,0,0,0,0,0,0,0,0,0,'',0),(781788,0,0,0,0,0,0,0,0,0,0,0,0,0,'',0),(781789,0,0,0,0,0,0,0,0,0,0,0,0,0,'',0),(781790,0,0,0,0,0,0,0,0,0,0,0,0,0,'',0),(781791,0,0,0,0,0,0,0,0,0,0,0,0,0,'',0),(781792,0,0,0,0,0,0,0,0,0,0,0,0,0,'',0),(781793,0,0,0,0,0,0,0,0,0,0,0,0,0,'',0),(781794,0,0,0,0,0,0,0,0,0,0,0,0,0,'',0),(781795,0,0,0,0,0,0,0,0,0,0,0,0,0,'',0),(781796,0,0,0,0,0,0,0,0,0,0,0,0,0,'',0),(781797,0,0,0,0,0,0,0,0,0,0,0,0,0,'',0),(781798,0,0,0,0,0,0,0,0,0,0,0,0,0,'',0),(781799,0,0,0,0,0,0,0,0,0,0,0,0,0,'',0),(781800,0,0,0,0,0,0,0,0,0,0,0,0,0,'',0),(781801,7,11,0,0,0,0,0,0,0,0,0,0,0,'en',0),(781802,0,0,0,0,0,0,0,0,0,0,0,0,0,'',0),(781803,6,11,0,0,0,0,0,0,0,0,0,0,0,'',0),(781804,6,11,0,0,0,0,0,0,0,0,0,0,0,'',0),(781805,6,11,0,0,0,0,0,0,0,0,0,0,0,'',0),(781806,6,11,0,0,0,0,0,0,0,0,0,0,0,'',0),(781807,6,11,0,0,0,0,0,0,0,0,0,0,0,'',0),(781808,7,11,0,0,0,0,0,0,0,0,0,0,0,'en',0),(781809,6,11,0,0,0,0,0,0,0,0,0,0,0,'nl',0),(781810,8,11,0,0,0,0,0,0,0,0,0,0,0,'',0),(781811,8,11,0,0,0,0,0,0,0,0,0,0,0,'',0),(781812,8,11,0,0,0,0,0,0,0,0,0,0,0,'',0),(781813,8,11,0,0,0,0,0,0,0,0,0,0,0,'',0),(781814,8,11,0,0,0,0,0,0,0,0,0,0,0,'',0),(781815,6,3,0,0,0,0,0,0,0,0,0,0,0,'nl',0),(781816,2,3,0,0,0,0,0,0,0,0,0,0,0,'en',0),(781817,9,11,0,0,0,0,0,0,0,0,0,0,0,'',0),(781818,0,0,0,0,0,0,0,0,0,0,0,0,0,'',0),(781819,3,11,0,0,0,0,0,0,0,0,0,0,0,'',0),(781820,3,3,0,0,0,0,0,0,0,0,0,0,0,'en-us',0),(781821,0,0,0,0,0,0,0,0,0,0,0,0,0,'',0),(781822,7,1,0,0,0,0,0,0,0,0,0,0,0,'',0);

--
-- Table structure for table `akoe_homeslider`
--

CREATE TABLE `akoe_homeslider` (
  `id_homeslider_slides` int(10) unsigned NOT NULL AUTO_INCREMENT,
  `id_shop` int(10) unsigned NOT NULL,
  PRIMARY KEY (`id_homeslider_slides`,`id_shop`)
) ENGINE=InnoDB AUTO_INCREMENT=4 DEFAULT CHARSET=utf8;

--
-- Dumping data for table `akoe_homeslider`
--

INSERT INTO `akoe_homeslider` VALUES (1,1),(2,1),(3,1);

--
-- Table structure for table `akoe_homeslider_slides`
--

CREATE TABLE `akoe_homeslider_slides` (
  `id_homeslider_slides` int(10) unsigned NOT NULL AUTO_INCREMENT,
  `position` int(10) unsigned NOT NULL DEFAULT 0,
  `active` tinyint(1) unsigned NOT NULL DEFAULT 0,
  PRIMARY KEY (`id_homeslider_slides`)
) ENGINE=InnoDB AUTO_INCREMENT=4 DEFAULT CHARSET=utf8;

--
-- Dumping data for table `akoe_homeslider_slides`
--

INSERT INTO `akoe_homeslider_slides` VALUES (1,0,1),(2,0,1),(3,0,1);

--
-- Table structure for table `akoe_homeslider_slides_lang`
--

CREATE TABLE `akoe_homeslider_slides_lang` (
  `id_homeslider_slides` int(10) unsigned NOT NULL,
  `id_lang` int(10) unsigned NOT NULL,
  `title` varchar(255) NOT NULL,
  `description` text NOT NULL,
  `legend` varchar(255) NOT NULL,
  `url` varchar(255) NOT NULL,
  `image` varchar(255) NOT NULL,
  PRIMARY KEY (`id_homeslider_slides`,`id_lang`)
) ENGINE=InnoDB DEFAULT CHARSET=utf8;

--
-- Dumping data for table `akoe_homeslider_slides_lang`
--

INSERT INTO `akoe_homeslider_slides_lang` VALUES (1,1,'Voorbeelden','','Voorbeelden','http://www.prestashop.com/?utm_source=back-office&utm_medium=v17_homeslider&utm_campaign=back-office-NL&utm_content=download','9cdc92b742bc7fc53ee97f2d339aa0b807f1f47b_ceiling1.PNG'),(2,1,'Diffusers','','diffusers','http://www.prestashop.com/?utm_source=back-office&utm_medium=v17_homeslider&utm_campaign=back-office-NL&utm_content=download','494891ee631a66248f907c555fdaa699dab25f06_difb.PNG'),(3,1,'Akoestische wand isolatie','','akoestische-wandisolatie','http://www.prestashop.com/?utm_source=back-office&utm_medium=v17_homeslider&utm_campaign=back-office-NL&utm_content=download','75c8f64c62047466184320c8fe569f140eac0b81_IMG-20180729-WA0004.jpg');

--
-- Table structure for table `akoe_hook`
--

CREATE TABLE `akoe_hook` (
  `id_hook` int(10) unsigned NOT NULL AUTO_INCREMENT,
  `name` varchar(64) NOT NULL,
  `title` varchar(64) NOT NULL,
  `description` text DEFAULT NULL,
  `position` tinyint(1) NOT NULL DEFAULT 1,
  PRIMARY KEY (`id_hook`),
  UNIQUE KEY `hook_name` (`name`)
) ENGINE=InnoDB AUTO_INCREMENT=234 DEFAULT CHARSET=utf8;

--
-- Dumping data for table `akoe_hook`
--

INSERT INTO `akoe_hook` VALUES (1,'actionValidateOrder','New orders','',1),(2,'displayMaintenance','Maintenance Page','This hook displays new elements on the maintenance page',1),(3,'displayProductPageDrawer','Product Page Drawer','This hook displays content in the right sidebar of the product page',1),(4,'actionPaymentConfirmation','Payment confirmation','This hook displays new elements after the payment is validated',1),(5,'displayPaymentReturn','Payment return','',1),(6,'actionUpdateQuantity','Quantity update','Quantity is updated only when a customer effectively places their order',1),(7,'displayRightColumn','Right column blocks','This hook displays new elements in the right-hand column',1),(8,'displayWrapperTop','Main wrapper section (top)','This hook displays new elements in the top of the main wrapper',1),(9,'displayWrapperBottom','Main wrapper section (bottom)','This hook displays new elements in the bottom of the main wrapper',1),(10,'displayContentWrapperTop','Content wrapper section (top)','This hook displays new elements in the top of the content wrapper',1),(11,'displayContentWrapperBottom','Content wrapper section (bottom)','This hook displays new elements in the bottom of the content wrapper',1),(12,'displayLeftColumn','Left column blocks','This hook displays new elements in the left-hand column',1),(13,'displayHome','Homepage content','This hook displays new elements on the homepage',1),(14,'Header','Pages html head section','This hook adds additional elements in the head section of your pages (head section of html)',1),(15,'actionCartSave','Cart creation and update','This hook is displayed when a product is added to the cart or if the cart\'s content is modified',1),(16,'actionAuthentication','Successful customer authentication','This hook is displayed after a customer successfully signs in',1),(17,'actionProductAdd','Product creation','This hook is displayed after a product is created',1),(18,'actionProductUpdate','Product update','This hook is displayed after a product has been updated',1),(19,'displayAfterBodyOpeningTag','Very top of pages','Use this hook for advertisement or modals you want to load first',1),(20,'displayBeforeBodyClosingTag','Very bottom of pages','Use this hook for your modals or any content you want to load at the very end',1),(21,'displayTop','Top of pages','This hook displays additional elements at the top of your pages',1),(22,'displayNavFullWidth','Navigation','This hook displays full width navigation menu at the top of your pages',1),(23,'displayRightColumnProduct','New elements on the product page (right column)','This hook displays new elements in the right-hand column of the product page',1),(24,'actionProductDelete','Product deletion','This hook is called when a product is deleted',1),(25,'actionObjectProductInCartDeleteBefore','Cart product removal','This hook is called before a product is removed from a cart',1),(26,'actionObjectProductInCartDeleteAfter','Cart product removal','This hook is called after a product is removed from a cart',1),(27,'displayFooterProduct','Product footer','This hook adds new blocks under the product\'s description',1),(28,'displayInvoice','Invoice','This hook displays new blocks on the invoice (order)',1),(29,'actionOrderStatusUpdate','Order status update - Event','This hook launches modules when the status of an order changes',1),(30,'displayAdminOrder','Display new elements in the Back Office, tab AdminOrder','This hook launches modules when the AdminOrder tab is displayed in the Back Office',1),(31,'displayAdminOrderTabOrder','Display new elements in Back Office, AdminOrder, panel Order','This hook launches modules when the AdminOrder tab is displayed in the Back Office and extends / override Order panel tabs',1),(32,'displayAdminOrderTabShip','Display new elements in Back Office, AdminOrder, panel Shipping','This hook launches modules when the AdminOrder tab is displayed in the Back Office and extends / override Shipping panel tabs',1),(33,'displayAdminOrderContentOrder','Display new elements in Back Office, AdminOrder, panel Order','This hook launches modules when the AdminOrder tab is displayed in the Back Office and extends / override Order panel content',1),(34,'displayAdminOrderContentShip','Display new elements in Back Office, AdminOrder, panel Shipping','This hook launches modules when the AdminOrder tab is displayed in the Back Office and extends / override Shipping panel content',1),(35,'displayFooter','Footer','This hook displays new blocks in the footer',1),(36,'displayPDFInvoice','PDF Invoice','This hook allows you to display additional information on PDF invoices',1),(37,'displayInvoiceLegalFreeText','PDF Invoice - Legal Free Text','This hook allows you to modify the legal free text on PDF invoices',1),(38,'displayAdminCustomers','Display new elements in the Back Office, tab AdminCustomers','This hook launches modules when the AdminCustomers tab is displayed in the Back Office',1),(39,'displayAdminCustomersAddressesItemAction','Display new elements in the Back Office, tab AdminCustomers, Add','This hook launches modules when the Addresses list into the AdminCustomers tab is displayed in the Back Office',1),(40,'displayOrderConfirmation','Order confirmation page','This hook is called within an order\'s confirmation page',1),(41,'actionCustomerAccountAdd','Successful customer account creation','This hook is called when a new customer creates an account successfully',1),(42,'actionCustomerAccountUpdate','Successful customer account update','This hook is called when a customer updates its account successfully',1),(43,'displayCustomerAccount','Customer account displayed in Front Office','This hook displays new elements on the customer account page',1),(44,'actionOrderSlipAdd','Order slip creation','This hook is called when a new credit slip is added regarding client order',1),(45,'displayShoppingCartFooter','Shopping cart footer','This hook displays some specific information on the shopping cart\'s page',1),(46,'displayCreateAccountEmailFormBottom','Customer authentication form','This hook displays some information on the bottom of the email form',1),(47,'displayAuthenticateFormBottom','Customer authentication form','This hook displays some information on the bottom of the authentication form',1),(48,'displayCustomerAccountForm','Customer account creation form','This hook displays some information on the form to create a customer account',1),(49,'displayAdminStatsModules','Stats - Modules','',1),(50,'displayAdminStatsGraphEngine','Graph engines','',1),(51,'actionOrderReturn','Returned product','This hook is displayed when a customer returns a product ',1),(52,'displayProductAdditionalInfo','Product page additional info','This hook adds additional information on the product page',1),(53,'displayBackOfficeHome','Administration panel homepage','This hook is displayed on the admin panel\'s homepage',1),(54,'displayAdminStatsGridEngine','Grid engines','',1),(55,'actionWatermark','Watermark','',1),(56,'actionProductCancel','Product cancelled','This hook is called when you cancel a product in an order',1),(57,'displayLeftColumnProduct','New elements on the product page (left column)','This hook displays new elements in the left-hand column of the product page',1),(58,'actionProductOutOfStock','Out-of-stock product','This hook displays new action buttons if a product is out of stock',1),(59,'actionProductAttributeUpdate','Product attribute update','This hook is displayed when a product\'s attribute is updated',1),(60,'displayCarrierList','Extra carrier (module mode)','',1),(61,'displayShoppingCart','Shopping cart - Additional button','This hook displays new action buttons within the shopping cart',1),(62,'actionCarrierUpdate','Carrier Update','This hook is called when a carrier is updated',1),(63,'actionOrderStatusPostUpdate','Post update of order status','',1),(64,'displayCustomerAccountFormTop','Block above the form for create an account','This hook is displayed above the customer\'s account creation form',1),(65,'displayBackOfficeHeader','Administration panel header','This hook is displayed in the header of the admin panel',1),(66,'displayBackOfficeTop','Administration panel hover the tabs','This hook is displayed on the roll hover of the tabs within the admin panel',1),(67,'displayAdminEndContent','Administration end of content','This hook is displayed at the end of the main content, before the footer',1),(68,'displayBackOfficeFooter','Administration panel footer','This hook is displayed within the admin panel\'s footer',1),(69,'actionProductAttributeDelete','Product attribute deletion','This hook is displayed when a product\'s attribute is deleted',1),(70,'actionCarrierProcess','Carrier process','',1),(71,'displayBeforeCarrier','Before carriers list','This hook is displayed before the carrier list in Front Office',1),(72,'displayAfterCarrier','After carriers list','This hook is displayed after the carrier list in Front Office',1),(73,'displayOrderDetail','Order detail','This hook is displayed within the order\'s details in Front Office',1),(74,'actionPaymentCCAdd','Payment CC added','',1),(75,'actionCategoryAdd','Category creation','This hook is displayed when a category is created',1),(76,'actionCategoryUpdate','Category modification','This hook is displayed when a category is modified',1),(77,'actionCategoryDelete','Category deletion','This hook is displayed when a category is deleted',1),(78,'displayPaymentTop','Top of payment page','This hook is displayed at the top of the payment page',1),(79,'actionHtaccessCreate','After htaccess creation','This hook is displayed after the htaccess creation',1),(80,'actionAdminMetaSave','After saving the configuration in AdminMeta','This hook is displayed after saving the configuration in AdminMeta',1),(81,'displayAttributeGroupForm','Add fields to the form \'attribute group\'','This hook adds fields to the form \'attribute group\'',1),(82,'actionAttributeGroupSave','Saving an attribute group','This hook is called while saving an attributes group',1),(83,'actionAttributeGroupDelete','Deleting attribute group','This hook is called while deleting an attributes  group',1),(84,'displayFeatureForm','Add fields to the form \'feature\'','This hook adds fields to the form \'feature\'',1),(85,'actionFeatureSave','Saving attributes\' features','This hook is called while saving an attributes features',1),(86,'actionFeatureDelete','Deleting attributes\' features','This hook is called while deleting an attributes features',1),(87,'actionProductSave','Saving products','This hook is called while saving products',1),(88,'displayAttributeGroupPostProcess','On post-process in admin attribute group','This hook is called on post-process in admin attribute group',1),(89,'displayFeaturePostProcess','On post-process in admin feature','This hook is called on post-process in admin feature',1),(90,'displayFeatureValueForm','Add fields to the form \'feature value\'','This hook adds fields to the form \'feature value\'',1),(91,'displayFeatureValuePostProcess','On post-process in admin feature value','This hook is called on post-process in admin feature value',1),(92,'actionFeatureValueDelete','Deleting attributes\' features\' values','This hook is called while deleting an attributes features value',1),(93,'actionFeatureValueSave','Saving an attributes features value','This hook is called while saving an attributes features value',1),(94,'displayAttributeForm','Add fields to the form \'attribute value\'','This hook adds fields to the form \'attribute value\'',1),(95,'actionAttributePostProcess','On post-process in admin feature value','This hook is called on post-process in admin feature value',1),(96,'actionAttributeDelete','Deleting an attributes features value','This hook is called while deleting an attributes features value',1),(97,'actionAttributeSave','Saving an attributes features value','This hook is called while saving an attributes features value',1),(98,'actionTaxManager','Tax Manager Factory','',1),(99,'displayMyAccountBlock','My account block','This hook displays extra information within the \'my account\' block\"',1),(100,'actionModuleInstallBefore','actionModuleInstallBefore','',1),(101,'actionModuleInstallAfter','actionModuleInstallAfter','',1),(102,'displayTopColumn','Top column blocks','This hook displays new elements in the top of columns',1),(103,'displayBackOfficeCategory','Display new elements in the Back Office, tab AdminCategories','This hook launches modules when the AdminCategories tab is displayed in the Back Office',1),(104,'displayProductListFunctionalButtons','Display new elements in the Front Office, products list','This hook launches modules when the products list is displayed in the Front Office',1),(105,'displayNav','Navigation','',1),(106,'displayOverrideTemplate','Change the default template of current controller','',1),(107,'actionAdminLoginControllerSetMedia','Set media on admin login page header','This hook is called after adding media to admin login page header',1),(108,'actionOrderEdited','Order edited','This hook is called when an order is edited',1),(109,'actionEmailAddBeforeContent','Add extra content before mail content','This hook is called just before fetching mail template',1),(110,'actionEmailAddAfterContent','Add extra content after mail content','This hook is called just after fetching mail template',1),(111,'sendMailAlterTemplateVars','Alter template vars on the fly','This hook is called when Mail::send() is called',1),(112,'displayCartExtraProductActions','Extra buttons in shopping cart','This hook adds extra buttons to the product lines, in the shopping cart',1),(113,'displayPaymentByBinaries','Payment form generated by binaries','This hook displays form generated by binaries during the checkout',1),(114,'additionalCustomerFormFields','Add fields to the Customer form','This hook returns an array of FormFields to add them to the customer registration form',1),(115,'addWebserviceResources','Add extra webservice resource','This hook is called when webservice resources list in webservice controller',1),(116,'displayCustomerLoginFormAfter','Display elements after login form','This hook displays new elements after the login form',1),(117,'actionClearCache','Clear smarty cache','This hook is called when smarty\'s cache is cleared',1),(118,'actionClearCompileCache','Clear smarty compile cache','This hook is called when smarty\'s compile cache is cleared',1),(119,'actionClearSf2Cache','Clear Sf2 cache','This hook is called when the Symfony cache is cleared',1),(120,'actionValidateCustomerAddressForm','Customer address form validation','This hook is called when a customer submit its address form',1),(121,'displayCarrierExtraContent','Display additional content for a carrier (e.g pickup points)','This hook calls only the module related to the carrier, in order to add options when needed',1),(122,'validateCustomerFormFields','Customer registration form validation','This hook is called to a module when it has sent additional fields with additionalCustomerFormFields',1),(123,'displayProductExtraContent','Display extra content on the product page','This hook expects ProductExtraContent instances, which will be properly displayed by the template on the product page',1),(124,'filterCmsContent','Filter the content page','This hook is called just before fetching content page',1),(125,'filterCmsCategoryContent','Filter the content page category','This hook is called just before fetching content page category',1),(126,'filterProductContent','Filter the content page product','This hook is called just before fetching content page product',1),(127,'filterCategoryContent','Filter the content page category','This hook is called just before fetching content page category',1),(128,'filterManufacturerContent','Filter the content page manufacturer','This hook is called just before fetching content page manufacturer',1),(129,'filterSupplierContent','Filter the content page supplier','This hook is called just before fetching content page supplier',1),(130,'filterHtmlContent','Filter HTML field before rending a page','This hook is called just before fetching a page on HTML field',1),(131,'displayDashboardTop','Dashboard Top','Displays the content in the dashboard\'s top area',1),(132,'actionUpdateLangAfter','Update \"lang\" tables','Update \"lang\" tables after adding or updating a language',1),(133,'actionOutputHTMLBefore','Before HTML output','This hook is used to filter the whole HTML page before it is rendered (only front)',1),(134,'displayAfterProductThumbs','Display extra content below product thumbs','This hook displays new elements below product images ex. additional media',1),(135,'actionDispatcherBefore','Before dispatch','This hook is called at the beginning of the dispatch method of the Dispatcher',1),(136,'actionDispatcherAfter','After dispatch','This hook is called at the end of the dispatch method of the Dispatcher',1),(137,'filterProductSearch','Filter search products result','This hook is called in order to allow to modify search product result',1),(138,'actionProductSearchAfter','Event triggered after search product completed','This hook is called after the product search. Parameters are already filter',1),(139,'actionEmailSendBefore','Before sending an email','This hook is used to filter the content or the metadata of an email before sending it or even prevent its sending',1),(140,'displayAdminProductsMainStepLeftColumnMiddle','Display new elements in back office product page, left column of','This hook launches modules when the back office product page is displayed',1),(141,'displayAdminProductsMainStepLeftColumnBottom','Display new elements in back office product page, left column of','This hook launches modules when the back office product page is displayed',1),(142,'displayAdminProductsMainStepRightColumnBottom','Display new elements in back office product page, right column o','This hook launches modules when the back office product page is displayed',1),(143,'displayAdminProductsQuantitiesStepBottom','Display new elements in back office product page, Quantities/Com','This hook launches modules when the back office product page is displayed',1),(144,'displayAdminProductsPriceStepBottom','Display new elements in back office product page, Price tab','This hook launches modules when the back office product page is displayed',1),(145,'displayAdminProductsOptionsStepTop','Display new elements in back office product page, Options tab','This hook launches modules when the back office product page is displayed',1),(146,'displayAdminProductsOptionsStepBottom','Display new elements in back office product page, Options tab','This hook launches modules when the back office product page is displayed',1),(147,'displayAdminProductsSeoStepBottom','Display new elements in back office product page, SEO tab','This hook launches modules when the back office product page is displayed',1),(148,'displayAdminProductsShippingStepBottom','Display new elements in back office product page, Shipping tab','This hook launches modules when the back office product page is displayed',1),(149,'displayAdminProductsCombinationBottom','Display new elements in back office product page, Combination ta','This hook launches modules when the back office product page is displayed',1),(150,'displayDashboardToolbarTopMenu','Display new elements in back office page with a dashboard, on to','This hook launches modules when a page with a dashboard is displayed',1),(151,'displayDashboardToolbarIcons','Display new elements in back office page with dashboard, on icon','This hook launches modules when the back office with dashboard is displayed',1),(152,'actionBuildFrontEndObject','Manage elements added to the \"prestashop\" javascript object','This hook allows you to customize the \"prestashop\" javascript object that is included in all front office pages',1),(153,'actionFrontControllerAfterInit','Perform actions after front office controller initialization','This hook is launched after the initialization of all front office controllers',1),(154,'actionAdministrationPageForm','Manage Administration Page form fields','This hook adds, update or remove fields of the Administration Page form',1),(155,'actionAdministrationPageFormSave','Processing Administration page form','This hook is called when the Administration Page form is processed',1),(156,'actionPerformancePageForm','Manage Performance Page form fields','This hook adds, update or remove fields of the Performance Page form',1),(157,'actionPerformancePageFormSave','Processing Performance page form','This hook is called when the Performance Page form is processed',1),(158,'actionMaintenancePageForm','Manage Maintenance Page form fields','This hook adds, update or remove fields of the Maintenance Page form',1),(159,'actionMaintenancePageFormSave','Processing Maintenance page form','This hook is called when the Maintenance Page form is processed',1),(160,'registerGDPRConsent','registerGDPRConsent','',1),(161,'dashboardZoneOne','dashboardZoneOne','',1),(162,'dashboardData','dashboardData','',1),(163,'actionObjectOrderAddAfter','actionObjectOrderAddAfter','',1),(164,'actionObjectCustomerAddAfter','actionObjectCustomerAddAfter','',1),(165,'actionObjectCustomerMessageAddAfter','actionObjectCustomerMessageAddAfter','',1),(166,'actionObjectCustomerThreadAddAfter','actionObjectCustomerThreadAddAfter','',1),(167,'actionObjectOrderReturnAddAfter','actionObjectOrderReturnAddAfter','',1),(168,'actionAdminControllerSetMedia','actionAdminControllerSetMedia','',1),(169,'dashboardZoneTwo','dashboardZoneTwo','',1),(170,'actionSearch','actionSearch','',1),(171,'actionObjectLanguageAddAfter','actionObjectLanguageAddAfter','',1),(172,'paymentOptions','paymentOptions','',1),(173,'displayNav1','displayNav1','',1),(174,'actionAdminStoresControllerUpdate_optionsAfter','actionAdminStoresControllerUpdate_optionsAfter','',1),(175,'actionAdminCurrenciesControllerSaveAfter','actionAdminCurrenciesControllerSaveAfter','',1),(176,'actionModuleRegisterHookAfter','actionModuleRegisterHookAfter','',1),(177,'actionModuleUnRegisterHookAfter','actionModuleUnRegisterHookAfter','',1),(178,'actionShopDataDuplication','actionShopDataDuplication','',1),(179,'displayFooterBefore','displayFooterBefore','',1),(180,'displayAdminCustomersForm','displayAdminCustomersForm','',1),(181,'actionDeleteGDPRCustomer','actionDeleteGDPRCustomer','',1),(182,'actionExportGDPRData','actionExportGDPRData','',1),(183,'productSearchProvider','productSearchProvider','',1),(184,'displayOrderConfirmation2','displayOrderConfirmation2','',1),(185,'displayCrossSellingShoppingCart','displayCrossSellingShoppingCart','',1),(186,'actionAdminGroupsControllerSaveAfter','actionAdminGroupsControllerSaveAfter','',1),(187,'actionObjectCategoryUpdateAfter','actionObjectCategoryUpdateAfter','',1),(188,'actionObjectCategoryDeleteAfter','actionObjectCategoryDeleteAfter','',1),(189,'actionObjectCategoryAddAfter','actionObjectCategoryAddAfter','',1),(190,'actionObjectCmsUpdateAfter','actionObjectCmsUpdateAfter','',1),(191,'actionObjectCmsDeleteAfter','actionObjectCmsDeleteAfter','',1),(192,'actionObjectCmsAddAfter','actionObjectCmsAddAfter','',1),(193,'actionObjectSupplierUpdateAfter','actionObjectSupplierUpdateAfter','',1),(194,'actionObjectSupplierDeleteAfter','actionObjectSupplierDeleteAfter','',1),(195,'actionObjectSupplierAddAfter','actionObjectSupplierAddAfter','',1),(196,'actionObjectManufacturerUpdateAfter','actionObjectManufacturerUpdateAfter','',1),(197,'actionObjectManufacturerDeleteAfter','actionObjectManufacturerDeleteAfter','',1),(198,'actionObjectManufacturerAddAfter','actionObjectManufacturerAddAfter','',1),(199,'actionObjectProductUpdateAfter','actionObjectProductUpdateAfter','',1),(200,'actionObjectProductDeleteAfter','actionObjectProductDeleteAfter','',1),(201,'actionObjectProductAddAfter','actionObjectProductAddAfter','',1),(202,'displaySearch','displaySearch','',1),(203,'displayAdminNavBarBeforeEnd','displayAdminNavBarBeforeEnd','',1),(204,'displayAdminAfterHeader','displayAdminAfterHeader','',1),(205,'displayNav2','','',1),(206,'displayReassurance','','',1),(207,'actionAdminMetaControllerUpdate_optionsAfter','actionAdminMetaControllerUpdate_optionsAfter','',1),(208,'actionAdminPerformanceControllerSaveAfter','actionAdminPerformanceControllerSaveAfter','',1),(209,'actionObjectCarrierAddAfter','actionObjectCarrierAddAfter','',1),(210,'actionObjectContactAddAfter','actionObjectContactAddAfter','',1),(211,'actionAdminThemesControllerUpdate_optionsAfter','actionAdminThemesControllerUpdate_optionsAfter','',1),(212,'actionObjectShopUpdateAfter','actionObjectShopUpdateAfter','',1),(213,'actionAdminPreferencesControllerUpdate_optionsAfter','actionAdminPreferencesControllerUpdate_optionsAfter','',1),(214,'actionObjectShopAddAfter','actionObjectShopAddAfter','',1),(215,'actionObjectShopGroupAddAfter','actionObjectShopGroupAddAfter','',1),(216,'actionObjectCartAddAfter','actionObjectCartAddAfter','',1),(217,'actionObjectEmployeeAddAfter','actionObjectEmployeeAddAfter','',1),(218,'actionObjectImageAddAfter','actionObjectImageAddAfter','',1),(219,'actionObjectCartRuleAddAfter','actionObjectCartRuleAddAfter','',1),(220,'actionAdminStoresControllerSaveAfter','actionAdminStoresControllerSaveAfter','',1),(221,'actionAdminWebserviceControllerSaveAfter','actionAdminWebserviceControllerSaveAfter','',1),(222,'actionObjectSpecificPriceCoreDeleteAfter','actionObjectSpecificPriceCoreDeleteAfter','',1),(223,'actionObjectSpecificPriceCoreAddAfter','actionObjectSpecificPriceCoreAddAfter','',1),(224,'actionObjectSpecificPriceCoreUpdateAfter','actionObjectSpecificPriceCoreUpdateAfter','',1),(225,'displayPayment','displayPayment','',1),(226,'displayPaymentEU','displayPaymentEU','',1),(227,'displayFooterAfter','displayFooterAfter','',1),(228,'actionFrontControllerSetMedia','actionFrontControllerSetMedia','',1),(229,'actionFeatureFormBuilderModifier','actionFeatureFormBuilderModifier','',1),(230,'actionAfterCreateFeatureFormHandler','actionAfterCreateFeatureFormHandler','',1),(231,'actionAfterUpdateFeatureFormHandler','actionAfterUpdateFeatureFormHandler','',1),(232,'actionObjectSpecificPriceRuleUpdateBefore','actionObjectSpecificPriceRuleUpdateBefore','',1),(233,'actionAdminSpecificPriceRuleControllerSaveAfter','actionAdminSpecificPriceRuleControllerSaveAfter','',1);

--
-- Table structure for table `akoe_hook_alias`
--

CREATE TABLE `akoe_hook_alias` (
  `id_hook_alias` int(10) unsigned NOT NULL AUTO_INCREMENT,
  `alias` varchar(64) NOT NULL,
  `name` varchar(64) NOT NULL,
  PRIMARY KEY (`id_hook_alias`),
  UNIQUE KEY `alias` (`alias`)
) ENGINE=InnoDB AUTO_INCREMENT=84 DEFAULT CHARSET=utf8;

--
-- Dumping data for table `akoe_hook_alias`
--

INSERT INTO `akoe_hook_alias` VALUES (1,'newOrder','actionValidateOrder'),(2,'paymentConfirm','actionPaymentConfirmation'),(3,'paymentReturn','displayPaymentReturn'),(4,'updateQuantity','actionUpdateQuantity'),(5,'rightColumn','displayRightColumn'),(6,'leftColumn','displayLeftColumn'),(7,'home','displayHome'),(8,'displayHeader','Header'),(9,'cart','actionCartSave'),(10,'authentication','actionAuthentication'),(11,'addproduct','actionProductAdd'),(12,'updateproduct','actionProductUpdate'),(13,'top','displayTop'),(14,'extraRight','displayRightColumnProduct'),(15,'deleteproduct','actionProductDelete'),(16,'productfooter','displayFooterProduct'),(17,'invoice','displayInvoice'),(18,'updateOrderStatus','actionOrderStatusUpdate'),(19,'adminOrder','displayAdminOrder'),(20,'footer','displayFooter'),(21,'PDFInvoice','displayPDFInvoice'),(22,'adminCustomers','displayAdminCustomers'),(23,'orderConfirmation','displayOrderConfirmation'),(24,'createAccount','actionCustomerAccountAdd'),(25,'customerAccount','displayCustomerAccount'),(26,'orderSlip','actionOrderSlipAdd'),(27,'shoppingCart','displayShoppingCartFooter'),(28,'createAccountForm','displayCustomerAccountForm'),(29,'AdminStatsModules','displayAdminStatsModules'),(30,'GraphEngine','displayAdminStatsGraphEngine'),(31,'orderReturn','actionOrderReturn'),(32,'productActions','displayProductAdditionalInfo'),(33,'displayProductButtons','displayProductAdditionalInfo'),(34,'backOfficeHome','displayBackOfficeHome'),(35,'GridEngine','displayAdminStatsGridEngine'),(36,'watermark','actionWatermark'),(37,'cancelProduct','actionProductCancel'),(38,'extraLeft','displayLeftColumnProduct'),(39,'productOutOfStock','actionProductOutOfStock'),(40,'updateProductAttribute','actionProductAttributeUpdate'),(41,'extraCarrier','displayCarrierList'),(42,'shoppingCartExtra','displayShoppingCart'),(43,'updateCarrier','actionCarrierUpdate'),(44,'postUpdateOrderStatus','actionOrderStatusPostUpdate'),(45,'createAccountTop','displayCustomerAccountFormTop'),(46,'backOfficeHeader','displayBackOfficeHeader'),(47,'backOfficeTop','displayBackOfficeTop'),(48,'backOfficeFooter','displayBackOfficeFooter'),(49,'deleteProductAttribute','actionProductAttributeDelete'),(50,'processCarrier','actionCarrierProcess'),(51,'beforeCarrier','displayBeforeCarrier'),(52,'orderDetailDisplayed','displayOrderDetail'),(53,'paymentCCAdded','actionPaymentCCAdd'),(54,'categoryAddition','actionCategoryAdd'),(55,'categoryUpdate','actionCategoryUpdate'),(56,'categoryDeletion','actionCategoryDelete'),(57,'paymentTop','displayPaymentTop'),(58,'afterCreateHtaccess','actionHtaccessCreate'),(59,'afterSaveAdminMeta','actionAdminMetaSave'),(60,'attributeGroupForm','displayAttributeGroupForm'),(61,'afterSaveAttributeGroup','actionAttributeGroupSave'),(62,'afterDeleteAttributeGroup','actionAttributeGroupDelete'),(63,'featureForm','displayFeatureForm'),(64,'afterSaveFeature','actionFeatureSave'),(65,'afterDeleteFeature','actionFeatureDelete'),(66,'afterSaveProduct','actionProductSave'),(67,'postProcessAttributeGroup','displayAttributeGroupPostProcess'),(68,'postProcessFeature','displayFeaturePostProcess'),(69,'featureValueForm','displayFeatureValueForm'),(70,'postProcessFeatureValue','displayFeatureValuePostProcess'),(71,'afterDeleteFeatureValue','actionFeatureValueDelete'),(72,'afterSaveFeatureValue','actionFeatureValueSave'),(73,'attributeForm','displayAttributeForm'),(74,'postProcessAttribute','actionAttributePostProcess'),(75,'afterDeleteAttribute','actionAttributeDelete'),(76,'afterSaveAttribute','actionAttributeSave'),(77,'taxManager','actionTaxManager'),(78,'myAccountBlock','displayMyAccountBlock'),(79,'actionBeforeCartUpdateQty','actionCartUpdateQuantityBefore'),(80,'actionBeforeAjaxDie','actionAjaxDieBefore'),(81,'actionBeforeAuthentication','actionAuthenticationBefore'),(82,'actionBeforeSubmitAccount','actionSubmitAccountBefore'),(83,'actionAfterDeleteProductInCart','actionDeleteProductInCartAfter');

--
-- Table structure for table `akoe_hook_module`
--

CREATE TABLE `akoe_hook_module` (
  `id_module` int(10) unsigned NOT NULL,
  `id_shop` int(11) unsigned NOT NULL DEFAULT 1,
  `id_hook` int(10) unsigned NOT NULL,
  `position` tinyint(2) unsigned NOT NULL,
  PRIMARY KEY (`id_module`,`id_hook`,`id_shop`),
  KEY `id_hook` (`id_hook`),
  KEY `id_module` (`id_module`),
  KEY `position` (`id_shop`,`position`)
) ENGINE=InnoDB DEFAULT CHARSET=utf8;

--
-- Dumping data for table `akoe_hook_module`
--

INSERT INTO `akoe_hook_module` VALUES (1,1,160,1),(2,1,162,1),(2,1,163,1),(2,1,164,1),(2,1,165,1),(2,1,166,1),(2,1,167,1),(2,1,168,1),(3,1,63,1),(3,1,169,1),(5,1,170,1),(6,1,50,1),(7,1,54,1),(8,1,171,1),(9,1,12,1),(11,1,173,1),(11,1,174,1),(12,1,175,1),(13,1,176,1),(13,1,177,1),(15,1,178,1),(16,1,41,1),(16,1,114,1),(16,1,179,1),(16,1,181,1),(16,1,182,1),(17,1,75,1),(17,1,77,1),(17,1,81,1),(17,1,82,1),(17,1,83,1),(17,1,84,1),(17,1,85,1),(17,1,86,1),(17,1,87,1),(17,1,88,1),(17,1,89,1),(17,1,90,1),(17,1,91,1),(17,1,92,1),(17,1,93,1),(17,1,94,1),(17,1,95,1),(17,1,97,1),(17,1,183,1),(17,1,229,1),(17,1,230,1),(17,1,231,1),(17,1,232,1),(17,1,233,1),(18,1,17,1),(18,1,18,1),(18,1,24,1),(18,1,76,1),(18,1,184,1),(18,1,185,1),(18,1,186,1),(19,1,13,1),(19,1,14,1),(20,1,205,1),(21,1,35,1),(21,1,132,1),(22,1,21,1),(22,1,187,1),(22,1,188,1),(22,1,189,1),(22,1,190,1),(22,1,191,1),(22,1,192,1),(22,1,193,1),(22,1,194,1),(22,1,195,1),(22,1,196,1),(22,1,197,1),(22,1,198,1),(22,1,199,1),(22,1,200,1),(22,1,201,1),(23,1,202,1),(24,1,52,1),(28,1,5,1),(28,1,172,1),(29,1,49,1),(39,1,16,1),(39,1,20,1),(52,1,65,1),(52,1,203,1),(52,1,204,1),(53,1,1,1),(53,1,29,1),(53,1,101,1),(53,1,207,1),(53,1,208,1),(53,1,209,1),(53,1,210,1),(53,1,211,1),(53,1,212,1),(53,1,213,1),(53,1,214,1),(53,1,215,1),(53,1,216,1),(53,1,217,1),(53,1,218,1),(53,1,219,1),(53,1,220,1),(53,1,221,1),(55,1,161,1),(56,1,19,1),(56,1,22,1),(56,1,206,1),(56,1,227,1),(56,1,228,1),(58,1,222,1),(58,1,223,1),(58,1,224,1),(60,1,30,1),(60,1,40,1),(60,1,225,1),(60,1,226,1),(2,1,161,2),(3,1,162,2),(3,1,168,2),(4,1,169,2),(5,1,163,2),(12,1,205,2),(13,1,35,2),(16,1,160,2),(17,1,12,2),(18,1,13,2),(19,1,178,2),(22,1,76,2),(23,1,14,2),(23,1,21,2),(26,1,179,2),(30,1,49,2),(39,1,41,2),(49,1,170,2),(53,1,65,2),(53,1,164,2),(53,1,166,2),(53,1,174,2),(53,1,192,2),(53,1,201,2),(54,1,176,2),(54,1,177,2),(56,1,132,2),(57,1,17,2),(57,1,18,2),(57,1,24,2),(59,1,63,2),(60,1,29,2),(60,1,172,2),(4,1,162,3),(4,1,168,3),(5,1,169,3),(8,1,13,3),(11,1,35,3),(14,1,205,3),(17,1,76,3),(22,1,178,3),(25,1,14,3),(31,1,49,3),(53,1,163,3),(54,1,65,3),(56,1,179,3),(58,1,17,3),(58,1,18,3),(58,1,24,3),(5,1,162,4),(6,1,168,4),(15,1,13,4),(25,1,205,4),(32,1,49,4),(59,1,17,4),(59,1,18,4),(59,1,24,4),(60,1,14,4),(60,1,65,4),(33,1,49,5),(57,1,13,5),(34,1,49,6),(58,1,13,6),(35,1,49,7),(59,1,13,7),(36,1,49,8),(37,1,49,9),(38,1,49,10),(40,1,49,11),(41,1,49,12),(42,1,49,13),(43,1,49,14),(44,1,49,15),(45,1,49,16),(46,1,49,17),(47,1,49,18),(48,1,49,19),(49,1,49,20),(50,1,49,21),(51,1,49,22);

--
-- Table structure for table `akoe_hook_module_exceptions`
--

CREATE TABLE `akoe_hook_module_exceptions` (
  `id_hook_module_exceptions` int(10) unsigned NOT NULL AUTO_INCREMENT,
  `id_shop` int(11) unsigned NOT NULL DEFAULT 1,
  `id_module` int(10) unsigned NOT NULL,
  `id_hook` int(10) unsigned NOT NULL,
  `file_name` varchar(255) DEFAULT NULL,
  PRIMARY KEY (`id_hook_module_exceptions`),
  KEY `id_module` (`id_module`),
  KEY `id_hook` (`id_hook`)
) ENGINE=InnoDB DEFAULT CHARSET=utf8;

--
-- Dumping data for table `akoe_hook_module_exceptions`
--


--
-- Table structure for table `akoe_image`
--

CREATE TABLE `akoe_image` (
  `id_image` int(10) unsigned NOT NULL AUTO_INCREMENT,
  `id_product` int(10) unsigned NOT NULL,
  `position` smallint(2) unsigned NOT NULL DEFAULT 0,
  `cover` tinyint(1) unsigned DEFAULT NULL,
  PRIMARY KEY (`id_image`),
  UNIQUE KEY `id_product_cover` (`id_product`,`cover`),
  UNIQUE KEY `idx_product_image` (`id_image`,`id_product`,`cover`),
  KEY `image_product` (`id_product`)
) ENGINE=InnoDB AUTO_INCREMENT=195 DEFAULT CHARSET=utf8;

--
-- Dumping data for table `akoe_image`
--

INSERT INTO `akoe_image` VALUES (24,22,1,1),(25,22,2,NULL),(27,22,3,NULL),(28,22,4,NULL),(29,22,5,NULL),(30,23,2,NULL),(31,23,3,NULL),(32,23,1,1),(33,23,4,NULL),(34,23,5,NULL),(35,24,1,NULL),(36,24,2,NULL),(37,24,3,NULL),(38,24,4,1),(39,24,5,NULL),(40,25,1,1),(41,25,2,NULL),(42,26,1,1),(44,27,1,1),(45,28,1,1),(46,28,2,NULL),(47,28,3,NULL),(48,28,4,NULL),(50,29,1,1),(51,29,2,NULL),(52,29,3,NULL),(53,29,4,NULL),(54,30,1,1),(59,31,1,1),(60,31,2,NULL),(61,31,3,NULL),(62,31,4,NULL),(63,31,5,NULL),(65,32,1,1),(66,32,2,NULL),(67,32,3,NULL),(68,32,4,NULL),(69,33,1,1),(70,33,2,NULL),(71,33,3,NULL),(72,33,4,NULL),(73,33,5,NULL),(74,34,1,1),(75,34,2,NULL),(76,34,3,NULL),(77,34,4,NULL),(78,34,5,NULL),(79,36,1,1),(80,36,2,NULL),(81,36,3,NULL),(86,38,4,NULL),(92,39,1,1),(94,39,3,NULL),(95,39,4,NULL),(96,39,2,NULL),(105,41,1,1),(107,41,2,NULL),(108,41,3,NULL),(109,41,4,NULL),(111,40,1,1),(112,40,2,NULL),(113,40,3,NULL),(114,38,2,NULL),(116,38,1,1),(117,38,3,NULL),(118,42,1,1),(120,42,2,NULL),(121,42,3,NULL),(122,42,4,NULL),(123,42,5,NULL),(124,42,6,NULL),(128,43,3,NULL),(129,43,1,NULL),(130,43,4,NULL),(131,43,2,1),(133,44,3,NULL),(134,44,5,NULL),(135,44,6,NULL),(137,44,2,NULL),(138,44,4,NULL),(139,44,1,1),(140,45,3,NULL),(141,45,4,NULL),(142,45,5,NULL),(146,45,2,1),(147,45,1,NULL),(148,46,3,NULL),(149,46,4,NULL),(150,46,5,NULL),(153,46,1,1),(154,46,2,NULL),(156,47,4,NULL),(157,47,5,NULL),(160,47,2,NULL),(161,47,1,1),(162,47,3,NULL),(163,48,1,1),(164,48,2,NULL),(166,49,1,NULL),(167,49,2,1),(168,50,2,NULL),(169,50,3,NULL),(171,50,1,1),(172,51,2,1),(175,51,1,NULL),(176,52,2,NULL),(178,52,1,1),(179,53,2,NULL),(181,53,1,1),(182,54,1,1),(183,55,1,1),(184,56,1,1),(185,57,1,1),(186,58,1,1),(187,59,1,1),(188,60,1,1),(189,61,1,1),(190,62,1,1),(191,63,1,1),(192,64,1,1),(193,65,1,1),(194,66,1,1);

--
-- Table structure for table `akoe_image_lang`
--

CREATE TABLE `akoe_image_lang` (
  `id_image` int(10) unsigned NOT NULL,
  `id_lang` int(10) unsigned NOT NULL,
  `legend` varchar(128) DEFAULT NULL,
  PRIMARY KEY (`id_image`,`id_lang`),
  KEY `id_image` (`id_image`)
) ENGINE=InnoDB DEFAULT CHARSET=utf8;

--
-- Dumping data for table `akoe_image_lang`
--

INSERT INTO `akoe_image_lang` VALUES (24,1,''),(25,1,''),(27,1,''),(28,1,''),(29,1,''),(30,1,''),(31,1,''),(32,1,''),(33,1,''),(34,1,''),(35,1,''),(36,1,''),(37,1,''),(38,1,''),(39,1,''),(40,1,''),(41,1,''),(42,1,''),(44,1,''),(45,1,''),(46,1,''),(47,1,''),(48,1,''),(50,1,''),(51,1,''),(52,1,''),(53,1,''),(54,1,''),(59,1,''),(60,1,''),(61,1,''),(62,1,''),(63,1,''),(65,1,''),(66,1,''),(67,1,''),(68,1,''),(69,1,''),(70,1,''),(71,1,''),(72,1,''),(73,1,''),(74,1,''),(75,1,''),(76,1,''),(77,1,''),(78,1,''),(79,1,''),(80,1,''),(81,1,''),(86,1,''),(92,1,''),(94,1,''),(95,1,''),(96,1,''),(105,1,''),(107,1,''),(108,1,''),(109,1,''),(111,1,''),(112,1,''),(113,1,''),(114,1,''),(116,1,''),(117,1,''),(118,1,''),(120,1,''),(121,1,''),(122,1,''),(123,1,''),(124,1,''),(128,1,''),(129,1,''),(130,1,''),(131,1,''),(133,1,''),(134,1,''),(135,1,''),(137,1,''),(138,1,''),(139,1,''),(140,1,''),(141,1,''),(142,1,''),(146,1,''),(147,1,''),(148,1,''),(149,1,''),(150,1,''),(153,1,''),(154,1,''),(156,1,''),(157,1,''),(160,1,''),(161,1,''),(162,1,''),(163,1,''),(164,1,''),(166,1,''),(167,1,''),(168,1,''),(169,1,''),(171,1,''),(172,1,''),(175,1,''),(176,1,''),(178,1,''),(179,1,''),(181,1,''),(182,1,''),(183,1,''),(184,1,''),(185,1,''),(186,1,''),(187,1,''),(188,1,''),(189,1,''),(190,1,''),(191,1,''),(192,1,''),(193,1,''),(194,1,'');

--
-- Table structure for table `akoe_image_shop`
--

CREATE TABLE `akoe_image_shop` (
  `id_product` int(10) unsigned NOT NULL,
  `id_image` int(11) unsigned NOT NULL,
  `id_shop` int(11) unsigned NOT NULL,
  `cover` tinyint(1) unsigned DEFAULT NULL,
  PRIMARY KEY (`id_image`,`id_shop`),
  UNIQUE KEY `id_product` (`id_product`,`id_shop`,`cover`),
  KEY `id_shop` (`id_shop`)
) ENGINE=InnoDB DEFAULT CHARSET=utf8;

--
-- Dumping data for table `akoe_image_shop`
--

INSERT INTO `akoe_image_shop` VALUES (22,25,1,NULL),(22,27,1,NULL),(22,28,1,NULL),(22,29,1,NULL),(22,24,1,1),(23,30,1,NULL),(23,31,1,NULL),(23,33,1,NULL),(23,34,1,NULL),(23,32,1,1),(24,35,1,NULL),(24,36,1,NULL),(24,37,1,NULL),(24,39,1,NULL),(24,38,1,1),(25,41,1,NULL),(25,40,1,1),(26,42,1,1),(27,44,1,1),(28,46,1,NULL),(28,47,1,NULL),(28,48,1,NULL),(28,45,1,1),(29,51,1,NULL),(29,52,1,NULL),(29,53,1,NULL),(29,50,1,1),(30,54,1,1),(31,60,1,NULL),(31,61,1,NULL),(31,62,1,NULL),(31,63,1,NULL),(31,59,1,1),(32,66,1,NULL),(32,67,1,NULL),(32,68,1,NULL),(32,65,1,1),(33,70,1,NULL),(33,71,1,NULL),(33,72,1,NULL),(33,73,1,NULL),(33,69,1,1),(34,75,1,NULL),(34,76,1,NULL),(34,77,1,NULL),(34,78,1,NULL),(34,74,1,1),(36,80,1,NULL),(36,81,1,NULL),(36,79,1,1),(38,86,1,NULL),(38,114,1,NULL),(38,117,1,NULL),(38,116,1,1),(39,94,1,NULL),(39,95,1,NULL),(39,96,1,NULL),(39,92,1,1),(40,112,1,NULL),(40,113,1,NULL),(40,111,1,1),(41,107,1,NULL),(41,108,1,NULL),(41,109,1,NULL),(41,105,1,1),(42,120,1,NULL),(42,121,1,NULL),(42,122,1,NULL),(42,123,1,NULL),(42,124,1,NULL),(42,118,1,1),(43,128,1,NULL),(43,129,1,NULL),(43,130,1,NULL),(43,131,1,1),(44,133,1,NULL),(44,134,1,NULL),(44,135,1,NULL),(44,137,1,NULL),(44,138,1,NULL),(44,139,1,1),(45,140,1,NULL),(45,141,1,NULL),(45,142,1,NULL),(45,147,1,NULL),(45,146,1,1),(46,148,1,NULL),(46,149,1,NULL),(46,150,1,NULL),(46,154,1,NULL),(46,153,1,1),(47,156,1,NULL),(47,157,1,NULL),(47,160,1,NULL),(47,162,1,NULL),(47,161,1,1),(48,164,1,NULL),(48,163,1,1),(49,166,1,NULL),(49,167,1,1),(50,168,1,NULL),(50,169,1,NULL),(50,171,1,1),(51,175,1,NULL),(51,172,1,1),(52,176,1,NULL),(52,178,1,1),(53,179,1,NULL),(53,181,1,1),(54,182,1,1),(55,183,1,1),(56,184,1,1),(57,185,1,1),(58,186,1,1),(59,187,1,1),(60,188,1,1),(61,189,1,1),(62,190,1,1),(63,191,1,1),(64,192,1,1),(65,193,1,1),(66,194,1,1);

--
-- Table structure for table `akoe_image_type`
--

CREATE TABLE `akoe_image_type` (
  `id_image_type` int(10) unsigned NOT NULL AUTO_INCREMENT,
  `name` varchar(64) NOT NULL,
  `width` int(10) unsigned NOT NULL,
  `height` int(10) unsigned NOT NULL,
  `products` tinyint(1) NOT NULL DEFAULT 1,
  `categories` tinyint(1) NOT NULL DEFAULT 1,
  `manufacturers` tinyint(1) NOT NULL DEFAULT 1,
  `suppliers` tinyint(1) NOT NULL DEFAULT 1,
  `stores` tinyint(1) NOT NULL DEFAULT 1,
  PRIMARY KEY (`id_image_type`),
  KEY `image_type_name` (`name`)
) ENGINE=InnoDB AUTO_INCREMENT=8 DEFAULT CHARSET=utf8;

--
-- Dumping data for table `akoe_image_type`
--

INSERT INTO `akoe_image_type` VALUES (1,'cart_default',125,125,1,0,0,0,0),(2,'small_default',98,98,1,1,1,1,0),(3,'medium_default',452,452,1,0,1,1,0),(4,'home_default',250,250,1,0,0,0,0),(5,'large_default',800,800,1,0,1,1,0),(6,'category_default',141,180,0,1,0,0,0),(7,'stores_default',170,115,0,0,0,0,1);

--
-- Table structure for table `akoe_import_match`
--

CREATE TABLE `akoe_import_match` (
  `id_import_match` int(10) NOT NULL AUTO_INCREMENT,
  `name` varchar(32) NOT NULL,
  `match` text NOT NULL,
  `skip` int(2) NOT NULL,
  PRIMARY KEY (`id_import_match`)
) ENGINE=InnoDB DEFAULT CHARSET=utf8;

--
-- Dumping data for table `akoe_import_match`
--


--
-- Table structure for table `akoe_info`
--

CREATE TABLE `akoe_info` (
  `id_info` int(10) unsigned NOT NULL AUTO_INCREMENT,
  PRIMARY KEY (`id_info`)
) ENGINE=InnoDB AUTO_INCREMENT=2 DEFAULT CHARSET=utf8;

--
-- Dumping data for table `akoe_info`
--

INSERT INTO `akoe_info` VALUES (1);

--
-- Table structure for table `akoe_info_lang`
--

CREATE TABLE `akoe_info_lang` (
  `id_info` int(10) unsigned NOT NULL,
  `id_shop` int(10) unsigned NOT NULL,
  `id_lang` int(10) unsigned NOT NULL,
  `text` text NOT NULL,
  PRIMARY KEY (`id_info`,`id_lang`,`id_shop`)
) ENGINE=InnoDB DEFAULT CHARSET=utf8;

--
-- Dumping data for table `akoe_info_lang`
--

INSERT INTO `akoe_info_lang` VALUES (1,1,1,'<p></p>\n<h2>Verkoop Akoestische Panelen in onze winkel.</h2>\n<p><strong class=\"dark\">Vele soorten en maten in diverse kleuren voor dezelfde kwaliteit voor internetprijzen.</strong></p>\n<p>Zeer voordelig wandpanelen en losse elementen en akoestische bureauschermen.<br />De akoestiek in een ruimte is afhankelijk van absorptie en terugkaatsing van geluid door wanden of attributen in de ruimte.<br /><br /></p>');

--
-- Table structure for table `akoe_info_shop`
--

CREATE TABLE `akoe_info_shop` (
  `id_info` int(10) unsigned NOT NULL,
  `id_shop` int(10) unsigned NOT NULL,
  PRIMARY KEY (`id_info`,`id_shop`)
) ENGINE=InnoDB DEFAULT CHARSET=utf8;

--
-- Dumping data for table `akoe_info_shop`
--

INSERT INTO `akoe_info_shop` VALUES (1,1);

--
-- Table structure for table `akoe_lang`
--

CREATE TABLE `akoe_lang` (
  `id_lang` int(11) NOT NULL AUTO_INCREMENT,
  `name` varchar(32) COLLATE utf8_unicode_ci NOT NULL,
  `active` tinyint(1) NOT NULL,
  `iso_code` varchar(2) COLLATE utf8_unicode_ci NOT NULL,
  `language_code` varchar(5) COLLATE utf8_unicode_ci NOT NULL,
  `locale` varchar(5) COLLATE utf8_unicode_ci NOT NULL,
  `date_format_lite` varchar(32) COLLATE utf8_unicode_ci NOT NULL,
  `date_format_full` varchar(32) COLLATE utf8_unicode_ci NOT NULL,
  `is_rtl` tinyint(1) NOT NULL,
  PRIMARY KEY (`id_lang`)
) ENGINE=InnoDB AUTO_INCREMENT=2 DEFAULT CHARSET=utf8 COLLATE=utf8_unicode_ci;

--
-- Dumping data for table `akoe_lang`
--

INSERT INTO `akoe_lang` VALUES (1,'Nederlands (Dutch)',1,'nl','nl-nl','nl-NL','d-m-Y','d-m-Y H:i:s',0);

--
-- Table structure for table `akoe_lang_shop`
--

CREATE TABLE `akoe_lang_shop` (
  `id_lang` int(11) NOT NULL,
  `id_shop` int(11) NOT NULL,
  PRIMARY KEY (`id_lang`,`id_shop`),
  KEY `IDX_450A77C8BA299860` (`id_lang`),
  KEY `IDX_450A77C8274A50A0` (`id_shop`)
) ENGINE=InnoDB DEFAULT CHARSET=utf8 COLLATE=utf8_unicode_ci;

--
-- Dumping data for table `akoe_lang_shop`
--

INSERT INTO `akoe_lang_shop` VALUES (1,1);

--
-- Table structure for table `akoe_layered_category`
--

CREATE TABLE `akoe_layered_category` (
  `id_layered_category` int(10) unsigned NOT NULL AUTO_INCREMENT,
  `id_shop` int(11) unsigned NOT NULL,
  `id_category` int(10) unsigned NOT NULL,
  `id_value` int(10) unsigned DEFAULT 0,
  `type` enum('category','id_feature','id_attribute_group','quantity','condition','manufacturer','weight','price') NOT NULL,
  `position` int(10) unsigned NOT NULL,
  `filter_type` int(10) unsigned NOT NULL DEFAULT 0,
  `filter_show_limit` int(10) unsigned NOT NULL DEFAULT 0,
  PRIMARY KEY (`id_layered_category`),
  KEY `id_category_shop` (`id_category`,`id_shop`,`type`,`id_value`,`position`),
  KEY `id_category` (`id_category`,`type`)
) ENGINE=InnoDB DEFAULT CHARSET=utf8;

--
-- Dumping data for table `akoe_layered_category`
--


--
-- Table structure for table `akoe_layered_filter`
--

CREATE TABLE `akoe_layered_filter` (
  `id_layered_filter` int(10) unsigned NOT NULL AUTO_INCREMENT,
  `name` varchar(64) NOT NULL,
  `filters` longtext DEFAULT NULL,
  `n_categories` int(10) unsigned NOT NULL,
  `date_add` datetime NOT NULL,
  PRIMARY KEY (`id_layered_filter`)
) ENGINE=InnoDB AUTO_INCREMENT=2 DEFAULT CHARSET=utf8;

--
-- Dumping data for table `akoe_layered_filter`
--

INSERT INTO `akoe_layered_filter` VALUES (1,'Mijn template 2018-08-14','a:13:{s:10:\"categories\";a:5:{i:1;i:2;i:2;i:4;i:3;i:5;i:5;i:8;i:7;i:7;}s:9:\"shop_list\";a:1:{i:1;i:1;}s:31:\"layered_selection_subcategories\";a:2:{s:11:\"filter_type\";i:0;s:17:\"filter_show_limit\";i:0;}s:22:\"layered_selection_ag_2\";a:2:{s:11:\"filter_type\";i:0;s:17:\"filter_show_limit\";i:0;}s:22:\"layered_selection_ag_1\";a:2:{s:11:\"filter_type\";i:0;s:17:\"filter_show_limit\";i:0;}s:23:\"layered_selection_stock\";a:2:{s:11:\"filter_type\";i:0;s:17:\"filter_show_limit\";i:0;}s:30:\"layered_selection_manufacturer\";a:2:{s:11:\"filter_type\";i:0;s:17:\"filter_show_limit\";i:0;}s:27:\"layered_selection_condition\";a:2:{s:11:\"filter_type\";i:0;s:17:\"filter_show_limit\";i:0;}s:31:\"layered_selection_weight_slider\";a:2:{s:11:\"filter_type\";i:0;s:17:\"filter_show_limit\";i:0;}s:30:\"layered_selection_price_slider\";a:2:{s:11:\"filter_type\";i:0;s:17:\"filter_show_limit\";i:0;}s:22:\"layered_selection_ag_3\";a:2:{s:11:\"filter_type\";i:0;s:17:\"filter_show_limit\";i:0;}s:24:\"layered_selection_feat_8\";a:2:{s:11:\"filter_type\";i:0;s:17:\"filter_show_limit\";i:0;}s:22:\"layered_selection_ag_4\";a:2:{s:11:\"filter_type\";i:0;s:17:\"filter_show_limit\";i:0;}}',8,'2018-08-14 19:04:06');

--
-- Table structure for table `akoe_layered_filter_block`
--

CREATE TABLE `akoe_layered_filter_block` (
  `hash` char(32) NOT NULL DEFAULT '',
  `data` text DEFAULT NULL,
  PRIMARY KEY (`hash`)
) ENGINE=InnoDB DEFAULT CHARSET=utf8;

--
-- Dumping data for table `akoe_layered_filter_block`
--

INSERT INTO `akoe_layered_filter_block` VALUES ('0c78f6b0e5ea8084e7d66ef5eaca2fca','a:1:{s:7:\"filters\";a:0:{}}'),('0ff97b2805f553d5c49d15ab6859166e','a:1:{s:7:\"filters\";a:0:{}}'),('1fa33a5f667d2cec19cf618ede26740b','a:1:{s:7:\"filters\";a:0:{}}'),('248c839a4784a209517247ae000fc467','a:1:{s:7:\"filters\";a:0:{}}'),('3e9d6a92f7ecccd45167c73eecb7147b','a:1:{s:7:\"filters\";a:0:{}}'),('3ed6872ef6bbebc9ff016491557a6c75','a:1:{s:7:\"filters\";a:0:{}}'),('4f2d6deb06646d27649a92d72e8510f3','a:1:{s:7:\"filters\";a:0:{}}'),('54aa82bc6ed9382557cf620dc70e00b1','a:1:{s:7:\"filters\";a:0:{}}'),('700b35c0069ba4a7993bb83c51d8133c','a:1:{s:7:\"filters\";a:0:{}}'),('860cc8f2325f6cd570ee5f5cb5c7aada','a:1:{s:7:\"filters\";a:0:{}}'),('88e3b1b549bea2663ce78d833d231b37','a:1:{s:7:\"filters\";a:0:{}}'),('9e2ba5727ffc413e067a530944903f36','a:1:{s:7:\"filters\";a:0:{}}'),('a84e5b3972bef99582a5b268ae058c39','a:1:{s:7:\"filters\";a:0:{}}'),('b905900e658c6314a08021d5b255a8e7','a:1:{s:7:\"filters\";a:0:{}}'),('bbf5f47ffcacf86093cd4549b53da980','a:1:{s:7:\"filters\";a:0:{}}'),('bfcee4ec39c5b95bf09be3b866b6bc6a','a:1:{s:7:\"filters\";a:0:{}}'),('d4f7b1e178fb1639d9b6f36db37c6400','a:1:{s:7:\"filters\";a:0:{}}');

--
-- Table structure for table `akoe_layered_filter_shop`
--

CREATE TABLE `akoe_layered_filter_shop` (
  `id_layered_filter` int(10) unsigned NOT NULL,
  `id_shop` int(11) unsigned NOT NULL,
  PRIMARY KEY (`id_layered_filter`,`id_shop`),
  KEY `id_shop` (`id_shop`)
) ENGINE=InnoDB DEFAULT CHARSET=utf8;

--
-- Dumping data for table `akoe_layered_filter_shop`
--

INSERT INTO `akoe_layered_filter_shop` VALUES (1,1);

--
-- Table structure for table `akoe_layered_indexable_attribute_group`
--

CREATE TABLE `akoe_layered_indexable_attribute_group` (
  `id_attribute_group` int(11) NOT NULL,
  `indexable` tinyint(1) NOT NULL DEFAULT 0,
  PRIMARY KEY (`id_attribute_group`)
) ENGINE=InnoDB DEFAULT CHARSET=utf8;

--
-- Dumping data for table `akoe_layered_indexable_attribute_group`
--

INSERT INTO `akoe_layered_indexable_attribute_group` VALUES (1,1),(2,1),(3,1),(4,1);

--
-- Table structure for table `akoe_layered_indexable_attribute_group_lang_value`
--

CREATE TABLE `akoe_layered_indexable_attribute_group_lang_value` (
  `id_attribute_group` int(11) NOT NULL,
  `id_lang` int(11) NOT NULL,
  `url_name` varchar(128) DEFAULT NULL,
  `meta_title` varchar(128) DEFAULT NULL,
  PRIMARY KEY (`id_attribute_group`,`id_lang`)
) ENGINE=InnoDB DEFAULT CHARSET=utf8;

--
-- Dumping data for table `akoe_layered_indexable_attribute_group_lang_value`
--


--
-- Table structure for table `akoe_layered_indexable_attribute_lang_value`
--

CREATE TABLE `akoe_layered_indexable_attribute_lang_value` (
  `id_attribute` int(11) NOT NULL,
  `id_lang` int(11) NOT NULL,
  `url_name` varchar(128) DEFAULT NULL,
  `meta_title` varchar(128) DEFAULT NULL,
  PRIMARY KEY (`id_attribute`,`id_lang`)
) ENGINE=InnoDB DEFAULT CHARSET=utf8;

--
-- Dumping data for table `akoe_layered_indexable_attribute_lang_value`
--


--
-- Table structure for table `akoe_layered_indexable_feature`
--

CREATE TABLE `akoe_layered_indexable_feature` (
  `id_feature` int(11) NOT NULL,
  `indexable` tinyint(1) NOT NULL DEFAULT 0,
  PRIMARY KEY (`id_feature`)
) ENGINE=InnoDB DEFAULT CHARSET=utf8;

--
-- Dumping data for table `akoe_layered_indexable_feature`
--

INSERT INTO `akoe_layered_indexable_feature` VALUES (1,1),(2,1),(3,1),(4,1),(5,1);

--
-- Table structure for table `akoe_layered_indexable_feature_lang_value`
--

CREATE TABLE `akoe_layered_indexable_feature_lang_value` (
  `id_feature` int(11) NOT NULL,
  `id_lang` int(11) NOT NULL,
  `url_name` varchar(128) NOT NULL,
  `meta_title` varchar(128) DEFAULT NULL,
  PRIMARY KEY (`id_feature`,`id_lang`)
) ENGINE=InnoDB DEFAULT CHARSET=utf8;

--
-- Dumping data for table `akoe_layered_indexable_feature_lang_value`
--


--
-- Table structure for table `akoe_layered_indexable_feature_value_lang_value`
--

CREATE TABLE `akoe_layered_indexable_feature_value_lang_value` (
  `id_feature_value` int(11) NOT NULL,
  `id_lang` int(11) NOT NULL,
  `url_name` varchar(128) DEFAULT NULL,
  `meta_title` varchar(128) DEFAULT NULL,
  PRIMARY KEY (`id_feature_value`,`id_lang`)
) ENGINE=InnoDB DEFAULT CHARSET=utf8;

--
-- Dumping data for table `akoe_layered_indexable_feature_value_lang_value`
--


--
-- Table structure for table `akoe_layered_price_index`
--

CREATE TABLE `akoe_layered_price_index` (
  `id_product` int(11) NOT NULL,
  `id_currency` int(11) NOT NULL,
  `id_shop` int(11) NOT NULL,
  `price_min` decimal(11,5) NOT NULL,
  `price_max` decimal(11,5) NOT NULL,
  `id_country` int(11) NOT NULL,
  PRIMARY KEY (`id_product`,`id_currency`,`id_shop`,`id_country`),
  KEY `id_currency` (`id_currency`),
  KEY `price_min` (`price_min`),
  KEY `price_max` (`price_max`)
) ENGINE=InnoDB DEFAULT CHARSET=utf8;

--
-- Dumping data for table `akoe_layered_price_index`
--

INSERT INTO `akoe_layered_price_index` VALUES (42,1,1,24.00000,24.00000,3),(42,1,1,24.00000,24.00000,13),(43,1,1,24.00000,24.00000,3),(43,1,1,24.00000,24.00000,13),(44,1,1,24.00000,24.00000,3),(44,1,1,24.00000,24.00000,13),(45,1,1,24.00000,24.00000,3),(45,1,1,24.00000,24.00000,13),(46,1,1,24.00000,24.00000,3),(46,1,1,24.00000,24.00000,13),(47,1,1,24.00000,24.00000,3),(47,1,1,24.00000,24.00000,13);

--
-- Table structure for table `akoe_layered_product_attribute`
--

CREATE TABLE `akoe_layered_product_attribute` (
  `id_attribute` int(10) unsigned NOT NULL,
  `id_product` int(10) unsigned NOT NULL,
  `id_attribute_group` int(10) unsigned NOT NULL DEFAULT 0,
  `id_shop` int(10) unsigned NOT NULL DEFAULT 1,
  PRIMARY KEY (`id_attribute`,`id_product`,`id_shop`),
  UNIQUE KEY `id_attribute_group` (`id_attribute_group`,`id_attribute`,`id_product`,`id_shop`)
) ENGINE=InnoDB DEFAULT CHARSET=utf8;

--
-- Dumping data for table `akoe_layered_product_attribute`
--

INSERT INTO `akoe_layered_product_attribute` VALUES (1,1,1,1),(1,2,1,1),(2,1,1,1),(2,2,1,1),(3,1,1,1),(3,2,1,1),(4,1,1,1),(4,2,1,1),(8,1,2,1),(8,9,2,1),(8,10,2,1),(8,11,2,1),(11,1,2,1),(11,9,2,1),(11,10,2,1),(11,11,2,1),(19,3,3,1),(19,4,3,1),(19,5,3,1),(20,3,3,1),(20,4,3,1),(20,5,3,1),(21,3,3,1),(21,4,3,1),(21,5,3,1),(22,16,4,1),(22,17,4,1),(22,18,4,1),(23,16,4,1),(23,17,4,1),(23,18,4,1),(24,16,4,1),(24,17,4,1),(24,18,4,1),(25,16,4,1),(25,17,4,1),(25,18,4,1);

--
-- Table structure for table `akoe_link_block`
--

CREATE TABLE `akoe_link_block` (
  `id_link_block` int(10) unsigned NOT NULL AUTO_INCREMENT,
  `id_hook` int(1) unsigned DEFAULT NULL,
  `position` int(10) unsigned NOT NULL DEFAULT 0,
  `content` text DEFAULT NULL,
  PRIMARY KEY (`id_link_block`)
) ENGINE=InnoDB AUTO_INCREMENT=3 DEFAULT CHARSET=utf8;

--
-- Dumping data for table `akoe_link_block`
--

INSERT INTO `akoe_link_block` VALUES (1,35,1,'{\"cms\":[false],\"product\":[\"prices-drop\",\"new-products\",\"best-sales\"],\"static\":[\"sitemap\"]}'),(2,35,2,'{\"cms\":[\"1\",\"2\",\"3\",\"4\",\"5\",\"6\",\"7\",\"8\",\"9\"],\"product\":[false],\"static\":[\"contact\"]}');

--
-- Table structure for table `akoe_link_block_lang`
--

CREATE TABLE `akoe_link_block_lang` (
  `id_link_block` int(10) unsigned NOT NULL,
  `id_lang` int(10) unsigned NOT NULL,
  `name` varchar(40) NOT NULL DEFAULT '',
  `custom_content` text DEFAULT NULL,
  PRIMARY KEY (`id_link_block`,`id_lang`)
) ENGINE=InnoDB DEFAULT CHARSET=utf8;

--
-- Dumping data for table `akoe_link_block_lang`
--

INSERT INTO `akoe_link_block_lang` VALUES (1,1,'Producten','[]'),(2,1,'Ons bedrijf','[]');

--
-- Table structure for table `akoe_link_block_shop`
--

CREATE TABLE `akoe_link_block_shop` (
  `id_link_block` int(10) unsigned NOT NULL AUTO_INCREMENT,
  `id_shop` int(10) unsigned NOT NULL,
  PRIMARY KEY (`id_link_block`,`id_shop`)
) ENGINE=InnoDB DEFAULT CHARSET=utf8;

--
-- Dumping data for table `akoe_link_block_shop`
--


--
-- Table structure for table `akoe_linksmenutop`
--

CREATE TABLE `akoe_linksmenutop` (
  `id_linksmenutop` int(10) unsigned NOT NULL AUTO_INCREMENT,
  `id_shop` int(11) unsigned NOT NULL,
  `new_window` tinyint(1) NOT NULL,
  PRIMARY KEY (`id_linksmenutop`),
  KEY `id_shop` (`id_shop`)
) ENGINE=InnoDB DEFAULT CHARSET=utf8;

--
-- Dumping data for table `akoe_linksmenutop`
--


--
-- Table structure for table `akoe_linksmenutop_lang`
--

CREATE TABLE `akoe_linksmenutop_lang` (
  `id_linksmenutop` int(11) unsigned NOT NULL,
  `id_lang` int(11) unsigned NOT NULL,
  `id_shop` int(11) unsigned NOT NULL,
  `label` varchar(128) NOT NULL,
  `link` varchar(128) NOT NULL,
  KEY `id_linksmenutop` (`id_linksmenutop`,`id_lang`,`id_shop`)
) ENGINE=InnoDB DEFAULT CHARSET=utf8;

--
-- Dumping data for table `akoe_linksmenutop_lang`
--


--
-- Table structure for table `akoe_log`
--

CREATE TABLE `akoe_log` (
  `id_log` int(10) unsigned NOT NULL AUTO_INCREMENT,
  `severity` tinyint(1) NOT NULL,
  `error_code` int(11) DEFAULT NULL,
  `message` text NOT NULL,
  `object_type` varchar(32) DEFAULT NULL,
  `object_id` int(10) unsigned DEFAULT NULL,
  `id_employee` int(10) unsigned DEFAULT NULL,
  `date_add` datetime NOT NULL,
  `date_upd` datetime NOT NULL,
  PRIMARY KEY (`id_log`)
) ENGINE=InnoDB AUTO_INCREMENT=373 DEFAULT CHARSET=utf8;

--
-- Dumping data for table `akoe_log`
--

INSERT INTO `akoe_log` VALUES (1,1,0,'Backoffice verbinding van 82.94.45.170','',0,1,'2018-08-14 19:17:08','2018-08-14 19:17:08'),(2,1,0,'Backoffice verbinding van 213.236.112.126','',0,1,'2018-08-15 04:26:56','2018-08-15 04:26:56'),(3,1,0,'Backoffice verbinding van 213.236.112.126','',0,1,'2018-08-16 04:38:58','2018-08-16 04:38:58'),(4,1,0,'Product catalog filters stored.','',0,1,'2018-08-16 04:41:48','2018-08-16 04:41:48'),(5,1,0,'Category verwijdering','Category',3,1,'2018-08-16 04:42:10','2018-08-16 04:42:10'),(6,1,0,'Category verwijdering','Category',6,1,'2018-08-16 04:42:10','2018-08-16 04:42:10'),(7,1,0,'Category verwijdering','Category',9,1,'2018-08-16 04:42:10','2018-08-16 04:42:10'),(8,1,0,'Category toevoeging','Category',10,1,'2018-08-16 04:44:18','2018-08-16 04:44:18'),(9,1,0,'Category toevoeging','Category',11,1,'2018-08-16 04:50:16','2018-08-16 04:50:16'),(10,1,0,'Products deleted: (19).','',0,1,'2018-08-16 04:55:03','2018-08-16 04:55:03'),(11,1,0,'Products deleted: (18).','',0,1,'2018-08-16 04:55:04','2018-08-16 04:55:04'),(12,1,0,'Products deleted: (17).','',0,1,'2018-08-16 04:55:04','2018-08-16 04:55:04'),(13,1,0,'Products deleted: (16).','',0,1,'2018-08-16 04:55:05','2018-08-16 04:55:05'),(14,1,0,'Products deleted: (15).','',0,1,'2018-08-16 04:55:06','2018-08-16 04:55:06'),(15,1,0,'Products deleted: (14).','',0,1,'2018-08-16 04:55:06','2018-08-16 04:55:06'),(16,1,0,'Products deleted: (13).','',0,1,'2018-08-16 04:55:07','2018-08-16 04:55:07'),(17,1,0,'Products deleted: (12).','',0,1,'2018-08-16 04:55:08','2018-08-16 04:55:08'),(18,1,0,'Products deleted: (11).','',0,1,'2018-08-16 04:55:08','2018-08-16 04:55:08'),(19,1,0,'Products deleted: (10).','',0,1,'2018-08-16 04:55:09','2018-08-16 04:55:09'),(20,1,0,'Products deleted: (9).','',0,1,'2018-08-16 04:55:10','2018-08-16 04:55:10'),(21,1,0,'Products deleted: (8).','',0,1,'2018-08-16 04:55:11','2018-08-16 04:55:11'),(22,1,0,'Products deleted: (7).','',0,1,'2018-08-16 04:55:11','2018-08-16 04:55:11'),(23,1,0,'Products deleted: (6).','',0,1,'2018-08-16 04:55:12','2018-08-16 04:55:12'),(24,1,0,'Products deleted: (5).','',0,1,'2018-08-16 04:55:13','2018-08-16 04:55:13'),(25,1,0,'Products deleted: (4).','',0,1,'2018-08-16 04:55:14','2018-08-16 04:55:14'),(26,1,0,'Products deleted: (3).','',0,1,'2018-08-16 04:55:14','2018-08-16 04:55:14'),(27,1,0,'Products deleted: (2).','',0,1,'2018-08-16 04:55:15','2018-08-16 04:55:15'),(28,1,0,'Products deleted: (1).','',0,1,'2018-08-16 04:55:16','2018-08-16 04:55:16'),(29,1,0,'Category aanpassing','Category',10,1,'2018-08-16 04:55:30','2018-08-16 04:55:30'),(30,1,0,'Category toevoeging','Category',12,1,'2018-08-16 05:05:25','2018-08-16 05:05:25'),(31,1,0,'Category toevoeging','Category',13,1,'2018-08-16 05:09:40','2018-08-16 05:09:40'),(32,1,0,'Category aanpassing','Category',13,1,'2018-08-16 05:10:24','2018-08-16 05:10:24'),(33,1,0,'Backoffice verbinding van 82.94.45.170','',0,1,'2018-08-17 23:27:02','2018-08-17 23:27:02'),(34,1,0,'Meta aanpassing','Meta',4,1,'2018-08-17 23:37:21','2018-08-17 23:37:21'),(35,1,0,'Category aanpassing','Category',13,1,'2018-08-17 23:43:23','2018-08-17 23:43:23'),(36,1,0,'Category toevoeging','Category',14,1,'2018-08-17 23:43:35','2018-08-17 23:43:35'),(37,1,0,'Category aanpassing','Category',14,1,'2018-08-17 23:44:16','2018-08-17 23:44:16'),(38,1,0,'Backoffice verbinding van 82.94.45.170','',0,1,'2018-08-19 01:37:56','2018-08-19 01:37:56'),(39,1,0,'Category toevoeging','Category',15,1,'2018-08-19 01:41:15','2018-08-19 01:41:15'),(40,1,0,'Category aanpassing','Category',14,1,'2018-08-19 01:43:12','2018-08-19 01:43:12'),(41,1,0,'Product modification','Product',22,1,'2018-08-19 01:48:23','2018-08-19 01:48:23'),(42,1,0,'Product modification','Product',22,1,'2018-08-19 01:48:28','2018-08-19 01:48:28'),(43,1,0,'Product modification','Product',22,1,'2018-08-19 01:48:57','2018-08-19 01:48:57'),(44,1,0,'Product modification','Product',22,1,'2018-08-19 01:50:22','2018-08-19 01:50:22'),(45,1,0,'Backoffice verbinding van 213.236.112.126','',0,1,'2018-08-19 14:55:15','2018-08-19 14:55:15'),(46,1,0,'Alias verwijdering','Alias',1,1,'2018-08-19 15:02:41','2018-08-19 15:02:41'),(47,1,0,'Alias verwijdering','Alias',2,1,'2018-08-19 15:02:41','2018-08-19 15:02:41'),(48,1,0,'Country aanpassing','Country',3,1,'2018-08-19 15:05:32','2018-08-19 15:05:32'),(49,1,0,'Product modification','Product',22,1,'2018-08-19 15:14:18','2018-08-19 15:14:18'),(50,1,0,'Product modification','Product',22,1,'2018-08-19 15:15:13','2018-08-19 15:15:13'),(51,1,0,'Frontcontroller::init - Cart cannot be loaded or an order has already been placed using this cart','Cart',6,0,'2018-08-19 15:20:21','2018-08-19 15:20:21'),(52,1,0,'CMS aanpassing','CMS',1,1,'2018-08-19 15:40:33','2018-08-19 15:40:33'),(53,1,0,'Product duplicated: (from 22 to 23).','',0,1,'2018-08-19 15:51:55','2018-08-19 15:51:55'),(54,1,0,'Product modification','Product',23,1,'2018-08-19 15:52:27','2018-08-19 15:52:27'),(55,1,0,'Product modification','Product',23,1,'2018-08-19 15:52:43','2018-08-19 15:52:43'),(56,1,0,'Product modification','Product',23,1,'2018-08-19 16:14:10','2018-08-19 16:14:10'),(57,1,0,'Product activated: 23','',0,1,'2018-08-19 16:14:22','2018-08-19 16:14:22'),(58,1,0,'Product modification','Product',23,1,'2018-08-19 16:14:32','2018-08-19 16:14:32'),(59,1,0,'Product modification','Product',23,1,'2018-08-19 16:14:42','2018-08-19 16:14:42'),(60,1,0,'Product duplicated: (from 22 to 24).','',0,1,'2018-08-19 16:15:20','2018-08-19 16:15:20'),(61,1,0,'Product modification','Product',24,1,'2018-08-19 16:15:51','2018-08-19 16:15:51'),(62,1,0,'Product activated: 24','',0,1,'2018-08-19 16:16:27','2018-08-19 16:16:27'),(63,1,0,'CMS aanpassing','CMS',3,1,'2018-08-19 17:17:09','2018-08-19 17:17:09'),(64,1,0,'CMS aanpassing','CMS',2,1,'2018-08-19 18:51:42','2018-08-19 18:51:42'),(65,1,0,'CMS aanpassing','CMS',2,1,'2018-08-19 18:52:32','2018-08-19 18:52:32'),(66,1,0,'CMS aanpassing','CMS',5,1,'2018-08-19 18:56:48','2018-08-19 18:56:48'),(67,1,0,'Store verwijdering','Store',1,1,'2018-08-19 20:03:11','2018-08-19 20:03:11'),(68,1,0,'Store verwijdering','Store',2,1,'2018-08-19 20:03:11','2018-08-19 20:03:11'),(69,1,0,'Store verwijdering','Store',3,1,'2018-08-19 20:03:11','2018-08-19 20:03:11'),(70,1,0,'Store verwijdering','Store',4,1,'2018-08-19 20:03:11','2018-08-19 20:03:11'),(71,1,0,'Store verwijdering','Store',5,1,'2018-08-19 20:03:11','2018-08-19 20:03:11'),(72,1,0,'Meta aanpassing','Meta',4,1,'2018-08-19 20:10:04','2018-08-19 20:10:04'),(73,1,0,'Category toevoeging','Category',16,1,'2018-08-19 22:03:32','2018-08-19 22:03:32'),(74,1,0,'Backoffice verbinding van 82.94.45.170','',0,1,'2018-08-20 01:48:57','2018-08-20 01:48:57'),(75,1,0,'Backoffice verbinding van 82.94.45.170','',0,1,'2018-08-25 20:47:16','2018-08-25 20:47:16'),(76,1,0,'Meta aanpassing','Meta',4,1,'2018-08-25 20:48:08','2018-08-25 20:48:08'),(77,1,0,'Category toevoeging','Category',17,1,'2018-08-25 20:49:20','2018-08-25 20:49:20'),(78,1,0,'Category toevoeging','Category',18,1,'2018-08-25 20:50:49','2018-08-25 20:50:49'),(79,1,0,'Category aanpassing','Category',18,1,'2018-08-25 20:51:26','2018-08-25 20:51:26'),(80,1,0,'Product modification','Product',25,1,'2018-08-25 20:53:21','2018-08-25 20:53:21'),(81,1,0,'Product modification','Product',25,1,'2018-08-25 20:54:14','2018-08-25 20:54:14'),(82,1,0,'Product modification','Product',25,1,'2018-08-25 20:54:31','2018-08-25 20:54:31'),(83,1,0,'Product modification','Product',25,1,'2018-08-25 20:54:39','2018-08-25 20:54:39'),(84,1,0,'Product modification','Product',25,1,'2018-08-25 20:55:12','2018-08-25 20:55:12'),(85,1,0,'Product activated: 25','',0,1,'2018-08-25 20:57:13','2018-08-25 20:57:13'),(86,1,0,'Backoffice verbinding van 82.94.45.170','',0,1,'2018-08-25 21:45:12','2018-08-25 21:45:12'),(87,1,0,'Product modification','Product',24,1,'2018-08-25 21:55:51','2018-08-25 21:55:51'),(88,1,0,'Product modification','Product',23,1,'2018-08-25 21:56:17','2018-08-25 21:56:17'),(89,1,0,'Product modification','Product',22,1,'2018-08-25 21:56:43','2018-08-25 21:56:43'),(90,1,0,'Backoffice verbinding van 82.94.45.170','',0,1,'2018-08-26 21:55:38','2018-08-26 21:55:38'),(91,1,0,'Category aanpassing','Category',10,1,'2018-08-26 21:56:01','2018-08-26 21:56:01'),(92,1,0,'Category aanpassing','Category',11,1,'2018-08-26 21:56:22','2018-08-26 21:56:22'),(93,1,0,'Category aanpassing','Category',13,1,'2018-08-26 21:56:34','2018-08-26 21:56:34'),(94,1,0,'Category aanpassing','Category',14,1,'2018-08-26 21:56:42','2018-08-26 21:56:42'),(95,1,0,'Category aanpassing','Category',15,1,'2018-08-26 21:56:52','2018-08-26 21:56:52'),(96,1,0,'Category aanpassing','Category',16,1,'2018-08-26 21:57:17','2018-08-26 21:57:17'),(97,1,0,'Backoffice verbinding van 82.94.45.170','',0,1,'2018-09-01 18:08:38','2018-09-01 18:08:38'),(98,1,0,'Category aanpassing','Category',11,1,'2018-09-01 18:18:20','2018-09-01 18:18:20'),(99,1,0,'Backoffice verbinding van 82.94.45.170','',0,1,'2018-09-02 01:22:35','2018-09-02 01:22:35'),(100,1,0,'Product modification','Product',26,1,'2018-09-02 01:31:30','2018-09-02 01:31:30'),(101,1,0,'Product modification','Product',26,1,'2018-09-02 01:32:19','2018-09-02 01:32:19'),(102,1,0,'Product activated: 26','',0,1,'2018-09-02 01:32:52','2018-09-02 01:32:52'),(103,1,0,'Product modification','Product',26,1,'2018-09-02 01:36:05','2018-09-02 01:36:05'),(104,1,0,'Product modification','Product',26,1,'2018-09-02 01:38:51','2018-09-02 01:38:51'),(105,1,0,'Backoffice verbinding van 82.94.45.170','',0,1,'2018-09-02 01:40:41','2018-09-02 01:40:41'),(106,1,0,'Product duplicated: (from 26 to 27).','',0,1,'2018-09-02 01:40:55','2018-09-02 01:40:55'),(107,1,0,'Product modification','Product',27,1,'2018-09-02 01:45:05','2018-09-02 01:45:05'),(108,1,0,'Product activated: 27','',0,1,'2018-09-02 01:45:23','2018-09-02 01:45:23'),(109,1,0,'Product modification','Product',26,1,'2018-09-02 01:46:12','2018-09-02 01:46:12'),(110,1,0,'Product modification','Product',27,1,'2018-09-02 01:46:23','2018-09-02 01:46:23'),(111,1,0,'Backoffice verbinding van 82.94.45.170','',0,1,'2018-09-06 00:57:14','2018-09-06 00:57:14'),(112,1,0,'Product modification','Product',28,1,'2018-09-06 01:10:19','2018-09-06 01:10:19'),(113,1,0,'Product modification','Product',28,1,'2018-09-06 01:10:26','2018-09-06 01:10:26'),(114,1,0,'Product activated: 28','',0,1,'2018-09-06 01:10:43','2018-09-06 01:10:43'),(115,1,0,'Product modification','Product',28,1,'2018-09-06 01:11:30','2018-09-06 01:11:30'),(116,1,0,'Product modification','Product',28,1,'2018-09-06 01:11:52','2018-09-06 01:11:52'),(117,1,0,'Backoffice verbinding van 82.94.45.170','',0,1,'2018-09-07 20:27:17','2018-09-07 20:27:17'),(118,1,0,'Category toevoeging','Category',19,1,'2018-09-07 20:28:50','2018-09-07 20:28:50'),(119,1,0,'Product modification','Product',29,1,'2018-09-07 20:37:53','2018-09-07 20:37:53'),(120,1,0,'Product activated: 29','',0,1,'2018-09-07 20:38:01','2018-09-07 20:38:01'),(121,1,0,'Product modification','Product',29,1,'2018-09-07 20:41:28','2018-09-07 20:41:28'),(122,1,0,'Backoffice verbinding van 82.94.45.170','',0,1,'2018-09-07 21:20:13','2018-09-07 21:20:13'),(123,1,0,'Backoffice verbinding van 82.94.45.170','',0,1,'2018-09-08 22:11:07','2018-09-08 22:11:07'),(124,1,0,'Product modification','Product',30,1,'2018-09-08 22:14:12','2018-09-08 22:14:12'),(125,1,0,'Product modification','Product',30,1,'2018-09-08 22:14:17','2018-09-08 22:14:17'),(126,1,0,'Backoffice verbinding van 82.94.45.170','',0,1,'2018-09-13 01:18:11','2018-09-13 01:18:11'),(127,1,0,'Product duplicated: (from 28 to 31).','',0,1,'2018-09-13 01:18:32','2018-09-13 01:18:32'),(128,1,0,'Backoffice verbinding van 82.94.45.170','',0,1,'2018-09-13 01:20:33','2018-09-13 01:20:33'),(129,1,0,'Product modification','Product',31,1,'2018-09-13 01:21:33','2018-09-13 01:21:33'),(130,1,0,'Product modification','Product',31,1,'2018-09-13 01:25:13','2018-09-13 01:25:13'),(131,1,0,'Product activated: 31','',0,1,'2018-09-13 01:25:28','2018-09-13 01:25:28'),(132,1,0,'Backoffice verbinding van 82.94.45.170','',0,1,'2018-09-28 00:54:11','2018-09-28 00:54:11'),(133,1,0,'Backoffice verbinding van 82.94.45.170','',0,1,'2018-09-30 14:04:03','2018-09-30 14:04:03'),(134,1,0,'Backoffice verbinding van 82.94.45.170','',0,1,'2018-10-21 19:53:44','2018-10-21 19:53:44'),(135,1,0,'Backoffice verbinding van 82.94.45.170','',0,1,'2018-11-04 19:49:05','2018-11-04 19:49:05'),(136,1,0,'Product duplicated: (from 30 to 32).','',0,1,'2018-11-04 19:52:13','2018-11-04 19:52:13'),(137,1,0,'Product modification','Product',32,1,'2018-11-04 19:55:47','2018-11-04 19:55:47'),(138,1,0,'Product modification','Product',32,1,'2018-11-04 19:56:27','2018-11-04 19:56:27'),(139,1,0,'Product modification','Product',32,1,'2018-11-04 19:56:44','2018-11-04 19:56:44'),(140,1,0,'Product modification','Product',32,1,'2018-11-04 20:00:04','2018-11-04 20:00:04'),(141,1,0,'Product modification','Product',24,1,'2018-11-04 20:01:18','2018-11-04 20:01:18'),(142,1,0,'Product modification','Product',24,1,'2018-11-04 20:01:29','2018-11-04 20:01:29'),(143,1,0,'Product modification','Product',22,1,'2018-11-04 20:02:21','2018-11-04 20:02:21'),(144,1,0,'Product modification','Product',22,1,'2018-11-04 20:02:22','2018-11-04 20:02:22'),(145,1,0,'Product modification','Product',23,1,'2018-11-04 20:04:50','2018-11-04 20:04:50'),(146,1,0,'Product modification','Product',33,1,'2018-11-04 20:12:43','2018-11-04 20:12:43'),(147,1,0,'Product modification','Product',34,1,'2018-11-04 20:28:31','2018-11-04 20:28:31'),(148,1,0,'Product modification','Product',34,1,'2018-11-04 20:28:33','2018-11-04 20:28:33'),(149,1,0,'Product modification','Product',34,1,'2018-11-04 20:28:46','2018-11-04 20:28:46'),(150,1,0,'Product modification','Product',34,1,'2018-11-04 20:28:50','2018-11-04 20:28:50'),(151,1,0,'Product modification','Product',34,1,'2018-11-04 20:30:16','2018-11-04 20:30:16'),(152,1,0,'Product modification','Product',36,1,'2018-11-04 20:33:08','2018-11-04 20:33:08'),(153,1,0,'Product modification','Product',36,1,'2018-11-04 20:33:11','2018-11-04 20:33:11'),(154,1,0,'Backoffice verbinding van 82.94.45.170','',0,1,'2018-11-04 20:48:09','2018-11-04 20:48:09'),(155,1,0,'Backoffice verbinding van 82.94.45.170','',0,1,'2018-11-05 21:00:08','2018-11-05 21:00:08'),(156,1,0,'Backoffice verbinding van 82.94.45.170','',0,1,'2018-11-05 21:15:02','2018-11-05 21:15:02'),(157,1,0,'Backoffice verbinding van 82.94.45.170','',0,1,'2018-11-06 12:46:11','2018-11-06 12:46:11'),(158,1,0,'Backoffice verbinding van 82.94.45.170','',0,1,'2018-11-06 13:04:47','2018-11-06 13:04:47'),(159,1,0,'Backoffice verbinding van 82.94.45.170','',0,1,'2018-11-10 14:07:29','2018-11-10 14:07:29'),(160,1,0,'Backoffice verbinding van 82.94.45.170','',0,1,'2018-11-10 20:28:35','2018-11-10 20:28:35'),(161,1,0,'Backoffice verbinding van 82.94.45.170','',0,1,'2018-11-22 00:58:08','2018-11-22 00:58:08'),(162,1,0,'Product modification','Product',33,1,'2018-11-22 00:58:48','2018-11-22 00:58:48'),(163,1,0,'Product modification','Product',36,1,'2018-11-22 00:59:06','2018-11-22 00:59:06'),(164,1,0,'Product modification','Product',34,1,'2018-11-22 00:59:19','2018-11-22 00:59:19'),(165,1,0,'Product modification','Product',32,1,'2018-11-22 00:59:33','2018-11-22 00:59:33'),(166,1,0,'Backoffice verbinding van 82.94.45.170','',0,1,'2018-11-27 18:08:20','2018-11-27 18:08:20'),(167,1,0,'Product modification','Product',36,1,'2018-11-27 18:09:05','2018-11-27 18:09:05'),(168,1,0,'Product modification','Product',34,1,'2018-11-27 18:09:30','2018-11-27 18:09:30'),(169,1,0,'Product modification','Product',33,1,'2018-11-27 18:09:52','2018-11-27 18:09:52'),(170,1,0,'Product modification','Product',24,1,'2018-11-27 18:10:26','2018-11-27 18:10:26'),(171,1,0,'Product modification','Product',23,1,'2018-11-27 18:10:38','2018-11-27 18:10:38'),(172,1,0,'Product modification','Product',24,1,'2018-11-27 18:10:53','2018-11-27 18:10:53'),(173,1,0,'Product modification','Product',24,1,'2018-11-27 18:10:59','2018-11-27 18:10:59'),(174,1,0,'Product modification','Product',22,1,'2018-11-27 18:11:13','2018-11-27 18:11:13'),(175,1,0,'Product modification','Product',24,1,'2018-11-27 18:12:16','2018-11-27 18:12:16'),(176,1,0,'Product modification','Product',38,1,'2018-11-27 18:27:54','2018-11-27 18:27:54'),(177,1,0,'Product modification','Product',38,1,'2018-11-27 18:28:06','2018-11-27 18:28:06'),(178,1,0,'Product modification','Product',38,1,'2018-11-27 18:28:30','2018-11-27 18:28:30'),(179,1,0,'Product duplicated: (from 38 to 39).','',0,1,'2018-11-27 18:28:47','2018-11-27 18:28:47'),(180,1,0,'Product modification','Product',39,1,'2018-11-27 18:30:46','2018-11-27 18:30:46'),(181,1,0,'Product modification','Product',39,1,'2018-11-27 18:31:02','2018-11-27 18:31:02'),(182,1,0,'Product modification','Product',39,1,'2018-11-27 18:31:22','2018-11-27 18:31:22'),(183,1,0,'Product modification','Product',39,1,'2018-11-27 18:31:38','2018-11-27 18:31:38'),(184,1,0,'Product modification','Product',39,1,'2018-11-27 18:31:52','2018-11-27 18:31:52'),(185,1,0,'Product modification','Product',39,1,'2018-11-27 18:32:09','2018-11-27 18:32:09'),(186,1,0,'Product modification','Product',39,1,'2018-11-27 18:32:12','2018-11-27 18:32:12'),(187,1,0,'Product modification','Product',38,1,'2018-11-27 18:32:33','2018-11-27 18:32:33'),(188,1,0,'Product modification','Product',39,1,'2018-11-27 18:33:04','2018-11-27 18:33:04'),(189,1,0,'Product modification','Product',39,1,'2018-11-27 18:33:13','2018-11-27 18:33:13'),(190,1,0,'Product modification','Product',39,1,'2018-11-27 18:33:39','2018-11-27 18:33:39'),(191,1,0,'Product duplicated: (from 38 to 40).','',0,1,'2018-11-27 18:33:52','2018-11-27 18:33:52'),(192,1,0,'Product modification','Product',40,1,'2018-11-27 18:34:20','2018-11-27 18:34:20'),(193,1,0,'Product modification','Product',39,1,'2018-11-27 18:34:46','2018-11-27 18:34:46'),(194,1,0,'Product activated: 40','',0,1,'2018-11-27 18:34:55','2018-11-27 18:34:55'),(195,1,0,'Product duplicated: (from 40 to 41).','',0,1,'2018-11-27 18:35:00','2018-11-27 18:35:00'),(196,1,0,'Product modification','Product',41,1,'2018-11-27 18:36:36','2018-11-27 18:36:36'),(197,1,0,'Product modification','Product',41,1,'2018-11-27 18:36:37','2018-11-27 18:36:37'),(198,1,0,'Product modification','Product',41,1,'2018-11-27 18:37:19','2018-11-27 18:37:19'),(199,1,0,'Product modification','Product',40,1,'2018-11-27 18:38:51','2018-11-27 18:38:51'),(200,1,0,'Product modification','Product',38,1,'2018-11-27 18:40:26','2018-11-27 18:40:26'),(201,1,0,'Product modification','Product',41,1,'2018-11-27 18:40:46','2018-11-27 18:40:46'),(202,1,0,'Product modification','Product',41,1,'2018-11-27 18:40:51','2018-11-27 18:40:51'),(203,1,0,'Product modification','Product',24,1,'2018-11-27 18:42:57','2018-11-27 18:42:57'),(204,1,0,'Product modification','Product',23,1,'2018-11-27 18:43:19','2018-11-27 18:43:19'),(205,1,0,'Backoffice verbinding van 82.94.45.170','',0,1,'2018-11-28 21:50:48','2018-11-28 21:50:48'),(206,1,0,'Backoffice verbinding van 82.94.45.170','',0,1,'2018-12-05 22:51:13','2018-12-05 22:51:13'),(207,1,0,'Product modification','Product',42,1,'2018-12-05 23:03:01','2018-12-05 23:03:01'),(208,1,0,'Product modification','Product',42,1,'2018-12-05 23:03:16','2018-12-05 23:03:16'),(209,1,0,'Product modification','Product',42,1,'2018-12-05 23:03:38','2018-12-05 23:03:38'),(210,1,0,'Product modification','Product',42,1,'2018-12-05 23:03:41','2018-12-05 23:03:41'),(211,1,0,'Product modification','Product',42,1,'2018-12-05 23:03:43','2018-12-05 23:03:43'),(212,1,0,'Product duplicated: (from 42 to 43).','',0,1,'2018-12-05 23:03:55','2018-12-05 23:03:55'),(213,1,0,'Product modification','Product',43,1,'2018-12-05 23:06:46','2018-12-05 23:06:46'),(214,1,0,'Product modification','Product',43,1,'2018-12-05 23:06:47','2018-12-05 23:06:47'),(215,1,0,'Product modification','Product',43,1,'2018-12-05 23:06:51','2018-12-05 23:06:51'),(216,1,0,'Product duplicated: (from 43 to 44).','',0,1,'2018-12-05 23:13:16','2018-12-05 23:13:16'),(217,1,0,'Product modification','Product',44,1,'2018-12-05 23:14:39','2018-12-05 23:14:39'),(218,1,0,'Product activated: 44','',0,1,'2018-12-05 23:14:56','2018-12-05 23:14:56'),(219,1,0,'Product duplicated: (from 44 to 45).','',0,1,'2018-12-05 23:15:01','2018-12-05 23:15:01'),(220,1,0,'Product modification','Product',45,1,'2018-12-05 23:16:56','2018-12-05 23:16:56'),(221,1,0,'Product modification','Product',45,1,'2018-12-05 23:16:59','2018-12-05 23:16:59'),(222,1,0,'Product duplicated: (from 45 to 46).','',0,1,'2018-12-05 23:17:37','2018-12-05 23:17:37'),(223,1,0,'Product modification','Product',46,1,'2018-12-05 23:18:55','2018-12-05 23:18:55'),(224,1,0,'Product activated: 46','',0,1,'2018-12-05 23:19:04','2018-12-05 23:19:04'),(225,1,0,'Product modification','Product',43,1,'2018-12-05 23:19:18','2018-12-05 23:19:18'),(226,1,0,'Product duplicated: (from 46 to 47).','',0,1,'2018-12-05 23:19:28','2018-12-05 23:19:28'),(227,1,0,'Product modification','Product',47,1,'2018-12-05 23:20:23','2018-12-05 23:20:23'),(228,1,0,'Product modification','Product',47,1,'2018-12-05 23:20:34','2018-12-05 23:20:34'),(229,1,0,'Product modification','Product',47,1,'2018-12-05 23:20:53','2018-12-05 23:20:53'),(230,1,0,'Product modification','Product',47,1,'2018-12-05 23:20:58','2018-12-05 23:20:58'),(231,1,0,'Product modification','Product',45,1,'2018-12-05 23:21:11','2018-12-05 23:21:11'),(232,1,0,'Backoffice verbinding van 82.94.45.170','',0,1,'2018-12-12 19:19:37','2018-12-12 19:19:37'),(233,1,0,'Backoffice verbinding van 82.94.45.170','',0,1,'2019-01-05 21:44:06','2019-01-05 21:44:06'),(234,1,0,'Product modification','Product',48,1,'2019-01-05 21:50:51','2019-01-05 21:50:51'),(235,1,0,'Product modification','Product',48,1,'2019-01-05 21:50:54','2019-01-05 21:50:54'),(236,1,0,'Product modification','Product',48,1,'2019-01-05 21:51:20','2019-01-05 21:51:20'),(237,1,0,'Product modification','Product',48,1,'2019-01-05 21:51:24','2019-01-05 21:51:24'),(238,1,0,'Product duplicated: (from 48 to 49).','',0,1,'2019-01-05 21:51:24','2019-01-05 21:51:24'),(239,1,0,'Product modification','Product',49,1,'2019-01-05 21:52:47','2019-01-05 21:52:47'),(240,1,0,'Product modification','Product',49,1,'2019-01-05 21:52:54','2019-01-05 21:52:54'),(241,1,0,'Product modification','Product',49,1,'2019-01-05 21:52:59','2019-01-05 21:52:59'),(242,1,0,'Product duplicated: (from 49 to 50).','',0,1,'2019-01-05 21:53:00','2019-01-05 21:53:00'),(243,1,0,'Product modification','Product',50,1,'2019-01-05 21:54:29','2019-01-05 21:54:29'),(244,1,0,'Product modification','Product',50,1,'2019-01-05 21:54:36','2019-01-05 21:54:36'),(245,1,0,'Product modification','Product',48,1,'2019-01-05 21:55:10','2019-01-05 21:55:10'),(246,1,0,'Product modification','Product',49,1,'2019-01-05 21:55:21','2019-01-05 21:55:21'),(247,1,0,'Product modification','Product',49,1,'2019-01-05 21:55:28','2019-01-05 21:55:28'),(248,1,0,'Product modification','Product',50,1,'2019-01-05 21:55:40','2019-01-05 21:55:40'),(249,1,0,'Product modification','Product',50,1,'2019-01-05 21:55:44','2019-01-05 21:55:44'),(250,1,0,'Product duplicated: (from 50 to 51).','',0,1,'2019-01-05 21:55:45','2019-01-05 21:55:45'),(251,1,0,'Product modification','Product',51,1,'2019-01-05 21:57:23','2019-01-05 21:57:23'),(252,1,0,'Product modification','Product',51,1,'2019-01-05 21:57:34','2019-01-05 21:57:34'),(253,1,0,'Product modification','Product',51,1,'2019-01-05 21:57:39','2019-01-05 21:57:39'),(254,1,0,'Product duplicated: (from 51 to 52).','',0,1,'2019-01-05 21:57:39','2019-01-05 21:57:39'),(255,1,0,'Product modification','Product',52,1,'2019-01-05 21:58:37','2019-01-05 21:58:37'),(256,1,0,'Product modification','Product',52,1,'2019-01-05 21:58:46','2019-01-05 21:58:46'),(257,1,0,'Product modification','Product',52,1,'2019-01-05 21:58:50','2019-01-05 21:58:50'),(258,1,0,'Product duplicated: (from 52 to 53).','',0,1,'2019-01-05 21:58:52','2019-01-05 21:58:52'),(259,1,0,'Product modification','Product',53,1,'2019-01-05 21:59:15','2019-01-05 21:59:15'),(260,1,0,'Product modification','Product',53,1,'2019-01-05 21:59:22','2019-01-05 21:59:22'),(261,1,0,'Product modification','Product',53,1,'2019-01-05 21:59:27','2019-01-05 21:59:27'),(262,1,0,'Product modification','Product',53,1,'2019-01-05 21:59:45','2019-01-05 21:59:45'),(263,1,0,'Product modification','Product',52,1,'2019-01-05 21:59:58','2019-01-05 21:59:58'),(264,1,0,'Product modification','Product',51,1,'2019-01-05 22:00:12','2019-01-05 22:00:12'),(265,1,0,'Product modification','Product',50,1,'2019-01-05 22:00:29','2019-01-05 22:00:29'),(266,1,0,'Product modification','Product',53,1,'2019-01-05 22:01:43','2019-01-05 22:01:43'),(267,1,0,'Backoffice verbinding van 82.94.45.170','',0,1,'2019-01-07 00:52:22','2019-01-07 00:52:22'),(268,1,0,'Product modification','Product',45,1,'2019-01-07 00:52:53','2019-01-07 00:52:53'),(269,1,0,'Product modification','Product',43,1,'2019-01-07 00:53:23','2019-01-07 00:53:23'),(270,1,0,'Product modification','Product',47,1,'2019-01-07 00:55:14','2019-01-07 00:55:14'),(271,1,0,'Backoffice verbinding van 82.94.45.170','',0,1,'2019-04-14 17:06:29','2019-04-14 17:06:29'),(272,1,0,'Backoffice verbinding van 82.94.45.170','',0,1,'2019-04-14 20:26:29','2019-04-14 20:26:29'),(273,1,0,'Product modification','Product',39,1,'2019-04-14 20:33:47','2019-04-14 20:33:47'),(274,1,0,'Backoffice verbinding van 82.94.45.170','',0,1,'2019-06-18 20:26:33','2019-06-18 20:26:33'),(275,1,0,'Product modification','Product',53,1,'2019-06-18 20:30:15','2019-06-18 20:30:15'),(276,1,0,'Product modification','Product',41,1,'2019-06-18 20:40:49','2019-06-18 20:40:49'),(277,1,0,'Product modification','Product',36,1,'2019-06-18 20:42:36','2019-06-18 20:42:36'),(278,1,0,'Backoffice verbinding van 82.94.45.170','',0,1,'2019-06-18 21:02:54','2019-06-18 21:02:54'),(279,1,0,'Backoffice verbinding van 82.94.45.170','',0,1,'2019-06-18 21:45:59','2019-06-18 21:45:59'),(280,1,0,'Backoffice verbinding van 82.94.45.170','',0,1,'2019-09-14 23:35:52','2019-09-14 23:35:52'),(281,1,0,'Backoffice verbinding van 82.94.45.170','',0,1,'2019-09-15 14:05:01','2019-09-15 14:05:01'),(282,1,0,'Product modification','Product',53,1,'2019-09-15 14:09:59','2019-09-15 14:09:59'),(283,1,0,'Product modification','Product',51,1,'2019-09-15 14:10:38','2019-09-15 14:10:38'),(284,1,0,'Category toevoeging','Category',20,1,'2019-09-15 14:13:23','2019-09-15 14:13:23'),(285,1,0,'Product modification','Product',54,1,'2019-09-15 14:13:41','2019-09-15 14:13:41'),(286,1,0,'Product modification','Product',54,1,'2019-09-15 14:13:43','2019-09-15 14:13:43'),(287,1,0,'Product modification','Product',54,1,'2019-09-15 14:13:45','2019-09-15 14:13:45'),(288,1,0,'Product modification','Product',54,1,'2019-09-15 14:13:57','2019-09-15 14:13:57'),(289,1,0,'Product modification','Product',54,1,'2019-09-15 14:14:40','2019-09-15 14:14:40'),(290,1,0,'Product duplicated: (from 54 to 55).','',0,1,'2019-09-15 14:14:49','2019-09-15 14:14:49'),(291,1,0,'Product modification','Product',55,1,'2019-09-15 14:15:26','2019-09-15 14:15:26'),(292,1,0,'Product modification','Product',55,1,'2019-09-15 14:15:44','2019-09-15 14:15:44'),(293,1,0,'Product modification','Product',55,1,'2019-09-15 14:15:47','2019-09-15 14:15:47'),(294,1,0,'Category toevoeging','Category',21,1,'2019-09-15 14:17:34','2019-09-15 14:17:34'),(295,1,0,'Product modification','Product',56,1,'2019-09-15 14:21:06','2019-09-15 14:21:06'),(296,1,0,'Product modification','Product',56,1,'2019-09-15 14:21:09','2019-09-15 14:21:09'),(297,1,0,'Product modification','Product',56,1,'2019-09-15 14:21:19','2019-09-15 14:21:19'),(298,1,0,'Product modification','Product',56,1,'2019-09-15 14:22:43','2019-09-15 14:22:43'),(299,1,0,'Product duplicated: (from 56 to 57).','',0,1,'2019-09-15 14:22:43','2019-09-15 14:22:43'),(300,1,0,'Product modification','Product',57,1,'2019-09-15 14:23:14','2019-09-15 14:23:14'),(301,1,0,'Product modification','Product',57,1,'2019-09-15 14:23:32','2019-09-15 14:23:32'),(302,1,0,'Product modification','Product',57,1,'2019-09-15 14:23:38','2019-09-15 14:23:38'),(303,1,0,'Product duplicated: (from 57 to 58).','',0,1,'2019-09-15 14:23:39','2019-09-15 14:23:39'),(304,1,0,'Product modification','Product',58,1,'2019-09-15 14:24:34','2019-09-15 14:24:34'),(305,1,0,'Product modification','Product',58,1,'2019-09-15 14:24:41','2019-09-15 14:24:41'),(306,1,0,'Product modification','Product',58,1,'2019-09-15 14:24:44','2019-09-15 14:24:44'),(307,1,0,'Product duplicated: (from 58 to 59).','',0,1,'2019-09-15 14:24:45','2019-09-15 14:24:45'),(308,1,0,'Product modification','Product',59,1,'2019-09-15 14:26:01','2019-09-15 14:26:01'),(309,1,0,'Product modification','Product',59,1,'2019-09-15 14:26:12','2019-09-15 14:26:12'),(310,1,0,'Product modification','Product',59,1,'2019-09-15 14:26:42','2019-09-15 14:26:42'),(311,1,0,'Product duplicated: (from 59 to 60).','',0,1,'2019-09-15 14:26:43','2019-09-15 14:26:43'),(312,1,0,'Product modification','Product',60,1,'2019-09-15 14:27:18','2019-09-15 14:27:18'),(313,1,0,'Product modification','Product',60,1,'2019-09-15 14:27:24','2019-09-15 14:27:24'),(314,1,0,'Product modification','Product',60,1,'2019-09-15 14:28:08','2019-09-15 14:28:08'),(315,1,0,'Product duplicated: (from 60 to 61).','',0,1,'2019-09-15 14:28:09','2019-09-15 14:28:09'),(316,1,0,'Product modification','Product',61,1,'2019-09-15 14:28:40','2019-09-15 14:28:40'),(317,1,0,'Product modification','Product',61,1,'2019-09-15 14:28:49','2019-09-15 14:28:49'),(318,1,0,'Product modification','Product',57,1,'2019-09-15 14:29:43','2019-09-15 14:29:43'),(319,1,0,'Product modification','Product',55,1,'2019-09-15 14:29:54','2019-09-15 14:29:54'),(320,1,0,'Product modification','Product',59,1,'2019-09-15 14:30:06','2019-09-15 14:30:06'),(321,1,0,'Product duplicated: (from 59 to 62).','',0,1,'2019-09-15 14:30:07','2019-09-15 14:30:07'),(322,1,0,'Product modification','Product',62,1,'2019-09-15 14:30:24','2019-09-15 14:30:24'),(323,1,0,'Product modification','Product',62,1,'2019-09-15 14:30:26','2019-09-15 14:30:26'),(324,1,0,'Product modification','Product',62,1,'2019-09-15 14:30:31','2019-09-15 14:30:31'),(325,1,0,'Product duplicated: (from 62 to 63).','',0,1,'2019-09-15 14:30:32','2019-09-15 14:30:32'),(326,1,0,'Product modification','Product',63,1,'2019-09-15 14:31:57','2019-09-15 14:31:57'),(327,1,0,'Product modification','Product',63,1,'2019-09-15 14:32:00','2019-09-15 14:32:00'),(328,1,0,'Product modification','Product',63,1,'2019-09-15 14:32:05','2019-09-15 14:32:05'),(329,1,0,'Product duplicated: (from 63 to 64).','',0,1,'2019-09-15 14:32:05','2019-09-15 14:32:05'),(330,1,0,'Product modification','Product',64,1,'2019-09-15 14:33:08','2019-09-15 14:33:08'),(331,1,0,'Product modification','Product',64,1,'2019-09-15 14:33:11','2019-09-15 14:33:11'),(332,1,0,'Product modification','Product',64,1,'2019-09-15 14:33:18','2019-09-15 14:33:18'),(333,1,0,'Product duplicated: (from 64 to 65).','',0,1,'2019-09-15 14:33:18','2019-09-15 14:33:18'),(334,1,0,'Product modification','Product',65,1,'2019-09-15 14:33:44','2019-09-15 14:33:44'),(335,1,0,'Product modification','Product',65,1,'2019-09-15 14:33:46','2019-09-15 14:33:46'),(336,1,0,'Product modification','Product',65,1,'2019-09-15 14:33:54','2019-09-15 14:33:54'),(337,1,0,'Product modification','Product',64,1,'2019-09-15 14:34:07','2019-09-15 14:34:07'),(338,1,0,'Backoffice verbinding van 82.94.45.170','',0,1,'2019-09-25 23:51:06','2019-09-25 23:51:06'),(339,1,0,'Backoffice verbinding van 82.94.45.170','',0,1,'2019-09-26 00:50:12','2019-09-26 00:50:12'),(340,1,0,'Product duplicated: (from 61 to 66).','',0,1,'2019-09-26 00:51:04','2019-09-26 00:51:04'),(341,1,0,'Product modification','Product',66,1,'2019-09-26 00:53:04','2019-09-26 00:53:04'),(342,1,0,'Product modification','Product',66,1,'2019-09-26 00:53:07','2019-09-26 00:53:07'),(343,1,0,'Backoffice verbinding van 82.94.45.170','',0,1,'2019-11-03 20:24:30','2019-11-03 20:24:30'),(344,1,0,'Backoffice verbinding van 82.94.45.170','',0,1,'2020-01-08 01:10:10','2020-01-08 01:10:10'),(345,1,0,'Backoffice verbinding van 82.94.45.170','',0,1,'2020-01-08 01:37:39','2020-01-08 01:37:39'),(346,1,0,'Backoffice verbinding van 82.94.45.170','',0,1,'2020-01-08 01:54:15','2020-01-08 01:54:15'),(347,1,0,'Backoffice verbinding van 82.94.45.170','',0,1,'2020-01-11 22:42:06','2020-01-11 22:42:06'),(348,1,0,'Product modification','Product',46,1,'2020-01-11 22:43:14','2020-01-11 22:43:14'),(349,1,0,'Product modification','Product',45,1,'2020-01-11 22:43:32','2020-01-11 22:43:32'),(350,1,0,'Product modification','Product',44,1,'2020-01-11 22:43:45','2020-01-11 22:43:45'),(351,1,0,'Product modification','Product',43,1,'2020-01-11 22:44:10','2020-01-11 22:44:10'),(352,1,0,'Product modification','Product',42,1,'2020-01-11 22:46:13','2020-01-11 22:46:13'),(353,1,0,'Product modification','Product',45,1,'2020-01-11 22:47:00','2020-01-11 22:47:00'),(354,1,0,'Product modification','Product',45,1,'2020-01-11 22:47:03','2020-01-11 22:47:03'),(355,1,0,'Product modification','Product',44,1,'2020-01-11 22:47:23','2020-01-11 22:47:23'),(356,1,0,'Product modification','Product',46,1,'2020-01-11 22:47:51','2020-01-11 22:47:51'),(357,1,0,'Product modification','Product',47,1,'2020-01-11 22:50:21','2020-01-11 22:50:21'),(358,1,0,'Backoffice verbinding van 82.94.45.170','',0,1,'2020-01-22 17:13:57','2020-01-22 17:13:57'),(359,1,0,'Backoffice verbinding van 82.94.45.170','',0,1,'2020-02-04 17:32:53','2020-02-04 17:32:53'),(360,1,0,'Backoffice verbinding van 82.94.45.170','',0,1,'2020-02-04 17:58:11','2020-02-04 17:58:11'),(361,1,0,'Backoffice verbinding van 82.94.45.170','',0,1,'2020-02-04 18:21:03','2020-02-04 18:21:03'),(362,1,0,'Backoffice verbinding van 82.94.45.170','',0,1,'2020-02-17 00:08:59','2020-02-17 00:08:59'),(363,1,0,'Backoffice verbinding van 82.94.45.170','',0,1,'2020-08-28 01:25:23','2020-08-28 01:25:23'),(364,1,0,'Backoffice verbinding van 82.94.45.170','',0,1,'2020-11-09 22:23:37','2020-11-09 22:23:37'),(365,1,0,'Backoffice verbinding van 82.94.45.170','',0,1,'2020-11-14 11:57:13','2020-11-14 11:57:13'),(366,1,0,'Backoffice verbinding van 82.94.45.170','',0,1,'2021-04-11 11:52:30','2021-04-11 11:52:30'),(367,1,0,'Backoffice verbinding van 82.94.45.170','',0,1,'2022-01-21 23:26:20','2022-01-21 23:26:20'),(368,1,0,'Backoffice verbinding van 82.94.45.170','',0,1,'2022-01-21 23:32:09','2022-01-21 23:32:09'),(369,1,0,'Backoffice verbinding van 82.94.45.170','',0,1,'2022-01-21 23:33:28','2022-01-21 23:33:28'),(370,1,0,'Frontcontroller::init - Cart cannot be loaded or an order has already been placed using this cart','Cart',92,0,'2023-07-28 14:13:08','2023-07-28 14:13:08'),(371,1,0,'Backoffice verbinding van 77.173.58.77','',0,1,'2023-07-31 20:27:36','2023-07-31 20:27:36'),(372,1,0,'Backoffice verbinding van 77.173.58.77','',0,1,'2023-07-31 21:25:01','2023-07-31 21:25:01');

--
-- Table structure for table `akoe_mail`
--

CREATE TABLE `akoe_mail` (
  `id_mail` int(11) unsigned NOT NULL AUTO_INCREMENT,
  `recipient` varchar(126) NOT NULL,
  `template` varchar(62) NOT NULL,
  `subject` varchar(254) NOT NULL,
  `id_lang` int(11) unsigned NOT NULL,
  `date_add` timestamp NOT NULL DEFAULT current_timestamp(),
  PRIMARY KEY (`id_mail`),
  KEY `recipient` (`recipient`(10))
) ENGINE=InnoDB AUTO_INCREMENT=24 DEFAULT CHARSET=utf8;

--
-- Dumping data for table `akoe_mail`
--

INSERT INTO `akoe_mail` VALUES (1,'pub@prestashop.com','preparation','[Akoestiek verbeteren met akoestische panelen] Wordt momenteel voorbereid',1,'2018-08-19 13:00:07'),(2,'b.monsma@xs4all.nl','bankwire','[Akoestiek verbeteren met akoestische panelen] In afwachting van bankoverschrijving',1,'2018-08-19 13:20:21'),(3,'b.monsma@xs4all.nl','order_conf','[Akoestiek verbeteren met akoestische panelen] Bestelling bevestigd',1,'2018-08-19 13:20:21'),(4,'info@akoepanelen.nl','account','[Akoepanelen.nl onderdeel Monsma Capital] Welkom!',1,'2018-08-25 19:48:09'),(5,'info@koikichiworld.nl','account','[Akoepanelen.nl onderdeel Monsma Capital] Welkom!',1,'2020-06-22 14:30:26'),(6,'wvolkers86@gmail.com','account','[Akoepanelen.nl onderdeel Monsma Capital] Welkom!',1,'2020-11-02 13:48:29'),(7,'sjimvisser@hotmail.com','order_conf','[Akoepanelen.nl onderdeel Monsma Capital] Bestelling bevestigd',1,'2020-11-02 18:58:18'),(8,'sjimvisser@hotmail.com','preparation','[Akoepanelen.nl onderdeel Monsma Capital] Wordt momenteel voorbereid',1,'2020-11-09 21:23:52'),(9,'allerlei@glim.nl','order_conf','[Akoepanelen.nl onderdeel Monsma Capital] Bestelling bevestigd',1,'2021-04-02 21:07:31'),(10,'allerlei@glim.nl','preparation','[Akoepanelen.nl onderdeel Monsma Capital] Wordt momenteel voorbereid',1,'2021-04-11 09:53:29'),(11,'dirkjan@ankeiler.nl','order_conf','[Akoepanelen.nl onderdeel Monsma Capital] Bestelling bevestigd',1,'2021-05-23 09:04:52'),(12,'petervandenbroeck1@hotmail.com','order_conf','[Akoepanelen.nl onderdeel Monsma Capital] Bestelling bevestigd',1,'2021-05-27 17:27:30'),(13,'dirkjan@ankeiler.nl','refund','[Akoepanelen.nl onderdeel Monsma Capital] Terugbetaald',1,'2021-06-03 00:05:08'),(14,'petervandenbroeck1@hotmail.com','account','[Akoepanelen.nl onderdeel Monsma Capital] Welkom!',1,'2021-06-04 12:31:12'),(15,'amersfoort.richard@gmail.com','account','[Akoepanelen.nl onderdeel Monsma Capital] Welkom!',1,'2022-01-15 15:39:00'),(16,'amersfoort.richard@gmail.com','order_conf','[Akoepanelen.nl onderdeel Monsma Capital] Bestelling bevestigd',1,'2022-01-15 16:08:35'),(17,'amersfoort.richard@gmail.com','outofstock','[Akoepanelen.nl onderdeel Monsma Capital] Momenteel in backorder (betaald)',1,'2022-01-21 22:31:01'),(18,'info@akoepnelen.nl','account','[Akoepanelen.nl onderdeel Monsma Capital] Welkom!',1,'2022-01-21 22:40:25'),(19,'djb_19_@hotmail.com','account','[Akoepanelen.nl onderdeel Monsma Capital] Welkom!',1,'2022-07-04 19:42:17'),(20,'crisbleij@gmail.com','order_conf','[Akoepanelen.nl onderdeel Monsma Capital] Bestelling bevestigd',1,'2023-03-22 17:52:39'),(21,'willem.voet@cad-o.be','account','[Akoepanelen.nl onderdeel Monsma Capital] Welkom!',1,'2023-05-02 19:39:12'),(22,'Kristelschildkamp@hotmail.com','account','[Akoepanelen.nl onderdeel Monsma Capital] Welkom!',1,'2023-07-28 12:09:03'),(23,'Kristelschildkamp@hotmail.com','order_conf','[Akoepanelen.nl onderdeel Monsma Capital] Bestelling bevestigd',1,'2023-07-28 12:11:30');

--
-- Table structure for table `akoe_manufacturer`
--

CREATE TABLE `akoe_manufacturer` (
  `id_manufacturer` int(10) unsigned NOT NULL AUTO_INCREMENT,
  `name` varchar(64) NOT NULL,
  `date_add` datetime NOT NULL,
  `date_upd` datetime NOT NULL,
  `active` tinyint(1) NOT NULL DEFAULT 0,
  PRIMARY KEY (`id_manufacturer`)
) ENGINE=InnoDB AUTO_INCREMENT=3 DEFAULT CHARSET=utf8;

--
-- Dumping data for table `akoe_manufacturer`
--

INSERT INTO `akoe_manufacturer` VALUES (1,'Studio Design','2018-08-14 19:04:03','2018-08-14 19:04:03',1),(2,'Graphic Corner','2018-08-14 19:04:03','2018-08-14 19:04:03',1);

--
-- Table structure for table `akoe_manufacturer_lang`
--

CREATE TABLE `akoe_manufacturer_lang` (
  `id_manufacturer` int(10) unsigned NOT NULL,
  `id_lang` int(10) unsigned NOT NULL,
  `description` text DEFAULT NULL,
  `short_description` text DEFAULT NULL,
  `meta_title` varchar(128) DEFAULT NULL,
  `meta_keywords` varchar(255) DEFAULT NULL,
  `meta_description` varchar(255) DEFAULT NULL,
  PRIMARY KEY (`id_manufacturer`,`id_lang`)
) ENGINE=InnoDB DEFAULT CHARSET=utf8;

--
-- Dumping data for table `akoe_manufacturer_lang`
--

INSERT INTO `akoe_manufacturer_lang` VALUES (1,1,'<p><span style=\"font-size:10pt;font-family:Arial;font-style:normal;\">Studio Design offers a range of items from ready-to-wear collections to contemporary objects. The brand has been presenting new ideas and trends since its creation in 2012.</span></p>','','','',''),(2,1,'<p><span style=\"font-size:10pt;font-family:Arial;font-style:normal;\">Since 2010, Graphic Corner offers a large choice of quality posters, available on paper and many other formats. </span></p>','','','','');

--
-- Table structure for table `akoe_manufacturer_shop`
--

CREATE TABLE `akoe_manufacturer_shop` (
  `id_manufacturer` int(11) unsigned NOT NULL,
  `id_shop` int(11) unsigned NOT NULL,
  PRIMARY KEY (`id_manufacturer`,`id_shop`),
  KEY `id_shop` (`id_shop`)
) ENGINE=InnoDB DEFAULT CHARSET=utf8;

--
-- Dumping data for table `akoe_manufacturer_shop`
--

INSERT INTO `akoe_manufacturer_shop` VALUES (1,1),(2,1);

--
-- Table structure for table `akoe_memcached_servers`
--

CREATE TABLE `akoe_memcached_servers` (
  `id_memcached_server` int(11) unsigned NOT NULL AUTO_INCREMENT,
  `ip` varchar(254) NOT NULL,
  `port` int(11) unsigned NOT NULL,
  `weight` int(11) unsigned NOT NULL,
  PRIMARY KEY (`id_memcached_server`)
) ENGINE=InnoDB DEFAULT CHARSET=utf8;

--
-- Dumping data for table `akoe_memcached_servers`
--


--
-- Table structure for table `akoe_message`
--

CREATE TABLE `akoe_message` (
  `id_message` int(10) unsigned NOT NULL AUTO_INCREMENT,
  `id_cart` int(10) unsigned DEFAULT NULL,
  `id_customer` int(10) unsigned NOT NULL,
  `id_employee` int(10) unsigned DEFAULT NULL,
  `id_order` int(10) unsigned NOT NULL,
  `message` text NOT NULL,
  `private` tinyint(1) unsigned NOT NULL DEFAULT 1,
  `date_add` datetime NOT NULL,
  PRIMARY KEY (`id_message`),
  KEY `message_order` (`id_order`),
  KEY `id_cart` (`id_cart`),
  KEY `id_customer` (`id_customer`),
  KEY `id_employee` (`id_employee`)
) ENGINE=InnoDB DEFAULT CHARSET=utf8;

--
-- Dumping data for table `akoe_message`
--


--
-- Table structure for table `akoe_message_readed`
--

CREATE TABLE `akoe_message_readed` (
  `id_message` int(10) unsigned NOT NULL,
  `id_employee` int(10) unsigned NOT NULL,
  `date_add` datetime NOT NULL,
  PRIMARY KEY (`id_message`,`id_employee`)
) ENGINE=InnoDB DEFAULT CHARSET=utf8;

--
-- Dumping data for table `akoe_message_readed`
--


--
-- Table structure for table `akoe_meta`
--

CREATE TABLE `akoe_meta` (
  `id_meta` int(10) unsigned NOT NULL AUTO_INCREMENT,
  `page` varchar(64) NOT NULL,
  `configurable` tinyint(1) unsigned NOT NULL DEFAULT 1,
  PRIMARY KEY (`id_meta`),
  UNIQUE KEY `page` (`page`)
) ENGINE=InnoDB AUTO_INCREMENT=46 DEFAULT CHARSET=utf8;

--
-- Dumping data for table `akoe_meta`
--

INSERT INTO `akoe_meta` VALUES (1,'pagenotfound',1),(2,'best-sales',1),(3,'contact',1),(4,'index',1),(5,'manufacturer',1),(6,'new-products',1),(7,'password',1),(8,'prices-drop',1),(9,'sitemap',1),(10,'supplier',1),(11,'address',1),(12,'addresses',1),(13,'authentication',1),(14,'cart',1),(15,'discount',1),(16,'history',1),(17,'identity',1),(18,'my-account',1),(19,'order-follow',1),(20,'order-slip',1),(21,'order',1),(22,'search',1),(23,'stores',1),(24,'guest-tracking',1),(25,'order-confirmation',1),(26,'product',0),(27,'category',0),(28,'cms',0),(29,'module-cheque-payment',0),(30,'module-cheque-validation',0),(31,'module-bankwire-validation',0),(32,'module-bankwire-payment',0),(33,'module-cashondelivery-validation',0),(36,'module-ps_emailsubscription-verification',1),(37,'module-ps_emailsubscription-subscription',1),(38,'module-ps_shoppingcart-ajax',1),(39,'module-ps_wirepayment-payment',1),(40,'module-ps_wirepayment-validation',1),(41,'module-cronjobs-callback',1),(42,'module-mollie-payment',1),(43,'module-mollie-return',1),(44,'module-mollie-webhook',1),(45,'module-mollie-qrcode',1);

--
-- Table structure for table `akoe_meta_lang`
--

CREATE TABLE `akoe_meta_lang` (
  `id_meta` int(10) unsigned NOT NULL,
  `id_shop` int(11) unsigned NOT NULL DEFAULT 1,
  `id_lang` int(10) unsigned NOT NULL,
  `title` varchar(128) DEFAULT NULL,
  `description` varchar(255) DEFAULT NULL,
  `keywords` varchar(255) DEFAULT NULL,
  `url_rewrite` varchar(254) NOT NULL,
  PRIMARY KEY (`id_meta`,`id_shop`,`id_lang`),
  KEY `id_shop` (`id_shop`),
  KEY `id_lang` (`id_lang`)
) ENGINE=InnoDB DEFAULT CHARSET=utf8;

--
-- Dumping data for table `akoe_meta_lang`
--

INSERT INTO `akoe_meta_lang` VALUES (1,1,1,'404 fout','We hebben de pagina niet gevonden','','pagina-niet-gevonden'),(2,1,1,'Best verkochte artikelen','Onze best verkochte artikelen','','best-verkochte-artikelen'),(3,1,1,'Contacteer ons','Neem contact met ons op via ons formulier','','contact-opnemen'),(4,1,1,'Akoestiek verbeteren met akoestische panelen. Geluiddempend absorberend geluids paneel','Akoe Panelen verbetert de akoestiek geluidsabsorberend om hinderlijke nagalm en echo’s te voorkomen. ','akoe,paneel,panelen,akoestisch,akoestiek,galm,echo,geluid,isolatie,geluidsisolatie',''),(5,1,1,'Brands','Brands list','','brands'),(6,1,1,'Nieuwe producten','Onze nieuwe producten','','nieuwe-producten'),(7,1,1,'Uw wachtwoord vergeten','Voer het e-mailadres in dat u heeft gebruikt voor uw aanmelding om een e-mail met een nieuw wachtwoord te ontvangen','','wachtwoord-opvragen'),(8,1,1,'Aanbiedingen','Our special products','','aanbiedingen'),(9,1,1,'Sitemap','De weg kwijt? Vinden wat u zoekt','','sitemap'),(10,1,1,'Leveranciers','Lijst met leveranciers','','leverancier'),(11,1,1,'Adres','','','adres'),(12,1,1,'Adressen','','','adressen'),(13,1,1,'Inloggen','','','aanmelden'),(14,1,1,'Winkelwagen','','','winkelmandje'),(15,1,1,'Korting','','','korting'),(16,1,1,'Bestelgeschiedenis','','','besteloverzicht'),(17,1,1,'Identiteit','','','identiteit'),(18,1,1,'Mijn account','','','mijn-account'),(19,1,1,'Bestelling volgen','','','bestelling-volgen'),(20,1,1,'Creditnota','','','bestel-bon'),(21,1,1,'Bestelling','','','bestelling'),(22,1,1,'Zoeken','','','zoeken'),(23,1,1,'Winkels','','','winkels'),(24,1,1,'Bestelling volgen als gast','','','bestelling-volgen-als-gast'),(25,1,1,'Bestelling bevestigd','','','order-bevestiging'),(36,1,1,'','','',''),(37,1,1,'','','',''),(38,1,1,'','','',''),(39,1,1,'','','',''),(40,1,1,'','','',''),(41,1,1,'','','',''),(42,1,1,'','','',''),(43,1,1,'','','',''),(44,1,1,'','','',''),(45,1,1,'','','','');

--
-- Table structure for table `akoe_module`
--

CREATE TABLE `akoe_module` (
  `id_module` int(10) unsigned NOT NULL AUTO_INCREMENT,
  `name` varchar(64) NOT NULL,
  `active` tinyint(1) unsigned NOT NULL DEFAULT 0,
  `version` varchar(8) NOT NULL,
  PRIMARY KEY (`id_module`),
  UNIQUE KEY `name_UNIQUE` (`name`),
  KEY `name` (`name`)
) ENGINE=InnoDB AUTO_INCREMENT=62 DEFAULT CHARSET=utf8;

--
-- Dumping data for table `akoe_module`
--

INSERT INTO `akoe_module` VALUES (1,'contactform',1,'4.1.1'),(2,'dashactivity',1,'2.0.2'),(3,'dashtrends',1,'2.0.2'),(4,'dashgoals',1,'2.0.2'),(5,'dashproducts',1,'2.0.4'),(6,'graphnvd3',1,'2.0.1'),(7,'gridhtml',1,'2.0.0'),(8,'ps_banner',1,'2.1.0'),(9,'ps_categorytree',1,'2.0.0'),(11,'ps_contactinfo',1,'3.2.0'),(12,'ps_currencyselector',1,'2.0.1'),(13,'ps_customeraccountlinks',1,'3.1.0'),(14,'ps_customersignin',1,'2.0.2'),(15,'ps_customtext',1,'4.1.0'),(16,'ps_emailsubscription',1,'2.5.1'),(17,'ps_facetedsearch',1,'3.4.1'),(18,'ps_featuredproducts',1,'2.0.0'),(19,'ps_imageslider',1,'3.0.0'),(20,'ps_languageselector',1,'2.0.2'),(21,'ps_linklist',1,'2.1.6'),(22,'ps_mainmenu',1,'2.1.1'),(23,'ps_searchbar',1,'2.0.1'),(24,'ps_sharebuttons',1,'2.0.1'),(25,'ps_shoppingcart',1,'2.0.3'),(26,'ps_socialfollow',1,'2.0.0'),(27,'ps_themecusto',1,'1.1.0'),(28,'ps_wirepayment',1,'2.0.4'),(29,'pagesnotfound',1,'2.0.0'),(30,'sekeywords',1,'2.0.0'),(31,'statsbestcategories',1,'2.0.0'),(32,'statsbestcustomers',1,'2.0.2'),(33,'statsbestproducts',1,'2.0.0'),(34,'statsbestsuppliers',1,'2.0.0'),(35,'statsbestvouchers',1,'2.0.0'),(36,'statscarrier',1,'2.0.0'),(37,'statscatalog',1,'2.0.1'),(38,'statscheckup',1,'2.0.1'),(39,'statsdata',1,'2.0.0'),(40,'statsequipment',1,'2.0.0'),(41,'statsforecast',1,'2.0.3'),(42,'statslive',1,'2.0.2'),(43,'statsnewsletter',1,'2.0.2'),(44,'statsorigin',1,'2.0.2'),(45,'statspersonalinfos',1,'2.0.2'),(46,'statsproduct',1,'2.0.3'),(47,'statsregistrations',1,'2.0.0'),(48,'statssales',1,'2.0.0'),(49,'statssearch',1,'2.0.1'),(50,'statsstock',1,'2.0.0'),(51,'statsvisits',1,'2.0.2'),(52,'welcome',1,'5.1.0'),(53,'gamification',1,'2.3.2'),(54,'cronjobs',1,'1.4.0'),(55,'psaddonsconnect',1,'2.1.1'),(56,'blockreassurance',1,'4.1.1'),(57,'ps_newproducts',1,'1.0.1'),(58,'ps_specials',1,'1.0.1'),(59,'ps_bestsellers',1,'1.0.3'),(60,'mollie',1,'3.4.5'),(61,'autoupgrade',1,'4.10.1');

--
-- Table structure for table `akoe_module_access`
--

CREATE TABLE `akoe_module_access` (
  `id_profile` int(10) unsigned NOT NULL,
  `id_authorization_role` int(10) unsigned NOT NULL,
  PRIMARY KEY (`id_profile`,`id_authorization_role`)
) ENGINE=InnoDB DEFAULT CHARSET=utf8;

--
-- Dumping data for table `akoe_module_access`
--

INSERT INTO `akoe_module_access` VALUES (1,453),(1,454),(1,455),(1,456),(1,457),(1,458),(1,459),(1,460),(1,461),(1,462),(1,463),(1,464),(1,469),(1,470),(1,471),(1,472),(1,473),(1,474),(1,475),(1,476),(1,477),(1,478),(1,479),(1,480),(1,481),(1,482),(1,483),(1,484),(1,485),(1,486),(1,487),(1,488),(1,489),(1,490),(1,491),(1,492),(1,497),(1,498),(1,499),(1,500),(1,501),(1,502),(1,503),(1,504),(1,505),(1,506),(1,507),(1,508),(1,509),(1,510),(1,511),(1,512),(1,513),(1,514),(1,515),(1,516),(1,517),(1,518),(1,519),(1,520),(1,521),(1,522),(1,523),(1,524),(1,525),(1,526),(1,527),(1,528),(1,529),(1,530),(1,531),(1,532),(1,533),(1,534),(1,535),(1,536),(1,537),(1,538),(1,539),(1,540),(1,545),(1,546),(1,547),(1,548),(1,549),(1,550),(1,551),(1,552),(1,553),(1,554),(1,555),(1,556),(1,557),(1,558),(1,559),(1,560),(1,561),(1,562),(1,563),(1,564),(1,565),(1,566),(1,567),(1,568),(1,581),(1,582),(1,583),(1,584),(1,585),(1,586),(1,587),(1,588),(1,589),(1,590),(1,591),(1,592),(1,593),(1,594),(1,595),(1,596),(1,597),(1,598),(1,599),(1,600),(1,601),(1,602),(1,603),(1,604),(1,605),(1,606),(1,607),(1,608),(1,609),(1,610),(1,611),(1,612),(1,613),(1,614),(1,615),(1,616),(1,617),(1,618),(1,619),(1,620),(1,621),(1,622),(1,623),(1,624),(1,625),(1,626),(1,627),(1,628),(1,629),(1,630),(1,631),(1,632),(1,633),(1,634),(1,635),(1,636),(1,637),(1,638),(1,639),(1,640),(1,641),(1,642),(1,643),(1,644),(1,645),(1,646),(1,647),(1,648),(1,649),(1,650),(1,651),(1,652),(1,653),(1,654),(1,655),(1,656),(1,657),(1,658),(1,659),(1,660),(1,661),(1,662),(1,663),(1,664),(1,665),(1,666),(1,667),(1,668),(1,669),(1,670),(1,671),(1,672),(1,673),(1,674),(1,675),(1,676),(1,677),(1,678),(1,679),(1,680),(1,689),(1,690),(1,691),(1,692),(1,693),(1,694),(1,695),(1,696),(1,701),(1,702),(1,703),(1,704),(1,705),(1,706),(1,707),(1,708),(1,709),(1,710),(1,711),(1,712),(1,713),(1,714),(1,715),(1,716),(1,717),(1,718),(1,719),(1,720),(1,721),(1,722),(1,723),(1,724),(1,729),(1,730),(1,731),(1,732);

--
-- Table structure for table `akoe_module_carrier`
--

CREATE TABLE `akoe_module_carrier` (
  `id_module` int(10) unsigned NOT NULL,
  `id_shop` int(11) unsigned NOT NULL DEFAULT 1,
  `id_reference` int(11) NOT NULL,
  PRIMARY KEY (`id_module`,`id_shop`,`id_reference`)
) ENGINE=InnoDB DEFAULT CHARSET=utf8;

--
-- Dumping data for table `akoe_module_carrier`
--

INSERT INTO `akoe_module_carrier` VALUES (28,1,1),(28,1,2),(28,1,10),(60,1,1),(60,1,2),(60,1,10);

--
-- Table structure for table `akoe_module_country`
--

CREATE TABLE `akoe_module_country` (
  `id_module` int(10) unsigned NOT NULL,
  `id_shop` int(11) unsigned NOT NULL DEFAULT 1,
  `id_country` int(10) unsigned NOT NULL,
  PRIMARY KEY (`id_module`,`id_shop`,`id_country`)
) ENGINE=InnoDB DEFAULT CHARSET=utf8;

--
-- Dumping data for table `akoe_module_country`
--

INSERT INTO `akoe_module_country` VALUES (28,1,3),(28,1,13),(60,1,3),(60,1,13);

--
-- Table structure for table `akoe_module_currency`
--

CREATE TABLE `akoe_module_currency` (
  `id_module` int(10) unsigned NOT NULL,
  `id_shop` int(11) unsigned NOT NULL DEFAULT 1,
  `id_currency` int(11) NOT NULL,
  PRIMARY KEY (`id_module`,`id_shop`,`id_currency`),
  KEY `id_module` (`id_module`)
) ENGINE=InnoDB DEFAULT CHARSET=utf8;

--
-- Dumping data for table `akoe_module_currency`
--

INSERT INTO `akoe_module_currency` VALUES (28,1,1),(60,1,1);

--
-- Table structure for table `akoe_module_group`
--

CREATE TABLE `akoe_module_group` (
  `id_module` int(10) unsigned NOT NULL,
  `id_shop` int(11) unsigned NOT NULL DEFAULT 1,
  `id_group` int(11) unsigned NOT NULL,
  PRIMARY KEY (`id_module`,`id_shop`,`id_group`)
) ENGINE=InnoDB DEFAULT CHARSET=utf8;

--
-- Dumping data for table `akoe_module_group`
--

INSERT INTO `akoe_module_group` VALUES (1,1,1),(1,1,2),(1,1,3),(2,1,1),(2,1,2),(2,1,3),(3,1,1),(3,1,2),(3,1,3),(4,1,1),(4,1,2),(4,1,3),(5,1,1),(5,1,2),(5,1,3),(6,1,1),(6,1,2),(6,1,3),(7,1,1),(7,1,2),(7,1,3),(8,1,1),(8,1,2),(8,1,3),(9,1,1),(9,1,2),(9,1,3),(11,1,1),(11,1,2),(11,1,3),(12,1,1),(12,1,2),(12,1,3),(13,1,1),(13,1,2),(13,1,3),(14,1,1),(14,1,2),(14,1,3),(15,1,1),(15,1,2),(15,1,3),(16,1,1),(16,1,2),(16,1,3),(17,1,1),(17,1,2),(17,1,3),(18,1,1),(18,1,2),(18,1,3),(19,1,1),(19,1,2),(19,1,3),(20,1,1),(20,1,2),(20,1,3),(21,1,1),(21,1,2),(21,1,3),(22,1,1),(22,1,2),(22,1,3),(23,1,1),(23,1,2),(23,1,3),(24,1,1),(24,1,2),(24,1,3),(25,1,1),(25,1,2),(25,1,3),(26,1,1),(26,1,2),(26,1,3),(27,1,1),(27,1,2),(27,1,3),(28,1,1),(28,1,2),(28,1,3),(29,1,1),(29,1,2),(29,1,3),(30,1,1),(30,1,2),(30,1,3),(31,1,1),(31,1,2),(31,1,3),(32,1,1),(32,1,2),(32,1,3),(33,1,1),(33,1,2),(33,1,3),(34,1,1),(34,1,2),(34,1,3),(35,1,1),(35,1,2),(35,1,3),(36,1,1),(36,1,2),(36,1,3),(37,1,1),(37,1,2),(37,1,3),(38,1,1),(38,1,2),(38,1,3),(39,1,1),(39,1,2),(39,1,3),(40,1,1),(40,1,2),(40,1,3),(41,1,1),(41,1,2),(41,1,3),(42,1,1),(42,1,2),(42,1,3),(43,1,1),(43,1,2),(43,1,3),(44,1,1),(44,1,2),(44,1,3),(45,1,1),(45,1,2),(45,1,3),(46,1,1),(46,1,2),(46,1,3),(47,1,1),(47,1,2),(47,1,3),(48,1,1),(48,1,2),(48,1,3),(49,1,1),(49,1,2),(49,1,3),(50,1,1),(50,1,2),(50,1,3),(51,1,1),(51,1,2),(51,1,3),(52,1,1),(52,1,2),(52,1,3),(53,1,1),(53,1,2),(53,1,3),(54,1,1),(54,1,2),(54,1,3),(55,1,1),(55,1,2),(55,1,3),(56,1,1),(56,1,2),(56,1,3),(57,1,1),(57,1,2),(57,1,3),(58,1,1),(58,1,2),(58,1,3),(59,1,1),(59,1,2),(59,1,3),(60,1,1),(60,1,2),(60,1,3),(61,1,1),(61,1,2),(61,1,3);

--
-- Table structure for table `akoe_module_history`
--

CREATE TABLE `akoe_module_history` (
  `id` int(11) NOT NULL AUTO_INCREMENT,
  `id_employee` int(11) NOT NULL,
  `id_module` int(11) NOT NULL,
  `date_add` datetime NOT NULL,
  `date_upd` datetime NOT NULL,
  PRIMARY KEY (`id`)
) ENGINE=InnoDB AUTO_INCREMENT=13 DEFAULT CHARSET=utf8 COLLATE=utf8_unicode_ci;

--
-- Dumping data for table `akoe_module_history`
--

INSERT INTO `akoe_module_history` VALUES (1,1,1,'2018-08-16 04:50:57','2020-02-04 17:33:22'),(2,1,9,'2018-08-16 04:52:15','2018-08-25 20:56:36'),(3,1,22,'2018-08-16 04:53:52','2019-09-15 14:21:47'),(4,1,19,'2018-08-17 23:27:41','2018-08-19 20:18:51'),(5,1,15,'2018-08-17 23:40:06','2018-08-19 21:05:31'),(6,1,8,'2018-08-17 23:40:25','2018-08-19 22:18:22'),(7,1,21,'2018-08-19 19:05:22','2018-08-19 19:05:22'),(8,1,56,'2018-08-19 19:28:25','2018-11-04 20:21:19'),(9,1,60,'2018-08-25 21:47:00','2020-01-22 17:16:26'),(10,1,18,'2018-11-04 20:21:52','2018-11-04 20:21:52'),(11,1,61,'2018-11-10 20:36:11','2018-11-10 20:36:11'),(12,1,57,'2018-11-27 18:44:40','2018-11-27 18:44:40');

--
-- Table structure for table `akoe_module_preference`
--

CREATE TABLE `akoe_module_preference` (
  `id_module_preference` int(11) NOT NULL AUTO_INCREMENT,
  `id_employee` int(11) NOT NULL,
  `module` varchar(255) NOT NULL,
  `interest` tinyint(1) DEFAULT NULL,
  `favorite` tinyint(1) DEFAULT NULL,
  PRIMARY KEY (`id_module_preference`),
  UNIQUE KEY `employee_module` (`id_employee`,`module`)
) ENGINE=InnoDB DEFAULT CHARSET=utf8;

--
-- Dumping data for table `akoe_module_preference`
--


--
-- Table structure for table `akoe_module_shop`
--

CREATE TABLE `akoe_module_shop` (
  `id_module` int(11) unsigned NOT NULL,
  `id_shop` int(11) unsigned NOT NULL,
  `enable_device` tinyint(1) NOT NULL DEFAULT 7,
  PRIMARY KEY (`id_module`,`id_shop`),
  KEY `id_shop` (`id_shop`)
) ENGINE=InnoDB DEFAULT CHARSET=utf8;

--
-- Dumping data for table `akoe_module_shop`
--

INSERT INTO `akoe_module_shop` VALUES (1,1,7),(2,1,7),(3,1,7),(4,1,7),(5,1,7),(6,1,7),(7,1,7),(8,1,7),(9,1,7),(11,1,7),(12,1,7),(13,1,7),(14,1,7),(15,1,7),(17,1,7),(18,1,7),(20,1,7),(21,1,7),(22,1,7),(23,1,7),(25,1,7),(26,1,7),(27,1,7),(28,1,7),(29,1,7),(30,1,7),(31,1,7),(32,1,7),(33,1,7),(36,1,7),(37,1,7),(38,1,7),(39,1,7),(40,1,7),(41,1,7),(42,1,7),(44,1,7),(45,1,7),(46,1,7),(47,1,7),(48,1,7),(49,1,7),(50,1,7),(51,1,7),(54,1,7),(55,1,7),(56,1,7),(57,1,7),(58,1,7),(59,1,7),(60,1,7),(61,1,7);

--
-- Table structure for table `akoe_mol_country`
--

CREATE TABLE `akoe_mol_country` (
  `id_mol_country` int(64) NOT NULL AUTO_INCREMENT,
  `id_method` varchar(64) DEFAULT NULL,
  `id_country` int(64) DEFAULT NULL,
  `all_countries` tinyint(4) DEFAULT NULL,
  PRIMARY KEY (`id_mol_country`)
) ENGINE=InnoDB DEFAULT CHARSET=utf8;

--
-- Dumping data for table `akoe_mol_country`
--


--
-- Table structure for table `akoe_mollie_payments`
--

CREATE TABLE `akoe_mollie_payments` (
  `transaction_id` varchar(64) NOT NULL,
  `cart_id` int(64) DEFAULT NULL,
  `order_id` int(64) DEFAULT NULL,
  `method` varchar(128) NOT NULL,
  `bank_status` varchar(64) NOT NULL,
  `created_at` datetime NOT NULL,
  `updated_at` datetime DEFAULT NULL,
  `order_reference` varchar(191) DEFAULT NULL,
  PRIMARY KEY (`transaction_id`),
  KEY `cart_id` (`cart_id`)
) ENGINE=InnoDB DEFAULT CHARSET=utf8;

--
-- Dumping data for table `akoe_mollie_payments`
--

INSERT INTO `akoe_mollie_payments` VALUES ('tr_3MhaCe4nTq',54,7,'ideal','paid','2020-11-02 19:57:13','2020-11-02 19:58:18','TRGUXXMPL'),('tr_8N2SnvbHVN',90,12,'ideal','paid','2023-03-22 18:57:53','2023-03-22 18:58:05','HVWNTMIZS'),('tr_95P58wuMea',8,0,'ideal','expired','2018-08-25 21:49:24','2018-08-25 22:05:17',NULL),('tr_DJh3hpfyF6',60,8,'ideal','paid','2021-04-02 23:06:58','2021-04-02 23:07:31','RIYVBOVKY'),('tr_NcjUwbjgNJ',64,10,'bancontact','paid','2021-05-27 19:25:30','2021-05-27 19:27:30','PWQWVUONO'),('tr_PEAFhjdtzs',92,13,'ideal','paid','2023-07-28 14:11:15','2023-07-28 14:11:30','HOBYINNMJ'),('tr_Rc4qnxgHej',74,11,'ideal','paid','2022-01-15 17:07:50','2022-01-15 17:08:35','UWZZLYXQQ'),('tr_rzN5y62AN4',8,0,'ideal','expired','2018-08-25 21:48:26','2018-08-25 22:05:10',NULL),('tr_vzSVshP54p',63,9,'ideal','paid','2021-05-23 11:03:50','2021-06-03 02:05:08','NPYSHLKHV'),('tr_xdhpBTNCdx',64,0,'bancontact','canceled','2021-05-27 19:23:50','2021-05-27 19:25:09','MEURURPJE');

--
-- Table structure for table `akoe_operating_system`
--

CREATE TABLE `akoe_operating_system` (
  `id_operating_system` int(10) unsigned NOT NULL AUTO_INCREMENT,
  `name` varchar(64) DEFAULT NULL,
  PRIMARY KEY (`id_operating_system`)
) ENGINE=InnoDB AUTO_INCREMENT=10 DEFAULT CHARSET=utf8;

--
-- Dumping data for table `akoe_operating_system`
--

INSERT INTO `akoe_operating_system` VALUES (1,'Windows XP'),(2,'Windows Vista'),(3,'Windows 7'),(4,'Windows 8'),(5,'Windows 8.1'),(6,'Windows 10'),(7,'MacOsX'),(8,'Linux'),(9,'Android');

--
-- Table structure for table `akoe_order_carrier`
--

CREATE TABLE `akoe_order_carrier` (
  `id_order_carrier` int(11) NOT NULL AUTO_INCREMENT,
  `id_order` int(11) unsigned NOT NULL,
  `id_carrier` int(11) unsigned NOT NULL,
  `id_order_invoice` int(11) unsigned DEFAULT NULL,
  `weight` decimal(20,6) DEFAULT NULL,
  `shipping_cost_tax_excl` decimal(20,6) DEFAULT NULL,
  `shipping_cost_tax_incl` decimal(20,6) DEFAULT NULL,
  `tracking_number` varchar(64) DEFAULT NULL,
  `date_add` datetime NOT NULL,
  PRIMARY KEY (`id_order_carrier`),
  KEY `id_order` (`id_order`),
  KEY `id_carrier` (`id_carrier`),
  KEY `id_order_invoice` (`id_order_invoice`)
) ENGINE=InnoDB AUTO_INCREMENT=14 DEFAULT CHARSET=utf8;

--
-- Dumping data for table `akoe_order_carrier`
--

INSERT INTO `akoe_order_carrier` VALUES (1,1,2,0,0.000000,2.000000,2.000000,'','2018-08-14 19:04:04'),(2,2,2,1,0.000000,2.000000,2.000000,'','2018-08-14 19:04:04'),(3,3,2,0,0.000000,2.000000,2.000000,'','2018-08-14 19:04:04'),(4,4,2,0,0.000000,2.000000,2.000000,'','2018-08-14 19:04:04'),(5,5,2,0,0.000000,2.000000,2.000000,'','2018-08-14 19:04:04'),(6,6,9,0,0.000000,7.850000,9.500000,'','2018-08-19 15:20:21'),(7,7,9,2,0.000000,7.850000,9.500000,'','2020-11-02 19:58:16'),(8,8,9,3,0.000000,7.850000,9.500000,'','2021-04-02 23:07:29'),(9,9,9,4,0.000000,7.850000,9.500000,'','2021-05-23 11:04:51'),(10,10,9,5,0.000000,11.850000,14.340000,'','2021-05-27 19:27:29'),(11,11,6,6,0.000000,1.000000,1.210000,'','2022-01-15 17:08:34'),(12,12,9,7,0.000000,7.850000,9.500000,'','2023-03-22 18:52:37'),(13,13,6,8,0.000000,1.000000,1.210000,'','2023-07-28 14:11:28');

--
-- Table structure for table `akoe_order_cart_rule`
--

CREATE TABLE `akoe_order_cart_rule` (
  `id_order_cart_rule` int(10) unsigned NOT NULL AUTO_INCREMENT,
  `id_order` int(10) unsigned NOT NULL,
  `id_cart_rule` int(10) unsigned NOT NULL,
  `id_order_invoice` int(10) unsigned DEFAULT 0,
  `name` varchar(254) NOT NULL,
  `value` decimal(17,2) NOT NULL DEFAULT 0.00,
  `value_tax_excl` decimal(17,2) NOT NULL DEFAULT 0.00,
  `free_shipping` tinyint(1) NOT NULL DEFAULT 0,
  PRIMARY KEY (`id_order_cart_rule`),
  KEY `id_order` (`id_order`),
  KEY `id_cart_rule` (`id_cart_rule`)
) ENGINE=InnoDB DEFAULT CHARSET=utf8;

--
-- Dumping data for table `akoe_order_cart_rule`
--


--
-- Table structure for table `akoe_order_detail`
--

CREATE TABLE `akoe_order_detail` (
  `id_order_detail` int(10) unsigned NOT NULL AUTO_INCREMENT,
  `id_order` int(10) unsigned NOT NULL,
  `id_order_invoice` int(11) DEFAULT NULL,
  `id_warehouse` int(10) unsigned DEFAULT 0,
  `id_shop` int(11) unsigned NOT NULL,
  `product_id` int(10) unsigned NOT NULL,
  `product_attribute_id` int(10) unsigned DEFAULT NULL,
  `id_customization` int(10) unsigned DEFAULT 0,
  `product_name` varchar(255) NOT NULL,
  `product_quantity` int(10) unsigned NOT NULL DEFAULT 0,
  `product_quantity_in_stock` int(10) NOT NULL DEFAULT 0,
  `product_quantity_refunded` int(10) unsigned NOT NULL DEFAULT 0,
  `product_quantity_return` int(10) unsigned NOT NULL DEFAULT 0,
  `product_quantity_reinjected` int(10) unsigned NOT NULL DEFAULT 0,
  `product_price` decimal(20,6) NOT NULL DEFAULT 0.000000,
  `reduction_percent` decimal(10,2) NOT NULL DEFAULT 0.00,
  `reduction_amount` decimal(20,6) NOT NULL DEFAULT 0.000000,
  `reduction_amount_tax_incl` decimal(20,6) NOT NULL DEFAULT 0.000000,
  `reduction_amount_tax_excl` decimal(20,6) NOT NULL DEFAULT 0.000000,
  `group_reduction` decimal(10,2) NOT NULL DEFAULT 0.00,
  `product_quantity_discount` decimal(20,6) NOT NULL DEFAULT 0.000000,
  `product_ean13` varchar(13) DEFAULT NULL,
  `product_isbn` varchar(32) DEFAULT NULL,
  `product_upc` varchar(12) DEFAULT NULL,
  `product_reference` varchar(32) DEFAULT NULL,
  `product_supplier_reference` varchar(32) DEFAULT NULL,
  `product_weight` decimal(20,6) NOT NULL,
  `id_tax_rules_group` int(11) unsigned DEFAULT 0,
  `tax_computation_method` tinyint(1) unsigned NOT NULL DEFAULT 0,
  `tax_name` varchar(16) NOT NULL,
  `tax_rate` decimal(10,3) NOT NULL DEFAULT 0.000,
  `ecotax` decimal(21,6) NOT NULL DEFAULT 0.000000,
  `ecotax_tax_rate` decimal(5,3) NOT NULL DEFAULT 0.000,
  `discount_quantity_applied` tinyint(1) NOT NULL DEFAULT 0,
  `download_hash` varchar(255) DEFAULT NULL,
  `download_nb` int(10) unsigned DEFAULT 0,
  `download_deadline` datetime DEFAULT NULL,
  `total_price_tax_incl` decimal(20,6) NOT NULL DEFAULT 0.000000,
  `total_price_tax_excl` decimal(20,6) NOT NULL DEFAULT 0.000000,
  `unit_price_tax_incl` decimal(20,6) NOT NULL DEFAULT 0.000000,
  `unit_price_tax_excl` decimal(20,6) NOT NULL DEFAULT 0.000000,
  `total_shipping_price_tax_incl` decimal(20,6) NOT NULL DEFAULT 0.000000,
  `total_shipping_price_tax_excl` decimal(20,6) NOT NULL DEFAULT 0.000000,
  `purchase_supplier_price` decimal(20,6) NOT NULL DEFAULT 0.000000,
  `original_product_price` decimal(20,6) NOT NULL DEFAULT 0.000000,
  `original_wholesale_price` decimal(20,6) NOT NULL DEFAULT 0.000000,
  PRIMARY KEY (`id_order_detail`),
  KEY `order_detail_order` (`id_order`),
  KEY `product_id` (`product_id`,`product_attribute_id`),
  KEY `product_attribute_id` (`product_attribute_id`),
  KEY `id_tax_rules_group` (`id_tax_rules_group`),
  KEY `id_order_id_order_detail` (`id_order`,`id_order_detail`)
) ENGINE=InnoDB AUTO_INCREMENT=17 DEFAULT CHARSET=utf8;

--
-- Dumping data for table `akoe_order_detail`
--

INSERT INTO `akoe_order_detail` VALUES (1,1,0,0,1,1,1,0,'Hummingbird printed t-shirt - Color : White, Size : S',1,1,0,0,0,23.900000,0.00,0.000000,0.000000,0.000000,0.00,0.000000,'','','','demo_2','',0.000000,0,0,'',0.000,0.000000,0.000,0,'',0,'0000-00-00 00:00:00',27.000000,23.900000,23.900000,23.900000,0.000000,0.000000,0.000000,23.900000,0.000000),(2,1,0,0,1,2,9,0,'Hummingbird printed sweater - Color : White, Size : S',1,1,0,0,0,35.900000,0.00,0.000000,0.000000,0.000000,0.00,0.000000,'','','','demo_3','',0.000000,0,0,'',0.000,0.000000,0.000,0,'',0,'0000-00-00 00:00:00',35.900000,35.900000,35.900000,35.900000,0.000000,0.000000,0.000000,35.900000,0.000000),(3,2,1,0,1,4,16,0,'The adventure begins Framed poster - Size : 80x120cm',2,3,0,0,0,29.000000,0.00,0.000000,0.000000,0.000000,0.00,0.000000,'','','','demo_2','',0.000000,0,0,'',0.000,0.000000,0.000,0,'',0,'0000-00-00 00:00:00',58.000000,29.000000,29.000000,29.000000,0.000000,0.000000,0.000000,29.000000,0.000000),(4,2,1,0,1,8,0,0,'Mug Today is a good day',1,1,0,0,0,11.900000,0.00,0.000000,0.000000,0.000000,0.00,0.000000,'','','','demo_6','',0.000000,0,0,'',0.000,0.000000,0.000,0,'',0,'0000-00-00 00:00:00',11.900000,11.900000,11.900000,11.900000,0.000000,0.000000,0.000000,11.900000,0.000000),(5,3,0,0,1,16,28,0,'Mountain fox notebook Style : Ruled',1,1,0,0,0,12.900000,0.00,0.000000,0.000000,0.000000,0.00,0.000000,'','','','demo_1','',0.000000,0,0,'',0.000,0.000000,0.000,0,'',0,'0000-00-00 00:00:00',12.900000,12.900000,12.900000,12.900000,0.000000,0.000000,0.000000,12.900000,0.000000),(6,4,0,0,1,16,29,0,'Mountain fox notebook Style : Plain',1,1,0,0,0,12.900000,0.00,0.000000,0.000000,0.000000,0.00,0.000000,'','','','demo_1','',0.000000,0,0,'',0.000,0.000000,0.000,0,'',0,'0000-00-00 00:00:00',12.900000,12.900000,12.900000,12.900000,0.000000,0.000000,0.000000,12.900000,0.000000),(7,5,0,0,1,10,25,0,'Brown bear cushion Color : Black',1,1,0,0,0,18.900000,0.00,0.000000,0.000000,0.000000,0.00,0.000000,'','','','demo_1','',0.000000,0,0,'',0.000,0.000000,0.000,0,'',0,'0000-00-00 00:00:00',18.900000,18.900000,18.900000,18.900000,0.000000,0.000000,0.000000,18.900000,0.000000),(8,6,0,0,1,22,0,0,'4 felt akoestisch paneel',2,2,0,0,0,106.611570,0.00,0.000000,0.000000,0.000000,0.00,0.000000,'','','','','',0.000000,1,0,'',0.000,0.000000,0.000,0,'',0,'0000-00-00 00:00:00',258.000000,213.220000,129.000000,106.611570,0.000000,0.000000,0.000000,106.611570,0.000000),(9,7,2,0,1,63,0,0,'Agglomer schuim 2 cm U 200',4,4,0,0,0,11.570248,0.00,0.000000,0.000000,0.000000,0.00,0.000000,'','','','','',0.000000,1,0,'',0.000,0.000000,0.000,0,'',0,'0000-00-00 00:00:00',56.000000,46.280000,14.000000,11.570248,0.000000,0.000000,0.000000,11.570248,0.000000),(10,8,3,0,1,63,0,0,'Agglomer schuim 2 cm U 200',4,4,0,0,0,11.570248,0.00,0.000000,0.000000,0.000000,0.00,0.000000,'','','','','',0.000000,1,0,'',0.000,0.000000,0.000,0,'',0,'0000-00-00 00:00:00',56.000000,46.280000,14.000000,11.570248,0.000000,0.000000,0.000000,11.570248,0.000000),(11,9,4,0,1,34,0,0,'Stoffen Akoestisch paneel 30x30 cm 2,5 cm dik in de kleur lichtgroen',6,6,0,0,0,16.487603,0.00,0.000000,0.000000,0.000000,0.00,21.160000,'','','','','',0.000000,1,0,'',0.000,0.000000,0.000,0,'',0,'0000-00-00 00:00:00',119.700000,98.930000,19.950000,16.487603,0.000000,0.000000,0.000000,16.487603,0.000000),(12,10,5,0,1,25,0,0,'Wedge 30x30',4,4,0,0,0,2.438017,0.00,0.000000,0.000000,0.000000,0.00,4.160000,'','','','','',0.000000,1,0,'',0.000,0.000000,0.000,0,'',0,'0000-00-00 00:00:00',11.800000,9.750000,2.950001,2.438017,0.000000,0.000000,0.000000,2.438017,0.000000),(13,10,5,0,1,63,0,0,'Agglomer schuim 2 cm U 200',1,1,0,0,0,11.570248,0.00,0.000000,0.000000,0.000000,0.00,0.000000,'','','','','',0.000000,1,0,'',0.000,0.000000,0.000,0,'',0,'0000-00-00 00:00:00',14.000000,11.570000,14.000000,11.570248,0.000000,0.000000,0.000000,11.570248,0.000000),(14,11,6,0,1,55,0,0,'Akoewol 4 cm wit blijven',10,10,0,0,0,15.661157,0.00,0.000000,0.000000,0.000000,0.00,0.000000,'','','','','',0.000000,1,0,'',0.000,0.000000,0.000,0,'',0,'0000-00-00 00:00:00',189.500000,156.610000,18.950000,15.661157,0.000000,0.000000,0.000000,15.661157,0.000000),(15,12,7,0,1,44,0,0,'Akoestisch paneel zwart stof',3,3,0,0,0,19.834711,0.00,0.000000,0.000000,0.000000,0.00,0.000000,'','','','','',0.000000,1,0,'',0.000,0.000000,0.000,0,'',0,'0000-00-00 00:00:00',72.000000,59.500000,24.000000,19.834711,0.000000,0.000000,0.000000,19.834711,0.000000),(16,13,8,0,1,65,0,0,'Agglomer schuim 4 cm U 200',5,5,0,0,0,23.140496,0.00,0.000000,0.000000,0.000000,0.00,0.000000,'','','','','',0.000000,1,0,'',0.000,0.000000,0.000,0,'',0,'0000-00-00 00:00:00',140.000000,115.700000,28.000000,23.140496,0.000000,0.000000,0.000000,23.140496,0.000000);

--
-- Table structure for table `akoe_order_detail_tax`
--

CREATE TABLE `akoe_order_detail_tax` (
  `id_order_detail` int(11) NOT NULL,
  `id_tax` int(11) NOT NULL,
  `unit_amount` decimal(16,6) NOT NULL DEFAULT 0.000000,
  `total_amount` decimal(16,6) NOT NULL DEFAULT 0.000000,
  KEY `id_order_detail` (`id_order_detail`),
  KEY `id_tax` (`id_tax`)
) ENGINE=InnoDB DEFAULT CHARSET=utf8;

--
-- Dumping data for table `akoe_order_detail_tax`
--

INSERT INTO `akoe_order_detail_tax` VALUES (8,1,22.388430,44.780000),(9,1,2.429752,9.720000),(10,1,2.429752,9.720000),(11,1,3.462397,20.770000),(13,1,2.429752,2.430000),(12,1,0.511984,2.050000),(14,1,3.288843,32.890000),(15,1,4.165289,12.500000),(16,1,4.859504,24.300000);

--
-- Table structure for table `akoe_order_history`
--

CREATE TABLE `akoe_order_history` (
  `id_order_history` int(10) unsigned NOT NULL AUTO_INCREMENT,
  `id_employee` int(10) unsigned NOT NULL,
  `id_order` int(10) unsigned NOT NULL,
  `id_order_state` int(10) unsigned NOT NULL,
  `date_add` datetime NOT NULL,
  PRIMARY KEY (`id_order_history`),
  KEY `order_history_order` (`id_order`),
  KEY `id_employee` (`id_employee`),
  KEY `id_order_state` (`id_order_state`)
) ENGINE=InnoDB AUTO_INCREMENT=21 DEFAULT CHARSET=utf8;

--
-- Dumping data for table `akoe_order_history`
--

INSERT INTO `akoe_order_history` VALUES (1,0,1,1,'2018-08-14 19:04:04'),(2,0,2,1,'2018-08-14 19:04:04'),(3,0,3,1,'2018-08-14 19:04:04'),(4,0,4,1,'2018-08-14 19:04:04'),(5,0,5,10,'2018-08-14 19:04:04'),(6,1,1,6,'2018-08-14 19:04:04'),(7,1,3,8,'2018-08-14 19:04:04'),(8,1,2,3,'2018-08-19 15:00:07'),(9,0,6,10,'2018-08-19 15:20:21'),(10,0,7,2,'2020-11-02 19:58:17'),(11,1,7,3,'2020-11-09 22:23:52'),(12,0,8,2,'2021-04-02 23:07:29'),(13,1,8,3,'2021-04-11 11:53:29'),(14,0,9,2,'2021-05-23 11:04:51'),(15,0,10,2,'2021-05-27 19:27:29'),(16,0,9,7,'2021-06-03 02:05:07'),(17,0,11,2,'2022-01-15 17:08:34'),(18,1,11,9,'2022-01-21 23:31:00'),(19,0,12,2,'2023-03-22 18:52:37'),(20,0,13,2,'2023-07-28 14:11:29');

--
-- Table structure for table `akoe_order_invoice`
--

CREATE TABLE `akoe_order_invoice` (
  `id_order_invoice` int(11) unsigned NOT NULL AUTO_INCREMENT,
  `id_order` int(11) NOT NULL,
  `number` int(11) NOT NULL,
  `delivery_number` int(11) NOT NULL,
  `delivery_date` datetime DEFAULT NULL,
  `total_discount_tax_excl` decimal(20,6) NOT NULL DEFAULT 0.000000,
  `total_discount_tax_incl` decimal(20,6) NOT NULL DEFAULT 0.000000,
  `total_paid_tax_excl` decimal(20,6) NOT NULL DEFAULT 0.000000,
  `total_paid_tax_incl` decimal(20,6) NOT NULL DEFAULT 0.000000,
  `total_products` decimal(20,6) NOT NULL DEFAULT 0.000000,
  `total_products_wt` decimal(20,6) NOT NULL DEFAULT 0.000000,
  `total_shipping_tax_excl` decimal(20,6) NOT NULL DEFAULT 0.000000,
  `total_shipping_tax_incl` decimal(20,6) NOT NULL DEFAULT 0.000000,
  `shipping_tax_computation_method` int(10) unsigned NOT NULL,
  `total_wrapping_tax_excl` decimal(20,6) NOT NULL DEFAULT 0.000000,
  `total_wrapping_tax_incl` decimal(20,6) NOT NULL DEFAULT 0.000000,
  `shop_address` text DEFAULT NULL,
  `note` text DEFAULT NULL,
  `date_add` datetime NOT NULL,
  PRIMARY KEY (`id_order_invoice`),
  KEY `id_order` (`id_order`)
) ENGINE=InnoDB AUTO_INCREMENT=9 DEFAULT CHARSET=utf8;

--
-- Dumping data for table `akoe_order_invoice`
--

INSERT INTO `akoe_order_invoice` VALUES (1,2,1,1,'2018-08-19 15:00:06',0.000000,0.000000,69.900000,69.900000,69.900000,69.900000,0.000000,0.000000,0,0.000000,0.000000,'Akoestiek verbeteren met akoestische panelen','','2018-08-19 15:00:06'),(2,7,2,2,'2020-11-09 22:23:52',0.000000,0.000000,54.130000,65.500000,46.280000,56.000000,7.850000,9.500000,0,0.000000,0.000000,'Akoepanelen.nl onderdeel Monsma Capital<br />KVK nummer 24381898 BTW nummer NL178602875B01.<br />kilweg 6<br />3336LL Zwijndrecht<br />Nederland<br />06 450 38 414','','2020-11-02 19:58:16'),(3,8,3,3,'2021-04-11 11:53:29',0.000000,0.000000,54.130000,65.500000,46.280000,56.000000,7.850000,9.500000,0,0.000000,0.000000,'Akoepanelen.nl onderdeel Monsma Capital<br />KVK nummer 24381898 BTW nummer NL178602875B01.<br />kilweg 6<br />3336LL Zwijndrecht<br />Nederland<br />06 450 38 414','','2021-04-02 23:07:29'),(4,9,4,0,'0000-00-00 00:00:00',0.000000,0.000000,106.780000,129.200000,98.930000,119.700000,7.850000,9.500000,0,0.000000,0.000000,'Akoepanelen.nl onderdeel Monsma Capital<br />KVK nummer 24381898 BTW nummer NL178602875B01.<br />kilweg 6<br />3336LL Zwijndrecht<br />Nederland<br />06 450 38 414','','2021-05-23 11:04:51'),(5,10,5,0,'0000-00-00 00:00:00',0.000000,0.000000,33.170000,40.140000,21.320000,25.800000,11.850000,14.340000,0,0.000000,0.000000,'Akoepanelen.nl onderdeel Monsma Capital<br />KVK nummer 24381898 BTW nummer NL178602875B01.<br />kilweg 6<br />3336LL Zwijndrecht<br />Nederland<br />06 450 38 414','','2021-05-27 19:27:29'),(6,11,6,0,'0000-00-00 00:00:00',0.000000,0.000000,157.610000,190.710000,156.610000,189.500000,1.000000,1.210000,0,0.000000,0.000000,'Akoepanelen.nl onderdeel Monsma Capital<br />KVK nummer 24381898 BTW nummer NL178602875B01.<br />kilweg 6<br />3336LL Zwijndrecht<br />Nederland<br />06 450 38 414','','2022-01-15 17:08:34'),(7,12,7,0,'0000-00-00 00:00:00',0.000000,0.000000,67.350000,81.500000,59.500000,72.000000,7.850000,9.500000,0,0.000000,0.000000,'Akoepanelen.nl onderdeel Monsma Capital<br />KVK nummer 24381898 BTW nummer NL178602875B01.<br />kilweg 6<br />3336LL Zwijndrecht<br />Nederland<br />06 450 38 414','','2023-03-22 18:52:37'),(8,13,8,0,'0000-00-00 00:00:00',0.000000,0.000000,116.700000,141.210000,115.700000,140.000000,1.000000,1.210000,0,0.000000,0.000000,'Akoepanelen.nl onderdeel Monsma Capital<br />KVK nummer 24381898 BTW nummer NL178602875B01.<br />kilweg 6<br />3336LL Zwijndrecht<br />Nederland<br />06 450 38 414','','2023-07-28 14:11:28');

--
-- Table structure for table `akoe_order_invoice_payment`
--

CREATE TABLE `akoe_order_invoice_payment` (
  `id_order_invoice` int(11) unsigned NOT NULL,
  `id_order_payment` int(11) unsigned NOT NULL,
  `id_order` int(11) unsigned NOT NULL,
  PRIMARY KEY (`id_order_invoice`,`id_order_payment`),
  KEY `order_payment` (`id_order_payment`),
  KEY `id_order` (`id_order`)
) ENGINE=InnoDB DEFAULT CHARSET=utf8;

--
-- Dumping data for table `akoe_order_invoice_payment`
--

INSERT INTO `akoe_order_invoice_payment` VALUES (1,1,2),(2,2,7),(3,3,8),(4,4,9),(5,5,10),(6,6,11),(7,7,12),(8,8,13);

--
-- Table structure for table `akoe_order_invoice_tax`
--

CREATE TABLE `akoe_order_invoice_tax` (
  `id_order_invoice` int(11) NOT NULL,
  `type` varchar(15) NOT NULL,
  `id_tax` int(11) NOT NULL,
  `amount` decimal(10,6) NOT NULL DEFAULT 0.000000,
  KEY `id_tax` (`id_tax`)
) ENGINE=InnoDB DEFAULT CHARSET=utf8;

--
-- Dumping data for table `akoe_order_invoice_tax`
--

INSERT INTO `akoe_order_invoice_tax` VALUES (2,'shipping',1,1.648500),(3,'shipping',1,1.648500),(4,'shipping',1,1.648500),(5,'shipping',1,2.488500),(6,'shipping',1,0.210000),(7,'shipping',1,1.648500),(8,'shipping',1,0.210000);

--
-- Table structure for table `akoe_order_message`
--

CREATE TABLE `akoe_order_message` (
  `id_order_message` int(10) unsigned NOT NULL AUTO_INCREMENT,
  `date_add` datetime NOT NULL,
  PRIMARY KEY (`id_order_message`)
) ENGINE=InnoDB AUTO_INCREMENT=2 DEFAULT CHARSET=utf8;

--
-- Dumping data for table `akoe_order_message`
--

INSERT INTO `akoe_order_message` VALUES (1,'2018-08-14 19:04:05');

--
-- Table structure for table `akoe_order_message_lang`
--

CREATE TABLE `akoe_order_message_lang` (
  `id_order_message` int(10) unsigned NOT NULL,
  `id_lang` int(10) unsigned NOT NULL,
  `name` varchar(128) NOT NULL,
  `message` text NOT NULL,
  PRIMARY KEY (`id_order_message`,`id_lang`)
) ENGINE=InnoDB DEFAULT CHARSET=utf8;

--
-- Dumping data for table `akoe_order_message_lang`
--

INSERT INTO `akoe_order_message_lang` VALUES (1,1,'Vertraging','Hallo, Een van de door u bestelde artikelen is momenteel niet op voorraad. Hierdoor kan de levertijd iets uitlopen. Wij bieden u onze excuses aan en doen er alles aan om u zo snel mogelijk te leveren. Met vriendelijke groet,');

--
-- Table structure for table `akoe_order_payment`
--

CREATE TABLE `akoe_order_payment` (
  `id_order_payment` int(11) NOT NULL AUTO_INCREMENT,
  `order_reference` varchar(9) DEFAULT NULL,
  `id_currency` int(10) unsigned NOT NULL,
  `amount` decimal(10,2) NOT NULL,
  `payment_method` varchar(255) NOT NULL,
  `conversion_rate` decimal(13,6) NOT NULL DEFAULT 1.000000,
  `transaction_id` varchar(254) DEFAULT NULL,
  `card_number` varchar(254) DEFAULT NULL,
  `card_brand` varchar(254) DEFAULT NULL,
  `card_expiration` char(7) DEFAULT NULL,
  `card_holder` varchar(254) DEFAULT NULL,
  `date_add` datetime NOT NULL,
  PRIMARY KEY (`id_order_payment`),
  KEY `order_reference` (`order_reference`)
) ENGINE=InnoDB AUTO_INCREMENT=9 DEFAULT CHARSET=utf8;

--
-- Dumping data for table `akoe_order_payment`
--

INSERT INTO `akoe_order_payment` VALUES (1,'OHSATSERP',1,69.90,'Cheque',1.000000,'','','','','','2018-08-19 15:00:06'),(2,'TRGUXXMPL',1,65.50,'ideal',1.000000,'tr_3MhaCe4nTq','','','','','2020-11-02 19:58:16'),(3,'RIYVBOVKY',1,65.50,'ideal',1.000000,'tr_DJh3hpfyF6','','','','','2021-04-02 23:07:29'),(4,'NPYSHLKHV',1,129.20,'ideal',1.000000,'tr_vzSVshP54p','','','','','2021-05-23 11:04:51'),(5,'PWQWVUONO',1,40.14,'bancontact',1.000000,'tr_NcjUwbjgNJ','','','','','2021-05-27 19:27:29'),(6,'UWZZLYXQQ',1,190.71,'ideal',1.000000,'tr_Rc4qnxgHej','','','','','2022-01-15 17:08:34'),(7,'HVWNTMIZS',1,81.50,'ideal',1.000000,'tr_8N2SnvbHVN','','','','','2023-03-22 18:52:37'),(8,'HOBYINNMJ',1,141.21,'ideal',1.000000,'tr_PEAFhjdtzs','','','','','2023-07-28 14:11:28');

--
-- Table structure for table `akoe_order_return`
--

CREATE TABLE `akoe_order_return` (
  `id_order_return` int(10) unsigned NOT NULL AUTO_INCREMENT,
  `id_customer` int(10) unsigned NOT NULL,
  `id_order` int(10) unsigned NOT NULL,
  `state` tinyint(1) unsigned NOT NULL DEFAULT 1,
  `question` text NOT NULL,
  `date_add` datetime NOT NULL,
  `date_upd` datetime NOT NULL,
  PRIMARY KEY (`id_order_return`),
  KEY `order_return_customer` (`id_customer`),
  KEY `id_order` (`id_order`)
) ENGINE=InnoDB DEFAULT CHARSET=utf8;

--
-- Dumping data for table `akoe_order_return`
--


--
-- Table structure for table `akoe_order_return_detail`
--

CREATE TABLE `akoe_order_return_detail` (
  `id_order_return` int(10) unsigned NOT NULL,
  `id_order_detail` int(10) unsigned NOT NULL,
  `id_customization` int(10) unsigned NOT NULL DEFAULT 0,
  `product_quantity` int(10) unsigned NOT NULL DEFAULT 0,
  PRIMARY KEY (`id_order_return`,`id_order_detail`,`id_customization`)
) ENGINE=InnoDB DEFAULT CHARSET=utf8;

--
-- Dumping data for table `akoe_order_return_detail`
--


--
-- Table structure for table `akoe_order_return_state`
--

CREATE TABLE `akoe_order_return_state` (
  `id_order_return_state` int(10) unsigned NOT NULL AUTO_INCREMENT,
  `color` varchar(32) DEFAULT NULL,
  PRIMARY KEY (`id_order_return_state`)
) ENGINE=InnoDB AUTO_INCREMENT=6 DEFAULT CHARSET=utf8;

--
-- Dumping data for table `akoe_order_return_state`
--

INSERT INTO `akoe_order_return_state` VALUES (1,'#4169E1'),(2,'#8A2BE2'),(3,'#32CD32'),(4,'#DC143C'),(5,'#108510');

--
-- Table structure for table `akoe_order_return_state_lang`
--

CREATE TABLE `akoe_order_return_state_lang` (
  `id_order_return_state` int(10) unsigned NOT NULL,
  `id_lang` int(10) unsigned NOT NULL,
  `name` varchar(64) NOT NULL,
  PRIMARY KEY (`id_order_return_state`,`id_lang`)
) ENGINE=InnoDB DEFAULT CHARSET=utf8;

--
-- Dumping data for table `akoe_order_return_state_lang`
--

INSERT INTO `akoe_order_return_state_lang` VALUES (1,1,'Wacht op bevestiging'),(2,1,'Wacht op pakket'),(3,1,'Pakket ontvangen'),(4,1,'Retour geweigerd'),(5,1,'Retour voltooid');

--
-- Table structure for table `akoe_order_slip`
--

CREATE TABLE `akoe_order_slip` (
  `id_order_slip` int(10) unsigned NOT NULL AUTO_INCREMENT,
  `conversion_rate` decimal(13,6) NOT NULL DEFAULT 1.000000,
  `id_customer` int(10) unsigned NOT NULL,
  `id_order` int(10) unsigned NOT NULL,
  `total_products_tax_excl` decimal(20,6) DEFAULT NULL,
  `total_products_tax_incl` decimal(20,6) DEFAULT NULL,
  `total_shipping_tax_excl` decimal(20,6) DEFAULT NULL,
  `total_shipping_tax_incl` decimal(20,6) DEFAULT NULL,
  `shipping_cost` tinyint(3) unsigned NOT NULL DEFAULT 0,
  `amount` decimal(10,2) NOT NULL,
  `shipping_cost_amount` decimal(10,2) NOT NULL,
  `partial` tinyint(1) NOT NULL,
  `order_slip_type` tinyint(1) unsigned NOT NULL DEFAULT 0,
  `date_add` datetime NOT NULL,
  `date_upd` datetime NOT NULL,
  PRIMARY KEY (`id_order_slip`),
  KEY `order_slip_customer` (`id_customer`),
  KEY `id_order` (`id_order`)
) ENGINE=InnoDB DEFAULT CHARSET=utf8;

--
-- Dumping data for table `akoe_order_slip`
--


--
-- Table structure for table `akoe_order_slip_detail`
--

CREATE TABLE `akoe_order_slip_detail` (
  `id_order_slip` int(10) unsigned NOT NULL,
  `id_order_detail` int(10) unsigned NOT NULL,
  `product_quantity` int(10) unsigned NOT NULL DEFAULT 0,
  `unit_price_tax_excl` decimal(20,6) DEFAULT NULL,
  `unit_price_tax_incl` decimal(20,6) DEFAULT NULL,
  `total_price_tax_excl` decimal(20,6) DEFAULT NULL,
  `total_price_tax_incl` decimal(20,6) DEFAULT NULL,
  `amount_tax_excl` decimal(20,6) DEFAULT NULL,
  `amount_tax_incl` decimal(20,6) DEFAULT NULL,
  PRIMARY KEY (`id_order_slip`,`id_order_detail`)
) ENGINE=InnoDB DEFAULT CHARSET=utf8;

--
-- Dumping data for table `akoe_order_slip_detail`
--


--
-- Table structure for table `akoe_order_slip_detail_tax`
--

CREATE TABLE `akoe_order_slip_detail_tax` (
  `id_order_slip_detail` int(11) unsigned NOT NULL,
  `id_tax` int(11) unsigned NOT NULL,
  `unit_amount` decimal(16,6) NOT NULL DEFAULT 0.000000,
  `total_amount` decimal(16,6) NOT NULL DEFAULT 0.000000,
  KEY `id_order_slip_detail` (`id_order_slip_detail`),
  KEY `id_tax` (`id_tax`)
) ENGINE=InnoDB DEFAULT CHARSET=utf8;

--
-- Dumping data for table `akoe_order_slip_detail_tax`
--


--
-- Table structure for table `akoe_order_state`
--

CREATE TABLE `akoe_order_state` (
  `id_order_state` int(10) unsigned NOT NULL AUTO_INCREMENT,
  `invoice` tinyint(1) unsigned DEFAULT 0,
  `send_email` tinyint(1) unsigned NOT NULL DEFAULT 0,
  `module_name` varchar(255) DEFAULT NULL,
  `color` varchar(32) DEFAULT NULL,
  `unremovable` tinyint(1) unsigned NOT NULL,
  `hidden` tinyint(1) unsigned NOT NULL DEFAULT 0,
  `logable` tinyint(1) NOT NULL DEFAULT 0,
  `delivery` tinyint(1) unsigned NOT NULL DEFAULT 0,
  `shipped` tinyint(1) unsigned NOT NULL DEFAULT 0,
  `paid` tinyint(1) unsigned NOT NULL DEFAULT 0,
  `pdf_invoice` tinyint(1) unsigned NOT NULL DEFAULT 0,
  `pdf_delivery` tinyint(1) unsigned NOT NULL DEFAULT 0,
  `deleted` tinyint(1) unsigned NOT NULL DEFAULT 0,
  PRIMARY KEY (`id_order_state`),
  KEY `module_name` (`module_name`)
) ENGINE=InnoDB AUTO_INCREMENT=16 DEFAULT CHARSET=utf8;

--
-- Dumping data for table `akoe_order_state`
--

INSERT INTO `akoe_order_state` VALUES (1,0,1,'ps_checkpayment','#4169E1',1,0,0,0,0,0,0,0,0),(2,1,1,'','#32CD32',1,0,1,0,0,1,1,0,0),(3,1,1,'','#FF8C00',1,0,1,1,0,1,0,0,0),(4,1,1,'','#8A2BE2',1,0,1,1,1,1,0,0,0),(5,1,0,'','#108510',1,0,1,1,1,1,0,0,0),(6,0,1,'','#DC143C',1,0,0,0,0,0,0,0,0),(7,1,1,'','#ec2e15',1,0,0,0,0,0,0,0,0),(8,0,1,'','#8f0621',1,0,0,0,0,0,0,0,0),(9,1,1,'','#FF69B4',1,0,0,0,0,1,0,0,0),(10,0,1,'ps_wirepayment','#4169E1',1,0,0,0,0,0,0,0,0),(11,1,1,'','#32CD32',1,0,1,0,0,1,0,0,0),(12,0,1,'','#FF69B4',1,0,0,0,0,0,0,0,0),(13,0,0,'ps_cashondelivery','#4169E1',1,0,0,0,0,0,0,0,0),(14,0,0,'mollie','#4169E1',0,0,0,0,0,0,0,0,0),(15,0,0,'mollie','#6F8C9F',0,0,0,0,0,0,0,0,0);

--
-- Table structure for table `akoe_order_state_lang`
--

CREATE TABLE `akoe_order_state_lang` (
  `id_order_state` int(10) unsigned NOT NULL,
  `id_lang` int(10) unsigned NOT NULL,
  `name` varchar(64) NOT NULL,
  `template` varchar(64) NOT NULL,
  PRIMARY KEY (`id_order_state`,`id_lang`)
) ENGINE=InnoDB DEFAULT CHARSET=utf8;

--
-- Dumping data for table `akoe_order_state_lang`
--

INSERT INTO `akoe_order_state_lang` VALUES (1,1,'Wachtend op uw betaling','cheque'),(2,1,'Betaling aanvaard','payment'),(3,1,'Wordt momenteel voorbereid','preparation'),(4,1,'Verzonden','shipped'),(5,1,'Afgeleverd',''),(6,1,'Geannuleerd','order_canceled'),(7,1,'Terugbetaald','refund'),(8,1,'Betalingsfout','payment_error'),(9,1,'Momenteel in backorder (betaald)','outofstock'),(10,1,'In afwachting van bankoverschrijving','bankwire'),(11,1,'Betaling op afstand aanvaard','payment'),(12,1,'Momenteel in backorder (niet betaald)','outofstock'),(13,1,'Wachten op bevestiging (rembours)','cashondelivery'),(14,1,'Wachten op betaling Mollie',''),(15,1,'Mollie Gedeeltelijke Terugbetalingen','');

--
-- Table structure for table `akoe_orders`
--

CREATE TABLE `akoe_orders` (
  `id_order` int(10) unsigned NOT NULL AUTO_INCREMENT,
  `reference` varchar(9) DEFAULT NULL,
  `id_shop_group` int(11) unsigned NOT NULL DEFAULT 1,
  `id_shop` int(11) unsigned NOT NULL DEFAULT 1,
  `id_carrier` int(10) unsigned NOT NULL,
  `id_lang` int(10) unsigned NOT NULL,
  `id_customer` int(10) unsigned NOT NULL,
  `id_cart` int(10) unsigned NOT NULL,
  `id_currency` int(10) unsigned NOT NULL,
  `id_address_delivery` int(10) unsigned NOT NULL,
  `id_address_invoice` int(10) unsigned NOT NULL,
  `current_state` int(10) unsigned NOT NULL,
  `secure_key` varchar(32) NOT NULL DEFAULT '-1',
  `payment` varchar(255) NOT NULL,
  `conversion_rate` decimal(13,6) NOT NULL DEFAULT 1.000000,
  `module` varchar(255) DEFAULT NULL,
  `recyclable` tinyint(1) unsigned NOT NULL DEFAULT 0,
  `gift` tinyint(1) unsigned NOT NULL DEFAULT 0,
  `gift_message` text DEFAULT NULL,
  `mobile_theme` tinyint(1) NOT NULL DEFAULT 0,
  `shipping_number` varchar(64) DEFAULT NULL,
  `total_discounts` decimal(20,6) NOT NULL DEFAULT 0.000000,
  `total_discounts_tax_incl` decimal(20,6) NOT NULL DEFAULT 0.000000,
  `total_discounts_tax_excl` decimal(20,6) NOT NULL DEFAULT 0.000000,
  `total_paid` decimal(20,6) NOT NULL DEFAULT 0.000000,
  `total_paid_tax_incl` decimal(20,6) NOT NULL DEFAULT 0.000000,
  `total_paid_tax_excl` decimal(20,6) NOT NULL DEFAULT 0.000000,
  `total_paid_real` decimal(20,6) NOT NULL DEFAULT 0.000000,
  `total_products` decimal(20,6) NOT NULL DEFAULT 0.000000,
  `total_products_wt` decimal(20,6) NOT NULL DEFAULT 0.000000,
  `total_shipping` decimal(20,6) NOT NULL DEFAULT 0.000000,
  `total_shipping_tax_incl` decimal(20,6) NOT NULL DEFAULT 0.000000,
  `total_shipping_tax_excl` decimal(20,6) NOT NULL DEFAULT 0.000000,
  `carrier_tax_rate` decimal(10,3) NOT NULL DEFAULT 0.000,
  `total_wrapping` decimal(20,6) NOT NULL DEFAULT 0.000000,
  `total_wrapping_tax_incl` decimal(20,6) NOT NULL DEFAULT 0.000000,
  `total_wrapping_tax_excl` decimal(20,6) NOT NULL DEFAULT 0.000000,
  `round_mode` tinyint(1) NOT NULL DEFAULT 2,
  `round_type` tinyint(1) NOT NULL DEFAULT 1,
  `invoice_number` int(10) unsigned NOT NULL DEFAULT 0,
  `delivery_number` int(10) unsigned NOT NULL DEFAULT 0,
  `invoice_date` datetime NOT NULL,
  `delivery_date` datetime NOT NULL,
  `valid` int(1) unsigned NOT NULL DEFAULT 0,
  `date_add` datetime NOT NULL,
  `date_upd` datetime NOT NULL,
  PRIMARY KEY (`id_order`),
  KEY `reference` (`reference`),
  KEY `id_customer` (`id_customer`),
  KEY `id_cart` (`id_cart`),
  KEY `invoice_number` (`invoice_number`),
  KEY `id_carrier` (`id_carrier`),
  KEY `id_lang` (`id_lang`),
  KEY `id_currency` (`id_currency`),
  KEY `id_address_delivery` (`id_address_delivery`),
  KEY `id_address_invoice` (`id_address_invoice`),
  KEY `id_shop_group` (`id_shop_group`),
  KEY `current_state` (`current_state`),
  KEY `id_shop` (`id_shop`),
  KEY `date_add` (`date_add`)
) ENGINE=InnoDB AUTO_INCREMENT=14 DEFAULT CHARSET=utf8;

--
